[INFO] cloning repository https://github.com/jaropawlak/duplicates
[INFO] running `Command { std: "git" "-c" "credential.helper=" "-c" "credential.helper=/workspace/cargo-home/bin/git-credential-null" "clone" "--bare" "https://github.com/jaropawlak/duplicates" "/workspace/cache/git-repos/https%3A%2F%2Fgithub.com%2Fjaropawlak%2Fduplicates", kill_on_drop: false }`
[INFO] [stderr] Cloning into bare repository '/workspace/cache/git-repos/https%3A%2F%2Fgithub.com%2Fjaropawlak%2Fduplicates'...
[INFO] running `Command { std: "git" "rev-parse" "HEAD", kill_on_drop: false }`
[INFO] [stdout] 4a58d8c19ba436c96687c6db44d0c1597f3b2a32
[INFO] testing jaropawlak/duplicates against 1.97.0-beta.6 for beta-1.98-2
[INFO] running `Command { std: "git" "clone" "/workspace/cache/git-repos/https%3A%2F%2Fgithub.com%2Fjaropawlak%2Fduplicates" "/workspace/builds/worker-4-tc1/source", kill_on_drop: false }`
[INFO] [stderr] Cloning into '/workspace/builds/worker-4-tc1/source'...
[INFO] [stderr] done.
[INFO] started tweaking git repo https://github.com/jaropawlak/duplicates
[INFO] finished tweaking git repo https://github.com/jaropawlak/duplicates
[INFO] tweaked toml for git repo https://github.com/jaropawlak/duplicates written to /workspace/builds/worker-4-tc1/source/Cargo.toml
[INFO] validating manifest of git repo https://github.com/jaropawlak/duplicates on toolchain 1.97.0-beta.6
[INFO] running `Command { std: CARGO_HOME="/workspace/cargo-home" RUSTUP_HOME="/workspace/rustup-home" "/workspace/cargo-home/bin/cargo" "+1.97.0-beta.6" "metadata" "--manifest-path" "Cargo.toml" "--no-deps", kill_on_drop: false }`
[INFO] crate git repo https://github.com/jaropawlak/duplicates already has a lockfile, it will not be regenerated
[INFO] running `Command { std: CARGO_HOME="/workspace/cargo-home" RUSTUP_HOME="/workspace/rustup-home" "/workspace/cargo-home/bin/cargo" "+1.97.0-beta.6" "fetch" "--manifest-path" "Cargo.toml", kill_on_drop: false }`
[INFO] [stderr]     Updating crates.io index
[INFO] [stderr]  Downloading crates ...
[INFO] [stderr]   Downloaded walkdir v2.3.3
[INFO] [stderr]   Downloaded serde_spanned v0.6.3
[INFO] [stderr]   Downloaded toml v0.7.6
[INFO] [stderr]   Downloaded winnow v0.5.3
[INFO] [stderr]   Downloaded windows-targets v0.48.1
[INFO] [stderr]   Downloaded futures-io v0.3.28
[INFO] [stderr]   Downloaded filetime v0.2.21
[INFO] [stderr]   Downloaded fsevent-sys v2.0.1
[INFO] [stderr]   Downloaded fsevent v0.4.0
[INFO] [stderr]   Downloaded quoted_printable v0.4.8
[INFO] [stderr]   Downloaded httpdate v1.0.2
[INFO] [stderr]   Downloaded email_address v0.2.4
[INFO] [stderr]   Downloaded cpufeatures v0.2.9
[INFO] [stderr]   Downloaded net2 v0.2.39
[INFO] [stderr]   Downloaded email-encoding v0.2.0
[INFO] [stderr]   Downloaded serde v1.0.180
[INFO] [stderr]   Downloaded slab v0.4.8
[INFO] [stderr]   Downloaded quote v1.0.32
[INFO] [stderr]   Downloaded sha2 v0.10.7
[INFO] [stderr]   Downloaded inotify v0.7.1
[INFO] [stderr]   Downloaded redox_syscall v0.2.16
[INFO] [stderr]   Downloaded addr2line v0.20.0
[INFO] [stderr]   Downloaded hashlink v0.8.3
[INFO] [stderr]   Downloaded typenum v1.16.0
[INFO] [stderr]   Downloaded pin-project-lite v0.2.10
[INFO] [stderr]   Downloaded tempfile v3.7.0
[INFO] [stderr]   Downloaded bitflags v2.3.3
[INFO] [stderr]   Downloaded log v0.4.19
[INFO] [stderr]   Downloaded notify v4.0.17
[INFO] [stderr]   Downloaded openssl-sys v0.9.90
[INFO] [stderr]   Downloaded cc v1.0.81
[INFO] [stderr]   Downloaded backtrace v0.3.68
[INFO] [stderr]   Downloaded lettre v0.10.4
[INFO] [stderr]   Downloaded rusqlite v0.29.0
[INFO] [stderr]   Downloaded syn v2.0.28
[INFO] [stderr]   Downloaded openssl v0.10.55
[INFO] [stderr]   Downloaded object v0.31.1
[INFO] [stderr]   Downloaded idna v0.3.0
[INFO] [stderr]   Downloaded rustix v0.38.6
[INFO] [stderr]   Downloaded windows_x86_64_gnullvm v0.48.0
[INFO] [stderr]   Downloaded windows_aarch64_gnullvm v0.48.0
[INFO] [stderr]   Downloaded serde_derive v1.0.180
[INFO] [stderr]   Downloaded windows_x86_64_msvc v0.48.0
[INFO] [stderr]   Downloaded windows_aarch64_msvc v0.48.0
[INFO] [stderr]   Downloaded windows_x86_64_gnu v0.48.0
[INFO] [stderr]   Downloaded tokio v1.29.1
[INFO] [stderr]   Downloaded windows_i686_msvc v0.48.0
[INFO] [stderr]   Downloaded windows_i686_gnu v0.48.0
[INFO] [stderr]   Downloaded libsqlite3-sys v0.26.0
[INFO] running `Command { std: "docker" "create" "-v" "/var/lib/crater-agent-workspace/builds/worker-4-tc1/source:/opt/rustwide/workdir:ro,Z" "-v" "/var/lib/crater-agent-workspace/builds/worker-4-tc1/target:/opt/rustwide/target:rw,Z" "-v" "/var/lib/crater-agent-workspace/cargo-home:/opt/rustwide/cargo-home:ro,Z" "-v" "/var/lib/crater-agent-workspace/rustup-home:/opt/rustwide/rustup-home:ro,Z" "-m" "1610612736" "--network" "none" "ghcr.io/rust-lang/crates-build-env/linux@sha256:3d5ced03c013a94a2f102a4510f48a6e9184255caf5fd8244f58017bde7f5210" "sleep" "infinity", kill_on_drop: false }`
[INFO] [stdout] 2b0fc276f59ba8d0446a6fc31a89aa4311d6709d52ac0135bfa078c11a036f7a
[INFO] running `Command { std: "docker" "start" "2b0fc276f59ba8d0446a6fc31a89aa4311d6709d52ac0135bfa078c11a036f7a", kill_on_drop: false }`
[INFO] running `Command { std: "docker" "inspect" "2b0fc276f59ba8d0446a6fc31a89aa4311d6709d52ac0135bfa078c11a036f7a", kill_on_drop: false }`
[INFO] running `Command { std: "docker" "exec" "-e" "SOURCE_DIR=/opt/rustwide/workdir" "-e" "CARGO_HOME=/opt/rustwide/cargo-home" "-e" "RUSTUP_HOME=/opt/rustwide/rustup-home" "-e" "CARGO_TARGET_DIR=/opt/rustwide/target" "-w" "/opt/rustwide/workdir" "--user" "0:0" "2b0fc276f59ba8d0446a6fc31a89aa4311d6709d52ac0135bfa078c11a036f7a" "/opt/rustwide/cargo-home/bin/cargo" "+1.97.0-beta.6" "metadata" "--no-deps" "--format-version=1", kill_on_drop: false }`
[INFO] running `Command { std: "docker" "inspect" "2b0fc276f59ba8d0446a6fc31a89aa4311d6709d52ac0135bfa078c11a036f7a", kill_on_drop: false }`
[INFO] running `Command { std: "docker" "exec" "-e" "SOURCE_DIR=/opt/rustwide/workdir" "-e" "CARGO_HOME=/opt/rustwide/cargo-home" "-e" "RUSTUP_HOME=/opt/rustwide/rustup-home" "-e" "CARGO_TARGET_DIR=/opt/rustwide/target" "-e" "CARGO_INCREMENTAL=0" "-e" "RUST_BACKTRACE=full" "-e" "RUSTFLAGS=--cap-lints=warn" "-e" "RUSTDOCFLAGS=--cap-lints=warn" "-w" "/opt/rustwide/workdir" "--user" "0:0" "2b0fc276f59ba8d0446a6fc31a89aa4311d6709d52ac0135bfa078c11a036f7a" "/opt/rustwide/cargo-home/bin/cargo" "+1.97.0-beta.6" "build" "--frozen" "--message-format=json", kill_on_drop: false }`
[INFO] [stderr]    Compiling libc v0.2.147
[INFO] [stderr]    Compiling pkg-config v0.3.27
[INFO] [stderr]    Compiling once_cell v1.18.0
[INFO] [stderr]    Compiling autocfg v1.1.0
[INFO] [stderr]    Compiling proc-macro2 v1.0.66
[INFO] [stderr]    Compiling typenum v1.16.0
[INFO] [stderr]    Compiling ahash v0.8.3
[INFO] [stderr]    Compiling unicode-ident v1.0.11
[INFO] [stderr]    Compiling memchr v2.5.0
[INFO] [stderr]    Compiling serde v1.0.180
[INFO] [stderr]    Compiling allocator-api2 v0.2.16
[INFO] [stderr]    Compiling slab v0.4.8
[INFO] [stderr]    Compiling log v0.4.19
[INFO] [stderr]    Compiling foreign-types-shared v0.1.1
[INFO] [stderr]    Compiling futures-core v0.3.28
[INFO] [stderr]    Compiling hashbrown v0.14.0
[INFO] [stderr]    Compiling openssl v0.10.55
[INFO] [stderr]    Compiling cc v1.0.81
[INFO] [stderr]    Compiling cfg-if v0.1.10
[INFO] [stderr]    Compiling vcpkg v0.2.15
[INFO] [stderr]    Compiling futures-task v0.3.28
[INFO] [stderr]    Compiling net2 v0.2.39
[INFO] [stderr]    Compiling quote v1.0.32
[INFO] [stderr]    Compiling generic-array v0.14.7
[INFO] [stderr]    Compiling syn v2.0.28
[INFO] [stderr]    Compiling iovec v0.1.4
[INFO] [stderr]    Compiling foreign-types v0.3.2
[INFO] [stderr]    Compiling native-tls v0.2.11
[INFO] [stderr]    Compiling equivalent v1.0.1
[INFO] [stderr]    Compiling futures-util v0.3.28
[INFO] [stderr]    Compiling indexmap v2.0.0
[INFO] [stderr]    Compiling unicode-normalization v0.1.22
[INFO] [stderr]    Compiling mio v0.6.23
[INFO] [stderr]    Compiling inotify-sys v0.1.5
[INFO] [stderr]    Compiling openssl-probe v0.1.5
[INFO] [stderr]    Compiling block-buffer v0.10.4
[INFO] [stderr]    Compiling openssl-sys v0.9.90
[INFO] [stderr]    Compiling libsqlite3-sys v0.26.0
[INFO] [stderr]    Compiling crypto-common v0.1.6
[INFO] [stderr]    Compiling base64 v0.21.2
[INFO] [stderr]    Compiling unicode-bidi v0.3.13
[INFO] [stderr]    Compiling futures-io v0.3.28
[INFO] [stderr]    Compiling winnow v0.5.3
[INFO] [stderr]    Compiling minimal-lexical v0.2.1
[INFO] [stderr]    Compiling pin-project-lite v0.2.10
[INFO] [stderr]    Compiling lazycell v1.3.0
[INFO] [stderr]    Compiling match_cfg v0.1.0
[INFO] [stderr]    Compiling hostname v0.3.1
[INFO] [stderr]    Compiling mio-extras v2.0.6
[INFO] [stderr]    Compiling nom v7.1.3
[INFO] [stderr]    Compiling idna v0.3.0
[INFO] [stderr]    Compiling email-encoding v0.2.0
[INFO] [stderr]    Compiling walkdir v2.3.3
[INFO] [stderr]    Compiling digest v0.10.7
[INFO] [stderr]    Compiling inotify v0.7.1
[INFO] [stderr]    Compiling hashlink v0.8.3
[INFO] [stderr]    Compiling serde_spanned v0.6.3
[INFO] [stderr]    Compiling toml_datetime v0.6.3
[INFO] [stderr]    Compiling filetime v0.2.21
[INFO] [stderr]    Compiling socket2 v0.4.9
[INFO] [stderr]    Compiling bitflags v2.3.3
[INFO] [stderr]    Compiling cpufeatures v0.2.9
[INFO] [stderr]    Compiling mime v0.3.17
[INFO] [stderr]    Compiling fallible-streaming-iterator v0.1.9
[INFO] [stderr]    Compiling toml_edit v0.19.14
[INFO] [stderr]    Compiling httpdate v1.0.2
[INFO] [stderr]    Compiling email_address v0.2.4
[INFO] [stderr]    Compiling quoted_printable v0.4.8
[INFO] [stderr]    Compiling smallvec v1.11.0
[INFO] [stderr]    Compiling fallible-iterator v0.2.0
[INFO] [stderr]    Compiling sha2 v0.10.7
[INFO] [stderr]    Compiling notify v4.0.17
[INFO] [stderr]    Compiling serde_derive v1.0.180
[INFO] [stderr]    Compiling openssl-macros v0.1.1
[INFO] [stderr]    Compiling toml v0.7.6
[INFO] [stderr]    Compiling lettre v0.10.4
[INFO] [stderr]    Compiling rusqlite v0.29.0
[INFO] [stderr]    Compiling duplicates v0.1.0 (/opt/rustwide/workdir)
[INFO] [stderr]     Finished `dev` profile [unoptimized + debuginfo] target(s) in 59.56s
[INFO] [stderr] warning: the following packages contain code that will be rejected by a future version of Rust: openssl v0.10.55
[INFO] [stderr] note: to see what the problems were, use the option `--future-incompat-report`, or run `cargo report future-incompatibilities --id 2`
[INFO] running `Command { std: "docker" "inspect" "2b0fc276f59ba8d0446a6fc31a89aa4311d6709d52ac0135bfa078c11a036f7a", kill_on_drop: false }`
[INFO] running `Command { std: "docker" "exec" "-e" "SOURCE_DIR=/opt/rustwide/workdir" "-e" "CARGO_HOME=/opt/rustwide/cargo-home" "-e" "RUSTUP_HOME=/opt/rustwide/rustup-home" "-e" "CARGO_TARGET_DIR=/opt/rustwide/target" "-e" "CARGO_INCREMENTAL=0" "-e" "RUST_BACKTRACE=full" "-e" "RUSTFLAGS=--cap-lints=warn" "-e" "RUSTDOCFLAGS=--cap-lints=warn" "-w" "/opt/rustwide/workdir" "--user" "0:0" "2b0fc276f59ba8d0446a6fc31a89aa4311d6709d52ac0135bfa078c11a036f7a" "/opt/rustwide/cargo-home/bin/cargo" "+1.97.0-beta.6" "test" "--frozen" "--no-run" "--message-format=json", kill_on_drop: false }`
[INFO] [stderr]    Compiling duplicates v0.1.0 (/opt/rustwide/workdir)
[INFO] [stdout] error[E0433]: cannot find module or crate `mockall` in this scope
[INFO] [stdout]  --> src/tests.rs:3:9
[INFO] [stdout]   |
[INFO] [stdout] 3 |     use mockall::predicate::*;
[INFO] [stdout]   |         ^^^^^^^ use of unresolved module or unlinked crate `mockall`
[INFO] [stdout]   |
[INFO] [stdout]   = help: if you wanted to use a crate named `mockall`, use `cargo add mockall` to add it to your `Cargo.toml`
[INFO] [stdout] 
[INFO] [stdout] 
[INFO] [stdout] error[E0433]: cannot find module or crate `mockall` in this scope
[INFO] [stdout]   --> src/datastore.rs:19:17
[INFO] [stdout]    |
[INFO] [stdout] 19 | #[cfg_attr(test,mockall::automock)]
[INFO] [stdout]    |                 ^^^^^^^ use of unresolved module or unlinked crate `mockall`
[INFO] [stdout] 
[INFO] [stdout] 
[INFO] [stdout] error[E0433]: cannot find module or crate `mockall` in this scope
[INFO] [stdout]   --> src/file_manager.rs:15:17
[INFO] [stdout]    |
[INFO] [stdout] 15 | #[cfg_attr(test,mockall::automock)]
[INFO] [stdout]    |                 ^^^^^^^ use of unresolved module or unlinked crate `mockall`
[INFO] [stdout] 
[INFO] [stdout] 
[INFO] [stdout] error[E0425]: cannot find function `eq` in this scope
[INFO] [stdout]   --> src/tests.rs:12:42
[INFO] [stdout]    |
[INFO] [stdout] 12 |         f_mock.expect_remove_file().with(eq("1")).times(1).return_once(move |_x| Ok(()));
[INFO] [stdout]    |                                          ^^ not found in this scope
[INFO] [stdout]    |
[INFO] [stdout] help: consider importing this function
[INFO] [stdout]    |
[INFO] [stdout]  2 +     use std::ptr::eq;
[INFO] [stdout]    |
[INFO] [stdout] 
[INFO] [stdout] 
[INFO] [stdout] error[E0425]: cannot find function `eq` in this scope
[INFO] [stdout]   --> src/tests.rs:13:42
[INFO] [stdout]    |
[INFO] [stdout] 13 |         f_mock.expect_remove_file().with(eq("2")).times(1).return_once(move |_x| Ok(()));
[INFO] [stdout]    |                                          ^^ not found in this scope
[INFO] [stdout]    |
[INFO] [stdout] help: consider importing this function
[INFO] [stdout]    |
[INFO] [stdout]  2 +     use std::ptr::eq;
[INFO] [stdout]    |
[INFO] [stdout] 
[INFO] [stdout] 
[INFO] [stdout] error[E0425]: cannot find function `eq` in this scope
[INFO] [stdout]   --> src/tests.rs:15:52
[INFO] [stdout]    |
[INFO] [stdout] 15 |         d_mock.expect_delete_entry_for_path().with(eq("1")).times(1).return_once(move |_x| Ok(()));
[INFO] [stdout]    |                                                    ^^ not found in this scope
[INFO] [stdout]    |
[INFO] [stdout] help: consider importing this function
[INFO] [stdout]    |
[INFO] [stdout]  2 +     use std::ptr::eq;
[INFO] [stdout]    |
[INFO] [stdout] 
[INFO] [stdout] 
[INFO] [stdout] error[E0425]: cannot find function `eq` in this scope
[INFO] [stdout]   --> src/tests.rs:16:52
[INFO] [stdout]    |
[INFO] [stdout] 16 |         d_mock.expect_delete_entry_for_path().with(eq("2")).times(1).return_once(move |_x| Ok(()));
[INFO] [stdout]    |                                                    ^^ not found in this scope
[INFO] [stdout]    |
[INFO] [stdout] help: consider importing this function
[INFO] [stdout]    |
[INFO] [stdout]  2 +     use std::ptr::eq;
[INFO] [stdout]    |
[INFO] [stdout] 
[INFO] [stdout] 
[INFO] [stdout] error[E0433]: cannot find type `MockHandleFiles` in this scope
[INFO] [stdout]  --> src/tests.rs:9:26
[INFO] [stdout]   |
[INFO] [stdout] 9 |         let mut f_mock = MockHandleFiles::new();        
[INFO] [stdout]   |                          ^^^^^^^^^^^^^^^ use of undeclared type `MockHandleFiles`
[INFO] [stdout]   |
[INFO] [stdout] help: a trait with a similar name exists
[INFO] [stdout]   |
[INFO] [stdout] 9 -         let mut f_mock = MockHandleFiles::new();        
[INFO] [stdout] 9 +         let mut f_mock = HandleFiles::new();        
[INFO] [stdout]   |
[INFO] [stdout] 
[INFO] [stdout] 
[INFO] [stdout] error[E0433]: cannot find type `MockDataManager` in this scope
[INFO] [stdout]   --> src/tests.rs:10:26
[INFO] [stdout]    |
[INFO] [stdout] 10 |         let mut d_mock = MockDataManager::new();
[INFO] [stdout]    |                          ^^^^^^^^^^^^^^^ use of undeclared type `MockDataManager`
[INFO] [stdout]    |
[INFO] [stdout] help: a trait with a similar name exists
[INFO] [stdout]    |
[INFO] [stdout] 10 -         let mut d_mock = MockDataManager::new();
[INFO] [stdout] 10 +         let mut d_mock = DataManager::new();
[INFO] [stdout]    |
[INFO] [stdout] 
[INFO] [stdout] 
[INFO] [stdout] error[E0061]: this function takes 4 arguments but 3 arguments were supplied
[INFO] [stdout]    --> src/tests.rs:18:9
[INFO] [stdout]     |
[INFO] [stdout]  18 |         delete(vec![String::from("1"),String::from("2"),String::from("3")], &f_mock, &d_mock);       
[INFO] [stdout]     |         ^^^^^^------------------------------------------------------------------------------- argument #4 of type `&mut logger::Logger` is missing
[INFO] [stdout]     |
[INFO] [stdout] note: function defined here
[INFO] [stdout]    --> src/main.rs:174:4
[INFO] [stdout]     |
[INFO] [stdout] 174 | fn delete(filenames: Vec<String>, file_manager: &impl HandleFiles, data_manager: &impl DataManager, log: &mut Logger) {
[INFO] [stdout]     |    ^^^^^^                                                                                           ----------------
[INFO] [stdout] help: provide the argument
[INFO] [stdout]     |
[INFO] [stdout]  18 |         delete(vec![String::from("1"),String::from("2"),String::from("3")], &f_mock, &d_mock, /* &mut logger::Logger */);       
[INFO] [stdout]     |                                                                                             +++++++++++++++++++++++++++
[INFO] [stdout] 
[INFO] [stdout] 
[INFO] [stdout] error[E0433]: cannot find type `MockHandleFiles` in this scope
[INFO] [stdout]   --> src/tests.rs:23:22
[INFO] [stdout]    |
[INFO] [stdout] 23 |         let f_mock = MockHandleFiles::new();        
[INFO] [stdout]    |                      ^^^^^^^^^^^^^^^ use of undeclared type `MockHandleFiles`
[INFO] [stdout]    |
[INFO] [stdout] help: a trait with a similar name exists
[INFO] [stdout]    |
[INFO] [stdout] 23 -         let f_mock = MockHandleFiles::new();        
[INFO] [stdout] 23 +         let f_mock = HandleFiles::new();        
[INFO] [stdout]    |
[INFO] [stdout] 
[INFO] [stdout] 
[INFO] [stdout] error[E0433]: cannot find type `MockDataManager` in this scope
[INFO] [stdout]   --> src/tests.rs:24:22
[INFO] [stdout]    |
[INFO] [stdout] 24 |         let d_mock = MockDataManager::new();
[INFO] [stdout]    |                      ^^^^^^^^^^^^^^^ use of undeclared type `MockDataManager`
[INFO] [stdout]    |
[INFO] [stdout] help: a trait with a similar name exists
[INFO] [stdout]    |
[INFO] [stdout] 24 -         let d_mock = MockDataManager::new();
[INFO] [stdout] 24 +         let d_mock = DataManager::new();
[INFO] [stdout]    |
[INFO] [stdout] 
[INFO] [stdout] 
[INFO] [stdout] error[E0061]: this function takes 4 arguments but 3 arguments were supplied
[INFO] [stdout]    --> src/tests.rs:25:9
[INFO] [stdout]     |
[INFO] [stdout]  25 |         delete(vec![String::from("1")], &f_mock, &d_mock);
[INFO] [stdout]     |         ^^^^^^------------------------------------------- argument #4 of type `&mut logger::Logger` is missing
[INFO] [stdout]     |
[INFO] [stdout] note: function defined here
[INFO] [stdout]    --> src/main.rs:174:4
[INFO] [stdout]     |
[INFO] [stdout] 174 | fn delete(filenames: Vec<String>, file_manager: &impl HandleFiles, data_manager: &impl DataManager, log: &mut Logger) {
[INFO] [stdout]     |    ^^^^^^                                                                                           ----------------
[INFO] [stdout] help: provide the argument
[INFO] [stdout]     |
[INFO] [stdout]  25 |         delete(vec![String::from("1")], &f_mock, &d_mock, /* &mut logger::Logger */);
[INFO] [stdout]     |                                                         +++++++++++++++++++++++++++
[INFO] [stdout] 
[INFO] [stdout] 
[INFO] [stdout] error[E0433]: cannot find type `MockHandleFiles` in this scope
[INFO] [stdout]   --> src/tests.rs:30:15
[INFO] [stdout]    |
[INFO] [stdout] 30 |     let f_mock = MockHandleFiles::new();
[INFO] [stdout]    |                  ^^^^^^^^^^^^^^^ use of undeclared type `MockHandleFiles`
[INFO] [stdout]    |
[INFO] [stdout] help: a trait with a similar name exists
[INFO] [stdout]    |
[INFO] [stdout] 30 -     let f_mock = MockHandleFiles::new();
[INFO] [stdout] 30 +     let f_mock = HandleFiles::new();
[INFO] [stdout]    |
[INFO] [stdout] 
[INFO] [stdout] 
[INFO] [stdout] error[E0433]: cannot find type `MockDataManager` in this scope
[INFO] [stdout]   --> src/tests.rs:31:15
[INFO] [stdout]    |
[INFO] [stdout] 31 |     let d_mock = MockDataManager::new();
[INFO] [stdout]    |                  ^^^^^^^^^^^^^^^ use of undeclared type `MockDataManager`
[INFO] [stdout]    |
[INFO] [stdout] help: a trait with a similar name exists
[INFO] [stdout]    |
[INFO] [stdout] 31 -     let d_mock = MockDataManager::new();
[INFO] [stdout] 31 +     let d_mock = DataManager::new();
[INFO] [stdout]    |
[INFO] [stdout] 
[INFO] [stdout] 
[INFO] [stdout] error[E0061]: this function takes 4 arguments but 3 arguments were supplied
[INFO] [stdout]    --> src/tests.rs:32:2
[INFO] [stdout]     |
[INFO] [stdout]  32 |     delete(vec![String::from("1"), String::from("1")], &f_mock, &d_mock);
[INFO] [stdout]     |     ^^^^^^-------------------------------------------------------------- argument #4 of type `&mut logger::Logger` is missing
[INFO] [stdout]     |
[INFO] [stdout] note: function defined here
[INFO] [stdout]    --> src/main.rs:174:4
[INFO] [stdout]     |
[INFO] [stdout] 174 | fn delete(filenames: Vec<String>, file_manager: &impl HandleFiles, data_manager: &impl DataManager, log: &mut Logger) {
[INFO] [stdout]     |    ^^^^^^                                                                                           ----------------
[INFO] [stdout] help: provide the argument
[INFO] [stdout]     |
[INFO] [stdout]  32 |     delete(vec![String::from("1"), String::from("1")], &f_mock, &d_mock, /* &mut logger::Logger */);
[INFO] [stdout]     |                                                                        +++++++++++++++++++++++++++
[INFO] [stdout] 
[INFO] [stdout] 
[INFO] [stdout] error[E0433]: cannot find type `MockHandleFiles` in this scope
[INFO] [stdout]   --> src/tests.rs:37:15
[INFO] [stdout]    |
[INFO] [stdout] 37 |     let f_mock = MockHandleFiles::new();
[INFO] [stdout]    |                  ^^^^^^^^^^^^^^^ use of undeclared type `MockHandleFiles`
[INFO] [stdout]    |
[INFO] [stdout] help: a trait with a similar name exists
[INFO] [stdout]    |
[INFO] [stdout] 37 -     let f_mock = MockHandleFiles::new();
[INFO] [stdout] 37 +     let f_mock = HandleFiles::new();
[INFO] [stdout]    |
[INFO] [stdout] 
[INFO] [stdout] 
[INFO] [stdout] error[E0433]: cannot find type `MockDataManager` in this scope
[INFO] [stdout]   --> src/tests.rs:38:15
[INFO] [stdout]    |
[INFO] [stdout] 38 |     let d_mock = MockDataManager::new();
[INFO] [stdout]    |                  ^^^^^^^^^^^^^^^ use of undeclared type `MockDataManager`
[INFO] [stdout]    |
[INFO] [stdout] help: a trait with a similar name exists
[INFO] [stdout]    |
[INFO] [stdout] 38 -     let d_mock = MockDataManager::new();
[INFO] [stdout] 38 +     let d_mock = DataManager::new();
[INFO] [stdout]    |
[INFO] [stdout] 
[INFO] [stdout] 
[INFO] [stdout] error[E0061]: this function takes 4 arguments but 3 arguments were supplied
[INFO] [stdout]    --> src/tests.rs:39:2
[INFO] [stdout]     |
[INFO] [stdout]  39 |     delete(vec![], &f_mock, &d_mock);
[INFO] [stdout]     |     ^^^^^^-------------------------- argument #4 of type `&mut logger::Logger` is missing
[INFO] [stdout]     |
[INFO] [stdout] note: function defined here
[INFO] [stdout]    --> src/main.rs:174:4
[INFO] [stdout]     |
[INFO] [stdout] 174 | fn delete(filenames: Vec<String>, file_manager: &impl HandleFiles, data_manager: &impl DataManager, log: &mut Logger) {
[INFO] [stdout]     |    ^^^^^^                                                                                           ----------------
[INFO] [stdout] help: provide the argument
[INFO] [stdout]     |
[INFO] [stdout]  39 |     delete(vec![], &f_mock, &d_mock, /* &mut logger::Logger */);
[INFO] [stdout]     |                                    +++++++++++++++++++++++++++
[INFO] [stdout] 
[INFO] [stdout] 
[INFO] [stdout] Some errors have detailed explanations: E0061, E0425, E0433.
[INFO] [stdout] 
[INFO] [stdout] For more information about an error, try `rustc --explain E0061`.
[INFO] [stdout] 
[INFO] [stderr] error: could not compile `duplicates` (bin "duplicates" test) due to 19 previous errors
[INFO] running `Command { std: "docker" "inspect" "2b0fc276f59ba8d0446a6fc31a89aa4311d6709d52ac0135bfa078c11a036f7a", kill_on_drop: false }`
[INFO] running `Command { std: "docker" "rm" "-f" "2b0fc276f59ba8d0446a6fc31a89aa4311d6709d52ac0135bfa078c11a036f7a", kill_on_drop: false }`
[INFO] [stdout] 2b0fc276f59ba8d0446a6fc31a89aa4311d6709d52ac0135bfa078c11a036f7a
