[INFO] cloning repository https://github.com/janno-p/potato-investor
[INFO] running `Command { std: "git" "-c" "credential.helper=" "-c" "credential.helper=/workspace/cargo-home/bin/git-credential-null" "clone" "--bare" "https://github.com/janno-p/potato-investor" "/workspace/cache/git-repos/https%3A%2F%2Fgithub.com%2Fjanno-p%2Fpotato-investor", kill_on_drop: false }`
[INFO] [stderr] Cloning into bare repository '/workspace/cache/git-repos/https%3A%2F%2Fgithub.com%2Fjanno-p%2Fpotato-investor'...
[INFO] running `Command { std: "git" "rev-parse" "HEAD", kill_on_drop: false }`
[INFO] [stdout] d6ae5f08867fb7a99fcc5e5c898b981218b2af5c
[INFO] testing janno-p/potato-investor against 1.97.0-beta.6 for beta-1.98-2
[INFO] running `Command { std: "git" "clone" "/workspace/cache/git-repos/https%3A%2F%2Fgithub.com%2Fjanno-p%2Fpotato-investor" "/workspace/builds/worker-3-tc1/source", kill_on_drop: false }`
[INFO] [stderr] Cloning into '/workspace/builds/worker-3-tc1/source'...
[INFO] [stderr] done.
[INFO] started tweaking git repo https://github.com/janno-p/potato-investor
[INFO] finished tweaking git repo https://github.com/janno-p/potato-investor
[INFO] tweaked toml for git repo https://github.com/janno-p/potato-investor written to /workspace/builds/worker-3-tc1/source/Cargo.toml
[INFO] validating manifest of git repo https://github.com/janno-p/potato-investor on toolchain 1.97.0-beta.6
[INFO] running `Command { std: CARGO_HOME="/workspace/cargo-home" RUSTUP_HOME="/workspace/rustup-home" "/workspace/cargo-home/bin/cargo" "+1.97.0-beta.6" "metadata" "--manifest-path" "Cargo.toml" "--no-deps", kill_on_drop: false }`
[INFO] crate git repo https://github.com/janno-p/potato-investor already has a lockfile, it will not be regenerated
[INFO] running `Command { std: CARGO_HOME="/workspace/cargo-home" RUSTUP_HOME="/workspace/rustup-home" "/workspace/cargo-home/bin/cargo" "+1.97.0-beta.6" "fetch" "--manifest-path" "Cargo.toml", kill_on_drop: false }`
[INFO] [stderr]     Blocking waiting for file lock on package cache
[INFO] [stderr]     Updating crates.io index
[INFO] [stderr]     Blocking waiting for file lock on package cache
[INFO] [stderr]  Downloading crates ...
[INFO] [stderr]   Downloaded rand_core v0.2.2
[INFO] [stderr]   Downloaded rand_core v0.3.0
[INFO] [stderr]   Downloaded uuid v0.7.1
[INFO] [stderr]   Downloaded typemap v0.3.3
[INFO] [stderr]   Downloaded safemem v0.2.0
[INFO] [stderr]   Downloaded phf_generator v0.7.23
[INFO] [stderr]   Downloaded itoa v0.4.3
[INFO] [stderr]   Downloaded lazy_static v1.2.0
[INFO] [stderr]   Downloaded quote v0.6.10
[INFO] [stderr]   Downloaded kernel32-sys v0.2.2
[INFO] [stderr]   Downloaded tokio-codec v0.1.1
[INFO] [stderr]   Downloaded thread_local v0.3.6
[INFO] [stderr]   Downloaded lazycell v1.2.1
[INFO] [stderr]   Downloaded core-foundation-sys v0.2.3
[INFO] [stderr]   Downloaded vcpkg v0.2.6
[INFO] [stderr]   Downloaded bitflags v0.9.1
[INFO] [stderr]   Downloaded cfg-if v0.1.6
[INFO] [stderr]   Downloaded safemem v0.3.0
[INFO] [stderr]   Downloaded adler32 v1.0.3
[INFO] [stderr]   Downloaded build_const v0.2.1
[INFO] [stderr]   Downloaded slab v0.4.1
[INFO] [stderr]   Downloaded parking_lot_core v0.3.1
[INFO] [stderr]   Downloaded crossbeam-utils v0.6.3
[INFO] [stderr]   Downloaded fuchsia-zircon-sys v0.3.3
[INFO] [stderr]   Downloaded unsafe-any v0.4.2
[INFO] [stderr]   Downloaded tokio-current-thread v0.1.4
[INFO] [stderr]   Downloaded quick-error v1.2.2
[INFO] [stderr]   Downloaded num_cpus v1.9.0
[INFO] [stderr]   Downloaded unreachable v1.0.0
[INFO] [stderr]   Downloaded stable_deref_trait v1.1.1
[INFO] [stderr]   Downloaded tempdir v0.3.7
[INFO] [stderr]   Downloaded security-framework-sys v0.1.16
[INFO] [stderr]   Downloaded lazy_static v0.2.11
[INFO] [stderr]   Downloaded rand v0.3.22
[INFO] [stderr]   Downloaded phf_codegen v0.7.23
[INFO] [stderr]   Downloaded mio-uds v0.6.7
[INFO] [stderr]   Downloaded threadpool v1.7.1
[INFO] [stderr]   Downloaded rand_pcg v0.1.1
[INFO] [stderr]   Downloaded atty v0.2.11
[INFO] [stderr]   Downloaded bitflags v1.0.4
[INFO] [stderr]   Downloaded miow v0.2.1
[INFO] [stderr]   Downloaded rand_chacha v0.1.0
[INFO] [stderr]   Downloaded memoffset v0.2.1
[INFO] [stderr]   Downloaded remove_dir_all v0.5.1
[INFO] [stderr]   Downloaded phf v0.7.23
[INFO] [stderr]   Downloaded crc v1.8.1
[INFO] [stderr]   Downloaded sha1 v0.2.0
[INFO] [stderr]   Downloaded utf8-ranges v1.0.2
[INFO] [stderr]   Downloaded ws2_32-sys v0.2.1
[INFO] [stderr]   Downloaded rand_xorshift v0.1.0
[INFO] [stderr]   Downloaded wincolor v1.0.1
[INFO] [stderr]   Downloaded core-foundation v0.2.3
[INFO] [stderr]   Downloaded phf_shared v0.7.23
[INFO] [stderr]   Downloaded siphasher v0.2.3
[INFO] [stderr]   Downloaded redox_syscall v0.1.44
[INFO] [stderr]   Downloaded hyper-native-tls v0.2.4
[INFO] [stderr]   Downloaded antidote v1.0.0
[INFO] [stderr]   Downloaded tokio-executor v0.1.5
[INFO] [stderr]   Downloaded pkg-config v0.3.14
[INFO] [stderr]   Downloaded tokio-uds v0.2.4
[INFO] [stderr]   Downloaded nodrop v0.1.13
[INFO] [stderr]   Downloaded protoc-rust v1.7.4
[INFO] [stderr]   Downloaded num-traits v0.1.43
[INFO] [stderr]   Downloaded proc-macro2 v0.4.24
[INFO] [stderr]   Downloaded scopeguard v0.3.3
[INFO] [stderr]   Downloaded fuchsia-zircon v0.3.3
[INFO] [stderr]   Downloaded owning_ref v0.3.3
[INFO] [stderr]   Downloaded linked-hash-map v0.3.0
[INFO] [stderr]   Downloaded mime_guess v1.8.6
[INFO] [stderr]   Downloaded byteorder v1.2.7
[INFO] [stderr]   Downloaded uuid v0.5.1
[INFO] [stderr]   Downloaded num-integer v0.1.39
[INFO] [stderr]   Downloaded ucd-util v0.1.3
[INFO] [stderr]   Downloaded tokio-reactor v0.1.7
[INFO] [stderr]   Downloaded iovec v0.1.2
[INFO] [stderr]   Downloaded parking_lot v0.6.4
[INFO] [stderr]   Downloaded smallvec v0.6.7
[INFO] [stderr]   Downloaded native-tls v0.1.5
[INFO] [stderr]   Downloaded log v0.4.6
[INFO] [stderr]   Downloaded config v0.9.1
[INFO] [stderr]   Downloaded time v0.1.40
[INFO] [stderr]   Downloaded httparse v1.3.3
[INFO] [stderr]   Downloaded owning_ref v0.4.0
[INFO] [stderr]   Downloaded tokio-udp v0.1.3
[INFO] [stderr]   Downloaded aho-corasick v0.6.9
[INFO] [stderr]   Downloaded crossbeam-deque v0.6.2
[INFO] [stderr]   Downloaded tokio-tcp v0.1.2
[INFO] [stderr]   Downloaded ryu v0.2.7
[INFO] [stderr]   Downloaded security-framework v0.1.16
[INFO] [stderr]   Downloaded memchr v2.1.2
[INFO] [stderr]   Downloaded tokio-io v0.1.10
[INFO] [stderr]   Downloaded parking_lot v0.5.5
[INFO] [stderr]   Downloaded parking_lot_core v0.2.14
[INFO] [stderr]   Downloaded schannel v0.1.14
[INFO] [stderr]   Downloaded cc v1.0.26
[INFO] [stderr]   Downloaded multipart v0.13.6
[INFO] [stderr]   Downloaded winapi-build v0.1.1
[INFO] [stderr]   Downloaded protoc v1.7.4
[INFO] [stderr]   Downloaded num-traits v0.2.6
[INFO] [stderr]   Downloaded base64 v0.10.0
[INFO] [stderr]   Downloaded openssl-sys v0.9.39
[INFO] [stderr]   Downloaded base64 v0.8.0
[INFO] [stderr]   Downloaded lock_api v0.1.5
[INFO] [stderr]   Downloaded termion v1.5.1
[INFO] [stderr]   Downloaded serde_derive v1.0.82
[INFO] [stderr]   Downloaded flate2 v1.0.6
[INFO] [stderr]   Downloaded miniz_oxide v0.2.0
[INFO] [stderr]   Downloaded linked-hash-map v0.5.1
[INFO] [stderr]   Downloaded rust-ini v0.12.2
[INFO] [stderr]   Downloaded serde_json v1.0.33
[INFO] [stderr]   Downloaded rand v0.4.3
[INFO] [stderr]   Downloaded crc32fast v1.1.2
[INFO] [stderr]   Downloaded evzht9h3nznqzwl v0.0.3
[INFO] [stderr]   Downloaded tokio v0.1.13
[INFO] [stderr]   Downloaded bytes v0.4.11
[INFO] [stderr]   Downloaded tokio-fs v0.1.4
[INFO] [stderr]   Downloaded termcolor v1.0.4
[INFO] [stderr]   Downloaded redox_termios v0.1.1
[INFO] [stderr]   Downloaded serde_test v0.8.23
[INFO] [stderr]   Downloaded rand v0.5.5
[INFO] [stderr]   Downloaded serde v1.0.82
[INFO] [stderr]   Downloaded miniz-sys v0.1.11
[INFO] [stderr]   Downloaded arrayvec v0.4.8
[INFO] [stderr]   Downloaded timer v0.2.0
[INFO] [stderr]   Downloaded winapi-util v0.1.1
[INFO] [stderr]   Downloaded humantime v1.2.0
[INFO] [stderr]   Downloaded net2 v0.2.33
[INFO] [stderr]   Downloaded tokio-timer v0.2.8
[INFO] [stderr]   Downloaded env_logger v0.6.0
[INFO] [stderr]   Downloaded yaml-rust v0.4.2
[INFO] [stderr]   Downloaded eventstore v0.2.2
[INFO] [stderr]   Downloaded hyper v0.10.15
[INFO] [stderr]   Downloaded crossbeam-epoch v0.6.1
[INFO] [stderr]   Downloaded serde-hjson v0.8.2
[INFO] [stderr]   Downloaded serde v0.8.23
[INFO] [stderr]   Downloaded syn v0.15.22
[INFO] [stderr]   Downloaded openssl v0.9.24
[INFO] [stderr]   Downloaded chrono v0.4.6
[INFO] [stderr]   Downloaded futures v0.1.25
[INFO] [stderr]   Downloaded tokio-threadpool v0.1.9
[INFO] [stderr]   Downloaded miniz_oxide_c_api v0.2.0
[INFO] [stderr]   Downloaded regex v1.1.0
[INFO] [stderr]   Downloaded regex-syntax v0.6.4
[INFO] [stderr]   Downloaded unicode-normalization v0.1.7
[INFO] [stderr]   Downloaded libc v0.2.45
[INFO] [stderr]   Downloaded winapi v0.2.8
[INFO] [stderr]   Downloaded nom v4.1.1
[INFO] [stderr]   Downloaded rand v0.6.1
[INFO] [stderr]   Downloaded mio v0.6.16
[INFO] [stderr]   Downloaded protobuf v1.7.4
[INFO] [stderr]   Downloaded winapi v0.3.6
[INFO] [stderr]   Downloaded serenity v0.5.11
[INFO] running `Command { std: "docker" "create" "-v" "/var/lib/crater-agent-workspace/builds/worker-3-tc1/source:/opt/rustwide/workdir:ro,Z" "-v" "/var/lib/crater-agent-workspace/builds/worker-3-tc1/target:/opt/rustwide/target:rw,Z" "-v" "/var/lib/crater-agent-workspace/cargo-home:/opt/rustwide/cargo-home:ro,Z" "-v" "/var/lib/crater-agent-workspace/rustup-home:/opt/rustwide/rustup-home:ro,Z" "-m" "1610612736" "--network" "none" "ghcr.io/rust-lang/crates-build-env/linux@sha256:3d5ced03c013a94a2f102a4510f48a6e9184255caf5fd8244f58017bde7f5210" "sleep" "infinity", kill_on_drop: false }`
[INFO] [stdout] a4879ad693c41568868ab6cf1358fa7f655962523331496d97427bba124c98e4
[INFO] running `Command { std: "docker" "start" "a4879ad693c41568868ab6cf1358fa7f655962523331496d97427bba124c98e4", kill_on_drop: false }`
[INFO] running `Command { std: "docker" "inspect" "a4879ad693c41568868ab6cf1358fa7f655962523331496d97427bba124c98e4", kill_on_drop: false }`
[INFO] running `Command { std: "docker" "exec" "-e" "SOURCE_DIR=/opt/rustwide/workdir" "-e" "CARGO_HOME=/opt/rustwide/cargo-home" "-e" "RUSTUP_HOME=/opt/rustwide/rustup-home" "-e" "CARGO_TARGET_DIR=/opt/rustwide/target" "-w" "/opt/rustwide/workdir" "--user" "0:0" "a4879ad693c41568868ab6cf1358fa7f655962523331496d97427bba124c98e4" "/opt/rustwide/cargo-home/bin/cargo" "+1.97.0-beta.6" "metadata" "--no-deps" "--format-version=1", kill_on_drop: false }`
[INFO] running `Command { std: "docker" "inspect" "a4879ad693c41568868ab6cf1358fa7f655962523331496d97427bba124c98e4", kill_on_drop: false }`
[INFO] running `Command { std: "docker" "exec" "-e" "SOURCE_DIR=/opt/rustwide/workdir" "-e" "CARGO_HOME=/opt/rustwide/cargo-home" "-e" "RUSTUP_HOME=/opt/rustwide/rustup-home" "-e" "CARGO_TARGET_DIR=/opt/rustwide/target" "-e" "CARGO_INCREMENTAL=0" "-e" "RUST_BACKTRACE=full" "-e" "RUSTFLAGS=--cap-lints=warn" "-e" "RUSTDOCFLAGS=--cap-lints=warn" "-w" "/opt/rustwide/workdir" "--user" "0:0" "a4879ad693c41568868ab6cf1358fa7f655962523331496d97427bba124c98e4" "/opt/rustwide/cargo-home/bin/cargo" "+1.97.0-beta.6" "build" "--frozen" "--message-format=json", kill_on_drop: false }`
[INFO] [stderr]    Compiling libc v0.2.45
[INFO] [stderr]    Compiling cfg-if v0.1.6
[INFO] [stderr]    Compiling rand_core v0.3.0
[INFO] [stderr]    Compiling version_check v0.1.5
[INFO] [stderr]    Compiling semver-parser v0.7.0
[INFO] [stderr]    Compiling lazy_static v1.2.0
[INFO] [stderr]    Compiling byteorder v1.2.7
[INFO] [stderr]    Compiling void v1.0.2
[INFO] [stderr]    Compiling cc v1.0.26
[INFO] [stderr]    Compiling futures v0.1.25
[INFO] [stderr]    Compiling scopeguard v0.3.3
[INFO] [stderr]    Compiling stable_deref_trait v1.1.1
[INFO] [stderr]    Compiling num-traits v0.2.6
[INFO] [stderr]    Compiling pkg-config v0.3.14
[INFO] [stderr]    Compiling serde v1.0.82
[INFO] [stderr]    Compiling slab v0.4.1
[INFO] [stderr]    Compiling siphasher v0.2.3
[INFO] [stderr]    Compiling unreachable v1.0.0
[INFO] [stderr]    Compiling owning_ref v0.4.0
[INFO] [stderr]    Compiling matches v0.1.8
[INFO] [stderr]    Compiling lazycell v1.2.1
[INFO] [stderr]    Compiling log v0.4.6
[INFO] [stderr]    Compiling smallvec v0.6.7
[INFO] [stderr]    Compiling crossbeam-utils v0.6.3
[INFO] [stderr]    Compiling unicode-bidi v0.3.4
[INFO] [stderr]    Compiling lock_api v0.1.5
[INFO] [stderr]    Compiling rand_core v0.2.2
[INFO] [stderr]    Compiling proc-macro2 v0.4.24
[INFO] [stderr]    Compiling nodrop v0.1.13
[INFO] [stderr]    Compiling httparse v1.3.3
[INFO] [stderr]    Compiling semver v0.9.0
[INFO] [stderr]    Compiling unicode-normalization v0.1.7
[INFO] [stderr]    Compiling traitobject v0.1.0
[INFO] [stdout] error[E0119]: conflicting implementations of trait `Trait` for type `(dyn Send + Sync + 'static)`
[INFO] [stdout]   --> /opt/rustwide/cargo-home/registry/src/index.crates.io-1949cf8c6b5b557f/traitobject-0.1.0/src/impls.rs:72:1
[INFO] [stdout]    |
[INFO] [stdout] 71 | unsafe impl Trait for ::std::marker::Send + Sync { }
[INFO] [stdout]    | ------------------------------------------------ first implementation here
[INFO] [stdout] 72 | unsafe impl Trait for ::std::marker::Send + Send + Sync { }
[INFO] [stdout]    | ^^^^^^^^^^^^^^^^^^^^^^^^^^^^^^^^^^^^^^^^^^^^^^^^^^^^^^^ conflicting implementation for `(dyn Send + Sync + 'static)`
[INFO] [stdout] 
[INFO] [stdout] 
[INFO] [stdout] error[E0119]: conflicting implementations of trait `Trait` for type `(dyn Send + Sync + 'static)`
[INFO] [stdout]   --> /opt/rustwide/cargo-home/registry/src/index.crates.io-1949cf8c6b5b557f/traitobject-0.1.0/src/impls.rs:73:1
[INFO] [stdout]    |
[INFO] [stdout] 71 | unsafe impl Trait for ::std::marker::Send + Sync { }
[INFO] [stdout]    | ------------------------------------------------ first implementation here
[INFO] [stdout] 72 | unsafe impl Trait for ::std::marker::Send + Send + Sync { }
[INFO] [stdout] 73 | unsafe impl Trait for ::std::marker::Sync + Send { }
[INFO] [stdout]    | ^^^^^^^^^^^^^^^^^^^^^^^^^^^^^^^^^^^^^^^^^^^^^^^^ conflicting implementation for `(dyn Send + Sync + 'static)`
[INFO] [stdout] 
[INFO] [stdout] 
[INFO] [stdout] error[E0119]: conflicting implementations of trait `Trait` for type `(dyn Send + Sync + 'static)`
[INFO] [stdout]   --> /opt/rustwide/cargo-home/registry/src/index.crates.io-1949cf8c6b5b557f/traitobject-0.1.0/src/impls.rs:75:1
[INFO] [stdout]    |
[INFO] [stdout] 71 | unsafe impl Trait for ::std::marker::Send + Sync { }
[INFO] [stdout]    | ------------------------------------------------ first implementation here
[INFO] [stdout] ...
[INFO] [stdout] 75 | unsafe impl Trait for ::std::marker::Sync + Send + Sync { }
[INFO] [stdout]    | ^^^^^^^^^^^^^^^^^^^^^^^^^^^^^^^^^^^^^^^^^^^^^^^^^^^^^^^ conflicting implementation for `(dyn Send + Sync + 'static)`
[INFO] [stdout] 
[INFO] [stdout] 
[INFO] [stdout] For more information about this error, try `rustc --explain E0119`.
[INFO] [stdout] 
[INFO] [stderr]    Compiling log v0.3.9
[INFO] [stderr] error: could not compile `traitobject` (lib) due to 3 previous errors
[INFO] [stderr] warning: build failed, waiting for other jobs to finish...
[INFO] running `Command { std: "docker" "inspect" "a4879ad693c41568868ab6cf1358fa7f655962523331496d97427bba124c98e4", kill_on_drop: false }`
[INFO] running `Command { std: "docker" "rm" "-f" "a4879ad693c41568868ab6cf1358fa7f655962523331496d97427bba124c98e4", kill_on_drop: false }`
[INFO] [stdout] a4879ad693c41568868ab6cf1358fa7f655962523331496d97427bba124c98e4
