[INFO] cloning repository https://github.com/jac3km4/toml-reds
[INFO] running `Command { std: "git" "-c" "credential.helper=" "-c" "credential.helper=/workspace/cargo-home/bin/git-credential-null" "clone" "--bare" "https://github.com/jac3km4/toml-reds" "/workspace/cache/git-repos/https%3A%2F%2Fgithub.com%2Fjac3km4%2Ftoml-reds", kill_on_drop: false }`
[INFO] [stderr] Cloning into bare repository '/workspace/cache/git-repos/https%3A%2F%2Fgithub.com%2Fjac3km4%2Ftoml-reds'...
[INFO] running `Command { std: "git" "rev-parse" "HEAD", kill_on_drop: false }`
[INFO] [stdout] fc48edb3c7f5ed481c627b782ef8858938844d4c
[INFO] testing jac3km4/toml-reds against 1.97.0-beta.6 for beta-1.98-2
[INFO] running `Command { std: "git" "clone" "/workspace/cache/git-repos/https%3A%2F%2Fgithub.com%2Fjac3km4%2Ftoml-reds" "/workspace/builds/worker-5-tc1/source", kill_on_drop: false }`
[INFO] [stderr] Cloning into '/workspace/builds/worker-5-tc1/source'...
[INFO] [stderr] done.
[INFO] started tweaking git repo https://github.com/jac3km4/toml-reds
[INFO] finished tweaking git repo https://github.com/jac3km4/toml-reds
[INFO] tweaked toml for git repo https://github.com/jac3km4/toml-reds written to /workspace/builds/worker-5-tc1/source/Cargo.toml
[INFO] validating manifest of git repo https://github.com/jac3km4/toml-reds on toolchain 1.97.0-beta.6
[INFO] running `Command { std: CARGO_HOME="/workspace/cargo-home" RUSTUP_HOME="/workspace/rustup-home" "/workspace/cargo-home/bin/cargo" "+1.97.0-beta.6" "metadata" "--manifest-path" "Cargo.toml" "--no-deps", kill_on_drop: false }`
[INFO] crate git repo https://github.com/jac3km4/toml-reds already has a lockfile, it will not be regenerated
[INFO] running `Command { std: CARGO_HOME="/workspace/cargo-home" RUSTUP_HOME="/workspace/rustup-home" "/workspace/cargo-home/bin/cargo" "+1.97.0-beta.6" "fetch" "--manifest-path" "Cargo.toml", kill_on_drop: false }`
[INFO] [stderr]     Updating git repository `https://github.com/jac3km4/red4ext-rs.git`
[INFO] [stderr]     Updating git submodule `https://github.com/WopsS/RED4ext.SDK.git`
[INFO] [stderr]     Updating crates.io index
[INFO] [stderr]  Downloading crates ...
[INFO] [stderr]   Downloaded static_init v1.0.2
[INFO] [stderr]   Downloaded unicode-xid v0.2.2
[INFO] [stderr]   Downloaded static_init_macro v1.0.2
[INFO] [stderr]   Downloaded wchar-impl v0.11.0
[INFO] [stderr]   Downloaded link-cplusplus v1.0.6
[INFO] [stderr]   Downloaded scratch v1.0.1
[INFO] [stderr]   Downloaded cxxbridge-flags v1.0.65
[INFO] [stderr]   Downloaded casey v0.3.3
[INFO] [stderr]   Downloaded array-init v2.0.0
[INFO] [stderr]   Downloaded wchar v0.11.0
[INFO] [stderr]   Downloaded quote v1.0.15
[INFO] [stderr]   Downloaded smallvec v1.8.0
[INFO] [stderr]   Downloaded erasable v1.2.1
[INFO] [stderr]   Downloaded once_cell v1.9.0
[INFO] [stderr]   Downloaded unicode-width v0.1.9
[INFO] [stderr]   Downloaded proc-macro2 v1.0.36
[INFO] [stderr]   Downloaded termcolor v1.1.3
[INFO] [stderr]   Downloaded parking_lot_core v0.8.5
[INFO] [stderr]   Downloaded lock_api v0.4.6
[INFO] [stderr]   Downloaded redox_syscall v0.2.11
[INFO] [stderr]   Downloaded serde v1.0.136
[INFO] [stderr]   Downloaded memchr v2.4.1
[INFO] [stderr]   Downloaded cc v1.0.73
[INFO] [stderr]   Downloaded cxxbridge-macro v1.0.65
[INFO] [stderr]   Downloaded cxx-build v1.0.65
[INFO] [stderr]   Downloaded syn v1.0.86
[INFO] [stderr]   Downloaded cxx v1.0.65
[INFO] [stderr]   Downloaded libc v0.2.119
[INFO] running `Command { std: "docker" "create" "-v" "/var/lib/crater-agent-workspace/builds/worker-5-tc1/source:/opt/rustwide/workdir:ro,Z" "-v" "/var/lib/crater-agent-workspace/builds/worker-5-tc1/target:/opt/rustwide/target:rw,Z" "-v" "/var/lib/crater-agent-workspace/cargo-home:/opt/rustwide/cargo-home:ro,Z" "-v" "/var/lib/crater-agent-workspace/rustup-home:/opt/rustwide/rustup-home:ro,Z" "-m" "1610612736" "--network" "none" "ghcr.io/rust-lang/crates-build-env/linux@sha256:3d5ced03c013a94a2f102a4510f48a6e9184255caf5fd8244f58017bde7f5210" "sleep" "infinity", kill_on_drop: false }`
[INFO] [stdout] 6b88efa39c443e448b3d0f0b77ce51983c7c91997f0acf05bc125a74cc667606
[INFO] running `Command { std: "docker" "start" "6b88efa39c443e448b3d0f0b77ce51983c7c91997f0acf05bc125a74cc667606", kill_on_drop: false }`
[INFO] running `Command { std: "docker" "inspect" "6b88efa39c443e448b3d0f0b77ce51983c7c91997f0acf05bc125a74cc667606", kill_on_drop: false }`
[INFO] running `Command { std: "docker" "exec" "-e" "SOURCE_DIR=/opt/rustwide/workdir" "-e" "CARGO_HOME=/opt/rustwide/cargo-home" "-e" "RUSTUP_HOME=/opt/rustwide/rustup-home" "-e" "CARGO_TARGET_DIR=/opt/rustwide/target" "-w" "/opt/rustwide/workdir" "--user" "0:0" "6b88efa39c443e448b3d0f0b77ce51983c7c91997f0acf05bc125a74cc667606" "/opt/rustwide/cargo-home/bin/cargo" "+1.97.0-beta.6" "metadata" "--no-deps" "--format-version=1", kill_on_drop: false }`
[INFO] running `Command { std: "docker" "inspect" "6b88efa39c443e448b3d0f0b77ce51983c7c91997f0acf05bc125a74cc667606", kill_on_drop: false }`
[INFO] running `Command { std: "docker" "exec" "-e" "SOURCE_DIR=/opt/rustwide/workdir" "-e" "CARGO_HOME=/opt/rustwide/cargo-home" "-e" "RUSTUP_HOME=/opt/rustwide/rustup-home" "-e" "CARGO_TARGET_DIR=/opt/rustwide/target" "-e" "CARGO_INCREMENTAL=0" "-e" "RUST_BACKTRACE=full" "-e" "RUSTFLAGS=--cap-lints=warn" "-e" "RUSTDOCFLAGS=--cap-lints=warn" "-w" "/opt/rustwide/workdir" "--user" "0:0" "6b88efa39c443e448b3d0f0b77ce51983c7c91997f0acf05bc125a74cc667606" "/opt/rustwide/cargo-home/bin/cargo" "+1.97.0-beta.6" "build" "--frozen" "--message-format=json", kill_on_drop: false }`
[INFO] [stderr]    Compiling proc-macro2 v1.0.36
[INFO] [stderr]    Compiling unicode-xid v0.2.2
[INFO] [stderr]    Compiling syn v1.0.86
[INFO] [stderr]    Compiling cc v1.0.73
[INFO] [stderr]    Compiling scratch v1.0.1
[INFO] [stderr]    Compiling cfg_aliases v0.1.1
[INFO] [stderr]    Compiling termcolor v1.1.3
[INFO] [stderr]    Compiling unicode-width v0.1.9
[INFO] [stderr]    Compiling cxxbridge-flags v1.0.65
[INFO] [stderr]    Compiling memchr v2.4.1
[INFO] [stderr]    Compiling once_cell v1.9.0
[INFO] [stderr]    Compiling erasable v1.2.1
[INFO] [stderr]    Compiling static_init_macro v1.0.2
[INFO] [stderr]    Compiling libc v0.2.119
[INFO] [stderr]    Compiling serde v1.0.136
[INFO] [stderr]    Compiling wchar v0.11.0
[INFO] [stderr]    Compiling codespan-reporting v0.11.1
[INFO] [stderr]    Compiling static_init v1.0.2
[INFO] [stderr]    Compiling link-cplusplus v1.0.6
[INFO] [stderr]    Compiling cxx v1.0.65
[INFO] [stderr]    Compiling quote v1.0.15
[INFO] [stderr]    Compiling array-init v2.0.0
[INFO] [stderr]    Compiling cxx-build v1.0.65
[INFO] [stderr]    Compiling toml v0.5.8
[INFO] [stderr]    Compiling wchar-impl v0.11.0
[INFO] [stderr]    Compiling cxxbridge-macro v1.0.65
[INFO] [stderr]    Compiling casey v0.3.3
[INFO] [stdout] error[E0433]: cannot find module or crate `parking_lot` in this scope
[INFO] [stdout]    --> /opt/rustwide/cargo-home/registry/src/index.crates.io-1949cf8c6b5b557f/static_init-1.0.2/src/lazy_sequentializer.rs:335:17
[INFO] [stdout]     |
[INFO] [stdout] 335 |             use parking_lot::lock_api::GetThreadId;
[INFO] [stdout]     |                 ^^^^^^^^^^^ use of unresolved module or unlinked crate `parking_lot`
[INFO] [stdout]     |
[INFO] [stdout]     = help: if you wanted to use a crate named `parking_lot`, use `cargo add parking_lot` to add it to your `Cargo.toml`
[INFO] [stdout] 
[INFO] [stdout] 
[INFO] [stdout] error[E0433]: cannot find module or crate `parking_lot` in this scope
[INFO] [stdout]    --> /opt/rustwide/cargo-home/registry/src/index.crates.io-1949cf8c6b5b557f/static_init-1.0.2/src/lazy_sequentializer.rs:370:21
[INFO] [stdout]     |
[INFO] [stdout] 370 |                 use parking_lot::lock_api::GetThreadId;
[INFO] [stdout]     |                     ^^^^^^^^^^^ use of unresolved module or unlinked crate `parking_lot`
[INFO] [stdout]     |
[INFO] [stdout]     = help: if you wanted to use a crate named `parking_lot`, use `cargo add parking_lot` to add it to your `Cargo.toml`
[INFO] [stdout] 
[INFO] [stdout] 
[INFO] [stdout] error[E0433]: cannot find module or crate `parking_lot` in this scope
[INFO] [stdout]    --> /opt/rustwide/cargo-home/registry/src/index.crates.io-1949cf8c6b5b557f/static_init-1.0.2/src/lazy_sequentializer.rs:337:17
[INFO] [stdout]     |
[INFO] [stdout] 337 |                 parking_lot::RawThreadId.nonzero_thread_id().into(),
[INFO] [stdout]     |                 ^^^^^^^^^^^ use of unresolved module or unlinked crate `parking_lot`
[INFO] [stdout]     |
[INFO] [stdout]     = help: if you wanted to use a crate named `parking_lot`, use `cargo add parking_lot` to add it to your `Cargo.toml`
[INFO] [stdout] 
[INFO] [stdout] 
[INFO] [stdout] error[E0433]: cannot find module or crate `parking_lot` in this scope
[INFO] [stdout]    --> /opt/rustwide/cargo-home/registry/src/index.crates.io-1949cf8c6b5b557f/static_init-1.0.2/src/lazy_sequentializer.rs:371:26
[INFO] [stdout]     |
[INFO] [stdout] 371 |                 if id == parking_lot::RawThreadId.nonzero_thread_id().into() {
[INFO] [stdout]     |                          ^^^^^^^^^^^ use of unresolved module or unlinked crate `parking_lot`
[INFO] [stdout]     |
[INFO] [stdout]     = help: if you wanted to use a crate named `parking_lot`, use `cargo add parking_lot` to add it to your `Cargo.toml`
[INFO] [stdout] 
[INFO] [stdout] 
[INFO] [stdout] For more information about this error, try `rustc --explain E0433`.
[INFO] [stdout] 
[INFO] [stderr] error: could not compile `static_init` (lib) due to 4 previous errors
[INFO] [stderr] warning: build failed, waiting for other jobs to finish...
[INFO] running `Command { std: "docker" "inspect" "6b88efa39c443e448b3d0f0b77ce51983c7c91997f0acf05bc125a74cc667606", kill_on_drop: false }`
[INFO] running `Command { std: "docker" "rm" "-f" "6b88efa39c443e448b3d0f0b77ce51983c7c91997f0acf05bc125a74cc667606", kill_on_drop: false }`
[INFO] [stdout] 6b88efa39c443e448b3d0f0b77ce51983c7c91997f0acf05bc125a74cc667606
