[INFO] cloning repository https://github.com/jaaamesey/watch
[INFO] running `Command { std: "git" "-c" "credential.helper=" "-c" "credential.helper=/workspace/cargo-home/bin/git-credential-null" "clone" "--bare" "https://github.com/jaaamesey/watch" "/workspace/cache/git-repos/https%3A%2F%2Fgithub.com%2Fjaaamesey%2Fwatch", kill_on_drop: false }`
[INFO] [stderr] Cloning into bare repository '/workspace/cache/git-repos/https%3A%2F%2Fgithub.com%2Fjaaamesey%2Fwatch'...
[INFO] running `Command { std: "git" "rev-parse" "HEAD", kill_on_drop: false }`
[INFO] [stdout] ebd9480ef114f48149c7abf9c18a716653eec878
[INFO] testing jaaamesey/watch against 1.97.0-beta.6 for beta-1.98-2
[INFO] running `Command { std: "git" "clone" "/workspace/cache/git-repos/https%3A%2F%2Fgithub.com%2Fjaaamesey%2Fwatch" "/workspace/builds/worker-5-tc1/source", kill_on_drop: false }`
[INFO] [stderr] Cloning into '/workspace/builds/worker-5-tc1/source'...
[INFO] [stderr] done.
[INFO] started tweaking git repo https://github.com/jaaamesey/watch
[INFO] finished tweaking git repo https://github.com/jaaamesey/watch
[INFO] tweaked toml for git repo https://github.com/jaaamesey/watch written to /workspace/builds/worker-5-tc1/source/Cargo.toml
[INFO] validating manifest of git repo https://github.com/jaaamesey/watch on toolchain 1.97.0-beta.6
[INFO] running `Command { std: CARGO_HOME="/workspace/cargo-home" RUSTUP_HOME="/workspace/rustup-home" "/workspace/cargo-home/bin/cargo" "+1.97.0-beta.6" "metadata" "--manifest-path" "Cargo.toml" "--no-deps", kill_on_drop: false }`
[INFO] crate git repo https://github.com/jaaamesey/watch already has a lockfile, it will not be regenerated
[INFO] running `Command { std: CARGO_HOME="/workspace/cargo-home" RUSTUP_HOME="/workspace/rustup-home" "/workspace/cargo-home/bin/cargo" "+1.97.0-beta.6" "fetch" "--manifest-path" "Cargo.toml", kill_on_drop: false }`
[INFO] [stderr] warning: profiles for the non root package will be ignored, specify profiles at the workspace root:
[INFO] [stderr] package:   /workspace/builds/worker-5-tc1/source/crates/watch_firmware/Cargo.toml
[INFO] [stderr] workspace: /workspace/builds/worker-5-tc1/source/Cargo.toml
[INFO] [stderr]     Blocking waiting for file lock on package cache
[INFO] [stderr]     Updating crates.io index
[INFO] [stderr]     Updating git repository `https://github.com/ImplFerris/epd-waveshare`
[INFO] [stderr]     Blocking waiting for file lock on package cache
[INFO] [stderr]  Downloading crates ...
[INFO] [stderr]   Downloaded usbd-hid-macros v0.9.0
[INFO] [stderr]   Downloaded usbd-hid-descriptors v0.9.0
[INFO] [stderr]   Downloaded bitfield v0.14.0
[INFO] [stderr]   Downloaded defmt-parser v1.0.0
[INFO] [stderr]   Downloaded proc-macro-error-attr2 v2.0.0
[INFO] [stderr]   Downloaded hash32 v0.3.1
[INFO] [stderr]   Downloaded ssmarshal v1.0.0
[INFO] [stderr]   Downloaded nb v1.1.0
[INFO] [stderr]   Downloaded embedded-hal-compat v0.13.0
[INFO] [stderr]   Downloaded ident_case v1.0.1
[INFO] [stderr]   Downloaded document-features v0.2.12
[INFO] [stderr]   Downloaded rustc_version v0.2.3
[INFO] [stderr]   Downloaded embassy-time-driver v0.2.1
[INFO] [stderr]   Downloaded embedded-storage-async v0.4.1
[INFO] [stderr]   Downloaded void v1.0.2
[INFO] [stderr]   Downloaded defmt-rtt v1.1.0
[INFO] [stderr]   Downloaded version_check v0.9.5
[INFO] [stderr]   Downloaded defmt v0.3.100
[INFO] [stderr]   Downloaded futures-sink v0.3.31
[INFO] [stderr]   Downloaded embassy-time-queue-utils v0.3.0
[INFO] [stderr]   Downloaded bit_field v0.10.3
[INFO] [stderr]   Downloaded embassy-usb-driver v0.2.0
[INFO] [stderr]   Downloaded embassy-executor-timer-queue v0.1.0
[INFO] [stderr]   Downloaded static_cell v2.1.1
[INFO] [stderr]   Downloaded vcell v0.1.3
[INFO] [stderr]   Downloaded bare-metal v0.2.5
[INFO] [stderr]   Downloaded usbd-hid-macros v0.8.2
[INFO] [stderr]   Downloaded noproto v0.1.0
[INFO] [stderr]   Downloaded noproto-derive v0.1.0
[INFO] [stderr]   Downloaded panic-probe v1.0.0
[INFO] [stderr]   Downloaded crunchy v0.2.4
[INFO] [stderr]   Downloaded embedded-hal-bus v0.1.0
[INFO] [stderr]   Downloaded usbd-hid-descriptors v0.8.2
[INFO] [stderr]   Downloaded embedded-io v0.6.1
[INFO] [stderr]   Downloaded cortex-m-rt-macros v0.7.5
[INFO] [stderr]   Downloaded volatile-register v0.2.2
[INFO] [stderr]   Downloaded futures-core v0.3.31
[INFO] [stderr]   Downloaded embassy-embedded-hal v0.5.0
[INFO] [stderr]   Downloaded semver-parser v0.7.0
[INFO] [stderr]   Downloaded nb v0.1.3
[INFO] [stderr]   Downloaded embedded-storage v0.3.1
[INFO] [stderr]   Downloaded embassy-net-driver-channel v0.3.2
[INFO] [stderr]   Downloaded embassy-net-driver v0.2.0
[INFO] [stderr]   Downloaded embassy-futures v0.1.2
[INFO] [stderr]   Downloaded embassy-net-esp-hosted v0.2.1
[INFO] [stderr]   Downloaded defmt-macros v1.0.1
[INFO] [stderr]   Downloaded thiserror v2.0.17
[INFO] [stderr]   Downloaded embedded-hal-async v1.0.0
[INFO] [stderr]   Downloaded byteorder v1.5.0
[INFO] [stderr]   Downloaded thiserror-impl v2.0.17
[INFO] [stderr]   Downloaded num-integer v0.1.46
[INFO] [stderr]   Downloaded embedded-hal v0.2.7
[INFO] [stderr]   Downloaded semver v0.9.0
[INFO] [stderr]   Downloaded autocfg v1.5.0
[INFO] [stderr]   Downloaded static_assertions v1.1.0
[INFO] [stderr]   Downloaded embedded-io v0.7.1
[INFO] [stderr]   Downloaded embedded-io-async v0.6.1
[INFO] [stderr]   Downloaded embedded-nal-async v0.8.0
[INFO] [stderr]   Downloaded darling_macro v0.20.11
[INFO] [stderr]   Downloaded proc-macro-error2 v2.0.1
[INFO] [stderr]   Downloaded num-complex v0.4.6
[INFO] [stderr]   Downloaded embedded-hal v1.0.0
[INFO] [stderr]   Downloaded embedded-io-async v0.7.0
[INFO] [stderr]   Downloaded bitfield v0.13.2
[INFO] [stderr]   Downloaded az v1.2.1
[INFO] [stderr]   Downloaded embassy-time v0.5.0
[INFO] [stderr]   Downloaded rand_core v0.9.3
[INFO] [stderr]   Downloaded defmt v1.0.1
[INFO] [stderr]   Downloaded cortex-m-rt v0.7.5
[INFO] [stderr]   Downloaded quote v1.0.42
[INFO] [stderr]   Downloaded once_cell v1.21.3
[INFO] [stderr]   Downloaded usb-device v0.3.2
[INFO] [stderr]   Downloaded unicode-ident v1.0.22
[INFO] [stderr]   Downloaded encode_unicode v0.3.6
[INFO] [stderr]   Downloaded embedded-graphics-core v0.4.0
[INFO] [stderr]   Downloaded embassy-hal-internal v0.3.0
[INFO] [stderr]   Downloaded darling_core v0.20.11
[INFO] [stderr]   Downloaded memoffset v0.6.5
[INFO] [stderr]   Downloaded wayland-cursor v0.29.5
[INFO] [stderr]   Downloaded usbd-hid v0.9.0
[INFO] [stderr]   Downloaded critical-section v1.2.0
[INFO] [stderr]   Downloaded either v1.15.0
[INFO] [stderr]   Downloaded proc-macro2 v1.0.103
[INFO] [stderr]   Downloaded log v0.4.29
[INFO] [stderr]   Downloaded ahash v0.8.12
[INFO] [stderr]   Downloaded num-traits v0.2.19
[INFO] [stderr]   Downloaded bytemuck v1.24.0
[INFO] [stderr]   Downloaded embassy-usb v0.5.1
[INFO] [stderr]   Downloaded usbd-hid v0.8.2
[INFO] [stderr]   Downloaded litrs v1.0.0
[INFO] [stderr]   Downloaded serde_derive v1.0.228
[INFO] [stderr]   Downloaded half v2.7.1
[INFO] [stderr]   Downloaded embassy-sync v0.7.2
[INFO] [stderr]   Downloaded bitflags v2.10.0
[INFO] [stderr]   Downloaded anyhow v1.0.100
[INFO] [stderr]   Downloaded futures-macro v0.3.31
[INFO] [stderr]   Downloaded heapless v0.8.0
[INFO] [stderr]   Downloaded typenum v1.19.0
[INFO] [stderr]   Downloaded zerocopy-derive v0.8.31
[INFO] [stderr]   Downloaded rustversion v1.0.22
[INFO] [stderr]   Downloaded raw-window-handle v0.6.2
[INFO] [stderr]   Downloaded windows-result v0.4.1
[INFO] [stderr]   Downloaded hashbrown v0.13.2
[INFO] [stderr]   Downloaded rand v0.9.2
[INFO] [stderr]   Downloaded syn v1.0.109
[INFO] [stderr]   Downloaded embassy-nrf v0.9.0
[INFO] [stderr]   Downloaded pin-project-lite v0.2.16
[INFO] [stderr]   Downloaded dlib v0.5.2
[INFO] [stderr]   Downloaded redox_syscall v0.5.18
[INFO] [stderr]   Downloaded microfft v0.5.1
[INFO] [stderr]   Downloaded cortex-m v0.7.7
[INFO] [stderr]   Downloaded portable-atomic v1.12.0
[INFO] [stderr]   Downloaded foldhash v0.2.0
[INFO] [stderr]   Downloaded scoped-tls v1.0.1
[INFO] [stderr]   Downloaded fastrand v2.3.0
[INFO] [stderr]   Downloaded fixed v1.29.0
[INFO] [stderr]   Downloaded zerocopy v0.8.31
[INFO] [stderr]   Downloaded syn v2.0.111
[INFO] [stderr]   Downloaded wayland-commons v0.29.5
[INFO] [stderr]   Downloaded wayland-sys v0.29.5
[INFO] [stderr]   Downloaded windows-link v0.2.1
[INFO] [stderr]   Downloaded downcast-rs v1.2.1
[INFO] [stderr]   Downloaded libredox v0.1.10
[INFO] [stderr]   Downloaded embassy-net v0.7.1
[INFO] [stderr]   Downloaded futures-io v0.3.31
[INFO] [stderr]   Downloaded embassy-executor-macros v0.7.0
[INFO] [stderr]   Downloaded version-compare v0.1.1
[INFO] [stderr]   Downloaded futures-task v0.3.31
[INFO] [stderr]   Downloaded embedded-nal v0.9.0
[INFO] [stderr]   Downloaded wasm-bindgen-shared v0.2.106
[INFO] [stderr]   Downloaded xcursor v0.3.10
[INFO] [stderr]   Downloaded instant v0.1.13
[INFO] [stderr]   Downloaded wasm-bindgen-macro v0.2.106
[INFO] [stderr]   Downloaded windows-strings v0.5.1
[INFO] [stderr]   Downloaded windows-interface v0.59.3
[INFO] [stderr]   Downloaded android_system_properties v0.1.5
[INFO] [stderr]   Downloaded managed v0.8.0
[INFO] [stderr]   Downloaded itoa v1.0.15
[INFO] [stderr]   Downloaded iana-time-zone-haiku v0.1.2
[INFO] [stderr]   Downloaded wasm-bindgen v0.2.106
[INFO] [stderr]   Downloaded smallvec v1.15.1
[INFO] [stderr]   Downloaded windows-implement v0.60.2
[INFO] [stderr]   Downloaded wasm-bindgen-macro-support v0.2.106
[INFO] [stderr]   Downloaded wayland-scanner v0.29.5
[INFO] [stderr]   Downloaded tempfile v3.23.0
[INFO] [stderr]   Downloaded futures-executor v0.3.31
[INFO] [stderr]   Downloaded embassy-net-enc28j60 v0.2.1
[INFO] [stderr]   Downloaded slab v0.4.11
[INFO] [stderr]   Downloaded wasm-bindgen-futures v0.4.56
[INFO] [stderr]   Downloaded shlex v1.3.0
[INFO] [stderr]   Downloaded pkg-config v0.3.32
[INFO] [stderr]   Downloaded getrandom v0.3.4
[INFO] [stderr]   Downloaded itertools v0.10.5
[INFO] [stderr]   Downloaded find-msvc-tools v0.1.5
[INFO] [stderr]   Downloaded font8x8 v0.3.1
[INFO] [stderr]   Downloaded embassy-executor v0.9.1
[INFO] [stderr]   Downloaded darling v0.20.11
[INFO] [stderr]   Downloaded ryu v1.0.20
[INFO] [stderr]   Downloaded libloading v0.8.9
[INFO] [stderr]   Downloaded futures-channel v0.3.31
[INFO] [stderr]   Downloaded iana-time-zone v0.1.64
[INFO] [stderr]   Downloaded core-foundation-sys v0.8.7
[INFO] [stderr]   Downloaded r-efi v5.3.0
[INFO] [stderr]   Downloaded windows-core v0.62.2
[INFO] [stderr]   Downloaded nrf-pac v0.2.0
[INFO] [stderr]   Downloaded xml-rs v0.8.28
[INFO] [stderr]   Downloaded wit-bindgen v0.46.0
[INFO] [stderr]   Downloaded js-sys v0.3.83
[INFO] [stderr]   Downloaded futures v0.3.31
[INFO] [stderr]   Downloaded allocator-api2 v0.2.21
[INFO] [stderr]   Downloaded wayland-client v0.29.5
[INFO] [stderr]   Downloaded x11-dl v2.21.0
[INFO] [stderr]   Downloaded hashbrown v0.16.1
[INFO] [stderr]   Downloaded memchr v2.7.6
[INFO] [stderr]   Downloaded cc v1.2.48
[INFO] [stderr]   Downloaded minifb v0.28.0
[INFO] [stderr]   Downloaded bumpalo v3.19.0
[INFO] [stderr]   Downloaded wasip2 v1.0.1+wasi-0.2.4
[INFO] [stderr]   Downloaded serde_json v1.0.145
[INFO] [stderr]   Downloaded wayland-protocols v0.29.5
[INFO] [stderr]   Downloaded sdl2 v0.35.2
[INFO] [stderr]   Downloaded futures-util v0.3.31
[INFO] [stderr]   Downloaded nix v0.24.3
[INFO] [stderr]   Downloaded chrono v0.4.42
[INFO] [stderr]   Downloaded smoltcp v0.12.0
[INFO] [stderr]   Downloaded rustix v1.1.2
[INFO] [stderr]   Downloaded console_error_panic_hook v0.1.7
[INFO] [stderr]   Downloaded web-sys v0.3.83
[INFO] [stderr]   Downloaded libc v0.2.178
[INFO] [stderr]   Downloaded tokio v1.48.0
[INFO] [stderr]   Downloaded orbclient v0.3.49
[INFO] [stderr]   Downloaded windows-sys v0.61.2
[INFO] [stderr]   Downloaded linux-raw-sys v0.11.0
[INFO] [stderr]   Downloaded sdl2-sys v0.35.2
[INFO] running `Command { std: "docker" "create" "-v" "/var/lib/crater-agent-workspace/builds/worker-5-tc1/source:/opt/rustwide/workdir:ro,Z" "-v" "/var/lib/crater-agent-workspace/builds/worker-5-tc1/target:/opt/rustwide/target:rw,Z" "-v" "/var/lib/crater-agent-workspace/cargo-home:/opt/rustwide/cargo-home:ro,Z" "-v" "/var/lib/crater-agent-workspace/rustup-home:/opt/rustwide/rustup-home:ro,Z" "-m" "1610612736" "--network" "none" "ghcr.io/rust-lang/crates-build-env/linux@sha256:3d5ced03c013a94a2f102a4510f48a6e9184255caf5fd8244f58017bde7f5210" "sleep" "infinity", kill_on_drop: false }`
[INFO] [stdout] f5d485aba8e818f4fdcaa367fa34c015d6b1ab8d2fbd6b45f071c7338d1a7df5
[INFO] running `Command { std: "docker" "start" "f5d485aba8e818f4fdcaa367fa34c015d6b1ab8d2fbd6b45f071c7338d1a7df5", kill_on_drop: false }`
[INFO] running `Command { std: "docker" "inspect" "f5d485aba8e818f4fdcaa367fa34c015d6b1ab8d2fbd6b45f071c7338d1a7df5", kill_on_drop: false }`
[INFO] running `Command { std: "docker" "exec" "-e" "SOURCE_DIR=/opt/rustwide/workdir" "-e" "CARGO_HOME=/opt/rustwide/cargo-home" "-e" "RUSTUP_HOME=/opt/rustwide/rustup-home" "-e" "CARGO_TARGET_DIR=/opt/rustwide/target" "-w" "/opt/rustwide/workdir" "--user" "0:0" "f5d485aba8e818f4fdcaa367fa34c015d6b1ab8d2fbd6b45f071c7338d1a7df5" "/opt/rustwide/cargo-home/bin/cargo" "+1.97.0-beta.6" "metadata" "--no-deps" "--format-version=1", kill_on_drop: false }`
[INFO] running `Command { std: "docker" "inspect" "f5d485aba8e818f4fdcaa367fa34c015d6b1ab8d2fbd6b45f071c7338d1a7df5", kill_on_drop: false }`
[INFO] running `Command { std: "docker" "exec" "-e" "SOURCE_DIR=/opt/rustwide/workdir" "-e" "CARGO_HOME=/opt/rustwide/cargo-home" "-e" "RUSTUP_HOME=/opt/rustwide/rustup-home" "-e" "CARGO_TARGET_DIR=/opt/rustwide/target" "-e" "CARGO_INCREMENTAL=0" "-e" "RUST_BACKTRACE=full" "-e" "RUSTFLAGS=--cap-lints=warn" "-e" "RUSTDOCFLAGS=--cap-lints=warn" "-w" "/opt/rustwide/workdir" "--user" "0:0" "f5d485aba8e818f4fdcaa367fa34c015d6b1ab8d2fbd6b45f071c7338d1a7df5" "/opt/rustwide/cargo-home/bin/cargo" "+1.97.0-beta.6" "build" "--frozen" "--message-format=json", kill_on_drop: false }`
[INFO] [stderr] warning: profiles for the non root package will be ignored, specify profiles at the workspace root:
[INFO] [stderr] package:   /opt/rustwide/workdir/crates/watch_firmware/Cargo.toml
[INFO] [stderr] workspace: /opt/rustwide/workdir/Cargo.toml
[INFO] [stderr]    Compiling proc-macro2 v1.0.103
[INFO] [stderr]    Compiling unicode-ident v1.0.22
[INFO] [stderr]    Compiling quote v1.0.42
[INFO] [stderr]    Compiling defmt v1.0.1
[INFO] [stderr]    Compiling bitflags v1.3.2
[INFO] [stderr]    Compiling cfg-if v1.0.4
[INFO] [stderr]    Compiling thiserror v2.0.17
[INFO] [stderr]    Compiling defmt-macros v1.0.1
[INFO] [stderr]    Compiling autocfg v1.5.0
[INFO] [stderr]    Compiling byteorder v1.5.0
[INFO] [stderr]    Compiling nb v1.1.0
[INFO] [stderr]    Compiling critical-section v1.2.0
[INFO] [stderr]    Compiling heapless v0.8.0
[INFO] [stderr]    Compiling stable_deref_trait v1.2.1
[INFO] [stderr]    Compiling cortex-m v0.7.7
[INFO] [stderr]    Compiling void v1.0.2
[INFO] [stderr]    Compiling semver-parser v0.7.0
[INFO] [stderr]    Compiling libc v0.2.178
[INFO] [stderr]    Compiling nb v0.1.3
[INFO] [stderr]    Compiling pkg-config v0.3.32
[INFO] [stderr]    Compiling embedded-io-async v0.6.1
[INFO] [stderr]    Compiling syn v1.0.109
[INFO] [stderr]    Compiling embedded-hal v1.0.0
[INFO] [stderr]    Compiling embedded-hal v0.2.7
[INFO] [stderr]    Compiling hash32 v0.3.1
[INFO] [stderr]    Compiling semver v0.9.0
[INFO] [stderr]    Compiling embedded-io v0.6.1
[INFO] [stderr]    Compiling xml-rs v0.8.28
[INFO] [stderr]    Compiling futures-core v0.3.31
[INFO] [stderr]    Compiling version_check v0.9.5
[INFO] [stderr]    Compiling zerocopy v0.8.31
[INFO] [stderr]    Compiling serde_core v1.0.228
[INFO] [stderr]    Compiling litrs v1.0.0
[INFO] [stderr]    Compiling embedded-hal-async v1.0.0
[INFO] [stderr]    Compiling embassy-sync v0.7.2
[INFO] [stderr]    Compiling serde v1.0.228
[INFO] [stderr]    Compiling embassy-time-driver v0.2.1
[INFO] [stderr]    Compiling rustc_version v0.2.3
[INFO] [stderr]    Compiling vcell v0.1.3
[INFO] [stderr]    Compiling libloading v0.8.9
[INFO] [stderr]    Compiling ahash v0.8.12
[INFO] [stderr]    Compiling num-traits v0.2.19
[INFO] [stderr]    Compiling memoffset v0.6.5
[INFO] [stderr]    Compiling volatile-register v0.2.2
[INFO] [stderr]    Compiling once_cell v1.21.3
[INFO] [stderr]    Compiling bitfield v0.14.0
[INFO] [stderr]    Compiling futures-sink v0.3.31
[INFO] [stderr]    Compiling bare-metal v0.2.5
[INFO] [stderr]    Compiling bitfield v0.13.2
[INFO] [stderr]    Compiling wayland-sys v0.29.5
[INFO] [stderr]    Compiling portable-atomic v1.12.0
[INFO] [stderr]    Compiling dlib v0.5.2
[INFO] [stderr]    Compiling az v1.2.1
[INFO] [stderr]    Compiling lazy_static v1.5.0
[INFO] [stderr]    Compiling embassy-futures v0.1.2
[INFO] [stderr]    Compiling cortex-m-rt v0.7.5
[INFO] [stderr]    Compiling smallvec v1.15.1
[INFO] [stderr]    Compiling anyhow v1.0.100
[INFO] [stderr]    Compiling document-features v0.2.12
[INFO] [stderr]    Compiling syn v2.0.111
[INFO] [stdout] error[E0425]: cannot find function `__basepri_r` in module `crate::asm::inline`
[INFO] [stdout]   --> /opt/rustwide/cargo-home/registry/src/index.crates.io-1949cf8c6b5b557f/cortex-m-0.7.7/src/register/basepri.rs:6:15
[INFO] [stdout]    |
[INFO] [stdout]  6 |     call_asm!(__basepri_r() -> u8)
[INFO] [stdout]    |               ^^^^^^^^^^^ not found in `crate::asm::inline`
[INFO] [stdout]    |
[INFO] [stdout]   ::: /opt/rustwide/cargo-home/registry/src/index.crates.io-1949cf8c6b5b557f/cortex-m-0.7.7/src/call_asm.rs:11:43
[INFO] [stdout]    |
[INFO] [stdout] 11 |                 () => crate::asm::inline::$func($($args),*),
[INFO] [stdout]    |                                           ----- due to this macro variable
[INFO] [stdout] 
[INFO] [stdout] 
[INFO] [stdout] error[E0425]: cannot find function `__basepri_w` in module `crate::asm::inline`
[INFO] [stdout]   --> /opt/rustwide/cargo-home/registry/src/index.crates.io-1949cf8c6b5b557f/cortex-m-0.7.7/src/register/basepri.rs:22:19
[INFO] [stdout]    |
[INFO] [stdout] 22 |         call_asm!(__basepri_w(basepri: u8));
[INFO] [stdout]    |                   ^^^^^^^^^^^ not found in `crate::asm::inline`
[INFO] [stdout]    |
[INFO] [stdout]   ::: /opt/rustwide/cargo-home/registry/src/index.crates.io-1949cf8c6b5b557f/cortex-m-0.7.7/src/call_asm.rs:11:43
[INFO] [stdout]    |
[INFO] [stdout] 11 |                 () => crate::asm::inline::$func($($args),*),
[INFO] [stdout]    |                                           ----- due to this macro variable
[INFO] [stdout] 
[INFO] [stdout] 
[INFO] [stdout] error[E0425]: cannot find function `__basepri_max` in module `crate::asm::inline`
[INFO] [stdout]   --> /opt/rustwide/cargo-home/registry/src/index.crates.io-1949cf8c6b5b557f/cortex-m-0.7.7/src/register/basepri_max.rs:19:19
[INFO] [stdout]    |
[INFO] [stdout] 19 |         call_asm!(__basepri_max(basepri: u8));
[INFO] [stdout]    |                   ^^^^^^^^^^^^^ not found in `crate::asm::inline`
[INFO] [stdout]    |
[INFO] [stdout]   ::: /opt/rustwide/cargo-home/registry/src/index.crates.io-1949cf8c6b5b557f/cortex-m-0.7.7/src/call_asm.rs:11:43
[INFO] [stdout]    |
[INFO] [stdout] 11 |                 () => crate::asm::inline::$func($($args),*),
[INFO] [stdout]    |                                           ----- due to this macro variable
[INFO] [stdout] 
[INFO] [stdout] 
[INFO] [stdout] error[E0425]: cannot find function `__faultmask_r` in module `crate::asm::inline`
[INFO] [stdout]   --> /opt/rustwide/cargo-home/registry/src/index.crates.io-1949cf8c6b5b557f/cortex-m-0.7.7/src/register/faultmask.rs:29:28
[INFO] [stdout]    |
[INFO] [stdout] 29 |     let r: u32 = call_asm!(__faultmask_r() -> u32);
[INFO] [stdout]    |                            ^^^^^^^^^^^^^ not found in `crate::asm::inline`
[INFO] [stdout]    |
[INFO] [stdout]   ::: /opt/rustwide/cargo-home/registry/src/index.crates.io-1949cf8c6b5b557f/cortex-m-0.7.7/src/call_asm.rs:11:43
[INFO] [stdout]    |
[INFO] [stdout] 11 |                 () => crate::asm::inline::$func($($args),*),
[INFO] [stdout]    |                                           ----- due to this macro variable
[INFO] [stdout] 
[INFO] [stdout] 
[INFO] [stdout] error: invalid register `r0`: unknown register
[INFO] [stdout]    --> /opt/rustwide/cargo-home/registry/src/index.crates.io-1949cf8c6b5b557f/cortex-m-0.7.7/src/../asm/inline.rs:197:24
[INFO] [stdout]     |
[INFO] [stdout] 197 |     asm!("bkpt #0xab", inout("r0") nr, in("r1") arg, options(nomem, nostack, preserves_flags));
[INFO] [stdout]     |                        ^^^^^^^^^^^^^^
[INFO] [stdout] 
[INFO] [stdout] 
[INFO] [stdout] error: invalid register `r1`: unknown register
[INFO] [stdout]    --> /opt/rustwide/cargo-home/registry/src/index.crates.io-1949cf8c6b5b557f/cortex-m-0.7.7/src/../asm/inline.rs:197:40
[INFO] [stdout]     |
[INFO] [stdout] 197 |     asm!("bkpt #0xab", inout("r0") nr, in("r1") arg, options(nomem, nostack, preserves_flags));
[INFO] [stdout]     |                                        ^^^^^^^^^^^^
[INFO] [stdout] 
[INFO] [stdout] 
[INFO] [stderr]    Compiling ident_case v1.0.1
[INFO] [stderr]    Compiling wayland-scanner v0.29.5
[INFO] [stderr]    Compiling fnv v1.0.7
[INFO] [stderr]    Compiling strsim v0.11.1
[INFO] [stderr]    Compiling log v0.4.29
[INFO] [stdout] For more information about this error, try `rustc --explain E0425`.
[INFO] [stdout] 
[INFO] [stderr] error: could not compile `cortex-m` (lib) due to 6 previous errors
[INFO] [stderr] warning: build failed, waiting for other jobs to finish...
[INFO] running `Command { std: "docker" "inspect" "f5d485aba8e818f4fdcaa367fa34c015d6b1ab8d2fbd6b45f071c7338d1a7df5", kill_on_drop: false }`
[INFO] running `Command { std: "docker" "rm" "-f" "f5d485aba8e818f4fdcaa367fa34c015d6b1ab8d2fbd6b45f071c7338d1a7df5", kill_on_drop: false }`
[INFO] [stdout] f5d485aba8e818f4fdcaa367fa34c015d6b1ab8d2fbd6b45f071c7338d1a7df5
