[INFO] cloning repository https://github.com/j-n-f/anodyne
[INFO] running `Command { std: "git" "-c" "credential.helper=" "-c" "credential.helper=/workspace/cargo-home/bin/git-credential-null" "clone" "--bare" "https://github.com/j-n-f/anodyne" "/workspace/cache/git-repos/https%3A%2F%2Fgithub.com%2Fj-n-f%2Fanodyne", kill_on_drop: false }`
[INFO] [stderr] Cloning into bare repository '/workspace/cache/git-repos/https%3A%2F%2Fgithub.com%2Fj-n-f%2Fanodyne'...
[INFO] running `Command { std: "git" "rev-parse" "HEAD", kill_on_drop: false }`
[INFO] [stdout] d869cb5b27b15967fbbb818b671cb8cf1c17ccf0
[INFO] testing j-n-f/anodyne against 1.98.0-beta.1 for beta-1.98-2
[INFO] running `Command { std: "git" "clone" "/workspace/cache/git-repos/https%3A%2F%2Fgithub.com%2Fj-n-f%2Fanodyne" "/workspace/builds/worker-0-tc2/source", kill_on_drop: false }`
[INFO] [stderr] Cloning into '/workspace/builds/worker-0-tc2/source'...
[INFO] [stderr] done.
[INFO] removed /workspace/builds/worker-0-tc2/source/rust-toolchain.toml
[INFO] started tweaking git repo https://github.com/j-n-f/anodyne
[INFO] finished tweaking git repo https://github.com/j-n-f/anodyne
[INFO] tweaked toml for git repo https://github.com/j-n-f/anodyne written to /workspace/builds/worker-0-tc2/source/Cargo.toml
[INFO] validating manifest of git repo https://github.com/j-n-f/anodyne on toolchain 1.98.0-beta.1
[INFO] running `Command { std: CARGO_HOME="/workspace/cargo-home" RUSTUP_HOME="/workspace/rustup-home" "/workspace/cargo-home/bin/cargo" "+1.98.0-beta.1" "metadata" "--manifest-path" "Cargo.toml" "--no-deps", kill_on_drop: false }`
[INFO] crate git repo https://github.com/j-n-f/anodyne already has a lockfile, it will not be regenerated
[INFO] running `Command { std: CARGO_HOME="/workspace/cargo-home" RUSTUP_HOME="/workspace/rustup-home" "/workspace/cargo-home/bin/cargo" "+1.98.0-beta.1" "fetch" "--manifest-path" "Cargo.toml", kill_on_drop: false }`
[INFO] running `Command { std: "docker" "create" "-v" "/var/lib/crater-agent-workspace/builds/worker-0-tc2/source:/opt/rustwide/workdir:ro,Z" "-v" "/var/lib/crater-agent-workspace/builds/worker-0-tc2/target:/opt/rustwide/target:rw,Z" "-v" "/var/lib/crater-agent-workspace/cargo-home:/opt/rustwide/cargo-home:ro,Z" "-v" "/var/lib/crater-agent-workspace/rustup-home:/opt/rustwide/rustup-home:ro,Z" "-m" "1610612736" "--network" "none" "ghcr.io/rust-lang/crates-build-env/linux@sha256:3d5ced03c013a94a2f102a4510f48a6e9184255caf5fd8244f58017bde7f5210" "sleep" "infinity", kill_on_drop: false }`
[INFO] [stdout] 16640b8ab7bc41efa0d3598f64f414a21e546bbdebc4c504ca0f5d11a44c2f2e
[INFO] running `Command { std: "docker" "start" "16640b8ab7bc41efa0d3598f64f414a21e546bbdebc4c504ca0f5d11a44c2f2e", kill_on_drop: false }`
[INFO] running `Command { std: "docker" "inspect" "16640b8ab7bc41efa0d3598f64f414a21e546bbdebc4c504ca0f5d11a44c2f2e", kill_on_drop: false }`
[INFO] running `Command { std: "docker" "exec" "-e" "SOURCE_DIR=/opt/rustwide/workdir" "-e" "CARGO_HOME=/opt/rustwide/cargo-home" "-e" "RUSTUP_HOME=/opt/rustwide/rustup-home" "-e" "CARGO_TARGET_DIR=/opt/rustwide/target" "-w" "/opt/rustwide/workdir" "--user" "0:0" "16640b8ab7bc41efa0d3598f64f414a21e546bbdebc4c504ca0f5d11a44c2f2e" "/opt/rustwide/cargo-home/bin/cargo" "+1.98.0-beta.1" "metadata" "--no-deps" "--format-version=1", kill_on_drop: false }`
[INFO] running `Command { std: "docker" "inspect" "16640b8ab7bc41efa0d3598f64f414a21e546bbdebc4c504ca0f5d11a44c2f2e", kill_on_drop: false }`
[INFO] running `Command { std: "docker" "exec" "-e" "SOURCE_DIR=/opt/rustwide/workdir" "-e" "CARGO_HOME=/opt/rustwide/cargo-home" "-e" "RUSTUP_HOME=/opt/rustwide/rustup-home" "-e" "CARGO_TARGET_DIR=/opt/rustwide/target" "-e" "CARGO_INCREMENTAL=0" "-e" "RUST_BACKTRACE=full" "-e" "RUSTFLAGS=--cap-lints=warn" "-e" "RUSTDOCFLAGS=--cap-lints=warn" "-w" "/opt/rustwide/workdir" "--user" "0:0" "16640b8ab7bc41efa0d3598f64f414a21e546bbdebc4c504ca0f5d11a44c2f2e" "/opt/rustwide/cargo-home/bin/cargo" "+1.98.0-beta.1" "build" "--frozen" "--message-format=json", kill_on_drop: false }`
[INFO] [stderr]    Compiling proc-macro2 v1.0.87
[INFO] [stderr]    Compiling unicode-ident v1.0.13
[INFO] [stderr]    Compiling libc v0.2.159
[INFO] [stderr]    Compiling itoa v1.0.11
[INFO] [stderr]    Compiling typenum v1.17.0
[INFO] [stderr]    Compiling bytes v1.7.2
[INFO] [stderr]    Compiling pin-project-lite v0.2.14
[INFO] [stderr]    Compiling serde v1.0.210
[INFO] [stderr]    Compiling parking_lot_core v0.9.10
[INFO] [stderr]    Compiling futures-core v0.3.31
[INFO] [stderr]    Compiling futures-task v0.3.31
[INFO] [stderr]    Compiling smallvec v1.13.2
[INFO] [stderr]    Compiling once_cell v1.20.2
[INFO] [stderr]    Compiling futures-util v0.3.31
[INFO] [stderr]    Compiling ident_case v1.0.1
[INFO] [stderr]    Compiling httparse v1.9.5
[INFO] [stderr]    Compiling strsim v0.11.1
[INFO] [stderr]    Compiling byteorder v1.5.0
[INFO] [stderr]    Compiling tracing-core v0.1.32
[INFO] [stderr]    Compiling typeid v1.0.2
[INFO] [stderr]    Compiling http v1.1.0
[INFO] [stderr]    Compiling log v0.4.22
[INFO] [stderr]    Compiling quote v1.0.37
[INFO] [stderr]    Compiling rustversion v1.0.17
[INFO] [stderr]    Compiling getrandom v0.2.15
[INFO] [stderr]    Compiling syn v2.0.79
[INFO] [stderr]    Compiling generic-array v0.14.7
[INFO] [stderr]    Compiling parking_lot v0.12.3
[INFO] [stderr]    Compiling rand_core v0.6.4
[INFO] [stderr]    Compiling signal-hook-registry v1.4.2
[INFO] [stderr]    Compiling mio v1.0.2
[INFO] [stderr]    Compiling http-body v1.0.1
[INFO] [stderr]    Compiling socket2 v0.5.7
[INFO] [stderr]    Compiling tracing v0.1.40
[INFO] [stderr]    Compiling crypto-common v0.1.6
[INFO] [stderr]    Compiling inout v0.1.3
[INFO] [stderr]    Compiling futures-channel v0.3.31
[INFO] [stderr]    Compiling num-traits v0.2.19
[INFO] [stderr]    Compiling zeroize v1.8.1
[INFO] [stderr]    Compiling ryu v1.0.18
[INFO] [stderr]    Compiling time-core v0.1.2
[INFO] [stderr]    Compiling tower-layer v0.3.3
[INFO] [stderr]    Compiling powerfmt v0.2.0
[INFO] [stderr]    Compiling cpufeatures v0.2.14
[INFO] [stderr]    Compiling num-conv v0.1.0
[INFO] [stderr]    Compiling serde_json v1.0.132
[INFO] [stderr]    Compiling percent-encoding v2.3.1
[INFO] [stderr]    Compiling subtle v2.6.1
[INFO] [stderr]    Compiling deranged v0.3.11
[INFO] [stderr]    Compiling time-macros v0.2.18
[INFO] [stderr]    Compiling cipher v0.4.4
[INFO] [stderr]    Compiling universal-hash v0.5.1
[INFO] [stderr]    Compiling form_urlencoded v1.2.1
[INFO] [stderr]    Compiling http-body-util v0.1.2
[INFO] [stderr]    Compiling aho-corasick v1.1.3
[INFO] [stderr]    Compiling cookie v0.18.1
[INFO] [stderr]    Compiling sync_wrapper v1.0.1
[INFO] [stderr]    Compiling opaque-debug v0.3.1
[INFO] [stderr]    Compiling regex-syntax v0.8.5
[INFO] [stderr]    Compiling poly1305 v0.8.0
[INFO] [stderr]    Compiling chacha20 v0.9.1
[INFO] [stderr]    Compiling aead v0.5.2
[INFO] [stderr]    Compiling iana-time-zone v0.1.61
[INFO] [stderr]    Compiling inventory v0.3.15
[INFO] [stderr]    Compiling matchit v0.7.3
[INFO] [stderr]    Compiling chacha20poly1305 v0.10.1
[INFO] [stderr]    Compiling base64 v0.22.1
[INFO] [stderr]    Compiling time v0.3.36
[INFO] [stderr]    Compiling chrono v0.4.38
[INFO] [stderr]    Compiling regex-automata v0.4.8
[INFO] [stderr]    Compiling darling_core v0.20.10
[INFO] [stderr]    Compiling serde_derive v1.0.210
[INFO] [stderr]    Compiling zerocopy-derive v0.7.35
[INFO] [stderr]    Compiling tokio-macros v2.4.0
[INFO] [stderr]    Compiling async-trait v0.1.83
[INFO] [stderr]    Compiling axum-macros v0.4.2
[INFO] [stderr]    Compiling markup-proc-macro v0.15.0
[INFO] [stderr]    Compiling tokio v1.40.0
[INFO] [stderr]    Compiling zerocopy v0.7.35
[INFO] [stderr]    Compiling axum-core v0.4.5
[INFO] [stderr]    Compiling typetag-impl v0.2.18
[INFO] [stderr]    Compiling markup v0.15.0
[INFO] [stderr]    Compiling ppv-lite86 v0.2.20
[INFO] [stderr]    Compiling regex v1.11.0
[INFO] [stderr]    Compiling darling_macro v0.20.10
[INFO] [stderr]    Compiling rand_chacha v0.3.1
[INFO] [stderr]    Compiling darling v0.20.10
[INFO] [stderr]    Compiling anodyne_derive v0.1.0
[INFO] [stderr]    Compiling anodyne_derive v0.1.0 (/opt/rustwide/workdir/anodyne_derive)
[INFO] [stdout] error[E0554]: `#![feature]` may not be used on the beta release channel
[INFO] [stdout]  --> /opt/rustwide/cargo-home/registry/src/index.crates.io-1949cf8c6b5b557f/anodyne_derive-0.1.0/src/lib.rs:5:1
[INFO] [stdout]   |
[INFO] [stdout] 5 | #![feature(new_range_api)]
[INFO] [stdout]   | ^^^^^^^^^^^^^^^^^^^^^^^^^^
[INFO] [stdout] 
[INFO] [stdout] 
[INFO] [stdout] error[E0554]: `#![feature]` may not be used on the beta release channel
[INFO] [stdout]  --> anodyne_derive/src/lib.rs:7:1
[INFO] [stdout]   |
[INFO] [stdout] 7 | #![feature(new_range_api)]
[INFO] [stdout]   | ^^^^^^^^^^^^^^^^^^^^^^^^^^
[INFO] [stdout] 
[INFO] [stdout] 
[INFO] [stdout] warning: the feature `new_range_api` has been stable since 1.96.0 and no longer requires an attribute to enable
[INFO] [stdout]  --> anodyne_derive/src/lib.rs:7:12
[INFO] [stdout]   |
[INFO] [stdout] 7 | #![feature(new_range_api)]
[INFO] [stdout]   |            ^^^^^^^^^^^^^
[INFO] [stdout]   |
[INFO] [stdout]   = note: `#[warn(stable_features)]` on by default
[INFO] [stdout] 
[INFO] [stdout] 
[INFO] [stdout] error[E0560]: struct `std::range::RangeInclusive<usize>` has no field named `end`
[INFO] [stdout]    --> anodyne_derive/src/implementation.rs:227:33
[INFO] [stdout]     |
[INFO] [stdout] 227 | ...                   end,
[INFO] [stdout]     |                       ^^^ `std::range::RangeInclusive<_>` does not have this field
[INFO] [stdout]     |
[INFO] [stdout]     = note: available fields are: `last`
[INFO] [stdout] 
[INFO] [stdout] 
[INFO] [stdout] error[E0609]: no field `end` on type `&std::range::RangeInclusive<usize>`
[INFO] [stdout]    --> anodyne_derive/src/implementation.rs:354:51
[INFO] [stdout]     |
[INFO] [stdout] 354 |                         let max = range_inclusive.end;
[INFO] [stdout]     |                                                   ^^^ unknown field
[INFO] [stdout]     |
[INFO] [stdout]     = note: available fields are: `start`, `last`
[INFO] [stdout] 
[INFO] [stdout] 
[INFO] [stdout] error[E0560]: struct `std::range::RangeInclusive<usize>` has no field named `end`
[INFO] [stdout]    --> /opt/rustwide/cargo-home/registry/src/index.crates.io-1949cf8c6b5b557f/anodyne_derive-0.1.0/src/implementation.rs:210:33
[INFO] [stdout]     |
[INFO] [stdout] 210 | ...                   end,
[INFO] [stdout]     |                       ^^^ `std::range::RangeInclusive<_>` does not have this field
[INFO] [stdout]     |
[INFO] [stdout]     = note: available fields are: `last`
[INFO] [stdout] 
[INFO] [stdout] 
[INFO] [stdout] error[E0609]: no field `end` on type `&std::range::RangeInclusive<usize>`
[INFO] [stdout]    --> /opt/rustwide/cargo-home/registry/src/index.crates.io-1949cf8c6b5b557f/anodyne_derive-0.1.0/src/implementation.rs:331:51
[INFO] [stdout]     |
[INFO] [stdout] 331 |                         let max = range_inclusive.end;
[INFO] [stdout]     |                                                   ^^^ unknown field
[INFO] [stdout]     |
[INFO] [stdout]     = note: available fields are: `start`, `last`
[INFO] [stdout] 
[INFO] [stdout] 
[INFO] [stdout] Some errors have detailed explanations: E0554, E0560, E0609.
[INFO] [stdout] 
[INFO] [stdout] For more information about an error, try `rustc --explain E0554`.
[INFO] [stdout] 
[INFO] [stderr] error: could not compile `anodyne_derive` (lib) due to 3 previous errors; 1 warning emitted
[INFO] [stderr] warning: build failed, waiting for other jobs to finish...
[INFO] [stdout] Some errors have detailed explanations: E0554, E0560, E0609.
[INFO] [stdout] 
[INFO] [stdout] For more information about an error, try `rustc --explain E0554`.
[INFO] [stdout] 
[INFO] [stderr] error: could not compile `anodyne_derive` (lib) due to 3 previous errors
[INFO] running `Command { std: "docker" "inspect" "16640b8ab7bc41efa0d3598f64f414a21e546bbdebc4c504ca0f5d11a44c2f2e", kill_on_drop: false }`
[INFO] running `Command { std: "docker" "rm" "-f" "16640b8ab7bc41efa0d3598f64f414a21e546bbdebc4c504ca0f5d11a44c2f2e", kill_on_drop: false }`
[INFO] [stdout] 16640b8ab7bc41efa0d3598f64f414a21e546bbdebc4c504ca0f5d11a44c2f2e
