[INFO] cloning repository https://github.com/iwantac00kie/rust
[INFO] running `Command { std: "git" "-c" "credential.helper=" "-c" "credential.helper=/workspace/cargo-home/bin/git-credential-null" "clone" "--bare" "https://github.com/iwantac00kie/rust" "/workspace/cache/git-repos/https%3A%2F%2Fgithub.com%2Fiwantac00kie%2Frust", kill_on_drop: false }`
[INFO] [stderr] Cloning into bare repository '/workspace/cache/git-repos/https%3A%2F%2Fgithub.com%2Fiwantac00kie%2Frust'...
[INFO] running `Command { std: "git" "rev-parse" "HEAD", kill_on_drop: false }`
[INFO] [stdout] 85dd1a7fe1e322a98a8eca4a6827243111c23c62
[INFO] testing iwantac00kie/rust against 1.97.0-beta.6 for beta-1.98-2
[INFO] running `Command { std: "git" "clone" "/workspace/cache/git-repos/https%3A%2F%2Fgithub.com%2Fiwantac00kie%2Frust" "/workspace/builds/worker-4-tc1/source", kill_on_drop: false }`
[INFO] [stderr] Cloning into '/workspace/builds/worker-4-tc1/source'...
[INFO] [stderr] done.
[INFO] started tweaking git repo https://github.com/iwantac00kie/rust
[INFO] finished tweaking git repo https://github.com/iwantac00kie/rust
[INFO] tweaked toml for git repo https://github.com/iwantac00kie/rust written to /workspace/builds/worker-4-tc1/source/Cargo.toml
[INFO] validating manifest of git repo https://github.com/iwantac00kie/rust on toolchain 1.97.0-beta.6
[INFO] running `Command { std: CARGO_HOME="/workspace/cargo-home" RUSTUP_HOME="/workspace/rustup-home" "/workspace/cargo-home/bin/cargo" "+1.97.0-beta.6" "metadata" "--manifest-path" "Cargo.toml" "--no-deps", kill_on_drop: false }`
[INFO] crate git repo https://github.com/iwantac00kie/rust already has a lockfile, it will not be regenerated
[INFO] running `Command { std: CARGO_HOME="/workspace/cargo-home" RUSTUP_HOME="/workspace/rustup-home" "/workspace/cargo-home/bin/cargo" "+1.97.0-beta.6" "fetch" "--manifest-path" "Cargo.toml", kill_on_drop: false }`
[INFO] [stderr] warning: virtual workspace defaulting to `resolver = "1"` despite one or more workspace members being on edition 2021 which implies `resolver = "2"`
[INFO] [stderr]   |
[INFO] [stderr]   = note: to keep the current resolver, specify `workspace.resolver = "1"` in the workspace root's manifest
[INFO] [stderr]   = note: to use the edition 2021 resolver, specify `workspace.resolver = "2"` in the workspace root's manifest
[INFO] [stderr]   = note: for more details see https://doc.rust-lang.org/cargo/reference/resolver.html#resolver-versions
[INFO] [stderr]     Updating crates.io index
[INFO] [stderr]  Downloading crates ...
[INFO] [stderr]   Downloaded libsecp256k1-gen-genmult v0.3.0
[INFO] [stderr]   Downloaded libsecp256k1-gen-ecmult v0.3.0
[INFO] [stderr]   Downloaded jsonrpc-core v18.0.0
[INFO] [stderr]   Downloaded libsecp256k1-core v0.3.0
[INFO] [stderr]   Downloaded serde_tokenstream v0.1.7
[INFO] [stderr]   Downloaded pretty v0.10.0
[INFO] [stderr]   Downloaded lalrpop-util v0.19.9
[INFO] [stderr]   Downloaded new_debug_unreachable v1.0.4
[INFO] [stderr]   Downloaded ic-cdk-macros v0.6.10
[INFO] [stderr]   Downloaded is-terminal v0.4.7
[INFO] [stderr]   Downloaded pico-args v0.4.2
[INFO] [stderr]   Downloaded paste v1.0.12
[INFO] [stderr]   Downloaded ethereum-types v0.13.1
[INFO] [stderr]   Downloaded ic0 v0.18.9
[INFO] [stderr]   Downloaded libsecp256k1 v0.7.1
[INFO] [stderr]   Downloaded parity-scale-codec-derive v3.1.4
[INFO] [stderr]   Downloaded primitive-types v0.11.1
[INFO] [stderr]   Downloaded candid_derive v0.5.0
[INFO] [stderr]   Downloaded ethbloom v0.12.1
[INFO] [stderr]   Downloaded keccak v0.1.3
[INFO] [stderr]   Downloaded serde v1.0.159
[INFO] [stderr]   Downloaded serde_derive v1.0.159
[INFO] [stderr]   Downloaded data-encoding v2.3.3
[INFO] [stderr]   Downloaded ena v0.14.2
[INFO] [stderr]   Downloaded futures-timer v3.0.2
[INFO] [stderr]   Downloaded syn v2.0.13
[INFO] [stderr]   Downloaded binread_derive v2.1.0
[INFO] [stderr]   Downloaded ic-cdk v0.6.10
[INFO] [stderr]   Downloaded binread v2.2.0
[INFO] [stderr]   Downloaded candid v0.8.4
[INFO] [stderr]   Downloaded parity-scale-codec v3.4.0
[INFO] [stderr]   Downloaded anyhow v1.0.70
[INFO] [stderr]   Downloaded ethabi v17.2.0
[INFO] [stderr]   Downloaded ic-web3 v0.1.7
[INFO] [stderr]   Downloaded num-bigint v0.4.3
[INFO] [stderr]   Downloaded serde_json v1.0.95
[INFO] [stderr]   Downloaded petgraph v0.6.3
[INFO] [stderr]   Downloaded lalrpop v0.19.9
[INFO] [stderr]   Downloaded regex v1.7.3
[INFO] [stderr]   Downloaded rustix v0.37.11
[INFO] [stderr]   Downloaded libc v0.2.141
[INFO] [stderr]   Downloaded sha3 v0.10.6
[INFO] [stderr]   Downloaded linux-raw-sys v0.3.1
[INFO] running `Command { std: "docker" "create" "-v" "/var/lib/crater-agent-workspace/builds/worker-4-tc1/source:/opt/rustwide/workdir:ro,Z" "-v" "/var/lib/crater-agent-workspace/builds/worker-4-tc1/target:/opt/rustwide/target:rw,Z" "-v" "/var/lib/crater-agent-workspace/cargo-home:/opt/rustwide/cargo-home:ro,Z" "-v" "/var/lib/crater-agent-workspace/rustup-home:/opt/rustwide/rustup-home:ro,Z" "-m" "1610612736" "--network" "none" "ghcr.io/rust-lang/crates-build-env/linux@sha256:3d5ced03c013a94a2f102a4510f48a6e9184255caf5fd8244f58017bde7f5210" "sleep" "infinity", kill_on_drop: false }`
[INFO] [stdout] e803f45c4523255b6fe341e694ed832fcdbce374d2e160de469bc728a4b89f08
[INFO] running `Command { std: "docker" "start" "e803f45c4523255b6fe341e694ed832fcdbce374d2e160de469bc728a4b89f08", kill_on_drop: false }`
[INFO] running `Command { std: "docker" "inspect" "e803f45c4523255b6fe341e694ed832fcdbce374d2e160de469bc728a4b89f08", kill_on_drop: false }`
[INFO] running `Command { std: "docker" "exec" "-e" "SOURCE_DIR=/opt/rustwide/workdir" "-e" "CARGO_HOME=/opt/rustwide/cargo-home" "-e" "RUSTUP_HOME=/opt/rustwide/rustup-home" "-e" "CARGO_TARGET_DIR=/opt/rustwide/target" "-w" "/opt/rustwide/workdir" "--user" "0:0" "e803f45c4523255b6fe341e694ed832fcdbce374d2e160de469bc728a4b89f08" "/opt/rustwide/cargo-home/bin/cargo" "+1.97.0-beta.6" "metadata" "--no-deps" "--format-version=1", kill_on_drop: false }`
[INFO] running `Command { std: "docker" "inspect" "e803f45c4523255b6fe341e694ed832fcdbce374d2e160de469bc728a4b89f08", kill_on_drop: false }`
[INFO] running `Command { std: "docker" "exec" "-e" "SOURCE_DIR=/opt/rustwide/workdir" "-e" "CARGO_HOME=/opt/rustwide/cargo-home" "-e" "RUSTUP_HOME=/opt/rustwide/rustup-home" "-e" "CARGO_TARGET_DIR=/opt/rustwide/target" "-e" "CARGO_INCREMENTAL=0" "-e" "RUST_BACKTRACE=full" "-e" "RUSTFLAGS=--cap-lints=warn" "-e" "RUSTDOCFLAGS=--cap-lints=warn" "-w" "/opt/rustwide/workdir" "--user" "0:0" "e803f45c4523255b6fe341e694ed832fcdbce374d2e160de469bc728a4b89f08" "/opt/rustwide/cargo-home/bin/cargo" "+1.97.0-beta.6" "build" "--frozen" "--message-format=json", kill_on_drop: false }`
[INFO] [stderr] warning: virtual workspace defaulting to `resolver = "1"` despite one or more workspace members being on edition 2021 which implies `resolver = "2"`
[INFO] [stderr]   |
[INFO] [stderr]   = note: to keep the current resolver, specify `workspace.resolver = "1"` in the workspace root's manifest
[INFO] [stderr]   = note: to use the edition 2021 resolver, specify `workspace.resolver = "2"` in the workspace root's manifest
[INFO] [stderr]   = note: for more details see https://doc.rust-lang.org/cargo/reference/resolver.html#resolver-versions
[INFO] [stderr]    Compiling proc-macro2 v1.0.56
[INFO] [stderr]    Compiling unicode-ident v1.0.8
[INFO] [stderr]    Compiling quote v1.0.26
[INFO] [stderr]    Compiling libc v0.2.141
[INFO] [stderr]    Compiling typenum v1.16.0
[INFO] [stderr]    Compiling version_check v0.9.4
[INFO] [stderr]    Compiling syn v1.0.109
[INFO] [stderr]    Compiling crunchy v0.2.2
[INFO] [stderr]    Compiling serde_derive v1.0.159
[INFO] [stderr]    Compiling hashbrown v0.12.3
[INFO] [stderr]    Compiling serde v1.0.159
[INFO] [stderr]    Compiling once_cell v1.17.1
[INFO] [stderr]    Compiling memchr v2.5.0
[INFO] [stderr]    Compiling winnow v0.4.1
[INFO] [stderr]    Compiling toml_datetime v0.6.1
[INFO] [stderr]    Compiling indexmap v1.9.3
[INFO] [stderr]    Compiling regex-syntax v0.6.29
[INFO] [stderr]    Compiling tiny-keccak v2.0.2
[INFO] [stderr]    Compiling lock_api v0.4.9
[INFO] [stderr]    Compiling log v0.4.17
[INFO] [stderr]    Compiling io-lifetimes v1.0.10
[INFO] [stderr]    Compiling parking_lot_core v0.9.7
[INFO] [stderr]    Compiling scopeguard v1.1.0
[INFO] [stderr]    Compiling subtle v2.5.0
[INFO] [stderr]    Compiling rustix v0.37.11
[INFO] [stderr]    Compiling smallvec v1.10.0
[INFO] [stderr]    Compiling either v1.8.1
[INFO] [stderr]    Compiling byteorder v1.4.3
[INFO] [stderr]    Compiling generic-array v0.14.7
[INFO] [stderr]    Compiling siphasher v0.3.10
[INFO] [stderr]    Compiling aho-corasick v0.7.20
[INFO] [stderr]    Compiling linux-raw-sys v0.3.1
[INFO] [stderr]    Compiling bitflags v1.3.2
[INFO] [stderr]    Compiling num-traits v0.2.15
[INFO] [stderr]    Compiling new_debug_unreachable v1.0.4
[INFO] [stderr]    Compiling fixedbitset v0.4.2
[INFO] [stderr]    Compiling precomputed-hash v0.1.1
[INFO] [stderr]    Compiling phf_shared v0.10.0
[INFO] [stderr]    Compiling bit-vec v0.6.3
[INFO] [stderr]    Compiling itertools v0.10.5
[INFO] [stderr]    Compiling slab v0.4.8
[INFO] [stderr]    Compiling ena v0.14.2
[INFO] [stderr]    Compiling bit-set v0.5.3
[INFO] [stderr]    Compiling num-integer v0.1.45
[INFO] [stderr]    Compiling rustversion v1.0.12
[INFO] [stderr]    Compiling unicode-xid v0.2.4
[INFO] [stderr]    Compiling pico-args v0.4.2
[INFO] [stderr]    Compiling bytes v1.4.0
[INFO] [stderr]    Compiling diff v0.1.13
[INFO] [stderr]    Compiling cpufeatures v0.2.6
[INFO] [stderr]    Compiling futures-channel v0.3.28
[INFO] [stderr]    Compiling thiserror v1.0.40
[INFO] [stderr]    Compiling num-bigint v0.4.3
[INFO] [stderr]    Compiling futures-sink v0.3.28
[INFO] [stderr]    Compiling dirs-sys-next v0.1.2
[INFO] [stderr]    Compiling syn v2.0.13
[INFO] [stderr]    Compiling getrandom v0.2.9
[INFO] [stderr]    Compiling dirs-next v2.0.0
[INFO] [stderr]    Compiling rand_core v0.6.4
[INFO] [stderr]    Compiling term v0.7.0
[INFO] [stderr]    Compiling parking_lot v0.12.1
[INFO] [stderr]    Compiling petgraph v0.6.3
[INFO] [stderr]    Compiling rlp v0.5.2
[INFO] [stderr]    Compiling fnv v1.0.7
[INFO] [stderr]    Compiling paste v1.0.12
[INFO] [stderr]    Compiling arrayvec v0.7.2
[INFO] [stderr]    Compiling rand_chacha v0.3.1
[INFO] [stderr]    Compiling string_cache v0.8.7
[INFO] [stderr]    Compiling ascii-canvas v3.0.0
[INFO] [stderr]    Compiling beef v0.5.2
[INFO] [stderr]    Compiling anyhow v1.0.70
[INFO] [stderr]    Compiling rand v0.8.5
[INFO] [stderr]    Compiling byte-slice-cast v1.2.2
[INFO] [stderr]    Compiling futures-util v0.3.28
[INFO] [stderr]    Compiling impl-rlp v0.3.0
[INFO] [stderr]    Compiling arrayvec v0.5.2
[INFO] [stderr]    Compiling unicode-width v0.1.10
[INFO] [stderr]    Compiling typed-arena v2.0.2
[INFO] [stderr]    Compiling pin-project-lite v0.2.9
[INFO] [stderr]    Compiling serde_json v1.0.95
[INFO] [stderr]    Compiling termcolor v1.2.0
[INFO] [stderr]    Compiling pretty v0.10.0
[INFO] [stderr]    Compiling digest v0.9.0
[INFO] [stderr]    Compiling regex v1.7.3
[INFO] [stderr]    Compiling block-buffer v0.10.4
[INFO] [stderr]    Compiling crypto-common v0.1.6
[INFO] [stderr]    Compiling libsecp256k1-core v0.3.0
[INFO] [stderr]    Compiling toml_edit v0.19.8
[INFO] [stderr]    Compiling digest v0.10.6
[INFO] [stderr]    Compiling crypto-mac v0.8.0
[INFO] [stderr]    Compiling uint v0.9.5
[INFO] [stderr]    Compiling ryu v1.0.13
[INFO] [stderr]    Compiling data-encoding v2.3.3
[INFO] [stderr]    Compiling codespan-reporting v0.11.1
[INFO] [stderr]    Compiling itoa v1.0.6
[INFO] [stderr]    Compiling libsecp256k1-gen-genmult v0.3.0
[INFO] [stderr]    Compiling libsecp256k1-gen-ecmult v0.3.0
[INFO] [stderr]    Compiling fixed-hash v0.7.0
[INFO] [stderr]    Compiling leb128 v0.2.5
[INFO] [stderr]    Compiling hmac v0.8.1
[INFO] [stderr]    Compiling block-buffer v0.9.0
[INFO] [stderr]    Compiling sha2 v0.10.6
[INFO] [stderr]    Compiling opaque-debug v0.3.0
[INFO] [stderr]    Compiling keccak v0.1.3
[INFO] [stderr]    Compiling arrayref v0.3.7
[INFO] [stderr]    Compiling base64 v0.13.1
[INFO] [stderr]    Compiling hmac-drbg v0.3.0
[INFO] [stderr]    Compiling sha2 v0.9.9
[INFO] [stderr]    Compiling convert_case v0.4.0
[INFO] [stderr]    Compiling ic0 v0.18.9
[INFO] [stderr]    Compiling futures-timer v3.0.2
[INFO] [stderr]    Compiling sha3 v0.10.6
[INFO] [stderr]    Compiling libsecp256k1 v0.7.1
[INFO] [stderr]    Compiling is-terminal v0.4.7
[INFO] [stderr]    Compiling lalrpop-util v0.19.9
[INFO] [stderr]    Compiling lalrpop v0.19.9
[INFO] [stderr]    Compiling proc-macro-crate v1.3.1
[INFO] [stderr]    Compiling thiserror-impl v1.0.40
[INFO] [stderr]    Compiling futures-macro v0.3.28
[INFO] [stderr]    Compiling impl-trait-for-tuples v0.2.2
[INFO] [stderr]    Compiling parity-scale-codec-derive v3.1.4
[INFO] [stderr]    Compiling binread_derive v2.1.0
[INFO] [stderr]    Compiling num_enum_derive v0.5.11
[INFO] [stderr]    Compiling logos-derive v0.12.1
[INFO] [stderr]    Compiling candid_derive v0.5.0
[INFO] [stderr]    Compiling pin-project-internal v1.0.12
[INFO] [stderr]    Compiling derive_more v0.99.17
[INFO] [stderr]    Compiling num_enum v0.5.11
[INFO] [stderr]    Compiling pin-project v1.0.12
[INFO] [stderr]    Compiling binread v2.2.0
[INFO] [stderr]    Compiling logos v0.12.1
[INFO] [stderr]    Compiling futures-executor v0.3.28
[INFO] [stderr]    Compiling futures v0.3.28
[INFO] [stderr]    Compiling parity-scale-codec v3.4.0
[INFO] [stderr]    Compiling impl-serde v0.3.2
[INFO] [stderr]    Compiling serde_bytes v0.11.9
[INFO] [stderr]    Compiling serde_tokenstream v0.1.7
[INFO] [stderr]    Compiling ethbloom v0.12.1
[INFO] [stderr]    Compiling impl-codec v0.6.0
[INFO] [stderr]    Compiling jsonrpc-core v18.0.0
[INFO] [stderr]    Compiling primitive-types v0.11.1
[INFO] [stderr]    Compiling candid v0.8.4
[INFO] [stderr]    Compiling ethereum-types v0.13.1
[INFO] [stderr]    Compiling ethabi v17.2.0
[INFO] [stderr]    Compiling ic-cdk-macros v0.6.10
[INFO] [stderr]    Compiling ic-cdk v0.6.10
[INFO] [stderr]    Compiling ic-web3 v0.1.7
[INFO] [stderr]    Compiling registry_canister v0.1.0 (/opt/rustwide/workdir/src/registry_canister)
[INFO] [stderr]    Compiling erc20_canister v0.1.0 (/opt/rustwide/workdir/src/erc20_canister)
[INFO] [stdout] error: linking with `cc` failed: exit status: 1
[INFO] [stdout]   |
[INFO] [stdout]   = note:  "cc" "-Wl,--version-script=/opt/rustwide/target/debug/deps/rustchpu599/list" "-Wl,--no-undefined-version" "-m64" "/opt/rustwide/target/debug/deps/rustchpu599/symbols.o" "<11 object files omitted>" "-Wl,--as-needed" "-Wl,-Bstatic" "/opt/rustwide/target/debug/deps/{libic_web3-eee710d18f506f87,liblibsecp256k1-80b31bb32bae955c,libbase64-bc3e43f477d56b63,libsha2-134ebf0e5eb716d1,libopaque_debug-1826dab867fa4b9d,libblock_buffer-94c82ac70923309b,libhmac_drbg-34fe069eebf5bcb9,libhmac-f9174e2f152acc20,libcrypto_mac-7365676b97623431,libarrayref-d95fb43e6eda34e5,liblibsecp256k1_core-2b6c50023f543f5b,libsubtle-b358e58a57f662c1,libdigest-49752d6526c5d7b8,libparking_lot-a3eb277c3bcbc9ad,libparking_lot_core-5660cf9b77476980,libsmallvec-4517414d4f20efb1,liblock_api-b8a33d985491ef6f,libscopeguard-e318caba69bf687f,libfutures_timer-cfb5ed3ab3008e5c,libpin_project-b77500a8cfe65286,libethabi-995615b50c862649,libethereum_types-3b74327300fac88f,libethbloom-6d57434f1fccca87,libtiny_keccak-185197ad8ec1a404,libprimitive_types-32a198e3bb651a94,libimpl_codec-4b396ea11065734d,libparity_scale_codec-47b742b5b2d525b2,libarrayvec-324bee7ec07e0504,libbyte_slice_cast-9646f74e0c1f5148,libimpl_serde-0f33de508e240702,libimpl_rlp-df30585c17d8906d,librlp-66db19727a0614ee,libbytes-5df27178772f787e,libfixed_hash-44997f3461c78355,librand-a226041db854e105,librand_chacha-8ebd8bdcb86eea8d,libppv_lite86-74d192d5fb0d20a2,librand_core-dbe7cb911c6c38f6,libgetrandom-c02870eb8ee7a1c1,liblibc-c9762381eda2fadf,librustc_hex-8e10e209a94b3eae,libonce_cell-d2ec766eecdc7a51,libsha3-95046fd44dc20712,libkeccak-3dc6123335b415ff,libuint-77613b6372b2ea5c,libcrunchy-ae8011bae5fd40ef,libstatic_assertions-f0217ecdd817a834,libjsonrpc_core-dcc2d4a0a96a6c6d,libserde_json-86e60174966770a4,libryu-4d09fff2ce933ebb,libitoa-0f3ce2aa4ee007f9,liblog-d31671b75f3392bc,libfutures-8e06039d8d5ed8eb,libfutures_executor-fa41f2db4ba0535f,libfutures_util-a0b0fb024dabe617,libfutures_io-133b37a282e7da53,libslab-0ff7e34ec67ffad2,libfutures_channel-7572b8c5c7f310e9,libpin_project_lite-6df6c214457c8ca7,libfutures_sink-d9dd0328e83666c7,libfutures_task-5467fa52aaf0a8e7,libpin_utils-3860774ad9b215b5,libfutures_core-8f823d626bc2b03f,libic_cdk-70aaf1e1e8850e3b,libic0-c590c94f6e57369d,libcandid-c3a547ed6ad0c866,libcrc32fast-b1b13fb2b4f6e9b8,libdata_encoding-cdf6ff80f06d69b0,libserde_bytes-f3d113982182fa48,libhex-13e08b3b00984ab7,libleb128-7759971397ea6ba0,libbyteorder-fb36fe721788ce00,liblogos-2b8a48e47fa571cb,libsha2-6bfe184fcd31efd9,libcpufeatures-551ffa300404c756,libcfg_if-3e7fc4e38d4a72b5,libdigest-1b0a96c85592e363,libblock_buffer-84c01f9b43391526,libcrypto_common-f015263fa347d175,libgeneric_array-2ae03ec1c22e6034,libtypenum-9b0535122ea7542f,libnum_bigint-fb4ae563c2f4cf56,libnum_integer-9910ae9b10657125,libnum_traits-5285743d482a718d,libanyhow-f9ecb7f64cd3f236,libnum_enum-fff1c9a68277ff73,libbinread-cbe79d3f6072c6ae,liblazy_static-af860367908b8176,liblalrpop_util-c3ed5673f1e9aa77,libregex-21f2c2614ab22e6c,libaho_corasick-704e76898163353f,libmemchr-3d0ec59241a02054,libregex_syntax-893772d02d5263ca,libthiserror-eaa1ba43a43e457c,libcodespan_reporting-556c4bf2a4321fd3,libunicode_width-e6feeb9daa4fd470,libtermcolor-a5251b019e6ea81a,libpretty-2f97683ef6141301,libarrayvec-d564b1181ab8b533,libtyped_arena-76aa4bfb127f070d,libserde-89756cf83d3e4b05}.rlib" "<sysroot>/lib/rustlib/x86_64-unknown-linux-gnu/lib/{libstd-*,libpanic_unwind-*,libobject-*,libmemchr-*,libaddr2line-*,libgimli-*,libcfg_if-*,librustc_demangle-*,libstd_detect-*,libhashbrown-*,librustc_std_workspace_alloc-*,libminiz_oxide-*,libadler2-*,libunwind-*,liblibc-*,librustc_std_workspace_core-*,liballoc-*,libcore-*,libcompiler_builtins-*}.rlib" "-Wl,-Bdynamic" "-lgcc_s" "-lutil" "-lrt" "-lpthread" "-lm" "-ldl" "-lc" "-L" "/opt/rustwide/target/debug/deps/rustchpu599/raw-dylibs" "-B<sysroot>/lib/rustlib/x86_64-unknown-linux-gnu/bin/gcc-ld" "-fuse-ld=lld" "-Wl,--eh-frame-hdr" "-Wl,-z,noexecstack" "-L" "<sysroot>/lib/rustlib/x86_64-unknown-linux-gnu/lib" "-o" "/opt/rustwide/target/debug/deps/libregistry_canister.so" "-Wl,--gc-sections" "-shared" "-Wl,-z,relro,-z,now" "-nodefaultlibs"
[INFO] [stdout]   = note: some arguments are omitted. use `--verbose` to show all linker arguments
[INFO] [stdout]   = note: rust-lld: error: /opt/rustwide/target/debug/deps/rustchpu599/list:3: ; expected, but got transform
[INFO] [stdout]           >>>     canister_query transform;
[INFO] [stdout]           >>>                    ^
[INFO] [stdout]           collect2: error: ld returned 1 exit status
[INFO] [stdout]           
[INFO] [stdout] 
[INFO] [stdout] 
[INFO] [stderr] error: could not compile `registry_canister` (lib) due to 1 previous error
[INFO] [stderr] warning: build failed, waiting for other jobs to finish...
[INFO] [stdout] error: linking with `cc` failed: exit status: 1
[INFO] [stdout]   |
[INFO] [stdout]   = note:  "cc" "-Wl,--version-script=/opt/rustwide/target/debug/deps/rustcz6pauT/list" "-Wl,--no-undefined-version" "-m64" "/opt/rustwide/target/debug/deps/rustcz6pauT/symbols.o" "<17 object files omitted>" "-Wl,--as-needed" "-Wl,-Bstatic" "/opt/rustwide/target/debug/deps/{libic_web3-eee710d18f506f87,liblibsecp256k1-80b31bb32bae955c,libbase64-bc3e43f477d56b63,libsha2-134ebf0e5eb716d1,libopaque_debug-1826dab867fa4b9d,libblock_buffer-94c82ac70923309b,libhmac_drbg-34fe069eebf5bcb9,libhmac-f9174e2f152acc20,libcrypto_mac-7365676b97623431,libarrayref-d95fb43e6eda34e5,liblibsecp256k1_core-2b6c50023f543f5b,libsubtle-b358e58a57f662c1,libdigest-49752d6526c5d7b8,libparking_lot-a3eb277c3bcbc9ad,libparking_lot_core-5660cf9b77476980,libsmallvec-4517414d4f20efb1,liblock_api-b8a33d985491ef6f,libscopeguard-e318caba69bf687f,libfutures_timer-cfb5ed3ab3008e5c,libpin_project-b77500a8cfe65286,libethabi-995615b50c862649,libethereum_types-3b74327300fac88f,libethbloom-6d57434f1fccca87,libtiny_keccak-185197ad8ec1a404,libprimitive_types-32a198e3bb651a94,libimpl_codec-4b396ea11065734d,libparity_scale_codec-47b742b5b2d525b2,libarrayvec-324bee7ec07e0504,libbyte_slice_cast-9646f74e0c1f5148,libimpl_serde-0f33de508e240702,libimpl_rlp-df30585c17d8906d,librlp-66db19727a0614ee,libbytes-5df27178772f787e,libfixed_hash-44997f3461c78355,librand-a226041db854e105,librand_chacha-8ebd8bdcb86eea8d,libppv_lite86-74d192d5fb0d20a2,librand_core-dbe7cb911c6c38f6,libgetrandom-c02870eb8ee7a1c1,liblibc-c9762381eda2fadf,librustc_hex-8e10e209a94b3eae,libonce_cell-d2ec766eecdc7a51,libsha3-95046fd44dc20712,libkeccak-3dc6123335b415ff,libuint-77613b6372b2ea5c,libcrunchy-ae8011bae5fd40ef,libstatic_assertions-f0217ecdd817a834,libjsonrpc_core-dcc2d4a0a96a6c6d,libserde_json-86e60174966770a4,libryu-4d09fff2ce933ebb,libitoa-0f3ce2aa4ee007f9,liblog-d31671b75f3392bc,libfutures-8e06039d8d5ed8eb,libfutures_executor-fa41f2db4ba0535f,libfutures_util-a0b0fb024dabe617,libfutures_io-133b37a282e7da53,libslab-0ff7e34ec67ffad2,libfutures_channel-7572b8c5c7f310e9,libpin_project_lite-6df6c214457c8ca7,libfutures_sink-d9dd0328e83666c7,libfutures_task-5467fa52aaf0a8e7,libpin_utils-3860774ad9b215b5,libfutures_core-8f823d626bc2b03f,libic_cdk-70aaf1e1e8850e3b,libic0-c590c94f6e57369d,libcandid-c3a547ed6ad0c866,libcrc32fast-b1b13fb2b4f6e9b8,libdata_encoding-cdf6ff80f06d69b0,libserde_bytes-f3d113982182fa48,libhex-13e08b3b00984ab7,libleb128-7759971397ea6ba0,libbyteorder-fb36fe721788ce00,liblogos-2b8a48e47fa571cb,libsha2-6bfe184fcd31efd9,libcpufeatures-551ffa300404c756,libcfg_if-3e7fc4e38d4a72b5,libdigest-1b0a96c85592e363,libblock_buffer-84c01f9b43391526,libcrypto_common-f015263fa347d175,libgeneric_array-2ae03ec1c22e6034,libtypenum-9b0535122ea7542f,libnum_bigint-fb4ae563c2f4cf56,libnum_integer-9910ae9b10657125,libnum_traits-5285743d482a718d,libanyhow-f9ecb7f64cd3f236,libnum_enum-fff1c9a68277ff73,libbinread-cbe79d3f6072c6ae,liblazy_static-af860367908b8176,liblalrpop_util-c3ed5673f1e9aa77,libregex-21f2c2614ab22e6c,libaho_corasick-704e76898163353f,libmemchr-3d0ec59241a02054,libregex_syntax-893772d02d5263ca,libthiserror-eaa1ba43a43e457c,libcodespan_reporting-556c4bf2a4321fd3,libunicode_width-e6feeb9daa4fd470,libtermcolor-a5251b019e6ea81a,libpretty-2f97683ef6141301,libarrayvec-d564b1181ab8b533,libtyped_arena-76aa4bfb127f070d,libserde-89756cf83d3e4b05}.rlib" "<sysroot>/lib/rustlib/x86_64-unknown-linux-gnu/lib/{libstd-*,libpanic_unwind-*,libobject-*,libmemchr-*,libaddr2line-*,libgimli-*,libcfg_if-*,librustc_demangle-*,libstd_detect-*,libhashbrown-*,librustc_std_workspace_alloc-*,libminiz_oxide-*,libadler2-*,libunwind-*,liblibc-*,librustc_std_workspace_core-*,liballoc-*,libcore-*,libcompiler_builtins-*}.rlib" "-Wl,-Bdynamic" "-lgcc_s" "-lutil" "-lrt" "-lpthread" "-lm" "-ldl" "-lc" "-L" "/opt/rustwide/target/debug/deps/rustcz6pauT/raw-dylibs" "-B<sysroot>/lib/rustlib/x86_64-unknown-linux-gnu/bin/gcc-ld" "-fuse-ld=lld" "-Wl,--eh-frame-hdr" "-Wl,-z,noexecstack" "-L" "<sysroot>/lib/rustlib/x86_64-unknown-linux-gnu/lib" "-o" "/opt/rustwide/target/debug/deps/liberc20_canister.so" "-Wl,--gc-sections" "-shared" "-Wl,-z,relro,-z,now" "-nodefaultlibs"
[INFO] [stdout]   = note: some arguments are omitted. use `--verbose` to show all linker arguments
[INFO] [stdout]   = note: rust-lld: error: /opt/rustwide/target/debug/deps/rustcz6pauT/list:3: ; expected, but got transform
[INFO] [stdout]           >>>     canister_query transform;
[INFO] [stdout]           >>>                    ^
[INFO] [stdout]           collect2: error: ld returned 1 exit status
[INFO] [stdout]           
[INFO] [stdout] 
[INFO] [stdout] 
[INFO] [stderr] error: could not compile `erc20_canister` (lib) due to 1 previous error
[INFO] running `Command { std: "docker" "inspect" "e803f45c4523255b6fe341e694ed832fcdbce374d2e160de469bc728a4b89f08", kill_on_drop: false }`
[INFO] running `Command { std: "docker" "rm" "-f" "e803f45c4523255b6fe341e694ed832fcdbce374d2e160de469bc728a4b89f08", kill_on_drop: false }`
[INFO] [stdout] e803f45c4523255b6fe341e694ed832fcdbce374d2e160de469bc728a4b89f08
