[INFO] cloning repository https://github.com/ivajon/aoc2024
[INFO] running `Command { std: "git" "-c" "credential.helper=" "-c" "credential.helper=/workspace/cargo-home/bin/git-credential-null" "clone" "--bare" "https://github.com/ivajon/aoc2024" "/workspace/cache/git-repos/https%3A%2F%2Fgithub.com%2Fivajon%2Faoc2024", kill_on_drop: false }`
[INFO] [stderr] Cloning into bare repository '/workspace/cache/git-repos/https%3A%2F%2Fgithub.com%2Fivajon%2Faoc2024'...
[INFO] running `Command { std: "git" "rev-parse" "HEAD", kill_on_drop: false }`
[INFO] [stdout] 0b63498fe1bd037c69183b6b0c6e613c4a18d33d
[INFO] testing ivajon/aoc2024 against 1.98.0-beta.1 for beta-1.98-2
[INFO] running `Command { std: "git" "clone" "/workspace/cache/git-repos/https%3A%2F%2Fgithub.com%2Fivajon%2Faoc2024" "/workspace/builds/worker-4-tc2/source", kill_on_drop: false }`
[INFO] [stderr] Cloning into '/workspace/builds/worker-4-tc2/source'...
[INFO] [stderr] done.
[INFO] started tweaking git repo https://github.com/ivajon/aoc2024
[INFO] finished tweaking git repo https://github.com/ivajon/aoc2024
[INFO] tweaked toml for git repo https://github.com/ivajon/aoc2024 written to /workspace/builds/worker-4-tc2/source/Cargo.toml
[INFO] validating manifest of git repo https://github.com/ivajon/aoc2024 on toolchain 1.98.0-beta.1
[INFO] running `Command { std: CARGO_HOME="/workspace/cargo-home" RUSTUP_HOME="/workspace/rustup-home" "/workspace/cargo-home/bin/cargo" "+1.98.0-beta.1" "metadata" "--manifest-path" "Cargo.toml" "--no-deps", kill_on_drop: false }`
[INFO] crate git repo https://github.com/ivajon/aoc2024 already has a lockfile, it will not be regenerated
[INFO] running `Command { std: CARGO_HOME="/workspace/cargo-home" RUSTUP_HOME="/workspace/rustup-home" "/workspace/cargo-home/bin/cargo" "+1.98.0-beta.1" "fetch" "--manifest-path" "Cargo.toml", kill_on_drop: false }`
[INFO] running `Command { std: "docker" "create" "-v" "/var/lib/crater-agent-workspace/builds/worker-4-tc2/source:/opt/rustwide/workdir:ro,Z" "-v" "/var/lib/crater-agent-workspace/builds/worker-4-tc2/target:/opt/rustwide/target:rw,Z" "-v" "/var/lib/crater-agent-workspace/cargo-home:/opt/rustwide/cargo-home:ro,Z" "-v" "/var/lib/crater-agent-workspace/rustup-home:/opt/rustwide/rustup-home:ro,Z" "-m" "1610612736" "--network" "none" "ghcr.io/rust-lang/crates-build-env/linux@sha256:3d5ced03c013a94a2f102a4510f48a6e9184255caf5fd8244f58017bde7f5210" "sleep" "infinity", kill_on_drop: false }`
[INFO] [stdout] c6e89feb3b55360070c70bea8c6a228c3dafaec8664810c6c8df551c48792cb9
[INFO] running `Command { std: "docker" "start" "c6e89feb3b55360070c70bea8c6a228c3dafaec8664810c6c8df551c48792cb9", kill_on_drop: false }`
[INFO] running `Command { std: "docker" "inspect" "c6e89feb3b55360070c70bea8c6a228c3dafaec8664810c6c8df551c48792cb9", kill_on_drop: false }`
[INFO] running `Command { std: "docker" "exec" "-e" "SOURCE_DIR=/opt/rustwide/workdir" "-e" "CARGO_HOME=/opt/rustwide/cargo-home" "-e" "RUSTUP_HOME=/opt/rustwide/rustup-home" "-e" "CARGO_TARGET_DIR=/opt/rustwide/target" "-w" "/opt/rustwide/workdir" "--user" "0:0" "c6e89feb3b55360070c70bea8c6a228c3dafaec8664810c6c8df551c48792cb9" "/opt/rustwide/cargo-home/bin/cargo" "+1.98.0-beta.1" "metadata" "--no-deps" "--format-version=1", kill_on_drop: false }`
[INFO] running `Command { std: "docker" "inspect" "c6e89feb3b55360070c70bea8c6a228c3dafaec8664810c6c8df551c48792cb9", kill_on_drop: false }`
[INFO] running `Command { std: "docker" "exec" "-e" "SOURCE_DIR=/opt/rustwide/workdir" "-e" "CARGO_HOME=/opt/rustwide/cargo-home" "-e" "RUSTUP_HOME=/opt/rustwide/rustup-home" "-e" "CARGO_TARGET_DIR=/opt/rustwide/target" "-e" "CARGO_INCREMENTAL=0" "-e" "RUST_BACKTRACE=full" "-e" "RUSTFLAGS=--cap-lints=warn" "-e" "RUSTDOCFLAGS=--cap-lints=warn" "-w" "/opt/rustwide/workdir" "--user" "0:0" "c6e89feb3b55360070c70bea8c6a228c3dafaec8664810c6c8df551c48792cb9" "/opt/rustwide/cargo-home/bin/cargo" "+1.98.0-beta.1" "build" "--frozen" "--message-format=json", kill_on_drop: false }`
[INFO] [stderr]    Compiling libc v0.2.167
[INFO] [stderr]    Compiling smallvec v1.13.2
[INFO] [stderr]    Compiling stable_deref_trait v1.2.0
[INFO] [stderr]    Compiling itoa v1.0.14
[INFO] [stderr]    Compiling pin-project-lite v0.2.15
[INFO] [stderr]    Compiling quote v1.0.37
[INFO] [stderr]    Compiling bytes v1.9.0
[INFO] [stderr]    Compiling writeable v0.5.5
[INFO] [stderr]    Compiling litemap v0.7.4
[INFO] [stderr]    Compiling cc v1.2.2
[INFO] [stderr]    Compiling icu_locid_transform_data v1.5.0
[INFO] [stderr]    Compiling icu_properties_data v1.5.0
[INFO] [stderr]    Compiling syn v2.0.90
[INFO] [stderr]    Compiling slab v0.4.9
[INFO] [stderr]    Compiling utf16_iter v1.0.5
[INFO] [stderr]    Compiling write16 v1.0.0
[INFO] [stderr]    Compiling icu_normalizer_data v1.5.0
[INFO] [stderr]    Compiling tracing-core v0.1.33
[INFO] [stderr]    Compiling openssl v0.10.68
[INFO] [stderr]    Compiling hashbrown v0.15.2
[INFO] [stderr]    Compiling http v1.1.0
[INFO] [stderr]    Compiling equivalent v1.0.1
[INFO] [stderr]    Compiling futures-task v0.3.31
[INFO] [stderr]    Compiling serde v1.0.215
[INFO] [stderr]    Compiling futures-sink v0.3.31
[INFO] [stderr]    Compiling httparse v1.9.5
[INFO] [stderr]    Compiling futures-util v0.3.31
[INFO] [stderr]    Compiling parking_lot_core v0.9.10
[INFO] [stderr]    Compiling socket2 v0.5.8
[INFO] [stderr]    Compiling mio v1.0.3
[INFO] [stderr]    Compiling signal-hook-registry v1.4.2
[INFO] [stderr]    Compiling parking_lot v0.12.3
[INFO] [stderr]    Compiling indexmap v2.6.0
[INFO] [stderr]    Compiling http-body v1.0.1
[INFO] [stderr]    Compiling tracing v0.1.41
[INFO] [stderr]    Compiling num-conv v0.1.0
[INFO] [stderr]    Compiling native-tls v0.2.12
[INFO] [stderr]    Compiling openssl-sys v0.9.104
[INFO] [stderr]    Compiling time-core v0.1.2
[INFO] [stderr]    Compiling deranged v0.3.11
[INFO] [stderr]    Compiling cookie v0.18.1
[INFO] [stderr]    Compiling time-macros v0.2.18
[INFO] [stderr]    Compiling form_urlencoded v1.2.1
[INFO] [stderr]    Compiling ryu v1.0.18
[INFO] [stderr]    Compiling serde_json v1.0.133
[INFO] [stderr]    Compiling openssl-probe v0.1.5
[INFO] [stderr]    Compiling litrs v0.4.1
[INFO] [stderr]    Compiling memchr v2.7.4
[INFO] [stderr]    Compiling psl-types v2.0.11
[INFO] [stderr]    Compiling http-body-util v0.1.2
[INFO] [stderr]    Compiling rustls-pki-types v1.10.0
[INFO] [stderr]    Compiling ipnet v2.10.1
[INFO] [stderr]    Compiling document-features v0.2.10
[INFO] [stderr]    Compiling time v0.3.36
[INFO] [stderr]    Compiling rustls-pemfile v2.2.0
[INFO] [stderr]    Compiling synstructure v0.13.1
[INFO] [stderr]    Compiling serde_urlencoded v0.7.1
[INFO] [stderr]    Compiling zerofrom-derive v0.1.5
[INFO] [stderr]    Compiling yoke-derive v0.7.5
[INFO] [stderr]    Compiling zerovec-derive v0.10.3
[INFO] [stderr]    Compiling displaydoc v0.2.5
[INFO] [stderr]    Compiling icu_provider_macros v1.5.0
[INFO] [stderr]    Compiling tokio-macros v2.4.0
[INFO] [stderr]    Compiling openssl-macros v0.1.1
[INFO] [stderr]    Compiling serde_derive v1.0.215
[INFO] [stderr]    Compiling macros v0.1.0 (/opt/rustwide/workdir/macros)
[INFO] [stdout] warning: unused variable: `cache_name`
[INFO] [stdout]    --> macros/src/lib.rs:121:9
[INFO] [stdout]     |
[INFO] [stdout] 121 |     let cache_name: String = format!("/tmp/aoc_{year}_{day}_{task}_input");
[INFO] [stdout]     |         ^^^^^^^^^^ help: if this is intentional, prefix it with an underscore: `_cache_name`
[INFO] [stdout]     |
[INFO] [stdout]     = note: `#[warn(unused_variables)]` (part of `#[warn(unused)]`) on by default
[INFO] [stdout] 
[INFO] [stdout] 
[INFO] [stdout] warning: struct `LeaderBoard` is never constructed
[INFO] [stdout]   --> macros/src/lib.rs:16:8
[INFO] [stdout]    |
[INFO] [stdout] 16 | struct LeaderBoard {
[INFO] [stdout]    |        ^^^^^^^^^^^
[INFO] [stdout]    |
[INFO] [stdout]    = note: `#[warn(dead_code)]` (part of `#[warn(unused)]`) on by default
[INFO] [stdout] 
[INFO] [stdout] 
[INFO] [stderr]    Compiling tokio v1.41.1
[INFO] [stderr]    Compiling zerofrom v0.1.5
[INFO] [stderr]    Compiling yoke v0.7.5
[INFO] [stderr]    Compiling zerovec v0.10.4
[INFO] [stderr]    Compiling tinystr v0.7.6
[INFO] [stderr]    Compiling icu_collections v1.5.0
[INFO] [stderr]    Compiling icu_locid v1.5.0
[INFO] [stderr]    Compiling icu_provider v1.5.0
[INFO] [stderr]    Compiling icu_locid_transform v1.5.0
[INFO] [stderr]    Compiling icu_properties v1.5.1
[INFO] [stderr]    Compiling tokio-util v0.7.12
[INFO] [stderr]    Compiling tokio-native-tls v0.3.1
[INFO] [stderr]    Compiling icu_normalizer v1.5.0
[INFO] [stderr]    Compiling h2 v0.4.7
[INFO] [stderr]    Compiling idna_adapter v1.2.0
[INFO] [stderr]    Compiling idna v1.0.3
[INFO] [stderr]    Compiling publicsuffix v2.3.0
[INFO] [stderr]    Compiling url v2.5.4
[INFO] [stderr]    Compiling cookie_store v0.21.1
[INFO] [stderr]    Compiling hyper v1.5.1
[INFO] [stderr]    Compiling hyper-util v0.1.10
[INFO] [stderr]    Compiling hyper-tls v0.6.0
[INFO] [stderr]    Compiling reqwest v0.12.9
[INFO] [stderr]    Compiling aoc2024 v0.1.0 (/opt/rustwide/workdir)
[INFO] [stdout] Cookie /home/dator/aoccookie
[INFO] [stdout] error: custom attribute panicked
[INFO] [stdout]  --> src/bin/day1.rs:4:1
[INFO] [stdout]   |
[INFO] [stdout] 4 | #[aoc(2024, 1, 1, "/home/dator/aoccookie")]
[INFO] [stdout]   | ^^^^^^^^^^^^^^^^^^^^^^^^^^^^^^^^^^^^^^^^^^^
[INFO] [stdout]   |
[INFO] [stdout]   = help: message: Could not read cookie file.: Os { code: 2, kind: NotFound, message: "No such file or directory" }
[INFO] [stdout] 
[INFO] [stdout] 
[INFO] [stdout] Cookie /home/dator/aoccookie
[INFO] [stdout] error: custom attribute panicked
[INFO] [stdout]   --> src/bin/day1.rs:28:1
[INFO] [stdout]    |
[INFO] [stdout] 28 | #[aoc(2024, 1, 2, "/home/dator/aoccookie")]
[INFO] [stdout]    | ^^^^^^^^^^^^^^^^^^^^^^^^^^^^^^^^^^^^^^^^^^^
[INFO] [stdout]    |
[INFO] [stdout]    = help: message: Could not read cookie file.: Os { code: 2, kind: NotFound, message: "No such file or directory" }
[INFO] [stdout] 
[INFO] [stdout] 
[INFO] [stdout] warning: unused import: `reqwest::Method`
[INFO] [stdout]  --> src/bin/day1.rs:2:5
[INFO] [stdout]   |
[INFO] [stdout] 2 | use reqwest::Method;
[INFO] [stdout]   |     ^^^^^^^^^^^^^^^
[INFO] [stdout]   |
[INFO] [stdout]   = note: `#[warn(unused_imports)]` (part of `#[warn(unused)]`) on by default
[INFO] [stdout] 
[INFO] [stdout] 
[INFO] [stdout] Cookie /home/dator/aoccookie
[INFO] [stdout] error: custom attribute panicked
[INFO] [stdout]  --> src/bin/day6.rs:4:1
[INFO] [stdout]   |
[INFO] [stdout] 4 | #[aoc(2024, 2, 1, "/home/dator/aoccookie")]
[INFO] [stdout]   | ^^^^^^^^^^^^^^^^^^^^^^^^^^^^^^^^^^^^^^^^^^^
[INFO] [stdout]   |
[INFO] [stdout]   = help: message: Could not read cookie file.: Os { code: 2, kind: NotFound, message: "No such file or directory" }
[INFO] [stdout] 
[INFO] [stdout] 
[INFO] [stdout] error: custom attribute panicked
[INFO] [stdout]   --> src/bin/day6.rs:10:1
[INFO] [stdout]    |
[INFO] [stdout] 10 | #[aoc(2024, 2, 2, "/home/dator/aoccookie")]
[INFO] [stdout]    | ^^^^^^^^^^^^^^^^^^^^^^^^^^^^^^^^^^^^^^^^^^^
[INFO] [stdout]    |
[INFO] [stdout]    = help: message: Could not read cookie file.: Os { code: 2, kind: NotFound, message: "No such file or directory" }
[INFO] [stdout] 
[INFO] [stdout] 
[INFO] [stdout] Cookie /home/dator/aoccookie
[INFO] [stdout] error[E0425]: cannot find function `aoc_2024_1_1` in this scope
[INFO] [stdout]   --> src/bin/day1.rs:63:13
[INFO] [stdout]    |
[INFO] [stdout] 63 |     let _ = aoc_2024_1_1().await?;
[INFO] [stdout]    |             ^^^^^^^^^^^^ not found in this scope
[INFO] [stdout] 
[INFO] [stdout] 
[INFO] [stdout] error[E0425]: cannot find function `aoc_2024_1_2` in this scope
[INFO] [stdout]   --> src/bin/day1.rs:64:13
[INFO] [stdout]    |
[INFO] [stdout] 64 |     let _ = aoc_2024_1_2().await?;
[INFO] [stdout]    |             ^^^^^^^^^^^^ not found in this scope
[INFO] [stdout] 
[INFO] [stdout] 
[INFO] [stdout] For more information about this error, try `rustc --explain E0425`.
[INFO] [stdout] 
[INFO] [stdout] Cookie /home/dator/aoccookie
[INFO] [stdout] error: custom attribute panicked
[INFO] [stdout]  --> src/bin/day20.rs:4:1
[INFO] [stdout]   |
[INFO] [stdout] 4 | #[aoc(2024, 2, 1, "/home/dator/aoccookie")]
[INFO] [stdout]   | ^^^^^^^^^^^^^^^^^^^^^^^^^^^^^^^^^^^^^^^^^^^
[INFO] [stdout]   |
[INFO] [stdout]   = help: message: Could not read cookie file.: Os { code: 2, kind: NotFound, message: "No such file or directory" }
[INFO] [stdout] 
[INFO] [stdout] 
[INFO] [stdout] error: custom attribute panicked
[INFO] [stdout]   --> src/bin/day20.rs:10:1
[INFO] [stdout]    |
[INFO] [stdout] 10 | #[aoc(2024, 2, 2, "/home/dator/aoccookie")]
[INFO] [stdout]    | ^^^^^^^^^^^^^^^^^^^^^^^^^^^^^^^^^^^^^^^^^^^
[INFO] [stdout]    |
[INFO] [stdout]    = help: message: Could not read cookie file.: Os { code: 2, kind: NotFound, message: "No such file or directory" }
[INFO] [stdout] 
[INFO] [stdout] 
[INFO] [stdout] Cookie /home/dator/aoccookie
[INFO] [stdout] Cookie /home/dator/aoccookie
[INFO] [stdout] error: custom attribute panicked
[INFO] [stdout]  --> src/bin/day17.rs:4:1
[INFO] [stdout]   |
[INFO] [stdout] 4 | #[aoc(2024, 2, 1, "/home/dator/aoccookie")]
[INFO] [stdout]   | ^^^^^^^^^^^^^^^^^^^^^^^^^^^^^^^^^^^^^^^^^^^
[INFO] [stdout]   |
[INFO] [stdout]   = help: message: Could not read cookie file.: Os { code: 2, kind: NotFound, message: "No such file or directory" }
[INFO] [stdout] 
[INFO] [stdout] 
[INFO] [stdout] error: custom attribute panicked
[INFO] [stdout]   --> src/bin/day17.rs:10:1
[INFO] [stdout]    |
[INFO] [stdout] 10 | #[aoc(2024, 2, 2, "/home/dator/aoccookie")]
[INFO] [stdout]    | ^^^^^^^^^^^^^^^^^^^^^^^^^^^^^^^^^^^^^^^^^^^
[INFO] [stdout]    |
[INFO] [stdout]    = help: message: Could not read cookie file.: Os { code: 2, kind: NotFound, message: "No such file or directory" }
[INFO] [stdout] 
[INFO] [stdout] 
[INFO] [stdout] Cookie /home/dator/aoccookie
[INFO] [stdout] Cookie /home/dator/aoccookie
[INFO] [stdout] error: custom attribute panicked
[INFO] [stdout]  --> src/bin/day19.rs:4:1
[INFO] [stdout]   |
[INFO] [stdout] 4 | #[aoc(2024, 2, 1, "/home/dator/aoccookie")]
[INFO] [stdout]   | ^^^^^^^^^^^^^^^^^^^^^^^^^^^^^^^^^^^^^^^^^^^
[INFO] [stdout]   |
[INFO] [stdout]   = help: message: Could not read cookie file.: Os { code: 2, kind: NotFound, message: "No such file or directory" }
[INFO] [stdout] 
[INFO] [stdout] 
[INFO] [stdout] Cookie /home/dator/aoccookie
[INFO] [stdout] error: custom attribute panicked
[INFO] [stdout]   --> src/bin/day19.rs:10:1
[INFO] [stdout]    |
[INFO] [stdout] 10 | #[aoc(2024, 2, 2, "/home/dator/aoccookie")]
[INFO] [stdout]    | ^^^^^^^^^^^^^^^^^^^^^^^^^^^^^^^^^^^^^^^^^^^
[INFO] [stdout]    |
[INFO] [stdout]    = help: message: Could not read cookie file.: Os { code: 2, kind: NotFound, message: "No such file or directory" }
[INFO] [stdout] 
[INFO] [stdout] 
[INFO] [stdout] warning: unused import: `reqwest::Method`
[INFO] [stdout]  --> src/bin/day6.rs:2:5
[INFO] [stdout]   |
[INFO] [stdout] 2 | use reqwest::Method;
[INFO] [stdout]   |     ^^^^^^^^^^^^^^^
[INFO] [stdout]   |
[INFO] [stdout]   = note: `#[warn(unused_imports)]` (part of `#[warn(unused)]`) on by default
[INFO] [stdout] 
[INFO] [stdout] 
[INFO] [stdout] error[E0425]: cannot find function `aoc_2024_2_1` in this scope
[INFO] [stdout]   --> src/bin/day6.rs:34:13
[INFO] [stdout]    |
[INFO] [stdout] 34 |     let _ = aoc_2024_2_1().await?;
[INFO] [stdout]    |             ^^^^^^^^^^^^ not found in this scope
[INFO] [stdout] 
[INFO] [stdout] 
[INFO] [stdout] error[E0425]: cannot find function `aoc_2024_2_2` in this scope
[INFO] [stdout]   --> src/bin/day6.rs:35:13
[INFO] [stdout]    |
[INFO] [stdout] 35 |     let _ = aoc_2024_2_2().await?;
[INFO] [stdout]    |             ^^^^^^^^^^^^ not found in this scope
[INFO] [stdout] 
[INFO] [stdout] 
[INFO] [stderr] error: could not compile `aoc2024` (bin "day1") due to 4 previous errors; 1 warning emitted
[INFO] [stderr] warning: build failed, waiting for other jobs to finish...
[INFO] [stdout] error: custom attribute panicked
[INFO] [stdout]  --> src/bin/day24.rs:4:1
[INFO] [stdout]   |
[INFO] [stdout] 4 | #[aoc(2024, 2, 1, "/home/dator/aoccookie")]
[INFO] [stdout]   | ^^^^^^^^^^^^^^^^^^^^^^^^^^^^^^^^^^^^^^^^^^^
[INFO] [stdout]   |
[INFO] [stdout]   = help: message: Could not read cookie file.: Os { code: 2, kind: NotFound, message: "No such file or directory" }
[INFO] [stdout] 
[INFO] [stdout] 
[INFO] [stdout] error: custom attribute panicked
[INFO] [stdout]   --> src/bin/day24.rs:10:1
[INFO] [stdout]    |
[INFO] [stdout] 10 | #[aoc(2024, 2, 2, "/home/dator/aoccookie")]
[INFO] [stdout]    | ^^^^^^^^^^^^^^^^^^^^^^^^^^^^^^^^^^^^^^^^^^^
[INFO] [stdout]    |
[INFO] [stdout]    = help: message: Could not read cookie file.: Os { code: 2, kind: NotFound, message: "No such file or directory" }
[INFO] [stdout] 
[INFO] [stdout] 
[INFO] [stdout] Cookie /home/dator/aoccookie
[INFO] [stdout] Cookie /home/dator/aoccookie
[INFO] [stdout] error: custom attribute panicked
[INFO] [stdout]  --> src/bin/day5.rs:4:1
[INFO] [stdout]   |
[INFO] [stdout] 4 | #[aoc(2024, 2, 1, "/home/dator/aoccookie")]
[INFO] [stdout]   | ^^^^^^^^^^^^^^^^^^^^^^^^^^^^^^^^^^^^^^^^^^^
[INFO] [stdout]   |
[INFO] [stdout]   = help: message: Could not read cookie file.: Os { code: 2, kind: NotFound, message: "No such file or directory" }
[INFO] [stdout] 
[INFO] [stdout] 
[INFO] [stdout] Cookie /home/dator/aoccookie
[INFO] [stdout] warning: unused import: `reqwest::Method`
[INFO] [stdout]  --> src/bin/day20.rs:2:5
[INFO] [stdout]   |
[INFO] [stdout] 2 | use reqwest::Method;
[INFO] [stdout]   |     ^^^^^^^^^^^^^^^
[INFO] [stdout]   |
[INFO] [stdout]   = note: `#[warn(unused_imports)]` (part of `#[warn(unused)]`) on by default
[INFO] [stdout] 
[INFO] [stdout] 
[INFO] [stdout] error: custom attribute panicked
[INFO] [stdout]   --> src/bin/day5.rs:10:1
[INFO] [stdout]    |
[INFO] [stdout] 10 | #[aoc(2024, 2, 2, "/home/dator/aoccookie")]
[INFO] [stdout]    | ^^^^^^^^^^^^^^^^^^^^^^^^^^^^^^^^^^^^^^^^^^^
[INFO] [stdout]    |
[INFO] [stdout]    = help: message: Could not read cookie file.: Os { code: 2, kind: NotFound, message: "No such file or directory" }
[INFO] [stdout] 
[INFO] [stdout] 
[INFO] [stdout] Cookie /home/dator/aoccookie
[INFO] [stdout] error: custom attribute panicked
[INFO] [stdout]  --> src/bin/day9.rs:4:1
[INFO] [stdout]   |
[INFO] [stdout] 4 | #[aoc(2024, 2, 1, "/home/dator/aoccookie")]
[INFO] [stdout]   | ^^^^^^^^^^^^^^^^^^^^^^^^^^^^^^^^^^^^^^^^^^^
[INFO] [stdout]   |
[INFO] [stdout]   = help: message: Could not read cookie file.: Os { code: 2, kind: NotFound, message: "No such file or directory" }
[INFO] [stdout] 
[INFO] [stdout] 
[INFO] [stdout] error: custom attribute panicked
[INFO] [stdout]   --> src/bin/day9.rs:10:1
[INFO] [stdout]    |
[INFO] [stdout] 10 | #[aoc(2024, 2, 2, "/home/dator/aoccookie")]
[INFO] [stdout]    | ^^^^^^^^^^^^^^^^^^^^^^^^^^^^^^^^^^^^^^^^^^^
[INFO] [stdout]    |
[INFO] [stdout]    = help: message: Could not read cookie file.: Os { code: 2, kind: NotFound, message: "No such file or directory" }
[INFO] [stdout] 
[INFO] [stdout] 
[INFO] [stdout] Cookie /home/dator/aoccookie
[INFO] [stdout] Cookie /home/dator/aoccookie
[INFO] [stdout] error[E0425]: cannot find function `aoc_2024_2_1` in this scope
[INFO] [stdout]   --> src/bin/day20.rs:34:13
[INFO] [stdout]    |
[INFO] [stdout] 34 |     let _ = aoc_2024_2_1().await?;
[INFO] [stdout]    |             ^^^^^^^^^^^^ not found in this scope
[INFO] [stdout] 
[INFO] [stdout] 
[INFO] [stdout] For more information about this error, try `rustc --explain E0425`.
[INFO] [stdout] 
[INFO] [stdout] error[E0425]: cannot find function `aoc_2024_2_2` in this scope
[INFO] [stdout]   --> src/bin/day20.rs:35:13
[INFO] [stdout]    |
[INFO] [stdout] 35 |     let _ = aoc_2024_2_2().await?;
[INFO] [stdout]    |             ^^^^^^^^^^^^ not found in this scope
[INFO] [stdout] 
[INFO] [stdout] 
[INFO] [stderr] error: could not compile `aoc2024` (bin "day6") due to 4 previous errors; 1 warning emitted
[INFO] [stdout] warning: unused import: `reqwest::Method`
[INFO] [stdout]  --> src/bin/day17.rs:2:5
[INFO] [stdout]   |
[INFO] [stdout] 2 | use reqwest::Method;
[INFO] [stdout]   |     ^^^^^^^^^^^^^^^
[INFO] [stdout]   |
[INFO] [stdout]   = note: `#[warn(unused_imports)]` (part of `#[warn(unused)]`) on by default
[INFO] [stdout] 
[INFO] [stdout] 
[INFO] [stdout] For more information about this error, try `rustc --explain E0425`.
[INFO] [stdout] 
[INFO] [stderr] error: could not compile `aoc2024` (bin "day20") due to 4 previous errors; 1 warning emitted
[INFO] [stdout] error[E0425]: cannot find function `aoc_2024_2_1` in this scope
[INFO] [stdout]   --> src/bin/day17.rs:34:13
[INFO] [stdout]    |
[INFO] [stdout] 34 |     let _ = aoc_2024_2_1().await?;
[INFO] [stdout]    |             ^^^^^^^^^^^^ not found in this scope
[INFO] [stdout] 
[INFO] [stdout] 
[INFO] [stdout] error[E0425]: cannot find function `aoc_2024_2_2` in this scope
[INFO] [stdout]   --> src/bin/day17.rs:35:13
[INFO] [stdout]    |
[INFO] [stdout] 35 |     let _ = aoc_2024_2_2().await?;
[INFO] [stdout]    |             ^^^^^^^^^^^^ not found in this scope
[INFO] [stdout] 
[INFO] [stdout] 
[INFO] [stdout] warning: unused import: `reqwest::Method`
[INFO] [stdout]  --> src/bin/day19.rs:2:5
[INFO] [stdout]   |
[INFO] [stdout] 2 | use reqwest::Method;
[INFO] [stdout]   |     ^^^^^^^^^^^^^^^
[INFO] [stdout]   |
[INFO] [stdout]   = note: `#[warn(unused_imports)]` (part of `#[warn(unused)]`) on by default
[INFO] [stdout] 
[INFO] [stdout] 
[INFO] [stdout] error[E0425]: cannot find function `aoc_2024_2_1` in this scope
[INFO] [stdout]   --> src/bin/day19.rs:34:13
[INFO] [stdout]    |
[INFO] [stdout] 34 |     let _ = aoc_2024_2_1().await?;
[INFO] [stdout]    |             ^^^^^^^^^^^^ not found in this scope
[INFO] [stdout] 
[INFO] [stdout] 
[INFO] [stdout] error[E0425]: cannot find function `aoc_2024_2_2` in this scope
[INFO] [stdout]   --> src/bin/day19.rs:35:13
[INFO] [stdout]    |
[INFO] [stdout] 35 |     let _ = aoc_2024_2_2().await?;
[INFO] [stdout]    |             ^^^^^^^^^^^^ not found in this scope
[INFO] [stdout] 
[INFO] [stdout] 
[INFO] [stdout] For more information about this error, try `rustc --explain E0425`.
[INFO] [stdout] 
[INFO] [stdout] For more information about this error, try `rustc --explain E0425`.
[INFO] [stdout] 
[INFO] [stderr] error: could not compile `aoc2024` (bin "day19") due to 4 previous errors; 1 warning emitted
[INFO] [stdout] warning: unused import: `reqwest::Method`
[INFO] [stdout]  --> src/bin/day24.rs:2:5
[INFO] [stdout]   |
[INFO] [stdout] 2 | use reqwest::Method;
[INFO] [stdout]   |     ^^^^^^^^^^^^^^^
[INFO] [stdout]   |
[INFO] [stdout]   = note: `#[warn(unused_imports)]` (part of `#[warn(unused)]`) on by default
[INFO] [stdout] 
[INFO] [stdout] 
[INFO] [stderr] error: could not compile `aoc2024` (bin "day17") due to 4 previous errors; 1 warning emitted
[INFO] [stdout] warning: unused import: `reqwest::Method`
[INFO] [stdout]  --> src/bin/day9.rs:2:5
[INFO] [stdout]   |
[INFO] [stdout] 2 | use reqwest::Method;
[INFO] [stdout]   |     ^^^^^^^^^^^^^^^
[INFO] [stdout]   |
[INFO] [stdout]   = note: `#[warn(unused_imports)]` (part of `#[warn(unused)]`) on by default
[INFO] [stdout] 
[INFO] [stdout] 
[INFO] [stdout] error[E0425]: cannot find function `aoc_2024_2_1` in this scope
[INFO] [stdout]   --> src/bin/day24.rs:34:13
[INFO] [stdout]    |
[INFO] [stdout] 34 |     let _ = aoc_2024_2_1().await?;
[INFO] [stdout]    |             ^^^^^^^^^^^^ not found in this scope
[INFO] [stdout] 
[INFO] [stdout] 
[INFO] [stdout] warning: unused import: `reqwest::Method`
[INFO] [stdout]  --> src/bin/day5.rs:2:5
[INFO] [stdout]   |
[INFO] [stdout] 2 | use reqwest::Method;
[INFO] [stdout]   |     ^^^^^^^^^^^^^^^
[INFO] [stdout]   |
[INFO] [stdout]   = note: `#[warn(unused_imports)]` (part of `#[warn(unused)]`) on by default
[INFO] [stdout] 
[INFO] [stdout] 
[INFO] [stdout] error[E0425]: cannot find function `aoc_2024_2_2` in this scope
[INFO] [stdout]   --> src/bin/day24.rs:35:13
[INFO] [stdout]    |
[INFO] [stdout] 35 |     let _ = aoc_2024_2_2().await?;
[INFO] [stdout]    |             ^^^^^^^^^^^^ not found in this scope
[INFO] [stdout] 
[INFO] [stdout] 
[INFO] [stdout] error[E0425]: cannot find function `aoc_2024_2_1` in this scope
[INFO] [stdout]   --> src/bin/day9.rs:34:13
[INFO] [stdout]    |
[INFO] [stdout] 34 |     let _ = aoc_2024_2_1().await?;
[INFO] [stdout]    |             ^^^^^^^^^^^^ not found in this scope
[INFO] [stdout] 
[INFO] [stdout] 
[INFO] [stdout] error[E0425]: cannot find function `aoc_2024_2_2` in this scope
[INFO] [stdout]   --> src/bin/day9.rs:35:13
[INFO] [stdout]    |
[INFO] [stdout] 35 |     let _ = aoc_2024_2_2().await?;
[INFO] [stdout]    |             ^^^^^^^^^^^^ not found in this scope
[INFO] [stdout] 
[INFO] [stdout] 
[INFO] [stdout] error[E0425]: cannot find function `aoc_2024_2_1` in this scope
[INFO] [stdout]   --> src/bin/day5.rs:34:13
[INFO] [stdout]    |
[INFO] [stdout] 34 |     let _ = aoc_2024_2_1().await?;
[INFO] [stdout]    |             ^^^^^^^^^^^^ not found in this scope
[INFO] [stdout] 
[INFO] [stdout] 
[INFO] [stdout] For more information about this error, try `rustc --explain E0425`.
[INFO] [stdout] 
[INFO] [stdout] error[E0425]: cannot find function `aoc_2024_2_2` in this scope
[INFO] [stdout]   --> src/bin/day5.rs:35:13
[INFO] [stdout]    |
[INFO] [stdout] 35 |     let _ = aoc_2024_2_2().await?;
[INFO] [stdout]    |             ^^^^^^^^^^^^ not found in this scope
[INFO] [stdout] 
[INFO] [stdout] 
[INFO] [stdout] For more information about this error, try `rustc --explain E0425`.
[INFO] [stdout] 
[INFO] [stderr] error: could not compile `aoc2024` (bin "day24") due to 4 previous errors; 1 warning emitted
[INFO] [stdout] For more information about this error, try `rustc --explain E0425`.
[INFO] [stdout] 
[INFO] [stderr] error: could not compile `aoc2024` (bin "day9") due to 4 previous errors; 1 warning emitted
[INFO] [stderr] error: could not compile `aoc2024` (bin "day5") due to 4 previous errors; 1 warning emitted
[INFO] running `Command { std: "docker" "inspect" "c6e89feb3b55360070c70bea8c6a228c3dafaec8664810c6c8df551c48792cb9", kill_on_drop: false }`
[INFO] running `Command { std: "docker" "rm" "-f" "c6e89feb3b55360070c70bea8c6a228c3dafaec8664810c6c8df551c48792cb9", kill_on_drop: false }`
[INFO] [stdout] c6e89feb3b55360070c70bea8c6a228c3dafaec8664810c6c8df551c48792cb9
