[INFO] cloning repository https://github.com/iohzrd/nbody-entropy
[INFO] running `Command { std: "git" "-c" "credential.helper=" "-c" "credential.helper=/workspace/cargo-home/bin/git-credential-null" "clone" "--bare" "https://github.com/iohzrd/nbody-entropy" "/workspace/cache/git-repos/https%3A%2F%2Fgithub.com%2Fiohzrd%2Fnbody-entropy", kill_on_drop: false }`
[INFO] [stderr] Cloning into bare repository '/workspace/cache/git-repos/https%3A%2F%2Fgithub.com%2Fiohzrd%2Fnbody-entropy'...
[INFO] running `Command { std: "git" "rev-parse" "HEAD", kill_on_drop: false }`
[INFO] [stdout] 5a042c9e48075ec2dcd360989aa51c8ad8d1c1a9
[INFO] testing iohzrd/nbody-entropy against 1.98.0-beta.1 for beta-1.98-2
[INFO] running `Command { std: "git" "clone" "/workspace/cache/git-repos/https%3A%2F%2Fgithub.com%2Fiohzrd%2Fnbody-entropy" "/workspace/builds/worker-6-tc2/source", kill_on_drop: false }`
[INFO] [stderr] Cloning into '/workspace/builds/worker-6-tc2/source'...
[INFO] [stderr] done.
[INFO] started tweaking git repo https://github.com/iohzrd/nbody-entropy
[INFO] finished tweaking git repo https://github.com/iohzrd/nbody-entropy
[INFO] tweaked toml for git repo https://github.com/iohzrd/nbody-entropy written to /workspace/builds/worker-6-tc2/source/Cargo.toml
[INFO] validating manifest of git repo https://github.com/iohzrd/nbody-entropy on toolchain 1.98.0-beta.1
[INFO] running `Command { std: CARGO_HOME="/workspace/cargo-home" RUSTUP_HOME="/workspace/rustup-home" "/workspace/cargo-home/bin/cargo" "+1.98.0-beta.1" "metadata" "--manifest-path" "Cargo.toml" "--no-deps", kill_on_drop: false }`
[INFO] crate git repo https://github.com/iohzrd/nbody-entropy already has a lockfile, it will not be regenerated
[INFO] running `Command { std: CARGO_HOME="/workspace/cargo-home" RUSTUP_HOME="/workspace/rustup-home" "/workspace/cargo-home/bin/cargo" "+1.98.0-beta.1" "fetch" "--manifest-path" "Cargo.toml", kill_on_drop: false }`
[INFO] running `Command { std: "docker" "create" "-v" "/var/lib/crater-agent-workspace/builds/worker-6-tc2/source:/opt/rustwide/workdir:ro,Z" "-v" "/var/lib/crater-agent-workspace/builds/worker-6-tc2/target:/opt/rustwide/target:rw,Z" "-v" "/var/lib/crater-agent-workspace/cargo-home:/opt/rustwide/cargo-home:ro,Z" "-v" "/var/lib/crater-agent-workspace/rustup-home:/opt/rustwide/rustup-home:ro,Z" "-m" "1610612736" "--network" "none" "ghcr.io/rust-lang/crates-build-env/linux@sha256:3d5ced03c013a94a2f102a4510f48a6e9184255caf5fd8244f58017bde7f5210" "sleep" "infinity", kill_on_drop: false }`
[INFO] [stdout] 9c9dd5be51d50d00350b85b500461a9408325c05ec1cf586ee474411710502c7
[INFO] running `Command { std: "docker" "start" "9c9dd5be51d50d00350b85b500461a9408325c05ec1cf586ee474411710502c7", kill_on_drop: false }`
[INFO] running `Command { std: "docker" "inspect" "9c9dd5be51d50d00350b85b500461a9408325c05ec1cf586ee474411710502c7", kill_on_drop: false }`
[INFO] running `Command { std: "docker" "exec" "-e" "SOURCE_DIR=/opt/rustwide/workdir" "-e" "CARGO_HOME=/opt/rustwide/cargo-home" "-e" "RUSTUP_HOME=/opt/rustwide/rustup-home" "-e" "CARGO_TARGET_DIR=/opt/rustwide/target" "-w" "/opt/rustwide/workdir" "--user" "0:0" "9c9dd5be51d50d00350b85b500461a9408325c05ec1cf586ee474411710502c7" "/opt/rustwide/cargo-home/bin/cargo" "+1.98.0-beta.1" "metadata" "--no-deps" "--format-version=1", kill_on_drop: false }`
[INFO] running `Command { std: "docker" "inspect" "9c9dd5be51d50d00350b85b500461a9408325c05ec1cf586ee474411710502c7", kill_on_drop: false }`
[INFO] running `Command { std: "docker" "exec" "-e" "SOURCE_DIR=/opt/rustwide/workdir" "-e" "CARGO_HOME=/opt/rustwide/cargo-home" "-e" "RUSTUP_HOME=/opt/rustwide/rustup-home" "-e" "CARGO_TARGET_DIR=/opt/rustwide/target" "-e" "CARGO_INCREMENTAL=0" "-e" "RUST_BACKTRACE=full" "-e" "RUSTFLAGS=--cap-lints=warn" "-e" "RUSTDOCFLAGS=--cap-lints=warn" "-w" "/opt/rustwide/workdir" "--user" "0:0" "9c9dd5be51d50d00350b85b500461a9408325c05ec1cf586ee474411710502c7" "/opt/rustwide/cargo-home/bin/cargo" "+1.98.0-beta.1" "build" "--frozen" "--message-format=json", kill_on_drop: false }`
[INFO] [stderr]    Compiling proc-macro2 v1.0.103
[INFO] [stderr]    Compiling quote v1.0.42
[INFO] [stderr]    Compiling unicode-ident v1.0.22
[INFO] [stderr]    Compiling bitflags v2.10.0
[INFO] [stderr]    Compiling libc v0.2.178
[INFO] [stderr]    Compiling libm v0.2.15
[INFO] [stderr]    Compiling thiserror v2.0.17
[INFO] [stderr]    Compiling zerocopy v0.8.31
[INFO] [stderr]    Compiling foldhash v0.2.0
[INFO] [stderr]    Compiling ash v0.38.0+1.3.281
[INFO] [stderr]    Compiling num-traits v0.2.19
[INFO] [stderr]    Compiling libloading v0.8.9
[INFO] [stderr]    Compiling naga v27.0.3
[INFO] [stderr]    Compiling khronos-egl v6.0.0
[INFO] [stderr]    Compiling smallvec v1.15.1
[INFO] [stderr]    Compiling unicode-width v0.2.2
[INFO] [stderr]    Compiling hashbrown v0.16.1
[INFO] [stderr]    Compiling bit-vec v0.8.0
[INFO] [stderr]    Compiling log v0.4.29
[INFO] [stderr]    Compiling spirv v0.3.0+sdk-1.3.268.0
[INFO] [stderr]    Compiling gpu-descriptor-types v0.2.0
[INFO] [stderr]    Compiling gpu-alloc-types v0.3.0
[INFO] [stderr]    Compiling bit-set v0.8.0
[INFO] [stderr]    Compiling hashbrown v0.15.5
[INFO] [stderr]    Compiling wgpu-hal v27.0.4
[INFO] [stderr]    Compiling rustc-hash v1.1.0
[INFO] [stderr]    Compiling hexf-parse v0.2.1
[INFO] [stderr]    Compiling once_cell v1.21.3
[INFO] [stderr]    Compiling codespan-reporting v0.12.0
[INFO] [stderr]    Compiling profiling v1.0.17
[INFO] [stderr]    Compiling raw-window-handle v0.6.2
[INFO] [stderr]    Compiling renderdoc-sys v1.1.0
[INFO] [stderr]    Compiling glow v0.16.0
[INFO] [stderr]    Compiling wgpu-core v27.0.3
[INFO] [stderr]    Compiling litrs v1.0.0
[INFO] [stderr]    Compiling gpu-alloc v0.6.0
[INFO] [stderr]    Compiling wgpu v27.0.1
[INFO] [stderr]    Compiling getrandom v0.3.4
[INFO] [stderr]    Compiling rand_core v0.9.3
[INFO] [stderr]    Compiling pollster v0.4.0
[INFO] [stderr]    Compiling gpu-descriptor v0.3.2
[INFO] [stderr]    Compiling syn v2.0.111
[INFO] [stderr]    Compiling indexmap v2.12.1
[INFO] [stderr]    Compiling document-features v0.2.12
[INFO] [stderr]    Compiling parking_lot_core v0.9.12
[INFO] [stderr]    Compiling parking_lot v0.12.5
[INFO] [stderr]    Compiling ordered-float v5.1.0
[INFO] [stderr]    Compiling bytemuck_derive v1.10.2
[INFO] [stderr]    Compiling thiserror-impl v2.0.17
[INFO] [stderr]    Compiling zerocopy-derive v0.8.31
[INFO] [stderr]    Compiling bytemuck v1.24.0
[INFO] [stderr]    Compiling wgpu-types v27.0.1
[INFO] [stderr]    Compiling half v2.7.1
[INFO] [stderr]    Compiling wgpu-core-deps-windows-linux-android v27.0.0
[INFO] [stderr]    Compiling temper v0.1.0 (/opt/rustwide/workdir)
[INFO] [stdout] warning: fields `proposal_pos_buffer`, `proposal_vel_buffer`, and `proposal_scalars_buffer` are never read
[INFO] [stdout]   --> src/thermodynamic/system.rs:34:5
[INFO] [stdout]    |
[INFO] [stdout] 26 | pub struct ThermodynamicSystem {
[INFO] [stdout]    |            ------------------- fields in this struct
[INFO] [stdout] ...
[INFO] [stdout] 34 |     proposal_pos_buffer: wgpu::Buffer,
[INFO] [stdout]    |     ^^^^^^^^^^^^^^^^^^^
[INFO] [stdout] 35 |     proposal_vel_buffer: wgpu::Buffer,
[INFO] [stdout]    |     ^^^^^^^^^^^^^^^^^^^
[INFO] [stdout] 36 |     proposal_scalars_buffer: wgpu::Buffer,
[INFO] [stdout]    |     ^^^^^^^^^^^^^^^^^^^^^^^
[INFO] [stdout]    |
[INFO] [stdout]    = note: `#[warn(dead_code)]` (part of `#[warn(unused)]`) on by default
[INFO] [stdout] 
[INFO] [stdout] 
[INFO] [stdout] warning: unused variable: `name`
[INFO] [stdout]    --> src/bin/optimizer-comparison.rs:170:5
[INFO] [stdout]     |
[INFO] [stdout] 170 |     name: &str,
[INFO] [stdout]     |     ^^^^ help: if this is intentional, prefix it with an underscore: `_name`
[INFO] [stdout]     |
[INFO] [stdout]     = note: `#[warn(unused_variables)]` (part of `#[warn(unused)]`) on by default
[INFO] [stdout] 
[INFO] [stdout] 
[INFO] [stdout] warning: unused variable: `dim`
[INFO] [stdout]    --> src/bin/optimizer-comparison.rs:173:5
[INFO] [stdout]     |
[INFO] [stdout] 173 |     dim: usize,
[INFO] [stdout]     |     ^^^ help: if this is intentional, prefix it with an underscore: `_dim`
[INFO] [stdout] 
[INFO] [stdout] 
[INFO] [stdout] warning: unused variable: `name`
[INFO] [stdout]    --> src/bin/optimizer-comparison.rs:211:5
[INFO] [stdout]     |
[INFO] [stdout] 211 |     name: &str,
[INFO] [stdout]     |     ^^^^ help: if this is intentional, prefix it with an underscore: `_name`
[INFO] [stdout] 
[INFO] [stdout] 
[INFO] [stdout] warning: unused variable: `threshold`
[INFO] [stdout]    --> src/bin/high-dim-benchmark.rs:119:13
[INFO] [stdout]     |
[INFO] [stdout] 119 |         let threshold = 0.1 * dim as f32;
[INFO] [stdout]     |             ^^^^^^^^^ help: if this is intentional, prefix it with an underscore: `_threshold`
[INFO] [stdout]     |
[INFO] [stdout]     = note: `#[warn(unused_variables)]` (part of `#[warn(unused)]`) on by default
[INFO] [stdout] 
[INFO] [stdout] 
[INFO] [stdout] warning: field `elapsed_ms` is never read
[INFO] [stdout]   --> src/bin/high-dim-benchmark.rs:19:5
[INFO] [stdout]    |
[INFO] [stdout] 15 | struct TrialResult {
[INFO] [stdout]    |        ----------- field in this struct
[INFO] [stdout] ...
[INFO] [stdout] 19 |     elapsed_ms: u128,
[INFO] [stdout]    |     ^^^^^^^^^^
[INFO] [stdout]    |
[INFO] [stdout]    = note: `#[warn(dead_code)]` (part of `#[warn(unused)]`) on by default
[INFO] [stdout] 
[INFO] [stdout] 
[INFO] [stdout] warning: unused import: `std::collections::HashMap`
[INFO] [stdout]  --> src/bin/bayesian-sampling.rs:9:5
[INFO] [stdout]   |
[INFO] [stdout] 9 | use std::collections::HashMap;
[INFO] [stdout]   |     ^^^^^^^^^^^^^^^^^^^^^^^^^
[INFO] [stdout]   |
[INFO] [stdout]   = note: `#[warn(unused_imports)]` (part of `#[warn(unused)]`) on by default
[INFO] [stdout] 
[INFO] [stdout] 
[INFO] [stdout] warning: unused import: `LossFunction`
[INFO] [stdout]   --> src/bin/bayesian-sampling.rs:10:29
[INFO] [stdout]    |
[INFO] [stdout] 10 | use temper::thermodynamic::{LossFunction, ThermodynamicSystem};
[INFO] [stdout]    |                             ^^^^^^^^^^^^
[INFO] [stdout] 
[INFO] [stdout] 
[INFO] [stdout] error: linking with `cc` failed: exit status: 1
[INFO] [stdout]   |
[INFO] [stdout]   = note:  "cc" "-m64" "/opt/rustwide/target/debug/deps/rustcUOMF1L/symbols.o" "<2 object files omitted>" "-Wl,--as-needed" "-Wl,-Bstatic" "/opt/rustwide/target/debug/deps/{libtemper-6714a679de6de35b,libpollster-cd22bb221b89e307,libgetrandom-bb57e69990fa6863,libwgpu-8a3a9a7bd108dfdf,libstatic_assertions-f0217ecdd817a834,libwgpu_core-29f3525779859e24,libwgpu_hal-686f85b5551ec46e,librenderdoc_sys-4abf0efdfe195ac8,libkhronos_egl-48154c5caea1e629,libprofiling-aaf925c122df92f4,libordered_float-eeeae7408980076e,libgpu_descriptor-0d45f30c32e9b475,libhashbrown-efdb59ea1897c465,libfoldhash-07f233db1c671507,libgpu_descriptor_types-b51de680ed664f61,libgpu_alloc-532cf8367713f675,libgpu_alloc_types-918432181e91c67a,libash-53e3d25848ac7fa1,liblibloading-167bed3899b07f7e,libnaga-5500ed9377653eea,librustc_hash-4072dcbc9d7bd172,libhexf_parse-72d4824186d79465,libunicode_ident-e2d52eba11085272,libbit_set-524126e2c4914b79,libbit_vec-5d09c28cf20034b6,libonce_cell-fc0e43b082e4fdfb,libcodespan_reporting-e1837d809ba15707,libunicode_width-c0be3735b741df1b,libindexmap-20279c1c0cffa546,libequivalent-6a754676e6af62ae,libspirv-2d18dbc4e7b920b7,libarrayvec-c7dde542da3995d2,libraw_window_handle-633e2839334924d0,libparking_lot-d927a294cd2a5c84,libparking_lot_core-b584b90d557fa898,liblibc-a24490d9e26425aa,libsmallvec-bf302dd4f103914d,liblock_api-16d46fed645f7bff,libscopeguard-7ec2214574194454,libhashbrown-102cd4d51a8d527b,libfoldhash-3b780c428974a407,libglow-fa9b53f7a747d4e2,libwgpu_types-41d64c9940eb4f8d,libthiserror-b7af5fe2a3f7696f,liblog-f16ce4b64309590f,libbitflags-81c18dd570709ed4,libhalf-4e005c417a8acd49,libcfg_if-83060ec5685761ae,libnum_traits-285c2592372658a5,liblibm-fcdc73388b8e5e3e,libzerocopy-39bda433d3d223f7,libbytemuck-68eea45c907b84e2,librand_core-7e522f941fc58b6a}.rlib" "<sysroot>/lib/rustlib/x86_64-unknown-linux-gnu/lib/{libstd-*,libpanic_unwind-*,libobject-*,libmemchr-*,libaddr2line-*,libgimli-*,libcfg_if-*,librustc_demangle-*,libstd_detect-*,libhashbrown-*,librustc_std_workspace_alloc-*,libminiz_oxide-*,libadler2-*,libunwind-*,liblibc-*,librustc_std_workspace_core-*,liballoc-*,libcore-*,libcompiler_builtins-*}.rlib" "-Wl,-Bdynamic" "-ldl" "-lgcc_s" "-lutil" "-lrt" "-lpthread" "-lm" "-ldl" "-lc" "-L" "/opt/rustwide/target/debug/deps/rustcUOMF1L/raw-dylibs" "-B<sysroot>/lib/rustlib/x86_64-unknown-linux-gnu/bin/gcc-ld" "-fuse-ld=lld" "-Wl,--eh-frame-hdr" "-Wl,-z,noexecstack" "-L" "<sysroot>/lib/rustlib/x86_64-unknown-linux-gnu/lib" "-o" "/opt/rustwide/target/debug/deps/thermodynamic_stream-cdbdccf20b0bc2e2" "-Wl,--gc-sections" "-pie" "-Wl,-z,relro,-z,now" "-nodefaultlibs"
[INFO] [stdout]   = note: some arguments are omitted. use `--verbose` to show all linker arguments
[INFO] [stdout]   = note: collect2: fatal error: ld terminated with signal 9 [Killed]
[INFO] [stdout]           compilation terminated.
[INFO] [stdout]           
[INFO] [stdout] 
[INFO] [stdout] 
[INFO] [stderr] error: could not compile `temper` (bin "thermodynamic-stream") due to 1 previous error
[INFO] [stderr] warning: build failed, waiting for other jobs to finish...
[INFO] [stdout] error: linking with `cc` failed: exit status: 1
[INFO] [stdout]   |
[INFO] [stdout]   = note:  "cc" "-m64" "/opt/rustwide/target/debug/deps/rustcda2fxu/symbols.o" "<2 object files omitted>" "-Wl,--as-needed" "-Wl,-Bstatic" "/opt/rustwide/target/debug/deps/{libtemper-6714a679de6de35b,libpollster-cd22bb221b89e307,libgetrandom-bb57e69990fa6863,libwgpu-8a3a9a7bd108dfdf,libstatic_assertions-f0217ecdd817a834,libwgpu_core-29f3525779859e24,libwgpu_hal-686f85b5551ec46e,librenderdoc_sys-4abf0efdfe195ac8,libkhronos_egl-48154c5caea1e629,libprofiling-aaf925c122df92f4,libordered_float-eeeae7408980076e,libgpu_descriptor-0d45f30c32e9b475,libhashbrown-efdb59ea1897c465,libfoldhash-07f233db1c671507,libgpu_descriptor_types-b51de680ed664f61,libgpu_alloc-532cf8367713f675,libgpu_alloc_types-918432181e91c67a,libash-53e3d25848ac7fa1,liblibloading-167bed3899b07f7e,libnaga-5500ed9377653eea,librustc_hash-4072dcbc9d7bd172,libhexf_parse-72d4824186d79465,libunicode_ident-e2d52eba11085272,libbit_set-524126e2c4914b79,libbit_vec-5d09c28cf20034b6,libonce_cell-fc0e43b082e4fdfb,libcodespan_reporting-e1837d809ba15707,libunicode_width-c0be3735b741df1b,libindexmap-20279c1c0cffa546,libequivalent-6a754676e6af62ae,libspirv-2d18dbc4e7b920b7,libarrayvec-c7dde542da3995d2,libraw_window_handle-633e2839334924d0,libparking_lot-d927a294cd2a5c84,libparking_lot_core-b584b90d557fa898,liblibc-a24490d9e26425aa,libsmallvec-bf302dd4f103914d,liblock_api-16d46fed645f7bff,libscopeguard-7ec2214574194454,libhashbrown-102cd4d51a8d527b,libfoldhash-3b780c428974a407,libglow-fa9b53f7a747d4e2,libwgpu_types-41d64c9940eb4f8d,libthiserror-b7af5fe2a3f7696f,liblog-f16ce4b64309590f,libbitflags-81c18dd570709ed4,libhalf-4e005c417a8acd49,libcfg_if-83060ec5685761ae,libnum_traits-285c2592372658a5,liblibm-fcdc73388b8e5e3e,libzerocopy-39bda433d3d223f7,libbytemuck-68eea45c907b84e2,librand_core-7e522f941fc58b6a}.rlib" "<sysroot>/lib/rustlib/x86_64-unknown-linux-gnu/lib/{libstd-*,libpanic_unwind-*,libobject-*,libmemchr-*,libaddr2line-*,libgimli-*,libcfg_if-*,librustc_demangle-*,libstd_detect-*,libhashbrown-*,librustc_std_workspace_alloc-*,libminiz_oxide-*,libadler2-*,libunwind-*,liblibc-*,librustc_std_workspace_core-*,liballoc-*,libcore-*,libcompiler_builtins-*}.rlib" "-Wl,-Bdynamic" "-ldl" "-lgcc_s" "-lutil" "-lrt" "-lpthread" "-lm" "-ldl" "-lc" "-L" "/opt/rustwide/target/debug/deps/rustcda2fxu/raw-dylibs" "-B<sysroot>/lib/rustlib/x86_64-unknown-linux-gnu/bin/gcc-ld" "-fuse-ld=lld" "-Wl,--eh-frame-hdr" "-Wl,-z,noexecstack" "-L" "<sysroot>/lib/rustlib/x86_64-unknown-linux-gnu/lib" "-o" "/opt/rustwide/target/debug/deps/rgb_image_diffusion-bf6242dca2a5972c" "-Wl,--gc-sections" "-pie" "-Wl,-z,relro,-z,now" "-nodefaultlibs"
[INFO] [stdout]   = note: some arguments are omitted. use `--verbose` to show all linker arguments
[INFO] [stdout]   = note: collect2: fatal error: ld terminated with signal 9 [Killed]
[INFO] [stdout]           compilation terminated.
[INFO] [stdout]           
[INFO] [stdout] 
[INFO] [stdout] 
[INFO] [stderr] error: could not compile `temper` (bin "rgb-image-diffusion") due to 1 previous error
[INFO] [stdout] error: linking with `cc` failed: exit status: 1
[INFO] [stdout]   |
[INFO] [stdout]   = note:  "cc" "-m64" "/opt/rustwide/target/debug/deps/rustcmFNyXb/symbols.o" "<2 object files omitted>" "-Wl,--as-needed" "-Wl,-Bstatic" "/opt/rustwide/target/debug/deps/{libtemper-6714a679de6de35b,libpollster-cd22bb221b89e307,libgetrandom-bb57e69990fa6863,libwgpu-8a3a9a7bd108dfdf,libstatic_assertions-f0217ecdd817a834,libwgpu_core-29f3525779859e24,libwgpu_hal-686f85b5551ec46e,librenderdoc_sys-4abf0efdfe195ac8,libkhronos_egl-48154c5caea1e629,libprofiling-aaf925c122df92f4,libordered_float-eeeae7408980076e,libgpu_descriptor-0d45f30c32e9b475,libhashbrown-efdb59ea1897c465,libfoldhash-07f233db1c671507,libgpu_descriptor_types-b51de680ed664f61,libgpu_alloc-532cf8367713f675,libgpu_alloc_types-918432181e91c67a,libash-53e3d25848ac7fa1,liblibloading-167bed3899b07f7e,libnaga-5500ed9377653eea,librustc_hash-4072dcbc9d7bd172,libhexf_parse-72d4824186d79465,libunicode_ident-e2d52eba11085272,libbit_set-524126e2c4914b79,libbit_vec-5d09c28cf20034b6,libonce_cell-fc0e43b082e4fdfb,libcodespan_reporting-e1837d809ba15707,libunicode_width-c0be3735b741df1b,libindexmap-20279c1c0cffa546,libequivalent-6a754676e6af62ae,libspirv-2d18dbc4e7b920b7,libarrayvec-c7dde542da3995d2,libraw_window_handle-633e2839334924d0,libparking_lot-d927a294cd2a5c84,libparking_lot_core-b584b90d557fa898,liblibc-a24490d9e26425aa,libsmallvec-bf302dd4f103914d,liblock_api-16d46fed645f7bff,libscopeguard-7ec2214574194454,libhashbrown-102cd4d51a8d527b,libfoldhash-3b780c428974a407,libglow-fa9b53f7a747d4e2,libwgpu_types-41d64c9940eb4f8d,libthiserror-b7af5fe2a3f7696f,liblog-f16ce4b64309590f,libbitflags-81c18dd570709ed4,libhalf-4e005c417a8acd49,libcfg_if-83060ec5685761ae,libnum_traits-285c2592372658a5,liblibm-fcdc73388b8e5e3e,libzerocopy-39bda433d3d223f7,libbytemuck-68eea45c907b84e2,librand_core-7e522f941fc58b6a}.rlib" "<sysroot>/lib/rustlib/x86_64-unknown-linux-gnu/lib/{libstd-*,libpanic_unwind-*,libobject-*,libmemchr-*,libaddr2line-*,libgimli-*,libcfg_if-*,librustc_demangle-*,libstd_detect-*,libhashbrown-*,librustc_std_workspace_alloc-*,libminiz_oxide-*,libadler2-*,libunwind-*,liblibc-*,librustc_std_workspace_core-*,liballoc-*,libcore-*,libcompiler_builtins-*}.rlib" "-Wl,-Bdynamic" "-ldl" "-lgcc_s" "-lutil" "-lrt" "-lpthread" "-lm" "-ldl" "-lc" "-L" "/opt/rustwide/target/debug/deps/rustcmFNyXb/raw-dylibs" "-B<sysroot>/lib/rustlib/x86_64-unknown-linux-gnu/bin/gcc-ld" "-fuse-ld=lld" "-Wl,--eh-frame-hdr" "-Wl,-z,noexecstack" "-L" "<sysroot>/lib/rustlib/x86_64-unknown-linux-gnu/lib" "-o" "/opt/rustwide/target/debug/deps/deep_nn_benchmark-75706918220b39de" "-Wl,--gc-sections" "-pie" "-Wl,-z,relro,-z,now" "-nodefaultlibs"
[INFO] [stdout]   = note: some arguments are omitted. use `--verbose` to show all linker arguments
[INFO] [stdout]   = note: collect2: fatal error: ld terminated with signal 9 [Killed]
[INFO] [stdout]           compilation terminated.
[INFO] [stdout]           
[INFO] [stdout] 
[INFO] [stdout] 
[INFO] [stderr] error: could not compile `temper` (bin "deep-nn-benchmark") due to 1 previous error
[INFO] [stdout] error: linking with `cc` failed: exit status: 1
[INFO] [stdout]   |
[INFO] [stdout]   = note:  "cc" "-m64" "/opt/rustwide/target/debug/deps/rustcnQsvDV/symbols.o" "<2 object files omitted>" "-Wl,--as-needed" "-Wl,-Bstatic" "/opt/rustwide/target/debug/deps/{libtemper-6714a679de6de35b,libpollster-cd22bb221b89e307,libgetrandom-bb57e69990fa6863,libwgpu-8a3a9a7bd108dfdf,libstatic_assertions-f0217ecdd817a834,libwgpu_core-29f3525779859e24,libwgpu_hal-686f85b5551ec46e,librenderdoc_sys-4abf0efdfe195ac8,libkhronos_egl-48154c5caea1e629,libprofiling-aaf925c122df92f4,libordered_float-eeeae7408980076e,libgpu_descriptor-0d45f30c32e9b475,libhashbrown-efdb59ea1897c465,libfoldhash-07f233db1c671507,libgpu_descriptor_types-b51de680ed664f61,libgpu_alloc-532cf8367713f675,libgpu_alloc_types-918432181e91c67a,libash-53e3d25848ac7fa1,liblibloading-167bed3899b07f7e,libnaga-5500ed9377653eea,librustc_hash-4072dcbc9d7bd172,libhexf_parse-72d4824186d79465,libunicode_ident-e2d52eba11085272,libbit_set-524126e2c4914b79,libbit_vec-5d09c28cf20034b6,libonce_cell-fc0e43b082e4fdfb,libcodespan_reporting-e1837d809ba15707,libunicode_width-c0be3735b741df1b,libindexmap-20279c1c0cffa546,libequivalent-6a754676e6af62ae,libspirv-2d18dbc4e7b920b7,libarrayvec-c7dde542da3995d2,libraw_window_handle-633e2839334924d0,libparking_lot-d927a294cd2a5c84,libparking_lot_core-b584b90d557fa898,liblibc-a24490d9e26425aa,libsmallvec-bf302dd4f103914d,liblock_api-16d46fed645f7bff,libscopeguard-7ec2214574194454,libhashbrown-102cd4d51a8d527b,libfoldhash-3b780c428974a407,libglow-fa9b53f7a747d4e2,libwgpu_types-41d64c9940eb4f8d,libthiserror-b7af5fe2a3f7696f,liblog-f16ce4b64309590f,libbitflags-81c18dd570709ed4,libhalf-4e005c417a8acd49,libcfg_if-83060ec5685761ae,libnum_traits-285c2592372658a5,liblibm-fcdc73388b8e5e3e,libzerocopy-39bda433d3d223f7,libbytemuck-68eea45c907b84e2,librand_core-7e522f941fc58b6a}.rlib" "<sysroot>/lib/rustlib/x86_64-unknown-linux-gnu/lib/{libstd-*,libpanic_unwind-*,libobject-*,libmemchr-*,libaddr2line-*,libgimli-*,libcfg_if-*,librustc_demangle-*,libstd_detect-*,libhashbrown-*,librustc_std_workspace_alloc-*,libminiz_oxide-*,libadler2-*,libunwind-*,liblibc-*,librustc_std_workspace_core-*,liballoc-*,libcore-*,libcompiler_builtins-*}.rlib" "-Wl,-Bdynamic" "-ldl" "-lgcc_s" "-lutil" "-lrt" "-lpthread" "-lm" "-ldl" "-lc" "-L" "/opt/rustwide/target/debug/deps/rustcnQsvDV/raw-dylibs" "-B<sysroot>/lib/rustlib/x86_64-unknown-linux-gnu/bin/gcc-ld" "-fuse-ld=lld" "-Wl,--eh-frame-hdr" "-Wl,-z,noexecstack" "-L" "<sysroot>/lib/rustlib/x86_64-unknown-linux-gnu/lib" "-o" "/opt/rustwide/target/debug/deps/image_inpainting-35ec02d089e30dd0" "-Wl,--gc-sections" "-pie" "-Wl,-z,relro,-z,now" "-nodefaultlibs"
[INFO] [stdout]   = note: some arguments are omitted. use `--verbose` to show all linker arguments
[INFO] [stdout]   = note: collect2: fatal error: ld terminated with signal 9 [Killed]
[INFO] [stdout]           compilation terminated.
[INFO] [stdout]           
[INFO] [stdout] 
[INFO] [stdout] 
[INFO] [stderr] error: could not compile `temper` (bin "image-inpainting") due to 1 previous error
[INFO] [stdout] error: linking with `cc` failed: exit status: 1
[INFO] [stdout]   |
[INFO] [stdout]   = note:  "cc" "-m64" "/opt/rustwide/target/debug/deps/rustcRei6T0/symbols.o" "<2 object files omitted>" "-Wl,--as-needed" "-Wl,-Bstatic" "/opt/rustwide/target/debug/deps/{libtemper-6714a679de6de35b,libpollster-cd22bb221b89e307,libgetrandom-bb57e69990fa6863,libwgpu-8a3a9a7bd108dfdf,libstatic_assertions-f0217ecdd817a834,libwgpu_core-29f3525779859e24,libwgpu_hal-686f85b5551ec46e,librenderdoc_sys-4abf0efdfe195ac8,libkhronos_egl-48154c5caea1e629,libprofiling-aaf925c122df92f4,libordered_float-eeeae7408980076e,libgpu_descriptor-0d45f30c32e9b475,libhashbrown-efdb59ea1897c465,libfoldhash-07f233db1c671507,libgpu_descriptor_types-b51de680ed664f61,libgpu_alloc-532cf8367713f675,libgpu_alloc_types-918432181e91c67a,libash-53e3d25848ac7fa1,liblibloading-167bed3899b07f7e,libnaga-5500ed9377653eea,librustc_hash-4072dcbc9d7bd172,libhexf_parse-72d4824186d79465,libunicode_ident-e2d52eba11085272,libbit_set-524126e2c4914b79,libbit_vec-5d09c28cf20034b6,libonce_cell-fc0e43b082e4fdfb,libcodespan_reporting-e1837d809ba15707,libunicode_width-c0be3735b741df1b,libindexmap-20279c1c0cffa546,libequivalent-6a754676e6af62ae,libspirv-2d18dbc4e7b920b7,libarrayvec-c7dde542da3995d2,libraw_window_handle-633e2839334924d0,libparking_lot-d927a294cd2a5c84,libparking_lot_core-b584b90d557fa898,liblibc-a24490d9e26425aa,libsmallvec-bf302dd4f103914d,liblock_api-16d46fed645f7bff,libscopeguard-7ec2214574194454,libhashbrown-102cd4d51a8d527b,libfoldhash-3b780c428974a407,libglow-fa9b53f7a747d4e2,libwgpu_types-41d64c9940eb4f8d,libthiserror-b7af5fe2a3f7696f,liblog-f16ce4b64309590f,libbitflags-81c18dd570709ed4,libhalf-4e005c417a8acd49,libcfg_if-83060ec5685761ae,libnum_traits-285c2592372658a5,liblibm-fcdc73388b8e5e3e,libzerocopy-39bda433d3d223f7,libbytemuck-68eea45c907b84e2,librand_core-7e522f941fc58b6a}.rlib" "<sysroot>/lib/rustlib/x86_64-unknown-linux-gnu/lib/{libstd-*,libpanic_unwind-*,libobject-*,libmemchr-*,libaddr2line-*,libgimli-*,libcfg_if-*,librustc_demangle-*,libstd_detect-*,libhashbrown-*,librustc_std_workspace_alloc-*,libminiz_oxide-*,libadler2-*,libunwind-*,liblibc-*,librustc_std_workspace_core-*,liballoc-*,libcore-*,libcompiler_builtins-*}.rlib" "-Wl,-Bdynamic" "-ldl" "-lgcc_s" "-lutil" "-lrt" "-lpthread" "-lm" "-ldl" "-lc" "-L" "/opt/rustwide/target/debug/deps/rustcRei6T0/raw-dylibs" "-B<sysroot>/lib/rustlib/x86_64-unknown-linux-gnu/bin/gcc-ld" "-fuse-ld=lld" "-Wl,--eh-frame-hdr" "-Wl,-z,noexecstack" "-L" "<sysroot>/lib/rustlib/x86_64-unknown-linux-gnu/lib" "-o" "/opt/rustwide/target/debug/deps/classic_benchmark-b3cb193490fc0292" "-Wl,--gc-sections" "-pie" "-Wl,-z,relro,-z,now" "-nodefaultlibs"
[INFO] [stdout]   = note: some arguments are omitted. use `--verbose` to show all linker arguments
[INFO] [stdout]   = note: collect2: fatal error: ld terminated with signal 9 [Killed]
[INFO] [stdout]           compilation terminated.
[INFO] [stdout]           
[INFO] [stdout] 
[INFO] [stdout] 
[INFO] [stderr] error: could not compile `temper` (bin "classic-benchmark") due to 1 previous error
[INFO] [stdout] error: linking with `cc` failed: exit status: 1
[INFO] [stdout]   |
[INFO] [stdout]   = note:  "cc" "-m64" "/opt/rustwide/target/debug/deps/rustcomcDxH/symbols.o" "<2 object files omitted>" "-Wl,--as-needed" "-Wl,-Bstatic" "/opt/rustwide/target/debug/deps/{libtemper-6714a679de6de35b,libpollster-cd22bb221b89e307,libgetrandom-bb57e69990fa6863,libwgpu-8a3a9a7bd108dfdf,libstatic_assertions-f0217ecdd817a834,libwgpu_core-29f3525779859e24,libwgpu_hal-686f85b5551ec46e,librenderdoc_sys-4abf0efdfe195ac8,libkhronos_egl-48154c5caea1e629,libprofiling-aaf925c122df92f4,libordered_float-eeeae7408980076e,libgpu_descriptor-0d45f30c32e9b475,libhashbrown-efdb59ea1897c465,libfoldhash-07f233db1c671507,libgpu_descriptor_types-b51de680ed664f61,libgpu_alloc-532cf8367713f675,libgpu_alloc_types-918432181e91c67a,libash-53e3d25848ac7fa1,liblibloading-167bed3899b07f7e,libnaga-5500ed9377653eea,librustc_hash-4072dcbc9d7bd172,libhexf_parse-72d4824186d79465,libunicode_ident-e2d52eba11085272,libbit_set-524126e2c4914b79,libbit_vec-5d09c28cf20034b6,libonce_cell-fc0e43b082e4fdfb,libcodespan_reporting-e1837d809ba15707,libunicode_width-c0be3735b741df1b,libindexmap-20279c1c0cffa546,libequivalent-6a754676e6af62ae,libspirv-2d18dbc4e7b920b7,libarrayvec-c7dde542da3995d2,libraw_window_handle-633e2839334924d0,libparking_lot-d927a294cd2a5c84,libparking_lot_core-b584b90d557fa898,liblibc-a24490d9e26425aa,libsmallvec-bf302dd4f103914d,liblock_api-16d46fed645f7bff,libscopeguard-7ec2214574194454,libhashbrown-102cd4d51a8d527b,libfoldhash-3b780c428974a407,libglow-fa9b53f7a747d4e2,libwgpu_types-41d64c9940eb4f8d,libthiserror-b7af5fe2a3f7696f,liblog-f16ce4b64309590f,libbitflags-81c18dd570709ed4,libhalf-4e005c417a8acd49,libcfg_if-83060ec5685761ae,libnum_traits-285c2592372658a5,liblibm-fcdc73388b8e5e3e,libzerocopy-39bda433d3d223f7,libbytemuck-68eea45c907b84e2,librand_core-7e522f941fc58b6a}.rlib" "<sysroot>/lib/rustlib/x86_64-unknown-linux-gnu/lib/{libstd-*,libpanic_unwind-*,libobject-*,libmemchr-*,libaddr2line-*,libgimli-*,libcfg_if-*,librustc_demangle-*,libstd_detect-*,libhashbrown-*,librustc_std_workspace_alloc-*,libminiz_oxide-*,libadler2-*,libunwind-*,liblibc-*,librustc_std_workspace_core-*,liballoc-*,libcore-*,libcompiler_builtins-*}.rlib" "-Wl,-Bdynamic" "-ldl" "-lgcc_s" "-lutil" "-lrt" "-lpthread" "-lm" "-ldl" "-lc" "-L" "/opt/rustwide/target/debug/deps/rustcomcDxH/raw-dylibs" "-B<sysroot>/lib/rustlib/x86_64-unknown-linux-gnu/bin/gcc-ld" "-fuse-ld=lld" "-Wl,--eh-frame-hdr" "-Wl,-z,noexecstack" "-L" "<sysroot>/lib/rustlib/x86_64-unknown-linux-gnu/lib" "-o" "/opt/rustwide/target/debug/deps/custom_expr_demo-9b8bdc90688e3175" "-Wl,--gc-sections" "-pie" "-Wl,-z,relro,-z,now" "-nodefaultlibs"
[INFO] [stdout]   = note: some arguments are omitted. use `--verbose` to show all linker arguments
[INFO] [stdout]   = note: collect2: fatal error: ld terminated with signal 9 [Killed]
[INFO] [stdout]           compilation terminated.
[INFO] [stdout]           
[INFO] [stdout] 
[INFO] [stdout] 
[INFO] [stderr] error: could not compile `temper` (bin "custom-expr-demo") due to 1 previous error
[INFO] running `Command { std: "docker" "inspect" "9c9dd5be51d50d00350b85b500461a9408325c05ec1cf586ee474411710502c7", kill_on_drop: false }`
[INFO] running `Command { std: "docker" "rm" "-f" "9c9dd5be51d50d00350b85b500461a9408325c05ec1cf586ee474411710502c7", kill_on_drop: false }`
[INFO] [stdout] 9c9dd5be51d50d00350b85b500461a9408325c05ec1cf586ee474411710502c7
