[INFO] cloning repository https://github.com/inspppfish/my_rs_fc
[INFO] running `Command { std: "git" "-c" "credential.helper=" "-c" "credential.helper=/workspace/cargo-home/bin/git-credential-null" "clone" "--bare" "https://github.com/inspppfish/my_rs_fc" "/workspace/cache/git-repos/https%3A%2F%2Fgithub.com%2Finspppfish%2Fmy_rs_fc", kill_on_drop: false }`
[INFO] [stderr] Cloning into bare repository '/workspace/cache/git-repos/https%3A%2F%2Fgithub.com%2Finspppfish%2Fmy_rs_fc'...
[INFO] running `Command { std: "git" "rev-parse" "HEAD", kill_on_drop: false }`
[INFO] [stdout] 69c93f0c132d20403a8e320eefabb82a76c8cee8
[INFO] testing inspppfish/my_rs_fc against 1.98.0-beta.1 for beta-1.98-2
[INFO] running `Command { std: "git" "clone" "/workspace/cache/git-repos/https%3A%2F%2Fgithub.com%2Finspppfish%2Fmy_rs_fc" "/workspace/builds/worker-6-tc2/source", kill_on_drop: false }`
[INFO] [stderr] Cloning into '/workspace/builds/worker-6-tc2/source'...
[INFO] [stderr] done.
[INFO] removed /workspace/builds/worker-6-tc2/source/.cargo/config.toml
[INFO] started tweaking git repo https://github.com/inspppfish/my_rs_fc
[INFO] finished tweaking git repo https://github.com/inspppfish/my_rs_fc
[INFO] tweaked toml for git repo https://github.com/inspppfish/my_rs_fc written to /workspace/builds/worker-6-tc2/source/Cargo.toml
[INFO] validating manifest of git repo https://github.com/inspppfish/my_rs_fc on toolchain 1.98.0-beta.1
[INFO] running `Command { std: CARGO_HOME="/workspace/cargo-home" RUSTUP_HOME="/workspace/rustup-home" "/workspace/cargo-home/bin/cargo" "+1.98.0-beta.1" "metadata" "--manifest-path" "Cargo.toml" "--no-deps", kill_on_drop: false }`
[INFO] crate git repo https://github.com/inspppfish/my_rs_fc already has a lockfile, it will not be regenerated
[INFO] running `Command { std: CARGO_HOME="/workspace/cargo-home" RUSTUP_HOME="/workspace/rustup-home" "/workspace/cargo-home/bin/cargo" "+1.98.0-beta.1" "fetch" "--manifest-path" "Cargo.toml", kill_on_drop: false }`
[INFO] running `Command { std: "docker" "create" "-v" "/var/lib/crater-agent-workspace/builds/worker-6-tc2/source:/opt/rustwide/workdir:ro,Z" "-v" "/var/lib/crater-agent-workspace/builds/worker-6-tc2/target:/opt/rustwide/target:rw,Z" "-v" "/var/lib/crater-agent-workspace/cargo-home:/opt/rustwide/cargo-home:ro,Z" "-v" "/var/lib/crater-agent-workspace/rustup-home:/opt/rustwide/rustup-home:ro,Z" "-m" "1610612736" "--network" "none" "ghcr.io/rust-lang/crates-build-env/linux@sha256:3d5ced03c013a94a2f102a4510f48a6e9184255caf5fd8244f58017bde7f5210" "sleep" "infinity", kill_on_drop: false }`
[INFO] [stdout] 23fd7c758d16a9d67b731a95f1f71feef310627726ca4a7fdfe658fedc2541cb
[INFO] running `Command { std: "docker" "start" "23fd7c758d16a9d67b731a95f1f71feef310627726ca4a7fdfe658fedc2541cb", kill_on_drop: false }`
[INFO] running `Command { std: "docker" "inspect" "23fd7c758d16a9d67b731a95f1f71feef310627726ca4a7fdfe658fedc2541cb", kill_on_drop: false }`
[INFO] running `Command { std: "docker" "exec" "-e" "SOURCE_DIR=/opt/rustwide/workdir" "-e" "CARGO_HOME=/opt/rustwide/cargo-home" "-e" "RUSTUP_HOME=/opt/rustwide/rustup-home" "-e" "CARGO_TARGET_DIR=/opt/rustwide/target" "-w" "/opt/rustwide/workdir" "--user" "0:0" "23fd7c758d16a9d67b731a95f1f71feef310627726ca4a7fdfe658fedc2541cb" "/opt/rustwide/cargo-home/bin/cargo" "+1.98.0-beta.1" "metadata" "--no-deps" "--format-version=1", kill_on_drop: false }`
[INFO] running `Command { std: "docker" "inspect" "23fd7c758d16a9d67b731a95f1f71feef310627726ca4a7fdfe658fedc2541cb", kill_on_drop: false }`
[INFO] running `Command { std: "docker" "exec" "-e" "SOURCE_DIR=/opt/rustwide/workdir" "-e" "CARGO_HOME=/opt/rustwide/cargo-home" "-e" "RUSTUP_HOME=/opt/rustwide/rustup-home" "-e" "CARGO_TARGET_DIR=/opt/rustwide/target" "-e" "CARGO_INCREMENTAL=0" "-e" "RUST_BACKTRACE=full" "-e" "RUSTFLAGS=--cap-lints=warn" "-e" "RUSTDOCFLAGS=--cap-lints=warn" "-w" "/opt/rustwide/workdir" "--user" "0:0" "23fd7c758d16a9d67b731a95f1f71feef310627726ca4a7fdfe658fedc2541cb" "/opt/rustwide/cargo-home/bin/cargo" "+1.98.0-beta.1" "build" "--frozen" "--message-format=json", kill_on_drop: false }`
[INFO] [stderr]    Compiling proc-macro2 v1.0.40
[INFO] [stderr]    Compiling quote v1.0.20
[INFO] [stderr]    Compiling unicode-ident v1.0.1
[INFO] [stderr]    Compiling syn v1.0.98
[INFO] [stderr]    Compiling semver-parser v0.7.0
[INFO] [stderr]    Compiling cortex-m v0.7.5
[INFO] [stderr]    Compiling nb v1.0.0
[INFO] [stderr]    Compiling void v1.0.2
[INFO] [stderr]    Compiling vcell v0.1.3
[INFO] [stderr]    Compiling semver v1.0.12
[INFO] [stderr]    Compiling defmt v0.3.2
[INFO] [stderr]    Compiling bitfield v0.13.2
[INFO] [stderr]    Compiling paste v1.0.7
[INFO] [stderr]    Compiling defmt-macros v0.3.2
[INFO] [stderr]    Compiling proc-macro-error-attr v1.0.4
[INFO] [stderr]    Compiling proc-macro-error v1.0.4
[INFO] [stderr]    Compiling nb v0.1.3
[INFO] [stderr]    Compiling volatile-register v0.2.1
[INFO] [stderr]    Compiling lock_api v0.4.7
[INFO] [stderr]    Compiling indexmap v1.9.1
[INFO] [stderr]    Compiling embedded-hal v0.2.7
[INFO] [stderr]    Compiling semver v0.9.0
[INFO] [stderr]    Compiling bare-metal v1.0.0
[INFO] [stderr]    Compiling cortex-m-rt v0.7.1
[INFO] [stderr]    Compiling scopeguard v1.1.0
[INFO] [stderr]    Compiling hashbrown v0.12.2
[INFO] [stderr]    Compiling libc v0.2.126
[INFO] [stderr]    Compiling defmt-parser v0.3.1
[INFO] [stderr]    Compiling stable_deref_trait v1.2.0
[INFO] [stderr]    Compiling critical-section v0.2.7
[INFO] [stderr]    Compiling stm32f4 v0.14.0
[INFO] [stderr]    Compiling byteorder v1.4.3
[INFO] [stderr]    Compiling cortex-m-rtic v1.1.3
[INFO] [stderr]    Compiling defmt-rtt v0.3.2
[INFO] [stderr]    Compiling num_threads v0.1.6
[INFO] [stderr]    Compiling panic-probe v0.3.0
[INFO] [stderr]    Compiling libm v0.2.2
[INFO] [stderr]    Compiling hash32 v0.2.1
[INFO] [stderr]    Compiling rtic-monotonic v1.0.0
[INFO] [stderr]    Compiling rustc_version v0.2.3
[INFO] [stderr]    Compiling embedded-dma v0.2.0
[INFO] [stderr]    Compiling embedded-hal v1.0.0-alpha.7
[INFO] [stderr]    Compiling spin v0.9.4
[INFO] [stderr]    Compiling embedded-storage v0.2.0
[INFO] [stderr]    Compiling rtic-core v1.0.0
[INFO] [stderr]    Compiling rand_core v0.6.3
[INFO] [stderr]    Compiling panic-halt v0.2.0
[INFO] [stderr]    Compiling gcd v2.1.0
[INFO] [stderr]    Compiling fugit v0.3.6
[INFO] [stderr]    Compiling bare-metal v0.2.5
[INFO] [stderr]    Compiling rustc_version v0.4.0
[INFO] [stderr]    Compiling time v0.3.11
[INFO] [stderr]    Compiling heapless v0.7.15
[INFO] [stderr]    Compiling fugit-timer v0.1.3
[INFO] [stderr]    Compiling systick-monotonic v1.0.0
[INFO] [stderr]    Compiling rtic-syntax v1.0.2
[INFO] [stderr]    Compiling cortex-m-rt-macros v0.7.0
[INFO] [stderr]    Compiling cortex-m-rtic-macros v1.1.5
[INFO] [stderr]    Compiling stm32f4xx-hal v0.13.2
[INFO] [stderr]    Compiling my_rs_fc v0.1.0 (/opt/rustwide/workdir)
[INFO] [stdout] warning: unused import: `cortex_m::asm::delay`
[INFO] [stdout]  --> src/bmi088_spi.rs:1:5
[INFO] [stdout]   |
[INFO] [stdout] 1 | use cortex_m::asm::delay;
[INFO] [stdout]   |     ^^^^^^^^^^^^^^^^^^^^
[INFO] [stdout]   |
[INFO] [stdout]   = note: `#[warn(unused_imports)]` (part of `#[warn(unused)]`) on by default
[INFO] [stdout] 
[INFO] [stdout] 
[INFO] [stdout] warning: unused import: `defmt::println`
[INFO] [stdout]  --> src/bmi088_spi.rs:2:5
[INFO] [stdout]   |
[INFO] [stdout] 2 | use defmt::println;
[INFO] [stdout]   |     ^^^^^^^^^^^^^^
[INFO] [stdout] 
[INFO] [stdout] 
[INFO] [stdout] warning: unnecessary parentheses around type
[INFO] [stdout]    --> src/bmi088_spi.rs:122:49
[INFO] [stdout]     |
[INFO] [stdout] 122 |     fn init_gyro(&mut self) -> Result<(), Error<(Bmi088ConfError)>> {
[INFO] [stdout]     |                                                 ^               ^
[INFO] [stdout]     |
[INFO] [stdout]     = note: `#[warn(unused_parens)]` (part of `#[warn(unused)]`) on by default
[INFO] [stdout] help: remove these parentheses
[INFO] [stdout]     |
[INFO] [stdout] 122 -     fn init_gyro(&mut self) -> Result<(), Error<(Bmi088ConfError)>> {
[INFO] [stdout] 122 +     fn init_gyro(&mut self) -> Result<(), Error<Bmi088ConfError>> {
[INFO] [stdout]     |
[INFO] [stdout] 
[INFO] [stdout] 
[INFO] [stdout] warning: unused import: `core::f32::consts::PI`
[INFO] [stdout]  --> src/sensor.rs:1:5
[INFO] [stdout]   |
[INFO] [stdout] 1 | use core::f32::consts::PI;
[INFO] [stdout]   |     ^^^^^^^^^^^^^^^^^^^^^
[INFO] [stdout] 
[INFO] [stdout] 
[INFO] [stdout] warning: unused import: `libm::sqrt`
[INFO] [stdout]  --> src/sensor.rs:2:5
[INFO] [stdout]   |
[INFO] [stdout] 2 | use libm::sqrt;
[INFO] [stdout]   |     ^^^^^^^^^^
[INFO] [stdout] 
[INFO] [stdout] 
[INFO] [stdout] warning: unused import: `Alternate`
[INFO] [stdout]  --> src/futaba_sbus.rs:1:27
[INFO] [stdout]   |
[INFO] [stdout] 1 | use stm32f4xx_hal::gpio::{Alternate, Output, Pin, PushPull};
[INFO] [stdout]   |                           ^^^^^^^^^
[INFO] [stdout] 
[INFO] [stdout] 
[INFO] [stdout] warning: unused import: `Serial`
[INFO] [stdout]   --> src/main.rs:24:37
[INFO] [stdout]    |
[INFO] [stdout] 24 |     use stm32f4xx_hal::serial::{Rx, Serial};
[INFO] [stdout]    |                                     ^^^^^^
[INFO] [stdout] 
[INFO] [stdout] 
[INFO] [stdout] warning: unused import: `embedded_hal::digital::v2::OutputPin`
[INFO] [stdout]  --> src/bmi088_spi.rs:5:5
[INFO] [stdout]   |
[INFO] [stdout] 5 | use embedded_hal::digital::v2::OutputPin;
[INFO] [stdout]   |     ^^^^^^^^^^^^^^^^^^^^^^^^^^^^^^^^^^^^
[INFO] [stdout] 
[INFO] [stdout] 
[INFO] [stdout] warning: unused variable: `error`
[INFO] [stdout]    --> src/bmi088_spi.rs:115:24
[INFO] [stdout]     |
[INFO] [stdout] 115 |         for (instruct, error) in acc_conf_data_error {
[INFO] [stdout]     |                        ^^^^^ help: if this is intentional, prefix it with an underscore: `_error`
[INFO] [stdout]     |
[INFO] [stdout]     = note: `#[warn(unused_variables)]` (part of `#[warn(unused)]`) on by default
[INFO] [stdout] 
[INFO] [stdout] 
[INFO] [stdout] warning: unused variable: `error`
[INFO] [stdout]    --> src/bmi088_spi.rs:150:27
[INFO] [stdout]     |
[INFO] [stdout] 150 |         for (instruction, error) in gyro_conf_data_error {
[INFO] [stdout]     |                           ^^^^^ help: if this is intentional, prefix it with an underscore: `_error`
[INFO] [stdout] 
[INFO] [stdout] 
[INFO] [stdout] warning: variable does not need to be mutable
[INFO] [stdout]    --> src/bmi088_spi.rs:199:13
[INFO] [stdout]     |
[INFO] [stdout] 199 |         let mut res = self.spi.transfer(send_msg.as_mut_slice()).unwrap();
[INFO] [stdout]     |             ----^^^
[INFO] [stdout]     |             |
[INFO] [stdout]     |             help: remove this `mut`
[INFO] [stdout]     |
[INFO] [stdout]     = note: `#[warn(unused_mut)]` (part of `#[warn(unused)]`) on by default
[INFO] [stdout] 
[INFO] [stdout] 
[INFO] [stdout] warning: variable does not need to be mutable
[INFO] [stdout]   --> src/main.rs:84:13
[INFO] [stdout]    |
[INFO] [stdout] 84 |         let mut rx:Rx<USART3> = dp.USART3.rx(rx_pin, 100_000.bps(), &clocks).unwrap();
[INFO] [stdout]    |             ----^^
[INFO] [stdout]    |             |
[INFO] [stdout]    |             help: remove this `mut`
[INFO] [stdout] 
[INFO] [stdout] 
[INFO] [stdout] warning: variable does not need to be mutable
[INFO] [stdout]    --> src/main.rs:109:13
[INFO] [stdout]     |
[INFO] [stdout] 109 |         let mut raw_data: [u8; 6] = [0; 6];
[INFO] [stdout]     |             ----^^^^^^^^
[INFO] [stdout]     |             |
[INFO] [stdout]     |             help: remove this `mut`
[INFO] [stdout] 
[INFO] [stdout] 
[INFO] [stdout] warning: unused variable: `raw_data`
[INFO] [stdout]    --> src/main.rs:109:13
[INFO] [stdout]     |
[INFO] [stdout] 109 |         let mut raw_data: [u8; 6] = [0; 6];
[INFO] [stdout]     |             ^^^^^^^^^^^^ help: if this is intentional, prefix it with an underscore: `_raw_data`
[INFO] [stdout] 
[INFO] [stdout] 
[INFO] [stdout] warning: unused variable: `cx`
[INFO] [stdout]    --> src/main.rs:140:20
[INFO] [stdout]     |
[INFO] [stdout] 140 |     fn get_rc_data(cx: get_rc_data::Context) {
[INFO] [stdout]     |                    ^^ help: if this is intentional, prefix it with an underscore: `_cx`
[INFO] [stdout] 
[INFO] [stdout] 
[INFO] [stdout] warning: fields `vcc` and `gnd` are never read
[INFO] [stdout]  --> src/futaba_sbus.rs:7:5
[INFO] [stdout]   |
[INFO] [stdout] 5 | pub struct FutabaSbus {
[INFO] [stdout]   |            ---------- fields in this struct
[INFO] [stdout] 6 |     pub rx: RX,
[INFO] [stdout] 7 |     vcc: VCC,
[INFO] [stdout]   |     ^^^
[INFO] [stdout] 8 |     gnd: GND,
[INFO] [stdout]   |     ^^^
[INFO] [stdout]   |
[INFO] [stdout]   = note: `#[warn(dead_code)]` (part of `#[warn(unused)]`) on by default
[INFO] [stdout] 
[INFO] [stdout] 
[INFO] [stdout] warning: unused `Result` that must be used
[INFO] [stdout]    --> src/main.rs:116:9
[INFO] [stdout]     |
[INFO] [stdout] 116 |         cx.shared.sensor.lock(|sensor|{sensor.attitude_solution(&0.005)});
[INFO] [stdout]     |         ^^^^^^^^^^^^^^^^^^^^^^^^^^^^^^^^^^^^^^^^^^^^^^^^^^^^^^^^^^^^^^^^^
[INFO] [stdout]     |
[INFO] [stdout]     = note: this `Result` may be an `Err` variant, which should be handled
[INFO] [stdout]     = note: `#[warn(unused_must_use)]` (part of `#[warn(unused)]`) on by default
[INFO] [stdout] help: use `let _ = ...` to ignore the resulting value
[INFO] [stdout]     |
[INFO] [stdout] 116 |         let _ = cx.shared.sensor.lock(|sensor|{sensor.attitude_solution(&0.005)});
[INFO] [stdout]     |         +++++++
[INFO] [stdout] 
[INFO] [stdout] 
[INFO] [stdout] error: linking with `cc` failed: exit status: 1
[INFO] [stdout]   |
[INFO] [stdout]   = note:  "cc" "-m64" "/opt/rustwide/target/debug/deps/rustcVEwU6B/symbols.o" "<5 object files omitted>" "-Wl,--as-needed" "-Wl,-Bstatic" "/opt/rustwide/target/debug/deps/{libsystick_monotonic-5feeaa7a0f20079a,librtic-3ab0f8d85bfe588c,libheapless-f42027c9c5690b55,libspin-e7993be5d4d762bb,liblock_api-71cfcf8f8e5dc71c,libscopeguard-e318caba69bf687f,libhash32-f1082b640f14fade,libbyteorder-66cc2296229155f6,librtic_monotonic-472f63dab8e200d5,librtic_core-c5890d6368075552,liblibm-ca0fac03a2117968,libstm32f4xx_hal-30317a1c4eac0e34,libfugit_timer-678358c231ff458e,libtime-859c6ead905030bb,libembedded_storage-efcdf60e3965e0b1,libembedded_dma-cd0f532da225d0e2,libstable_deref_trait-932cd180c9d6b0f0,librand_core-3cb4d2c0f391eab7,libfugit-509a6c20fbf7d9fe,libgcd-051a4cf34e241ac2,libembedded_hal-dcc27d27ea2abe08,libstm32f4-21629ea43eabcbd4,libcortex_m_rt-261718e4c1971bd3,libcortex_m-0ca818ce40d1eaea,libvolatile_register-91e76bc27e8a1aff,libvcell-0eaad7c905f5a0e7,libbare_metal-042e3feb6b03abf6,libembedded_hal-14297a2fff3fd3ff,libvoid-6336667ff9ef9cc5,libnb-ef957bb1701d249b,libnb-33c70c8e0c38e960,libpanic_probe-98096edd335f8c26,libdefmt_rtt-0edfb15d99d8e60b,libcritical_section-31e96c0c309d6275}.rlib" "<sysroot>/lib/rustlib/x86_64-unknown-linux-gnu/lib/{libstd-*,libpanic_unwind-*,libobject-*,libmemchr-*,libaddr2line-*,libgimli-*,libcfg_if-*,librustc_demangle-*,libstd_detect-*,libhashbrown-*,librustc_std_workspace_alloc-*,libminiz_oxide-*,libadler2-*,libunwind-*,liblibc-*,librustc_std_workspace_core-*,liballoc-*}.rlib" "/opt/rustwide/target/debug/deps/{libcfg_if-3e7fc4e38d4a72b5,libbare_metal-ec28712f7544ccce,libdefmt-1dc6728bffb0b9e6,libbitflags-dde12b0d7d495b50}.rlib" "<sysroot>/lib/rustlib/x86_64-unknown-linux-gnu/lib/{libcore-*,libcompiler_builtins-*}.rlib" "-Wl,-Bdynamic" "-lgcc_s" "-lutil" "-lrt" "-lpthread" "-lm" "-ldl" "-lc" "-L" "/opt/rustwide/target/debug/deps/rustcVEwU6B/raw-dylibs" "-B<sysroot>/lib/rustlib/x86_64-unknown-linux-gnu/bin/gcc-ld" "-fuse-ld=lld" "-Wl,--eh-frame-hdr" "-Wl,-z,noexecstack" "-L" "/opt/rustwide/target/debug/build/cortex-m-rt-ee75e553004bc164/out" "-L" "/opt/rustwide/target/debug/build/defmt-feaebc10eaf6ce48/out" "-L" "/opt/rustwide/target/debug/build/stm32f4-f4aa0ec39b47d807/out" "-L" "<sysroot>/lib/rustlib/x86_64-unknown-linux-gnu/lib" "-o" "/opt/rustwide/target/debug/deps/my_rs_fc-e76cfc2b8f75f36e" "-Wl,--gc-sections" "-pie" "-Wl,-z,relro,-z,now" "-nodefaultlibs"
[INFO] [stdout]   = note: some arguments are omitted. use `--verbose` to show all linker arguments
[INFO] [stdout]   = note: rust-lld: error: undefined symbol: _defmt_panic
[INFO] [stdout]           >>> referenced by mod.rs:133 (/opt/rustwide/cargo-home/registry/src/index.crates.io-1949cf8c6b5b557f/defmt-0.3.2/src/export/mod.rs:133)
[INFO] [stdout]           >>>               /opt/rustwide/target/debug/deps/my_rs_fc-e76cfc2b8f75f36e.my_rs_fc.e9c5f67d30ba3568-cgu.0.rcgu.o:(<my_rs_fc::bmi088_spi::Bmi088>::init_acc)
[INFO] [stdout]           >>> referenced by mod.rs:133 (/opt/rustwide/cargo-home/registry/src/index.crates.io-1949cf8c6b5b557f/defmt-0.3.2/src/export/mod.rs:133)
[INFO] [stdout]           >>>               /opt/rustwide/target/debug/deps/my_rs_fc-e76cfc2b8f75f36e.my_rs_fc.e9c5f67d30ba3568-cgu.0.rcgu.o:(<my_rs_fc::bmi088_spi::Bmi088>::init_gyro)
[INFO] [stdout]           
[INFO] [stdout]           rust-lld: error: undefined symbol: __dsb
[INFO] [stdout]           >>> referenced by call_asm.rs:19 (/opt/rustwide/cargo-home/registry/src/index.crates.io-1949cf8c6b5b557f/cortex-m-0.7.5/src/call_asm.rs:19)
[INFO] [stdout]           >>>               /opt/rustwide/target/debug/deps/my_rs_fc-e76cfc2b8f75f36e.my_rs_fc.e9c5f67d30ba3568-cgu.1.rcgu.o:(cortex_m::asm::dsb)
[INFO] [stdout]           >>> referenced by call_asm.rs:19 (/opt/rustwide/cargo-home/registry/src/index.crates.io-1949cf8c6b5b557f/cortex-m-0.7.5/src/call_asm.rs:19)
[INFO] [stdout]           >>>               stm32f4xx_hal-30317a1c4eac0e34.stm32f4xx_hal.e537aa1a2aac17be-cgu.3.rcgu.o:(cortex_m::asm::dsb) in archive /opt/rustwide/target/debug/deps/libstm32f4xx_hal-30317a1c4eac0e34.rlib
[INFO] [stdout]           
[INFO] [stdout]           rust-lld: error: undefined symbol: __nop
[INFO] [stdout]           >>> referenced by call_asm.rs:19 (/opt/rustwide/cargo-home/registry/src/index.crates.io-1949cf8c6b5b557f/cortex-m-0.7.5/src/call_asm.rs:19)
[INFO] [stdout]           >>>               /opt/rustwide/target/debug/deps/my_rs_fc-e76cfc2b8f75f36e.my_rs_fc.e9c5f67d30ba3568-cgu.1.rcgu.o:(cortex_m::asm::nop)
[INFO] [stdout]           
[INFO] [stdout]           rust-lld: error: undefined symbol: __primask_r
[INFO] [stdout]           >>> referenced by call_asm.rs:19 (/opt/rustwide/cargo-home/registry/src/index.crates.io-1949cf8c6b5b557f/cortex-m-0.7.5/src/call_asm.rs:19)
[INFO] [stdout]           >>>               /opt/rustwide/target/debug/deps/my_rs_fc-e76cfc2b8f75f36e.my_rs_fc.e9c5f67d30ba3568-cgu.1.rcgu.o:(cortex_m::register::primask::read)
[INFO] [stdout]           
[INFO] [stdout]           rust-lld: error: undefined symbol: __cpsie
[INFO] [stdout]           >>> referenced by call_asm.rs:19 (/opt/rustwide/cargo-home/registry/src/index.crates.io-1949cf8c6b5b557f/cortex-m-0.7.5/src/call_asm.rs:19)
[INFO] [stdout]           >>>               /opt/rustwide/target/debug/deps/my_rs_fc-e76cfc2b8f75f36e.my_rs_fc.e9c5f67d30ba3568-cgu.2.rcgu.o:(cortex_m::interrupt::enable)
[INFO] [stdout]           
[INFO] [stdout]           rust-lld: error: undefined symbol: __cpsid
[INFO] [stdout]           >>> referenced by call_asm.rs:19 (/opt/rustwide/cargo-home/registry/src/index.crates.io-1949cf8c6b5b557f/cortex-m-0.7.5/src/call_asm.rs:19)
[INFO] [stdout]           >>>               /opt/rustwide/target/debug/deps/my_rs_fc-e76cfc2b8f75f36e.my_rs_fc.e9c5f67d30ba3568-cgu.2.rcgu.o:(cortex_m::interrupt::disable)
[INFO] [stdout]           
[INFO] [stdout]           rust-lld: error: undefined symbol: __delay
[INFO] [stdout]           >>> referenced by call_asm.rs:19 (/opt/rustwide/cargo-home/registry/src/index.crates.io-1949cf8c6b5b557f/cortex-m-0.7.5/src/call_asm.rs:19)
[INFO] [stdout]           >>>               stm32f4xx_hal-30317a1c4eac0e34.stm32f4xx_hal.e537aa1a2aac17be-cgu.3.rcgu.o:(cortex_m::asm::delay) in archive /opt/rustwide/target/debug/deps/libstm32f4xx_hal-30317a1c4eac0e34.rlib
[INFO] [stdout]           
[INFO] [stdout]           rust-lld: error: undefined symbol: _defmt_timestamp
[INFO] [stdout]           >>> referenced by mod.rs:98 (src/export/mod.rs:98)
[INFO] [stdout]           >>>               defmt-1dc6728bffb0b9e6.defmt.edb4dfa8edbca3c0-cgu.0.rcgu.o:(defmt::export::header) in archive /opt/rustwide/target/debug/deps/libdefmt-1dc6728bffb0b9e6.rlib
[INFO] [stdout]           collect2: error: ld returned 1 exit status
[INFO] [stdout]           
[INFO] [stdout] 
[INFO] [stdout] 
[INFO] [stderr] error: could not compile `my_rs_fc` (bin "my_rs_fc") due to 1 previous error; 17 warnings emitted
[INFO] running `Command { std: "docker" "inspect" "23fd7c758d16a9d67b731a95f1f71feef310627726ca4a7fdfe658fedc2541cb", kill_on_drop: false }`
[INFO] running `Command { std: "docker" "rm" "-f" "23fd7c758d16a9d67b731a95f1f71feef310627726ca4a7fdfe658fedc2541cb", kill_on_drop: false }`
[INFO] [stdout] 23fd7c758d16a9d67b731a95f1f71feef310627726ca4a7fdfe658fedc2541cb
