[INFO] cloning repository https://github.com/inscribio/winusb-installer
[INFO] running `Command { std: "git" "-c" "credential.helper=" "-c" "credential.helper=/workspace/cargo-home/bin/git-credential-null" "clone" "--bare" "https://github.com/inscribio/winusb-installer" "/workspace/cache/git-repos/https%3A%2F%2Fgithub.com%2Finscribio%2Fwinusb-installer", kill_on_drop: false }`
[INFO] [stderr] Cloning into bare repository '/workspace/cache/git-repos/https%3A%2F%2Fgithub.com%2Finscribio%2Fwinusb-installer'...
[INFO] running `Command { std: "git" "rev-parse" "HEAD", kill_on_drop: false }`
[INFO] [stdout] 01675283d26304115d4d78d2e09c7b7883c13a6c
[INFO] testing inscribio/winusb-installer against 1.97.0-beta.6 for beta-1.98-2
[INFO] running `Command { std: "git" "clone" "/workspace/cache/git-repos/https%3A%2F%2Fgithub.com%2Finscribio%2Fwinusb-installer" "/workspace/builds/worker-7-tc1/source", kill_on_drop: false }`
[INFO] [stderr] Cloning into '/workspace/builds/worker-7-tc1/source'...
[INFO] [stderr] done.
[INFO] started tweaking git repo https://github.com/inscribio/winusb-installer
[INFO] finished tweaking git repo https://github.com/inscribio/winusb-installer
[INFO] tweaked toml for git repo https://github.com/inscribio/winusb-installer written to /workspace/builds/worker-7-tc1/source/Cargo.toml
[INFO] validating manifest of git repo https://github.com/inscribio/winusb-installer on toolchain 1.97.0-beta.6
[INFO] running `Command { std: CARGO_HOME="/workspace/cargo-home" RUSTUP_HOME="/workspace/rustup-home" "/workspace/cargo-home/bin/cargo" "+1.97.0-beta.6" "metadata" "--manifest-path" "Cargo.toml" "--no-deps", kill_on_drop: false }`
[INFO] crate git repo https://github.com/inscribio/winusb-installer already has a lockfile, it will not be regenerated
[INFO] running `Command { std: CARGO_HOME="/workspace/cargo-home" RUSTUP_HOME="/workspace/rustup-home" "/workspace/cargo-home/bin/cargo" "+1.97.0-beta.6" "fetch" "--manifest-path" "Cargo.toml", kill_on_drop: false }`
[INFO] [stderr]     Updating git repository `https://github.com/jedrzejboczar/libwdi-rs`
[INFO] [stderr]     Updating git submodule `https://github.com/jedrzejboczar/libwdi.git`
[INFO] [stderr]     Updating crates.io index
[INFO] [stderr]  Downloading crates ...
[INFO] [stderr]   Downloaded tokio-macros v2.0.0
[INFO] [stderr]   Downloaded quote v1.0.26
[INFO] [stderr]   Downloaded tokio-util v0.7.7
[INFO] [stderr]   Downloaded thiserror-impl v1.0.40
[INFO] [stderr]   Downloaded errno v0.3.0
[INFO] [stderr]   Downloaded windows-targets v0.48.0
[INFO] [stderr]   Downloaded is-terminal v0.4.6
[INFO] [stderr]   Downloaded which v4.4.0
[INFO] [stderr]   Downloaded tokio-serde v0.8.0
[INFO] [stderr]   Downloaded enum-ordinalize v3.1.12
[INFO] [stderr]   Downloaded semver v1.0.17
[INFO] [stderr]   Downloaded thiserror v1.0.40
[INFO] [stderr]   Downloaded proc-macro2 v1.0.56
[INFO] [stderr]   Downloaded educe v0.4.20
[INFO] [stderr]   Downloaded serde_derive v1.0.159
[INFO] [stderr]   Downloaded serde v1.0.159
[INFO] [stderr]   Downloaded io-lifetimes v1.0.10
[INFO] [stderr]   Downloaded syn v2.0.13
[INFO] [stderr]   Downloaded bindgen v0.64.0
[INFO] [stderr]   Downloaded regex v1.7.3
[INFO] [stderr]   Downloaded rustix v0.37.7
[INFO] [stderr]   Downloaded tokio v1.27.0
[INFO] [stderr]   Downloaded linux-raw-sys v0.3.1
[INFO] running `Command { std: "docker" "create" "-v" "/var/lib/crater-agent-workspace/builds/worker-7-tc1/source:/opt/rustwide/workdir:ro,Z" "-v" "/var/lib/crater-agent-workspace/builds/worker-7-tc1/target:/opt/rustwide/target:rw,Z" "-v" "/var/lib/crater-agent-workspace/cargo-home:/opt/rustwide/cargo-home:ro,Z" "-v" "/var/lib/crater-agent-workspace/rustup-home:/opt/rustwide/rustup-home:ro,Z" "-m" "1610612736" "--network" "none" "ghcr.io/rust-lang/crates-build-env/linux@sha256:3d5ced03c013a94a2f102a4510f48a6e9184255caf5fd8244f58017bde7f5210" "sleep" "infinity", kill_on_drop: false }`
[INFO] [stdout] 3afbb63adbd554b6d980f8ff54459fda5079bb2d062b8f01c0a4a737331929d2
[INFO] running `Command { std: "docker" "start" "3afbb63adbd554b6d980f8ff54459fda5079bb2d062b8f01c0a4a737331929d2", kill_on_drop: false }`
[INFO] running `Command { std: "docker" "inspect" "3afbb63adbd554b6d980f8ff54459fda5079bb2d062b8f01c0a4a737331929d2", kill_on_drop: false }`
[INFO] running `Command { std: "docker" "exec" "-e" "SOURCE_DIR=/opt/rustwide/workdir" "-e" "CARGO_HOME=/opt/rustwide/cargo-home" "-e" "RUSTUP_HOME=/opt/rustwide/rustup-home" "-e" "CARGO_TARGET_DIR=/opt/rustwide/target" "-w" "/opt/rustwide/workdir" "--user" "0:0" "3afbb63adbd554b6d980f8ff54459fda5079bb2d062b8f01c0a4a737331929d2" "/opt/rustwide/cargo-home/bin/cargo" "+1.97.0-beta.6" "metadata" "--no-deps" "--format-version=1", kill_on_drop: false }`
[INFO] running `Command { std: "docker" "inspect" "3afbb63adbd554b6d980f8ff54459fda5079bb2d062b8f01c0a4a737331929d2", kill_on_drop: false }`
[INFO] running `Command { std: "docker" "exec" "-e" "SOURCE_DIR=/opt/rustwide/workdir" "-e" "CARGO_HOME=/opt/rustwide/cargo-home" "-e" "RUSTUP_HOME=/opt/rustwide/rustup-home" "-e" "CARGO_TARGET_DIR=/opt/rustwide/target" "-e" "CARGO_INCREMENTAL=0" "-e" "RUST_BACKTRACE=full" "-e" "RUSTFLAGS=--cap-lints=warn" "-e" "RUSTDOCFLAGS=--cap-lints=warn" "-w" "/opt/rustwide/workdir" "--user" "0:0" "3afbb63adbd554b6d980f8ff54459fda5079bb2d062b8f01c0a4a737331929d2" "/opt/rustwide/cargo-home/bin/cargo" "+1.97.0-beta.6" "build" "--frozen" "--message-format=json", kill_on_drop: false }`
[INFO] [stderr]    Compiling proc-macro2 v1.0.56
[INFO] [stderr]    Compiling unicode-ident v1.0.8
[INFO] [stderr]    Compiling quote v1.0.26
[INFO] [stderr]    Compiling syn v1.0.109
[INFO] [stderr]    Compiling libc v0.2.153
[INFO] [stderr]    Compiling memchr v2.5.0
[INFO] [stderr]    Compiling log v0.4.17
[INFO] [stderr]    Compiling clang-sys v1.6.1
[INFO] [stderr]    Compiling num-traits v0.2.15
[INFO] [stderr]    Compiling num-integer v0.1.45
[INFO] [stderr]    Compiling libloading v0.7.4
[INFO] [stderr]    Compiling pin-project-lite v0.2.9
[INFO] [stderr]    Compiling regex-syntax v0.6.29
[INFO] [stderr]    Compiling either v1.8.1
[INFO] [stderr]    Compiling bindgen v0.64.0
[INFO] [stderr]    Compiling num-bigint v0.4.3
[INFO] [stderr]    Compiling lazycell v1.3.0
[INFO] [stderr]    Compiling futures-channel v0.3.28
[INFO] [stderr]    Compiling peeking_take_while v0.1.2
[INFO] [stderr]    Compiling serde_derive v1.0.159
[INFO] [stderr]    Compiling io-lifetimes v1.0.10
[INFO] [stderr]    Compiling shlex v1.1.0
[INFO] [stderr]    Compiling rustix v0.37.7
[INFO] [stderr]    Compiling futures-util v0.3.28
[INFO] [stderr]    Compiling serde v1.0.159
[INFO] [stderr]    Compiling tokio v1.27.0
[INFO] [stderr]    Compiling once_cell v1.17.1
[INFO] [stderr]    Compiling thiserror v1.0.40
[INFO] [stderr]    Compiling bytes v1.4.0
[INFO] [stderr]    Compiling linux-raw-sys v0.3.1
[INFO] [stderr]    Compiling aho-corasick v0.7.20
[INFO] [stderr]    Compiling which v4.4.0
[INFO] [stderr]    Compiling tracing-core v0.1.30
[INFO] [stderr]    Compiling windows-targets v0.42.2
[INFO] [stderr]    Compiling nom v7.1.3
[INFO] [stderr]    Compiling windows v0.46.0
[INFO] [stderr]    Compiling syn v2.0.13
[INFO] [stderr]    Compiling tracing v0.1.37
[INFO] [stderr]    Compiling regex v1.7.3
[INFO] [stderr]    Compiling mio v0.8.11
[INFO] [stderr]    Compiling signal-hook-registry v1.4.1
[INFO] [stderr]    Compiling socket2 v0.4.9
[INFO] [stderr]    Compiling cexpr v0.6.0
[INFO] [stderr]    Compiling is-terminal v0.4.6
[INFO] [stderr]    Compiling env_logger v0.10.0
[INFO] [stderr]    Compiling futures-macro v0.3.28
[INFO] [stderr]    Compiling tokio-macros v2.0.0
[INFO] [stderr]    Compiling thiserror-impl v1.0.40
[INFO] [stderr]    Compiling enum-ordinalize v3.1.12
[INFO] [stderr]    Compiling pin-project-internal v1.0.12
[INFO] [stderr]    Compiling educe v0.4.20
[INFO] [stderr]    Compiling pin-project v1.0.12
[INFO] [stderr]    Compiling futures-executor v0.3.28
[INFO] [stderr]    Compiling futures v0.3.28
[INFO] [stderr]    Compiling tokio-util v0.7.7
[INFO] [stderr]    Compiling bincode v1.3.3
[INFO] [stderr]    Compiling tokio-serde v0.8.0
[INFO] [stderr]    Compiling libwdi-sys v0.1.2 (https://github.com/jedrzejboczar/libwdi-rs?tag=v0.1.2#3620e82b)
[INFO] [stderr] error: failed to run custom build command for `libwdi-sys v0.1.2 (https://github.com/jedrzejboczar/libwdi-rs?tag=v0.1.2#3620e82b)`
[INFO] [stderr] note: To improve backtraces for build dependencies, set the CARGO_PROFILE_DEV_BUILD_OVERRIDE_DEBUG=true environment variable to enable debug information generation.
[INFO] [stderr] 
[INFO] [stderr] Caused by:
[INFO] [stderr]   process didn't exit successfully: `/opt/rustwide/target/debug/build/libwdi-sys-7913698ed08de12d/build-script-build` (exit status: 101)
[INFO] [stderr]   --- stderr
[INFO] [stderr]   /opt/rustwide/cargo-home/git/checkouts/libwdi-rs-d88d26e60063da4e/3620e82/libwdi-sys/libwdi/libwdi/libwdi.h:21:10: fatal error: 'windows.h' file not found
[INFO] [stderr] 
[INFO] [stderr]   thread 'main' (1647) panicked at /opt/rustwide/cargo-home/git/checkouts/libwdi-rs-d88d26e60063da4e/3620e82/libwdi-sys/build.rs:20:10:
[INFO] [stderr]   Unable to generate libwdi bindings: ClangDiagnostic("/opt/rustwide/cargo-home/git/checkouts/libwdi-rs-d88d26e60063da4e/3620e82/libwdi-sys/libwdi/libwdi/libwdi.h:21:10: fatal error: 'windows.h' file not found\n")
[INFO] [stderr]   stack backtrace:
[INFO] [stderr]      0:     0x5b02a8095268 - std[10d71ac2c42b111e]::backtrace_rs::backtrace::libunwind::trace
[INFO] [stderr]                                  at /rustc/b2282dd5646a57d570fc86fbe8df0e8826665ef6/library/std/src/../../backtrace/src/backtrace/libunwind.rs:117:9
[INFO] [stderr]      1:     0x5b02a8095268 - std[10d71ac2c42b111e]::backtrace_rs::backtrace::trace_unsynchronized::<std[10d71ac2c42b111e]::sys::backtrace::_print_fmt::{closure#1}>
[INFO] [stderr]                                  at /rustc/b2282dd5646a57d570fc86fbe8df0e8826665ef6/library/std/src/../../backtrace/src/backtrace/mod.rs:66:14
[INFO] [stderr]      2:     0x5b02a8095268 - std[10d71ac2c42b111e]::sys::backtrace::_print_fmt
[INFO] [stderr]                                  at /rustc/b2282dd5646a57d570fc86fbe8df0e8826665ef6/library/std/src/sys/backtrace.rs:74:9
[INFO] [stderr]      3:     0x5b02a8095268 - <<std[10d71ac2c42b111e]::sys::backtrace::BacktraceLock>::print::DisplayBacktrace as core[8fb95b77d25ab6c8]::fmt::Display>::fmt
[INFO] [stderr]                                  at /rustc/b2282dd5646a57d570fc86fbe8df0e8826665ef6/library/std/src/sys/backtrace.rs:44:26
[INFO] [stderr]      4:     0x5b02a80abcfa - <core[8fb95b77d25ab6c8]::fmt::rt::Argument>::fmt
[INFO] [stderr]                                  at /rustc/b2282dd5646a57d570fc86fbe8df0e8826665ef6/library/core/src/fmt/rt.rs:152:76
[INFO] [stderr]      5:     0x5b02a80abcfa - core[8fb95b77d25ab6c8]::fmt::write
[INFO] [stderr]      6:     0x5b02a809b412 - std[10d71ac2c42b111e]::io::default_write_fmt::<std[10d71ac2c42b111e]::sys::stdio::unix::Stderr>
[INFO] [stderr]                                  at /rustc/b2282dd5646a57d570fc86fbe8df0e8826665ef6/library/std/src/io/mod.rs:622:11
[INFO] [stderr]      7:     0x5b02a809b412 - <std[10d71ac2c42b111e]::sys::stdio::unix::Stderr as std[10d71ac2c42b111e]::io::Write>::write_fmt
[INFO] [stderr]                                  at /rustc/b2282dd5646a57d570fc86fbe8df0e8826665ef6/library/std/src/io/mod.rs:1977:13
[INFO] [stderr]      8:     0x5b02a8077446 - <std[10d71ac2c42b111e]::sys::backtrace::BacktraceLock>::print
[INFO] [stderr]                                  at /rustc/b2282dd5646a57d570fc86fbe8df0e8826665ef6/library/std/src/sys/backtrace.rs:47:9
[INFO] [stderr]      9:     0x5b02a8077446 - std[10d71ac2c42b111e]::panicking::default_hook::{closure#0}
[INFO] [stderr]                                  at /rustc/b2282dd5646a57d570fc86fbe8df0e8826665ef6/library/std/src/panicking.rs:292:27
[INFO] [stderr]     10:     0x5b02a808fa71 - std[10d71ac2c42b111e]::panicking::default_hook
[INFO] [stderr]                                  at /rustc/b2282dd5646a57d570fc86fbe8df0e8826665ef6/library/std/src/panicking.rs:319:9
[INFO] [stderr]     11:     0x5b02a808fceb - std[10d71ac2c42b111e]::panicking::panic_with_hook
[INFO] [stderr]                                  at /rustc/b2282dd5646a57d570fc86fbe8df0e8826665ef6/library/std/src/panicking.rs:825:13
[INFO] [stderr]     12:     0x5b02a8077502 - std[10d71ac2c42b111e]::panicking::panic_handler::{closure#0}
[INFO] [stderr]                                  at /rustc/b2282dd5646a57d570fc86fbe8df0e8826665ef6/library/std/src/panicking.rs:698:13
[INFO] [stderr]     13:     0x5b02a806c559 - std[10d71ac2c42b111e]::sys::backtrace::__rust_end_short_backtrace::<std[10d71ac2c42b111e]::panicking::panic_handler::{closure#0}, !>
[INFO] [stderr]                                  at /rustc/b2282dd5646a57d570fc86fbe8df0e8826665ef6/library/std/src/sys/backtrace.rs:182:18
[INFO] [stderr]     14:     0x5b02a8077e6d - __rustc[3be9ba60078d4c86]::rust_begin_unwind
[INFO] [stderr]                                  at /rustc/b2282dd5646a57d570fc86fbe8df0e8826665ef6/library/std/src/panicking.rs:689:5
[INFO] [stderr]     15:     0x5b02a80ac53c - core[8fb95b77d25ab6c8]::panicking::panic_fmt
[INFO] [stderr]                                  at /rustc/b2282dd5646a57d570fc86fbe8df0e8826665ef6/library/core/src/panicking.rs:80:14
[INFO] [stderr]     16:     0x5b02a80ac2b2 - core[8fb95b77d25ab6c8]::result::unwrap_failed
[INFO] [stderr]                                  at /rustc/b2282dd5646a57d570fc86fbe8df0e8826665ef6/library/core/src/result.rs:1867:5
[INFO] [stderr]     17:     0x5b02a7c10a8b - <core[8fb95b77d25ab6c8]::result::Result<bindgen[4fc1b2cd35ef377a]::Bindings, bindgen[4fc1b2cd35ef377a]::BindgenError>>::expect
[INFO] [stderr]     18:     0x5b02a7c10626 - build_script_build[b7a04cffc6a26730]::generate_ffi_bindings
[INFO] [stderr]     19:     0x5b02a7c10896 - build_script_build[b7a04cffc6a26730]::main
[INFO] [stderr]     20:     0x5b02a7c12393 - <fn() as core[8fb95b77d25ab6c8]::ops::function::FnOnce<()>>::call_once
[INFO] [stderr]     21:     0x5b02a7c0f1f6 - std[10d71ac2c42b111e]::sys::backtrace::__rust_begin_short_backtrace::<fn(), ()>
[INFO] [stderr]     22:     0x5b02a7c0f209 - std[10d71ac2c42b111e]::rt::lang_start::<()>::{closure#0}
[INFO] [stderr]     23:     0x5b02a808eb47 - <&dyn core[8fb95b77d25ab6c8]::ops::function::Fn<(), Output = i32> + core[8fb95b77d25ab6c8]::panic::unwind_safe::RefUnwindSafe + core[8fb95b77d25ab6c8]::marker::Sync as core[8fb95b77d25ab6c8]::ops::function::FnOnce<()>>::call_once
[INFO] [stderr]                                  at /rustc/b2282dd5646a57d570fc86fbe8df0e8826665ef6/library/core/src/ops/function.rs:287:21
[INFO] [stderr]     24:     0x5b02a808eb47 - std[10d71ac2c42b111e]::panicking::catch_unwind::do_call::<&dyn core[8fb95b77d25ab6c8]::ops::function::Fn<(), Output = i32> + core[8fb95b77d25ab6c8]::panic::unwind_safe::RefUnwindSafe + core[8fb95b77d25ab6c8]::marker::Sync, i32>
[INFO] [stderr]                                  at /rustc/b2282dd5646a57d570fc86fbe8df0e8826665ef6/library/std/src/panicking.rs:581:40
[INFO] [stderr]     25:     0x5b02a808eb47 - std[10d71ac2c42b111e]::panicking::catch_unwind::<i32, &dyn core[8fb95b77d25ab6c8]::ops::function::Fn<(), Output = i32> + core[8fb95b77d25ab6c8]::panic::unwind_safe::RefUnwindSafe + core[8fb95b77d25ab6c8]::marker::Sync>
[INFO] [stderr]                                  at /rustc/b2282dd5646a57d570fc86fbe8df0e8826665ef6/library/std/src/panicking.rs:544:19
[INFO] [stderr]     26:     0x5b02a808eb47 - std[10d71ac2c42b111e]::panic::catch_unwind::<&dyn core[8fb95b77d25ab6c8]::ops::function::Fn<(), Output = i32> + core[8fb95b77d25ab6c8]::panic::unwind_safe::RefUnwindSafe + core[8fb95b77d25ab6c8]::marker::Sync, i32>
[INFO] [stderr]                                  at /rustc/b2282dd5646a57d570fc86fbe8df0e8826665ef6/library/std/src/panic.rs:359:14
[INFO] [stderr]     27:     0x5b02a808eb47 - std[10d71ac2c42b111e]::rt::lang_start_internal::{closure#0}
[INFO] [stderr]                                  at /rustc/b2282dd5646a57d570fc86fbe8df0e8826665ef6/library/std/src/rt.rs:175:24
[INFO] [stderr]     28:     0x5b02a808eb47 - std[10d71ac2c42b111e]::panicking::catch_unwind::do_call::<std[10d71ac2c42b111e]::rt::lang_start_internal::{closure#0}, isize>
[INFO] [stderr]                                  at /rustc/b2282dd5646a57d570fc86fbe8df0e8826665ef6/library/std/src/panicking.rs:581:40
[INFO] [stderr]     29:     0x5b02a808eb47 - std[10d71ac2c42b111e]::panicking::catch_unwind::<isize, std[10d71ac2c42b111e]::rt::lang_start_internal::{closure#0}>
[INFO] [stderr]                                  at /rustc/b2282dd5646a57d570fc86fbe8df0e8826665ef6/library/std/src/panicking.rs:544:19
[INFO] [stderr]     30:     0x5b02a808eb47 - std[10d71ac2c42b111e]::panic::catch_unwind::<std[10d71ac2c42b111e]::rt::lang_start_internal::{closure#0}, isize>
[INFO] [stderr]                                  at /rustc/b2282dd5646a57d570fc86fbe8df0e8826665ef6/library/std/src/panic.rs:359:14
[INFO] [stderr]     31:     0x5b02a808eb47 - std[10d71ac2c42b111e]::rt::lang_start_internal
[INFO] [stderr]                                  at /rustc/b2282dd5646a57d570fc86fbe8df0e8826665ef6/library/std/src/rt.rs:171:5
[INFO] [stderr]     32:     0x5b02a7c0eff1 - std[10d71ac2c42b111e]::rt::lang_start::<()>
[INFO] [stderr]     33:     0x5b02a7c12755 - main
[INFO] [stderr]     34:     0x7115f24091ca - <unknown>
[INFO] [stderr]     35:     0x7115f240928b - __libc_start_main
[INFO] [stderr]     36:     0x5b02a7c0dda5 - _start
[INFO] [stderr]     37:                0x0 - <unknown>
[INFO] [stderr] warning: build failed, waiting for other jobs to finish...
[INFO] running `Command { std: "docker" "inspect" "3afbb63adbd554b6d980f8ff54459fda5079bb2d062b8f01c0a4a737331929d2", kill_on_drop: false }`
[INFO] running `Command { std: "docker" "rm" "-f" "3afbb63adbd554b6d980f8ff54459fda5079bb2d062b8f01c0a4a737331929d2", kill_on_drop: false }`
[INFO] [stdout] 3afbb63adbd554b6d980f8ff54459fda5079bb2d062b8f01c0a4a737331929d2
