[INFO] cloning repository https://github.com/insanitybit/sqs-service-helper
[INFO] running `Command { std: "git" "-c" "credential.helper=" "-c" "credential.helper=/workspace/cargo-home/bin/git-credential-null" "clone" "--bare" "https://github.com/insanitybit/sqs-service-helper" "/workspace/cache/git-repos/https%3A%2F%2Fgithub.com%2Finsanitybit%2Fsqs-service-helper", kill_on_drop: false }`
[INFO] [stderr] Cloning into bare repository '/workspace/cache/git-repos/https%3A%2F%2Fgithub.com%2Finsanitybit%2Fsqs-service-helper'...
[INFO] running `Command { std: "git" "rev-parse" "HEAD", kill_on_drop: false }`
[INFO] [stdout] 3bc360afc61eb38cdc495eddaf073cc108b64d84
[INFO] testing insanitybit/sqs-service-helper against 1.97.0-beta.6 for beta-1.98-2
[INFO] running `Command { std: "git" "clone" "/workspace/cache/git-repos/https%3A%2F%2Fgithub.com%2Finsanitybit%2Fsqs-service-helper" "/workspace/builds/worker-7-tc1/source", kill_on_drop: false }`
[INFO] [stderr] Cloning into '/workspace/builds/worker-7-tc1/source'...
[INFO] [stderr] done.
[INFO] started tweaking git repo https://github.com/insanitybit/sqs-service-helper
[INFO] finished tweaking git repo https://github.com/insanitybit/sqs-service-helper
[INFO] tweaked toml for git repo https://github.com/insanitybit/sqs-service-helper written to /workspace/builds/worker-7-tc1/source/Cargo.toml
[INFO] validating manifest of git repo https://github.com/insanitybit/sqs-service-helper on toolchain 1.97.0-beta.6
[INFO] running `Command { std: CARGO_HOME="/workspace/cargo-home" RUSTUP_HOME="/workspace/rustup-home" "/workspace/cargo-home/bin/cargo" "+1.97.0-beta.6" "metadata" "--manifest-path" "Cargo.toml" "--no-deps", kill_on_drop: false }`
[INFO] crate git repo https://github.com/insanitybit/sqs-service-helper already has a lockfile, it will not be regenerated
[INFO] running `Command { std: CARGO_HOME="/workspace/cargo-home" RUSTUP_HOME="/workspace/rustup-home" "/workspace/cargo-home/bin/cargo" "+1.97.0-beta.6" "fetch" "--manifest-path" "Cargo.toml", kill_on_drop: false }`
[INFO] [stderr] warning: `package.edition` is unspecified, defaulting to `2015` while the latest is `2024`
[INFO] [stderr]     Updating crates.io index
[INFO] [stderr]  Downloading crates ...
[INFO] [stderr]   Downloaded lazy_static v0.2.8
[INFO] [stderr]   Downloaded xorshift v0.1.3
[INFO] [stderr]   Downloaded two-lock-queue v0.1.0
[INFO] [stderr]   Downloaded rand v0.3.15
[INFO] [stderr]   Downloaded cfg-if v0.1.2
[INFO] [stderr]   Downloaded thread_local v0.3.4
[INFO] [stderr]   Downloaded slog-term v2.0.2
[INFO] [stderr]   Downloaded redox_syscall v0.1.26
[INFO] [stderr]   Downloaded threadpool v1.4.0
[INFO] [stderr]   Downloaded isatty v0.1.3
[INFO] [stderr]   Downloaded lazycell v0.4.0
[INFO] [stderr]   Downloaded tokio-timer v0.1.2
[INFO] [stderr]   Downloaded net2 v0.2.30
[INFO] [stderr]   Downloaded time v0.1.38
[INFO] [stderr]   Downloaded serde_urlencoded v0.4.3
[INFO] [stderr]   Downloaded either v1.1.0
[INFO] [stderr]   Downloaded slab v0.3.0
[INFO] [stderr]   Downloaded term v0.4.6
[INFO] [stderr]   Downloaded slog v2.0.6
[INFO] [stderr]   Downloaded matches v0.1.6
[INFO] [stderr]   Downloaded num v0.1.40
[INFO] [stderr]   Downloaded num-traits v0.1.40
[INFO] [stderr]   Downloaded rusoto_credential v0.7.0
[INFO] [stderr]   Downloaded memchr v1.0.1
[INFO] [stderr]   Downloaded quote v0.3.15
[INFO] [stderr]   Downloaded secur32-sys v0.2.0
[INFO] [stderr]   Downloaded version_check v0.1.3
[INFO] [stderr]   Downloaded odds v0.2.25
[INFO] [stderr]   Downloaded arraydeque v0.2.3
[INFO] [stderr]   Downloaded num-integer v0.1.35
[INFO] [stderr]   Downloaded tempdir v0.3.5
[INFO] [stderr]   Downloaded num_cpus v1.6.2
[INFO] [stderr]   Downloaded pkg-config v0.3.9
[INFO] [stderr]   Downloaded stable_deref_trait v1.0.0
[INFO] [stderr]   Downloaded security-framework-sys v0.1.14
[INFO] [stderr]   Downloaded futures-cpupool v0.1.5
[INFO] [stderr]   Downloaded arrayvec v0.3.23
[INFO] [stderr]   Downloaded scoped-tls v0.1.0
[INFO] [stderr]   Downloaded num-iter v0.1.34
[INFO] [stderr]   Downloaded scopeguard v0.3.2
[INFO] [stderr]   Downloaded thread-id v3.2.0
[INFO] [stderr]   Downloaded flamer v0.1.4
[INFO] [stderr]   Downloaded dogstatsd v0.3.0
[INFO] [stderr]   Downloaded nodrop v0.1.9
[INFO] [stderr]   Downloaded nodrop-union v0.1.9
[INFO] [stderr]   Downloaded iovec v0.1.0
[INFO] [stderr]   Downloaded rusoto_core v0.25.0
[INFO] [stderr]   Downloaded untrusted v0.5.0
[INFO] [stderr]   Downloaded percent-encoding v1.0.0
[INFO] [stderr]   Downloaded crypt32-sys v0.2.0
[INFO] [stderr]   Downloaded parking_lot_core v0.2.2
[INFO] [stderr]   Downloaded lru_time_cache v0.6.0
[INFO] [stderr]   Downloaded base64 v0.6.0
[INFO] [stderr]   Downloaded unicode-xid v0.0.4
[INFO] [stderr]   Downloaded foreign-types v0.2.0
[INFO] [stderr]   Downloaded memchr v0.1.11
[INFO] [stderr]   Downloaded slog-json v2.0.1
[INFO] [stderr]   Downloaded advapi32-sys v0.2.0
[INFO] [stderr]   Downloaded aho-corasick v0.5.3
[INFO] [stderr]   Downloaded smallvec v0.4.1
[INFO] [stderr]   Downloaded retry v0.4.0
[INFO] [stderr]   Downloaded reqwest v0.4.0
[INFO] [stderr]   Downloaded utf8-ranges v1.0.0
[INFO] [stderr]   Downloaded thread_local v0.2.7
[INFO] [stderr]   Downloaded quickcheck_macros v0.4.2
[INFO] [stderr]   Downloaded utf8-ranges v0.1.3
[INFO] [stderr]   Downloaded thread-id v2.0.0
[INFO] [stderr]   Downloaded log v0.3.8
[INFO] [stderr]   Downloaded native-tls v0.1.4
[INFO] [stderr]   Downloaded openssl-sys v0.9.15
[INFO] [stderr]   Downloaded coco v0.1.1
[INFO] [stderr]   Downloaded tokio-io v0.1.2
[INFO] [stderr]   Downloaded serde_derive v1.0.10
[INFO] [stderr]   Downloaded synom v0.11.3
[INFO] [stderr]   Downloaded serde_derive_internals v0.15.1
[INFO] [stderr]   Downloaded rusoto_sqs v0.25.0
[INFO] [stderr]   Downloaded httparse v1.2.3
[INFO] [stderr]   Downloaded base64 v0.5.2
[INFO] [stderr]   Downloaded quickcheck v0.4.1
[INFO] [stderr]   Downloaded rustc-serialize v0.3.24
[INFO] [stderr]   Downloaded byteorder v1.1.0
[INFO] [stderr]   Downloaded serde_json v0.9.10
[INFO] [stderr]   Downloaded rusoto_sns v0.25.0
[INFO] [stderr]   Downloaded env_logger v0.3.5
[INFO] [stderr]   Downloaded parking_lot v0.4.4
[INFO] [stderr]   Downloaded schannel v0.1.7
[INFO] [stderr]   Downloaded aho-corasick v0.6.3
[INFO] [stderr]   Downloaded xml-rs v0.3.6
[INFO] [stderr]   Downloaded serde v0.9.15
[INFO] [stderr]   Downloaded bytes v0.4.4
[INFO] [stderr]   Downloaded serde_json v1.0.2
[INFO] [stderr]   Downloaded security-framework v0.1.14
[INFO] [stderr]   Downloaded gcc v0.3.51
[INFO] [stderr]   Downloaded rayon-core v1.2.1
[INFO] [stderr]   Downloaded tokio-core v0.1.8
[INFO] [stderr]   Downloaded serde v1.0.10
[INFO] [stderr]   Downloaded syn v0.11.11
[INFO] [stderr]   Downloaded url v1.5.1
[INFO] [stderr]   Downloaded itoa v0.3.1
[INFO] [stderr]   Downloaded rayon v0.7.1
[INFO] [stderr]   Downloaded dtoa v0.4.1
[INFO] [stderr]   Downloaded mio v0.6.9
[INFO] [stderr]   Downloaded chrono v0.4.0
[INFO] [stderr]   Downloaded chrono v0.2.25
[INFO] [stderr]   Downloaded futures v0.1.14
[INFO] [stderr]   Downloaded chrono v0.3.0
[INFO] [stderr]   Downloaded openssl v0.9.15
[INFO] [stderr]   Downloaded hyper v0.10.12
[INFO] [stderr]   Downloaded regex-syntax v0.4.1
[INFO] [stderr]   Downloaded regex-syntax v0.3.9
[INFO] [stderr]   Downloaded libc v0.2.27
[INFO] [stderr]   Downloaded regex v0.1.80
[INFO] [stderr]   Downloaded regex v0.2.2
[INFO] [stderr]   Downloaded flame v0.1.12
[INFO] [stderr]   Downloaded idna v0.1.4
[INFO] [stderr]   Downloaded unicode-normalization v0.1.5
[INFO] [stderr]   Downloaded ring v0.9.7
[INFO] running `Command { std: "docker" "create" "-v" "/var/lib/crater-agent-workspace/builds/worker-7-tc1/source:/opt/rustwide/workdir:ro,Z" "-v" "/var/lib/crater-agent-workspace/builds/worker-7-tc1/target:/opt/rustwide/target:rw,Z" "-v" "/var/lib/crater-agent-workspace/cargo-home:/opt/rustwide/cargo-home:ro,Z" "-v" "/var/lib/crater-agent-workspace/rustup-home:/opt/rustwide/rustup-home:ro,Z" "-m" "1610612736" "--network" "none" "ghcr.io/rust-lang/crates-build-env/linux@sha256:3d5ced03c013a94a2f102a4510f48a6e9184255caf5fd8244f58017bde7f5210" "sleep" "infinity", kill_on_drop: false }`
[INFO] [stdout] 2ceaabaa6eea080629e02dffae852f59c4ad784f6958b27c5729ae37771c0f4d
[INFO] running `Command { std: "docker" "start" "2ceaabaa6eea080629e02dffae852f59c4ad784f6958b27c5729ae37771c0f4d", kill_on_drop: false }`
[INFO] running `Command { std: "docker" "inspect" "2ceaabaa6eea080629e02dffae852f59c4ad784f6958b27c5729ae37771c0f4d", kill_on_drop: false }`
[INFO] running `Command { std: "docker" "exec" "-e" "SOURCE_DIR=/opt/rustwide/workdir" "-e" "CARGO_HOME=/opt/rustwide/cargo-home" "-e" "RUSTUP_HOME=/opt/rustwide/rustup-home" "-e" "CARGO_TARGET_DIR=/opt/rustwide/target" "-w" "/opt/rustwide/workdir" "--user" "0:0" "2ceaabaa6eea080629e02dffae852f59c4ad784f6958b27c5729ae37771c0f4d" "/opt/rustwide/cargo-home/bin/cargo" "+1.97.0-beta.6" "metadata" "--no-deps" "--format-version=1", kill_on_drop: false }`
[INFO] running `Command { std: "docker" "inspect" "2ceaabaa6eea080629e02dffae852f59c4ad784f6958b27c5729ae37771c0f4d", kill_on_drop: false }`
[INFO] running `Command { std: "docker" "exec" "-e" "SOURCE_DIR=/opt/rustwide/workdir" "-e" "CARGO_HOME=/opt/rustwide/cargo-home" "-e" "RUSTUP_HOME=/opt/rustwide/rustup-home" "-e" "CARGO_TARGET_DIR=/opt/rustwide/target" "-e" "CARGO_INCREMENTAL=0" "-e" "RUST_BACKTRACE=full" "-e" "RUSTFLAGS=--cap-lints=warn" "-e" "RUSTDOCFLAGS=--cap-lints=warn" "-w" "/opt/rustwide/workdir" "--user" "0:0" "2ceaabaa6eea080629e02dffae852f59c4ad784f6958b27c5729ae37771c0f4d" "/opt/rustwide/cargo-home/bin/cargo" "+1.97.0-beta.6" "build" "--frozen" "--message-format=json", kill_on_drop: false }`
[INFO] [stderr] warning: `package.edition` is unspecified, defaulting to `2015` while the latest is `2024`
[INFO] [stderr]    Compiling libc v0.2.27
[INFO] [stderr]    Compiling gcc v0.3.51
[INFO] [stderr]    Compiling num-traits v0.1.40
[INFO] [stderr]    Compiling lazy_static v0.2.8
[INFO] [stderr]    Compiling pkg-config v0.3.9
[INFO] [stderr]    Compiling byteorder v1.1.0
[INFO] [stderr]    Compiling matches v0.1.6
[INFO] [stderr]    Compiling log v0.3.8
[INFO] [stderr]    Compiling scopeguard v0.3.2
[INFO] [stderr]    Compiling either v1.1.0
[INFO] [stderr]    Compiling rayon-core v1.2.1
[INFO] [stderr]    Compiling version_check v0.1.3
[INFO] [stderr]    Compiling unicode-normalization v0.1.5
[INFO] [stderr]    Compiling itoa v0.3.1
[INFO] [stderr]    Compiling openssl v0.9.15
[INFO] [stderr]    Compiling unicode-bidi v0.3.4
[INFO] [stderr]    Compiling futures v0.1.14
[INFO] [stderr]    Compiling percent-encoding v1.0.0
[INFO] [stderr]    Compiling dtoa v0.4.1
[INFO] [stderr]    Compiling coco v0.1.1
[INFO] [stderr]    Compiling time v0.1.38
[INFO] [stderr]    Compiling unicase v1.4.2
[INFO] [stderr]    Compiling num_cpus v1.6.2
[INFO] [stderr]    Compiling rand v0.3.15
[INFO] [stderr]    Compiling foreign-types v0.2.0
[INFO] [stderr]    Compiling void v1.0.2
[INFO] [stderr]    Compiling bitflags v0.9.1
[INFO] [stderr]    Compiling mime v0.2.6
[INFO] [stderr]    Compiling idna v0.1.4
[INFO] [stderr]    Compiling language-tags v0.2.2
[INFO] [stderr]    Compiling num-integer v0.1.35
[INFO] [stderr]    Compiling unreachable v1.0.0
[INFO] [stderr]    Compiling base64 v0.5.2
[INFO] [stderr]    Compiling traitobject v0.1.0
[INFO] [stderr]    Compiling typeable v0.1.2
[INFO] [stdout] error[E0119]: conflicting implementations of trait `Trait` for type `(dyn Send + Sync + 'static)`
[INFO] [stdout]   --> /opt/rustwide/cargo-home/registry/src/index.crates.io-1949cf8c6b5b557f/traitobject-0.1.0/src/impls.rs:72:1
[INFO] [stdout]    |
[INFO] [stdout] 71 | unsafe impl Trait for ::std::marker::Send + Sync { }
[INFO] [stdout]    | ------------------------------------------------ first implementation here
[INFO] [stdout] 72 | unsafe impl Trait for ::std::marker::Send + Send + Sync { }
[INFO] [stdout]    | ^^^^^^^^^^^^^^^^^^^^^^^^^^^^^^^^^^^^^^^^^^^^^^^^^^^^^^^ conflicting implementation for `(dyn Send + Sync + 'static)`
[INFO] [stdout] 
[INFO] [stdout] 
[INFO] [stdout] error[E0119]: conflicting implementations of trait `Trait` for type `(dyn Send + Sync + 'static)`
[INFO] [stdout]   --> /opt/rustwide/cargo-home/registry/src/index.crates.io-1949cf8c6b5b557f/traitobject-0.1.0/src/impls.rs:73:1
[INFO] [stdout]    |
[INFO] [stdout] 71 | unsafe impl Trait for ::std::marker::Send + Sync { }
[INFO] [stdout]    | ------------------------------------------------ first implementation here
[INFO] [stdout] 72 | unsafe impl Trait for ::std::marker::Send + Send + Sync { }
[INFO] [stdout] 73 | unsafe impl Trait for ::std::marker::Sync + Send { }
[INFO] [stdout]    | ^^^^^^^^^^^^^^^^^^^^^^^^^^^^^^^^^^^^^^^^^^^^^^^^ conflicting implementation for `(dyn Send + Sync + 'static)`
[INFO] [stdout] 
[INFO] [stdout] 
[INFO] [stdout] error[E0119]: conflicting implementations of trait `Trait` for type `(dyn Send + Sync + 'static)`
[INFO] [stdout]   --> /opt/rustwide/cargo-home/registry/src/index.crates.io-1949cf8c6b5b557f/traitobject-0.1.0/src/impls.rs:75:1
[INFO] [stdout]    |
[INFO] [stdout] 71 | unsafe impl Trait for ::std::marker::Send + Sync { }
[INFO] [stdout]    | ------------------------------------------------ first implementation here
[INFO] [stdout] ...
[INFO] [stdout] 75 | unsafe impl Trait for ::std::marker::Sync + Send + Sync { }
[INFO] [stdout]    | ^^^^^^^^^^^^^^^^^^^^^^^^^^^^^^^^^^^^^^^^^^^^^^^^^^^^^^^ conflicting implementation for `(dyn Send + Sync + 'static)`
[INFO] [stdout] 
[INFO] [stdout] 
[INFO] [stdout] For more information about this error, try `rustc --explain E0119`.
[INFO] [stdout] 
[INFO] [stderr]    Compiling num-iter v0.1.34
[INFO] [stderr] error: could not compile `traitobject` (lib) due to 3 previous errors
[INFO] [stderr] warning: build failed, waiting for other jobs to finish...
[INFO] running `Command { std: "docker" "inspect" "2ceaabaa6eea080629e02dffae852f59c4ad784f6958b27c5729ae37771c0f4d", kill_on_drop: false }`
[INFO] running `Command { std: "docker" "rm" "-f" "2ceaabaa6eea080629e02dffae852f59c4ad784f6958b27c5729ae37771c0f4d", kill_on_drop: false }`
[INFO] [stdout] 2ceaabaa6eea080629e02dffae852f59c4ad784f6958b27c5729ae37771c0f4d
