[INFO] cloning repository https://github.com/inosms/teleecho
[INFO] running `Command { std: "git" "-c" "credential.helper=" "-c" "credential.helper=/workspace/cargo-home/bin/git-credential-null" "clone" "--bare" "https://github.com/inosms/teleecho" "/workspace/cache/git-repos/https%3A%2F%2Fgithub.com%2Finosms%2Fteleecho", kill_on_drop: false }`
[INFO] [stderr] Cloning into bare repository '/workspace/cache/git-repos/https%3A%2F%2Fgithub.com%2Finosms%2Fteleecho'...
[INFO] running `Command { std: "git" "rev-parse" "HEAD", kill_on_drop: false }`
[INFO] [stdout] 58d0224c43005300bddc60e9dcf4e9b60f6116ab
[INFO] testing inosms/teleecho against 1.98.0-beta.1 for beta-1.98-2
[INFO] running `Command { std: "git" "clone" "/workspace/cache/git-repos/https%3A%2F%2Fgithub.com%2Finosms%2Fteleecho" "/workspace/builds/worker-1-tc2/source", kill_on_drop: false }`
[INFO] [stderr] Cloning into '/workspace/builds/worker-1-tc2/source'...
[INFO] [stderr] done.
[INFO] started tweaking git repo https://github.com/inosms/teleecho
[INFO] finished tweaking git repo https://github.com/inosms/teleecho
[INFO] tweaked toml for git repo https://github.com/inosms/teleecho written to /workspace/builds/worker-1-tc2/source/Cargo.toml
[INFO] validating manifest of git repo https://github.com/inosms/teleecho on toolchain 1.98.0-beta.1
[INFO] running `Command { std: CARGO_HOME="/workspace/cargo-home" RUSTUP_HOME="/workspace/rustup-home" "/workspace/cargo-home/bin/cargo" "+1.98.0-beta.1" "metadata" "--manifest-path" "Cargo.toml" "--no-deps", kill_on_drop: false }`
[INFO] crate git repo https://github.com/inosms/teleecho already has a lockfile, it will not be regenerated
[INFO] running `Command { std: CARGO_HOME="/workspace/cargo-home" RUSTUP_HOME="/workspace/rustup-home" "/workspace/cargo-home/bin/cargo" "+1.98.0-beta.1" "fetch" "--manifest-path" "Cargo.toml", kill_on_drop: false }`
[INFO] [stderr] warning: Cargo.toml: `package.edition` is unspecified, defaulting to `2015` while the latest is `2024`
[INFO] [stderr] warning: `teleecho` (manifest) generated 1 warning
[INFO] running `Command { std: "docker" "create" "-v" "/var/lib/crater-agent-workspace/builds/worker-1-tc2/source:/opt/rustwide/workdir:ro,Z" "-v" "/var/lib/crater-agent-workspace/builds/worker-1-tc2/target:/opt/rustwide/target:rw,Z" "-v" "/var/lib/crater-agent-workspace/cargo-home:/opt/rustwide/cargo-home:ro,Z" "-v" "/var/lib/crater-agent-workspace/rustup-home:/opt/rustwide/rustup-home:ro,Z" "-m" "1610612736" "--network" "none" "ghcr.io/rust-lang/crates-build-env/linux@sha256:3d5ced03c013a94a2f102a4510f48a6e9184255caf5fd8244f58017bde7f5210" "sleep" "infinity", kill_on_drop: false }`
[INFO] [stdout] 7c1fa942e8cbf663cb6cacdd1abe9cb5a85b97d367f127b0615bcf32f366fe64
[INFO] running `Command { std: "docker" "start" "7c1fa942e8cbf663cb6cacdd1abe9cb5a85b97d367f127b0615bcf32f366fe64", kill_on_drop: false }`
[INFO] running `Command { std: "docker" "inspect" "7c1fa942e8cbf663cb6cacdd1abe9cb5a85b97d367f127b0615bcf32f366fe64", kill_on_drop: false }`
[INFO] running `Command { std: "docker" "exec" "-e" "SOURCE_DIR=/opt/rustwide/workdir" "-e" "CARGO_HOME=/opt/rustwide/cargo-home" "-e" "RUSTUP_HOME=/opt/rustwide/rustup-home" "-e" "CARGO_TARGET_DIR=/opt/rustwide/target" "-w" "/opt/rustwide/workdir" "--user" "0:0" "7c1fa942e8cbf663cb6cacdd1abe9cb5a85b97d367f127b0615bcf32f366fe64" "/opt/rustwide/cargo-home/bin/cargo" "+1.98.0-beta.1" "metadata" "--no-deps" "--format-version=1", kill_on_drop: false }`
[INFO] running `Command { std: "docker" "inspect" "7c1fa942e8cbf663cb6cacdd1abe9cb5a85b97d367f127b0615bcf32f366fe64", kill_on_drop: false }`
[INFO] running `Command { std: "docker" "exec" "-e" "SOURCE_DIR=/opt/rustwide/workdir" "-e" "CARGO_HOME=/opt/rustwide/cargo-home" "-e" "RUSTUP_HOME=/opt/rustwide/rustup-home" "-e" "CARGO_TARGET_DIR=/opt/rustwide/target" "-e" "CARGO_INCREMENTAL=0" "-e" "RUST_BACKTRACE=full" "-e" "RUSTFLAGS=--cap-lints=warn" "-e" "RUSTDOCFLAGS=--cap-lints=warn" "-w" "/opt/rustwide/workdir" "--user" "0:0" "7c1fa942e8cbf663cb6cacdd1abe9cb5a85b97d367f127b0615bcf32f366fe64" "/opt/rustwide/cargo-home/bin/cargo" "+1.98.0-beta.1" "build" "--frozen" "--message-format=json", kill_on_drop: false }`
[INFO] [stderr] warning: Cargo.toml: `package.edition` is unspecified, defaulting to `2015` while the latest is `2024`
[INFO] [stderr] warning: `teleecho` (manifest) generated 1 warning
[INFO] [stderr]    Compiling libc v0.2.15
[INFO] [stderr]    Compiling winapi-build v0.1.1
[INFO] [stderr]    Compiling gcc v0.3.35
[INFO] [stderr]    Compiling winapi v0.2.8
[INFO] [stderr]    Compiling pkg-config v0.3.8
[INFO] [stderr]    Compiling num-traits v0.1.35
[INFO] [stderr]    Compiling matches v0.1.2
[INFO] [stderr]    Compiling log v0.3.6
[INFO] [stderr]    Compiling phf_shared v0.7.16
[INFO] [stderr]    Compiling unicode-normalization v0.1.2
[INFO] [stderr]    Compiling semver v0.1.20
[INFO] [stderr]    Compiling bitflags v0.7.0
[INFO] [stderr]    Compiling lazy_static v0.2.1
[INFO] [stderr]    Compiling rustc-serialize v0.3.19
[INFO] [stderr]    Compiling regex-syntax v0.3.4
[INFO] [stderr]    Compiling utf8-ranges v0.1.3
[INFO] [stderr]    Compiling typeable v0.1.2
[INFO] [stderr]    Compiling backtrace v0.2.3
[INFO] [stderr]    Compiling unicode-bidi v0.2.3
[INFO] [stderr]    Compiling traitobject v0.0.1
[INFO] [stderr]    Compiling language-tags v0.2.2
[INFO] [stderr]    Compiling kernel32-sys v0.2.2
[INFO] [stderr]    Compiling dbghelp-sys v0.2.0
[INFO] [stderr]    Compiling phf v0.7.16
[INFO] [stdout] error[E0642]: patterns aren't allowed in functions without bodies
[INFO] [stdout]    --> /opt/rustwide/cargo-home/registry/src/index.crates.io-1949cf8c6b5b557f/rustc-serialize-0.3.19/src/serialize.rs:147:45
[INFO] [stdout]     |
[INFO] [stdout] 147 | ...                   &f_name: &str,
[INFO] [stdout]     |                       ^^^^^^^ pattern not allowed in function without body
[INFO] [stdout] 
[INFO] [stdout] 
[INFO] [stderr]    Compiling rand v0.3.14
[INFO] [stderr]    Compiling memchr v0.1.11
[INFO] [stderr]    Compiling hpack v0.2.0
[INFO] [stderr]    Compiling openssl-sys v0.7.17
[INFO] [stderr]    Compiling num_cpus v0.2.13
[INFO] [stderr]    Compiling httparse v1.1.2
[INFO] [stderr]    Compiling buf_redux v0.1.3
[INFO] [stderr]    Compiling aho-corasick v0.5.2
[INFO] [stderr]    Compiling thread-id v2.0.0
[INFO] [stderr]    Compiling time v0.1.35
[INFO] [stderr]    Compiling thread_local v0.2.6
[INFO] [stderr]    Compiling cfg-if v0.1.0
[INFO] [stderr]    Compiling rustc-demangle v0.1.1
[INFO] [stderr]    Compiling term_size v0.1.0
[INFO] [stderr]    Compiling itoa v0.1.1
[INFO] [stderr]    Compiling rustc_version v0.1.7
[INFO] [stderr]    Compiling dtoa v0.2.2
[INFO] [stderr]    Compiling num-integer v0.1.32
[INFO] [stdout] error[E0310]: the parameter type `T` may not live long enough
[INFO] [stdout]    --> /opt/rustwide/cargo-home/registry/src/index.crates.io-1949cf8c6b5b557f/rustc-serialize-0.3.19/src/serialize.rs:454:5
[INFO] [stdout]     |
[INFO] [stdout] 454 |     fn decode<D: Decoder>(d: &mut D) -> Result<Cow<'static, T>, D::Error> {
[INFO] [stdout]     |     ^^^^^^^^^^^^^^^^^^^^^^^^^^^^^^^^^^^^^^^^^^^^^^^^^^^^^^^^^^^^^^^^^^^^^
[INFO] [stdout]     |     |
[INFO] [stdout]     |     the parameter type `T` must be valid for the static lifetime...
[INFO] [stdout]     |     ...so that the type `T` will meet its required lifetime bounds...
[INFO] [stdout]     |
[INFO] [stdout] note: ...that is required by this bound
[INFO] [stdout]    --> /rustc/6b3fa26749ab40e159b2dd5cf577acaaf5902772/library/alloc/src/borrow.rs:169:29
[INFO] [stdout] help: consider adding an explicit lifetime bound
[INFO] [stdout]     |
[INFO] [stdout] 450 | impl<'a, T: ?Sized + 'static> Decodable for Cow<'a, T>
[INFO] [stdout]     |                    +++++++++
[INFO] [stdout] 
[INFO] [stdout] 
[INFO] [stderr]    Compiling ansi_term v0.8.0
[INFO] [stderr]    Compiling num-iter v0.1.32
[INFO] [stderr]    Compiling unicase v1.4.0
[INFO] [stderr]    Compiling solicit v0.4.4
[INFO] [stderr]    Compiling vec_map v0.6.0
[INFO] [stderr]    Compiling num v0.1.35
[INFO] [stderr]    Compiling serde v0.6.15
[INFO] [stderr]    Compiling unicode-width v0.1.3
[INFO] [stderr]    Compiling strsim v0.4.1
[INFO] [stderr]    Compiling serde v0.8.4
[INFO] [stderr]    Compiling clap v2.10.2
[INFO] [stderr]    Compiling idna v0.1.0
[INFO] [stderr]    Compiling openssl-sys-extras v0.7.14
[INFO] [stderr]    Compiling openssl v0.7.14
[INFO] [stderr]    Compiling backtrace-sys v0.1.4
[INFO] [stderr]    Compiling phf_generator v0.7.16
[INFO] [stdout] error: missing fragment specifier
[INFO] [stdout]    --> /opt/rustwide/cargo-home/registry/src/index.crates.io-1949cf8c6b5b557f/clap-2.10.2/src/macros.rs:506:34
[INFO] [stdout]     |
[INFO] [stdout] 506 |     (@arg ($arg:expr) $modes:tt !$ident $($tail:tt)*) => {
[INFO] [stdout]     |                                  ^^^^^^
[INFO] [stdout]     |
[INFO] [stdout]     = note: fragment specifiers must be provided
[INFO] [stdout]     = help: valid fragment specifiers are `ident`, `block`, `stmt`, `expr`, `pat`, `ty`, `lifetime`, `literal`, `path`, `meta`, `tt`, `item` and `vis`, along with `expr_2021` and `pat_param` for edition compatibility
[INFO] [stdout] help: try adding a specifier here
[INFO] [stdout]     |
[INFO] [stdout] 506 |     (@arg ($arg:expr) $modes:tt !$ident:spec $($tail:tt)*) => {
[INFO] [stdout]     |                                        +++++
[INFO] [stdout] 
[INFO] [stdout] 
[INFO] [stderr]    Compiling uuid v0.2.3
[INFO] [stderr]    Compiling tempdir v0.3.5
[INFO] [stderr]    Compiling phf_codegen v0.7.16
[INFO] [stderr]    Compiling mime_guess v1.5.0
[INFO] [stderr] warning: openssl-sys-extras@0.7.14: src/openssl_shim.c: In function 'HMAC_Init_ex_shim':
[INFO] [stderr] warning: openssl-sys-extras@0.7.14: src/openssl_shim.c:42:5: warning: 'HMAC_Init_ex' is deprecated: Since OpenSSL 3.0 [-Wdeprecated-declarations]
[INFO] [stderr] warning: openssl-sys-extras@0.7.14:    42 |     return HMAC_Init_ex(ctx, key, key_len, md, impl);
[INFO] [stderr] warning: openssl-sys-extras@0.7.14:       |     ^~~~~~
[INFO] [stderr] warning: openssl-sys-extras@0.7.14: In file included from src/openssl_shim.c:1:
[INFO] [stderr] warning: openssl-sys-extras@0.7.14: /usr/include/openssl/hmac.h:43:27: note: declared here
[INFO] [stderr] warning: openssl-sys-extras@0.7.14:    43 | OSSL_DEPRECATEDIN_3_0 int HMAC_Init_ex(HMAC_CTX *ctx, const void *key, int len,
[INFO] [stderr] warning: openssl-sys-extras@0.7.14:       |                           ^~~~~~~~~~~~
[INFO] [stderr] warning: openssl-sys-extras@0.7.14: src/openssl_shim.c: In function 'HMAC_Update_shim':
[INFO] [stderr] warning: openssl-sys-extras@0.7.14: src/openssl_shim.c:46:5: warning: 'HMAC_Update' is deprecated: Since OpenSSL 3.0 [-Wdeprecated-declarations]
[INFO] [stderr] warning: openssl-sys-extras@0.7.14:    46 |     return HMAC_Update(ctx, data, len);
[INFO] [stderr] warning: openssl-sys-extras@0.7.14:       |     ^~~~~~
[INFO] [stderr] warning: openssl-sys-extras@0.7.14: /usr/include/openssl/hmac.h:45:27: note: declared here
[INFO] [stderr] warning: openssl-sys-extras@0.7.14:    45 | OSSL_DEPRECATEDIN_3_0 int HMAC_Update(HMAC_CTX *ctx, const unsigned char *data,
[INFO] [stderr] warning: openssl-sys-extras@0.7.14:       |                           ^~~~~~~~~~~
[INFO] [stderr] warning: openssl-sys-extras@0.7.14: src/openssl_shim.c: In function 'HMAC_Final_shim':
[INFO] [stderr] warning: openssl-sys-extras@0.7.14: src/openssl_shim.c:50:5: warning: 'HMAC_Final' is deprecated: Since OpenSSL 3.0 [-Wdeprecated-declarations]
[INFO] [stderr] warning: openssl-sys-extras@0.7.14:    50 |     return HMAC_Final(ctx, md, len);
[INFO] [stderr] warning: openssl-sys-extras@0.7.14:       |     ^~~~~~
[INFO] [stderr] warning: openssl-sys-extras@0.7.14: /usr/include/openssl/hmac.h:47:27: note: declared here
[INFO] [stderr] warning: openssl-sys-extras@0.7.14:    47 | OSSL_DEPRECATEDIN_3_0 int HMAC_Final(HMAC_CTX *ctx, unsigned char *md,
[INFO] [stderr] warning: openssl-sys-extras@0.7.14:       |                           ^~~~~~~~~~
[INFO] [stderr] warning: openssl-sys-extras@0.7.14: src/openssl_shim.c: In function 'DH_new_from_params':
[INFO] [stderr] warning: openssl-sys-extras@0.7.14: src/openssl_shim.c:129:5: warning: 'DH_new' is deprecated: Since OpenSSL 3.0 [-Wdeprecated-declarations]
[INFO] [stderr] warning: openssl-sys-extras@0.7.14:   129 |     if ((dh = DH_new()) == NULL) {
[INFO] [stderr] warning: openssl-sys-extras@0.7.14:       |     ^~
[INFO] [stderr] warning: openssl-sys-extras@0.7.14: In file included from /usr/include/openssl/dsa.h:51,
[INFO] [stderr] warning: openssl-sys-extras@0.7.14:                  from /usr/include/openssl/x509.h:37,
[INFO] [stderr] warning: openssl-sys-extras@0.7.14:                  from /usr/include/openssl/ssl.h:31,
[INFO] [stderr] warning: openssl-sys-extras@0.7.14:                  from src/openssl_shim.c:2:
[INFO] [stderr] warning: openssl-sys-extras@0.7.14: /usr/include/openssl/dh.h:203:27: note: declared here
[INFO] [stderr] warning: openssl-sys-extras@0.7.14:   203 | OSSL_DEPRECATEDIN_3_0 DH *DH_new(void);
[INFO] [stderr] warning: openssl-sys-extras@0.7.14:       |                           ^~~~~~
[INFO] [stderr] warning: openssl-sys-extras@0.7.14: src/openssl_shim.c:132:7: error: invalid use of incomplete typedef 'DH' {aka 'struct dh_st'}
[INFO] [stderr] warning: openssl-sys-extras@0.7.14:   132 |     dh->p = p;
[INFO] [stderr] warning: openssl-sys-extras@0.7.14:       |       ^~
[INFO] [stderr] warning: openssl-sys-extras@0.7.14: src/openssl_shim.c:133:7: error: invalid use of incomplete typedef 'DH' {aka 'struct dh_st'}
[INFO] [stderr] warning: openssl-sys-extras@0.7.14:   133 |     dh->g = g;
[INFO] [stderr] warning: openssl-sys-extras@0.7.14:       |       ^~
[INFO] [stderr] warning: openssl-sys-extras@0.7.14: src/openssl_shim.c:134:7: error: invalid use of incomplete typedef 'DH' {aka 'struct dh_st'}
[INFO] [stderr] warning: openssl-sys-extras@0.7.14:   134 |     dh->q = q;
[INFO] [stderr] warning: openssl-sys-extras@0.7.14:       |       ^~
[INFO] [stderr] warning: openssl-sys-extras@0.7.14: src/openssl_shim.c: In function 'X509_get_extensions_shim':
[INFO] [stderr] warning: openssl-sys-extras@0.7.14: src/openssl_shim.c:143:13: error: invalid use of incomplete typedef 'X509' {aka 'struct x509_st'}
[INFO] [stderr] warning: openssl-sys-extras@0.7.14:   143 |     return x->cert_info ? x->cert_info->extensions : NULL;
[INFO] [stderr] warning: openssl-sys-extras@0.7.14:       |             ^~
[INFO] [stderr] warning: openssl-sys-extras@0.7.14: src/openssl_shim.c:143:28: error: invalid use of incomplete typedef 'X509' {aka 'struct x509_st'}
[INFO] [stderr] warning: openssl-sys-extras@0.7.14:   143 |     return x->cert_info ? x->cert_info->extensions : NULL;
[INFO] [stderr] warning: openssl-sys-extras@0.7.14:       |                            ^~
[INFO] [stderr] error: failed to run custom build command for `openssl-sys-extras v0.7.14`
[INFO] [stderr] note: To improve backtraces for build dependencies, set the CARGO_PROFILE_DEV_BUILD_OVERRIDE_DEBUG=true environment variable to enable debug information generation.
[INFO] [stderr] 
[INFO] [stderr] Caused by:
[INFO] [stderr]   process didn't exit successfully: `/opt/rustwide/target/debug/build/openssl-sys-extras-e8419b757fd5dbea/build-script-build` (exit status: 101)
[INFO] [stderr]   --- stdout
[INFO] [stderr]   TARGET = Some("x86_64-unknown-linux-gnu")
[INFO] [stderr]   OPT_LEVEL = Some("0")
[INFO] [stderr]   PROFILE = Some("debug")
[INFO] [stderr]   TARGET = Some("x86_64-unknown-linux-gnu")
[INFO] [stderr]   debug=true opt-level=0
[INFO] [stderr]   HOST = Some("x86_64-unknown-linux-gnu")
[INFO] [stderr]   TARGET = Some("x86_64-unknown-linux-gnu")
[INFO] [stderr]   TARGET = Some("x86_64-unknown-linux-gnu")
[INFO] [stderr]   HOST = Some("x86_64-unknown-linux-gnu")
[INFO] [stderr]   CC_x86_64-unknown-linux-gnu = None
[INFO] [stderr]   CC_x86_64_unknown_linux_gnu = None
[INFO] [stderr]   HOST_CC = None
[INFO] [stderr]   CC = None
[INFO] [stderr]   HOST = Some("x86_64-unknown-linux-gnu")
[INFO] [stderr]   TARGET = Some("x86_64-unknown-linux-gnu")
[INFO] [stderr]   HOST = Some("x86_64-unknown-linux-gnu")
[INFO] [stderr]   CFLAGS_x86_64-unknown-linux-gnu = None
[INFO] [stderr]   CFLAGS_x86_64_unknown_linux_gnu = None
[INFO] [stderr]   HOST_CFLAGS = None
[INFO] [stderr]   CFLAGS = None
[INFO] [stderr]   running: "cc" "-O0" "-ffunction-sections" "-fdata-sections" "-g" "-m64" "-fPIC" "-o" "/opt/rustwide/target/debug/build/openssl-sys-extras-3b0f381a81be97af/out/src/openssl_shim.o" "-c" "src/openssl_shim.c"
[INFO] [stderr]   cargo:warning=src/openssl_shim.c: In function 'HMAC_Init_ex_shim':
[INFO] [stderr]   cargo:warning=src/openssl_shim.c:42:5: warning: 'HMAC_Init_ex' is deprecated: Since OpenSSL 3.0 [-Wdeprecated-declarations]
[INFO] [stderr]   cargo:warning=   42 |     return HMAC_Init_ex(ctx, key, key_len, md, impl);
[INFO] [stderr]   cargo:warning=      |     ^~~~~~
[INFO] [stderr]   cargo:warning=In file included from src/openssl_shim.c:1:
[INFO] [stderr]   cargo:warning=/usr/include/openssl/hmac.h:43:27: note: declared here
[INFO] [stderr]   cargo:warning=   43 | OSSL_DEPRECATEDIN_3_0 int HMAC_Init_ex(HMAC_CTX *ctx, const void *key, int len,
[INFO] [stderr]   cargo:warning=      |                           ^~~~~~~~~~~~
[INFO] [stderr]   cargo:warning=src/openssl_shim.c: In function 'HMAC_Update_shim':
[INFO] [stderr]   cargo:warning=src/openssl_shim.c:46:5: warning: 'HMAC_Update' is deprecated: Since OpenSSL 3.0 [-Wdeprecated-declarations]
[INFO] [stderr]   cargo:warning=   46 |     return HMAC_Update(ctx, data, len);
[INFO] [stderr]   cargo:warning=      |     ^~~~~~
[INFO] [stderr]   cargo:warning=/usr/include/openssl/hmac.h:45:27: note: declared here
[INFO] [stderr]   cargo:warning=   45 | OSSL_DEPRECATEDIN_3_0 int HMAC_Update(HMAC_CTX *ctx, const unsigned char *data,
[INFO] [stderr]   cargo:warning=      |                           ^~~~~~~~~~~
[INFO] [stderr]   cargo:warning=src/openssl_shim.c: In function 'HMAC_Final_shim':
[INFO] [stderr]   cargo:warning=src/openssl_shim.c:50:5: warning: 'HMAC_Final' is deprecated: Since OpenSSL 3.0 [-Wdeprecated-declarations]
[INFO] [stderr]   cargo:warning=   50 |     return HMAC_Final(ctx, md, len);
[INFO] [stderr]   cargo:warning=      |     ^~~~~~
[INFO] [stderr]   cargo:warning=/usr/include/openssl/hmac.h:47:27: note: declared here
[INFO] [stderr]   cargo:warning=   47 | OSSL_DEPRECATEDIN_3_0 int HMAC_Final(HMAC_CTX *ctx, unsigned char *md,
[INFO] [stderr]   cargo:warning=      |                           ^~~~~~~~~~
[INFO] [stderr]   cargo:warning=src/openssl_shim.c: In function 'DH_new_from_params':
[INFO] [stderr]   cargo:warning=src/openssl_shim.c:129:5: warning: 'DH_new' is deprecated: Since OpenSSL 3.0 [-Wdeprecated-declarations]
[INFO] [stderr]   cargo:warning=  129 |     if ((dh = DH_new()) == NULL) {
[INFO] [stderr]   cargo:warning=      |     ^~
[INFO] [stderr]   cargo:warning=In file included from /usr/include/openssl/dsa.h:51,
[INFO] [stderr]   cargo:warning=                 from /usr/include/openssl/x509.h:37,
[INFO] [stderr]   cargo:warning=                 from /usr/include/openssl/ssl.h:31,
[INFO] [stderr]   cargo:warning=                 from src/openssl_shim.c:2:
[INFO] [stderr]   cargo:warning=/usr/include/openssl/dh.h:203:27: note: declared here
[INFO] [stderr]   cargo:warning=  203 | OSSL_DEPRECATEDIN_3_0 DH *DH_new(void);
[INFO] [stderr]   cargo:warning=      |                           ^~~~~~
[INFO] [stderr]   cargo:warning=src/openssl_shim.c:132:7: error: invalid use of incomplete typedef 'DH' {aka 'struct dh_st'}
[INFO] [stderr]   cargo:warning=  132 |     dh->p = p;
[INFO] [stderr]   cargo:warning=      |       ^~
[INFO] [stderr]   cargo:warning=src/openssl_shim.c:133:7: error: invalid use of incomplete typedef 'DH' {aka 'struct dh_st'}
[INFO] [stderr]   cargo:warning=  133 |     dh->g = g;
[INFO] [stderr]   cargo:warning=      |       ^~
[INFO] [stderr]   cargo:warning=src/openssl_shim.c:134:7: error: invalid use of incomplete typedef 'DH' {aka 'struct dh_st'}
[INFO] [stderr]   cargo:warning=  134 |     dh->q = q;
[INFO] [stderr]   cargo:warning=      |       ^~
[INFO] [stderr]   cargo:warning=src/openssl_shim.c: In function 'X509_get_extensions_shim':
[INFO] [stderr]   cargo:warning=src/openssl_shim.c:143:13: error: invalid use of incomplete typedef 'X509' {aka 'struct x509_st'}
[INFO] [stderr]   cargo:warning=  143 |     return x->cert_info ? x->cert_info->extensions : NULL;
[INFO] [stderr]   cargo:warning=      |             ^~
[INFO] [stderr]   cargo:warning=src/openssl_shim.c:143:28: error: invalid use of incomplete typedef 'X509' {aka 'struct x509_st'}
[INFO] [stderr]   cargo:warning=  143 |     return x->cert_info ? x->cert_info->extensions : NULL;
[INFO] [stderr]   cargo:warning=      |                            ^~
[INFO] [stderr]   ExitStatus(unix_wait_status(256))
[INFO] [stderr] 
[INFO] [stderr] 
[INFO] [stderr]   command did not execute successfully, got: exit status: 1
[INFO] [stderr] 
[INFO] [stderr] 
[INFO] [stderr] 
[INFO] [stderr]   --- stderr
[INFO] [stderr] 
[INFO] [stderr]   thread 'main' (698) panicked at /opt/rustwide/cargo-home/registry/src/index.crates.io-1949cf8c6b5b557f/gcc-0.3.35/src/lib.rs:897:5:
[INFO] [stderr]   explicit panic
[INFO] [stderr]   stack backtrace:
[INFO] [stderr]      0:     0x598ed60ac4b1 - std[73adb7dc35730857]::backtrace_rs::backtrace::libunwind::trace
[INFO] [stderr]                                  at /rustc/6b3fa26749ab40e159b2dd5cf577acaaf5902772/library/std/src/../../backtrace/src/backtrace/libunwind.rs:117:9
[INFO] [stderr]      1:     0x598ed60ac4b1 - std[73adb7dc35730857]::backtrace_rs::backtrace::trace_unsynchronized::<std[73adb7dc35730857]::sys::backtrace::_print_fmt::{closure#1}>
[INFO] [stderr]                                  at /rustc/6b3fa26749ab40e159b2dd5cf577acaaf5902772/library/std/src/../../backtrace/src/backtrace/mod.rs:66:14
[INFO] [stderr]      2:     0x598ed60ac4b1 - std[73adb7dc35730857]::sys::backtrace::_print_fmt
[INFO] [stderr]                                  at /rustc/6b3fa26749ab40e159b2dd5cf577acaaf5902772/library/std/src/sys/backtrace.rs:74:9
[INFO] [stderr]      3:     0x598ed60ac4b1 - <<std[73adb7dc35730857]::sys::backtrace::BacktraceLock>::print::DisplayBacktrace as core[6883ba1bc0fe4ed1]::fmt::Display>::fmt
[INFO] [stderr]                                  at /rustc/6b3fa26749ab40e159b2dd5cf577acaaf5902772/library/std/src/sys/backtrace.rs:44:26
[INFO] [stderr]      4:     0x598ed60bf6ba - <core[6883ba1bc0fe4ed1]::fmt::rt::Argument>::fmt
[INFO] [stderr]                                  at /rustc/6b3fa26749ab40e159b2dd5cf577acaaf5902772/library/core/src/fmt/rt.rs:152:76
[INFO] [stderr]      5:     0x598ed60bf6ba - core[6883ba1bc0fe4ed1]::fmt::write
[INFO] [stderr]      6:     0x598ed60b1c4c - std[73adb7dc35730857]::io::default_write_fmt::<std[73adb7dc35730857]::sys::stdio::unix::Stderr>
[INFO] [stderr]                                  at /rustc/6b3fa26749ab40e159b2dd5cf577acaaf5902772/library/std/src/io/mod.rs:626:11
[INFO] [stderr]      7:     0x598ed60b1c4c - <std[73adb7dc35730857]::sys::stdio::unix::Stderr as std[73adb7dc35730857]::io::Write>::write_fmt
[INFO] [stderr]                                  at /rustc/6b3fa26749ab40e159b2dd5cf577acaaf5902772/library/std/src/io/mod.rs:1730:13
[INFO] [stderr]      8:     0x598ed608db56 - <std[73adb7dc35730857]::sys::backtrace::BacktraceLock>::print
[INFO] [stderr]                                  at /rustc/6b3fa26749ab40e159b2dd5cf577acaaf5902772/library/std/src/sys/backtrace.rs:47:9
[INFO] [stderr]      9:     0x598ed608db56 - std[73adb7dc35730857]::panicking::default_hook::{closure#0}
[INFO] [stderr]                                  at /rustc/6b3fa26749ab40e159b2dd5cf577acaaf5902772/library/std/src/panicking.rs:292:27
[INFO] [stderr]     10:     0x598ed60a6f41 - std[73adb7dc35730857]::panicking::default_hook
[INFO] [stderr]                                  at /rustc/6b3fa26749ab40e159b2dd5cf577acaaf5902772/library/std/src/panicking.rs:319:9
[INFO] [stderr]     11:     0x598ed60a70fb - std[73adb7dc35730857]::panicking::panic_with_hook
[INFO] [stderr]                                  at /rustc/6b3fa26749ab40e159b2dd5cf577acaaf5902772/library/std/src/panicking.rs:815:13
[INFO] [stderr]     12:     0x598ed608d0fc - std[73adb7dc35730857]::panicking::begin_panic::<&str>::{closure#0}
[INFO] [stderr]                                  at /rustc/6b3fa26749ab40e159b2dd5cf577acaaf5902772/library/std/src/panicking.rs:752:9
[INFO] [stderr]     13:     0x598ed6085519 - std[73adb7dc35730857]::sys::backtrace::__rust_end_short_backtrace::<std[73adb7dc35730857]::panicking::begin_panic<&str>::{closure#0}, !>
[INFO] [stderr]                                  at /rustc/6b3fa26749ab40e159b2dd5cf577acaaf5902772/library/std/src/sys/backtrace.rs:182:18
[INFO] [stderr]     14:     0x598ed60823cb - std[73adb7dc35730857]::panicking::begin_panic::<&str>
[INFO] [stderr]                                  at /rustc/6b3fa26749ab40e159b2dd5cf577acaaf5902772/library/std/src/panicking.rs:751:5
[INFO] [stderr]     15:     0x598ed60637b9 - gcc[d05db397be87a5c3]::fail
[INFO] [stderr]     16:     0x598ed6063421 - gcc[d05db397be87a5c3]::run
[INFO] [stderr]     17:     0x598ed6065d47 - <gcc[d05db397be87a5c3]::Config>::compile_object
[INFO] [stderr]     18:     0x598ed6065e43 - <gcc[d05db397be87a5c3]::Config>::compile_objects
[INFO] [stderr]     19:     0x598ed6067509 - <gcc[d05db397be87a5c3]::Config>::compile
[INFO] [stderr]     20:     0x598ed605be30 - build_script_build[d2625233a0864548]::main
[INFO] [stderr]     21:     0x598ed605c803 - <fn() as core[6883ba1bc0fe4ed1]::ops::function::FnOnce<()>>::call_once
[INFO] [stderr]     22:     0x598ed605a096 - std[73adb7dc35730857]::sys::backtrace::__rust_begin_short_backtrace::<fn(), ()>
[INFO] [stderr]     23:     0x598ed605a0a9 - std[73adb7dc35730857]::rt::lang_start::<()>::{closure#0}
[INFO] [stderr]     24:     0x598ed60a62d7 - <&dyn core[6883ba1bc0fe4ed1]::ops::function::Fn<(), Output = i32> + core[6883ba1bc0fe4ed1]::panic::unwind_safe::RefUnwindSafe + core[6883ba1bc0fe4ed1]::marker::Sync as core[6883ba1bc0fe4ed1]::ops::function::FnOnce<()>>::call_once
[INFO] [stderr]                                  at /rustc/6b3fa26749ab40e159b2dd5cf577acaaf5902772/library/core/src/ops/function.rs:287:21
[INFO] [stderr]     25:     0x598ed60a62d7 - std[73adb7dc35730857]::panicking::catch_unwind::do_call::<&dyn core[6883ba1bc0fe4ed1]::ops::function::Fn<(), Output = i32> + core[6883ba1bc0fe4ed1]::panic::unwind_safe::RefUnwindSafe + core[6883ba1bc0fe4ed1]::marker::Sync, i32>
[INFO] [stderr]                                  at /rustc/6b3fa26749ab40e159b2dd5cf577acaaf5902772/library/std/src/panicking.rs:576:43
[INFO] [stderr]     26:     0x598ed60a62d7 - std[73adb7dc35730857]::panicking::catch_unwind::<i32, &dyn core[6883ba1bc0fe4ed1]::ops::function::Fn<(), Output = i32> + core[6883ba1bc0fe4ed1]::panic::unwind_safe::RefUnwindSafe + core[6883ba1bc0fe4ed1]::marker::Sync>
[INFO] [stderr]                                  at /rustc/6b3fa26749ab40e159b2dd5cf577acaaf5902772/library/std/src/panicking.rs:544:19
[INFO] [stderr]     27:     0x598ed60a62d7 - std[73adb7dc35730857]::panic::catch_unwind::<&dyn core[6883ba1bc0fe4ed1]::ops::function::Fn<(), Output = i32> + core[6883ba1bc0fe4ed1]::panic::unwind_safe::RefUnwindSafe + core[6883ba1bc0fe4ed1]::marker::Sync, i32>
[INFO] [stderr]                                  at /rustc/6b3fa26749ab40e159b2dd5cf577acaaf5902772/library/std/src/panic.rs:359:14
[INFO] [stderr]     28:     0x598ed60a62d7 - std[73adb7dc35730857]::rt::lang_start_internal::{closure#0}
[INFO] [stderr]                                  at /rustc/6b3fa26749ab40e159b2dd5cf577acaaf5902772/library/std/src/rt.rs:175:24
[INFO] [stderr]     29:     0x598ed60a62d7 - std[73adb7dc35730857]::panicking::catch_unwind::do_call::<std[73adb7dc35730857]::rt::lang_start_internal::{closure#0}, isize>
[INFO] [stderr]                                  at /rustc/6b3fa26749ab40e159b2dd5cf577acaaf5902772/library/std/src/panicking.rs:576:43
[INFO] [stderr]     30:     0x598ed60a62d7 - std[73adb7dc35730857]::panicking::catch_unwind::<isize, std[73adb7dc35730857]::rt::lang_start_internal::{closure#0}>
[INFO] [stderr]                                  at /rustc/6b3fa26749ab40e159b2dd5cf577acaaf5902772/library/std/src/panicking.rs:544:19
[INFO] [stderr]     31:     0x598ed60a62d7 - std[73adb7dc35730857]::panic::catch_unwind::<std[73adb7dc35730857]::rt::lang_start_internal::{closure#0}, isize>
[INFO] [stderr]                                  at /rustc/6b3fa26749ab40e159b2dd5cf577acaaf5902772/library/std/src/panic.rs:359:14
[INFO] [stderr]     32:     0x598ed60a62d7 - std[73adb7dc35730857]::rt::lang_start_internal
[INFO] [stderr]                                  at /rustc/6b3fa26749ab40e159b2dd5cf577acaaf5902772/library/std/src/rt.rs:171:5
[INFO] [stderr]     33:     0x598ed605a001 - std[73adb7dc35730857]::rt::lang_start::<()>
[INFO] [stderr]     34:     0x598ed605c9f5 - main
[INFO] [stderr]     35:     0x7116aa0431ca - <unknown>
[INFO] [stderr]     36:     0x7116aa04328b - __libc_start_main
[INFO] [stderr]     37:     0x598ed6059ae5 - _start
[INFO] [stderr]     38:                0x0 - <unknown>
[INFO] [stderr] warning: build failed, waiting for other jobs to finish...
[INFO] [stderr] warning: openssl@0.7.14: src/c_helpers.c: In function 'rust_SSL_clone':
[INFO] [stderr] warning: openssl@0.7.14: src/c_helpers.c:4:5: warning: implicit declaration of function 'CRYPTO_add' [-Wimplicit-function-declaration]
[INFO] [stderr] warning: openssl@0.7.14:     4 |     CRYPTO_add(&ssl->references, 1, CRYPTO_LOCK_SSL);
[INFO] [stderr] warning: openssl@0.7.14:       |     ^~~~~~~~~~
[INFO] [stderr] warning: openssl@0.7.14: src/c_helpers.c:4:20: error: invalid use of incomplete typedef 'SSL' {aka 'struct ssl_st'}
[INFO] [stderr] warning: openssl@0.7.14:     4 |     CRYPTO_add(&ssl->references, 1, CRYPTO_LOCK_SSL);
[INFO] [stderr] warning: openssl@0.7.14:       |                    ^~
[INFO] [stderr] warning: openssl@0.7.14: src/c_helpers.c:4:37: error: 'CRYPTO_LOCK_SSL' undeclared (first use in this function); did you mean 'CRYPTO_LOCK'?
[INFO] [stderr] warning: openssl@0.7.14:     4 |     CRYPTO_add(&ssl->references, 1, CRYPTO_LOCK_SSL);
[INFO] [stderr] warning: openssl@0.7.14:       |                                     ^~~~~~~~~~~~~~~
[INFO] [stderr] warning: openssl@0.7.14:       |                                     CRYPTO_LOCK
[INFO] [stderr] warning: openssl@0.7.14: src/c_helpers.c:4:37: note: each undeclared identifier is reported only once for each function it appears in
[INFO] [stderr] warning: openssl@0.7.14: src/c_helpers.c: In function 'rust_SSL_CTX_clone':
[INFO] [stderr] warning: openssl@0.7.14: src/c_helpers.c:8:20: error: invalid use of incomplete typedef 'SSL_CTX' {aka 'struct ssl_ctx_st'}
[INFO] [stderr] warning: openssl@0.7.14:     8 |     CRYPTO_add(&ctx->references,1,CRYPTO_LOCK_SSL_CTX);
[INFO] [stderr] warning: openssl@0.7.14:       |                    ^~
[INFO] [stderr] warning: openssl@0.7.14: src/c_helpers.c:8:35: error: 'CRYPTO_LOCK_SSL_CTX' undeclared (first use in this function)
[INFO] [stderr] warning: openssl@0.7.14:     8 |     CRYPTO_add(&ctx->references,1,CRYPTO_LOCK_SSL_CTX);
[INFO] [stderr] warning: openssl@0.7.14:       |                                   ^~~~~~~~~~~~~~~~~~~
[INFO] [stderr] warning: openssl@0.7.14: src/c_helpers.c: In function 'rust_X509_clone':
[INFO] [stderr] warning: openssl@0.7.14: src/c_helpers.c:12:21: error: invalid use of incomplete typedef 'X509' {aka 'struct x509_st'}
[INFO] [stderr] warning: openssl@0.7.14:    12 |     CRYPTO_add(&x509->references,1,CRYPTO_LOCK_X509);
[INFO] [stderr] warning: openssl@0.7.14:       |                     ^~
[INFO] [stderr] warning: openssl@0.7.14: src/c_helpers.c:12:36: error: 'CRYPTO_LOCK_X509' undeclared (first use in this function); did you mean 'CRYPTO_LOCK'?
[INFO] [stderr] warning: openssl@0.7.14:    12 |     CRYPTO_add(&x509->references,1,CRYPTO_LOCK_X509);
[INFO] [stderr] warning: openssl@0.7.14:       |                                    ^~~~~~~~~~~~~~~~
[INFO] [stderr] warning: openssl@0.7.14:       |                                    CRYPTO_LOCK
[INFO] [stderr] error: failed to run custom build command for `openssl v0.7.14`
[INFO] [stderr] note: To improve backtraces for build dependencies, set the CARGO_PROFILE_DEV_BUILD_OVERRIDE_DEBUG=true environment variable to enable debug information generation.
[INFO] [stderr] 
[INFO] [stderr] Caused by:
[INFO] [stderr]   process didn't exit successfully: `/opt/rustwide/target/debug/build/openssl-e3ca3cf7f2ce7a98/build-script-build` (exit status: 101)
[INFO] [stderr]   --- stdout
[INFO] [stderr]   TARGET = Some("x86_64-unknown-linux-gnu")
[INFO] [stderr]   OPT_LEVEL = Some("0")
[INFO] [stderr]   PROFILE = Some("debug")
[INFO] [stderr]   TARGET = Some("x86_64-unknown-linux-gnu")
[INFO] [stderr]   debug=true opt-level=0
[INFO] [stderr]   HOST = Some("x86_64-unknown-linux-gnu")
[INFO] [stderr]   TARGET = Some("x86_64-unknown-linux-gnu")
[INFO] [stderr]   TARGET = Some("x86_64-unknown-linux-gnu")
[INFO] [stderr]   HOST = Some("x86_64-unknown-linux-gnu")
[INFO] [stderr]   CC_x86_64-unknown-linux-gnu = None
[INFO] [stderr]   CC_x86_64_unknown_linux_gnu = None
[INFO] [stderr]   HOST_CC = None
[INFO] [stderr]   CC = None
[INFO] [stderr]   HOST = Some("x86_64-unknown-linux-gnu")
[INFO] [stderr]   TARGET = Some("x86_64-unknown-linux-gnu")
[INFO] [stderr]   HOST = Some("x86_64-unknown-linux-gnu")
[INFO] [stderr]   CFLAGS_x86_64-unknown-linux-gnu = None
[INFO] [stderr]   CFLAGS_x86_64_unknown_linux_gnu = None
[INFO] [stderr]   HOST_CFLAGS = None
[INFO] [stderr]   CFLAGS = None
[INFO] [stderr]   running: "cc" "-O0" "-ffunction-sections" "-fdata-sections" "-g" "-m64" "-fPIC" "-o" "/opt/rustwide/target/debug/build/openssl-52b6045531568fc7/out/src/c_helpers.o" "-c" "src/c_helpers.c"
[INFO] [stderr]   cargo:warning=src/c_helpers.c: In function 'rust_SSL_clone':
[INFO] [stderr]   cargo:warning=src/c_helpers.c:4:5: warning: implicit declaration of function 'CRYPTO_add' [-Wimplicit-function-declaration]
[INFO] [stderr]   cargo:warning=    4 |     CRYPTO_add(&ssl->references, 1, CRYPTO_LOCK_SSL);
[INFO] [stderr]   cargo:warning=      |     ^~~~~~~~~~
[INFO] [stderr]   cargo:warning=src/c_helpers.c:4:20: error: invalid use of incomplete typedef 'SSL' {aka 'struct ssl_st'}
[INFO] [stderr]   cargo:warning=    4 |     CRYPTO_add(&ssl->references, 1, CRYPTO_LOCK_SSL);
[INFO] [stderr]   cargo:warning=      |                    ^~
[INFO] [stderr]   cargo:warning=src/c_helpers.c:4:37: error: 'CRYPTO_LOCK_SSL' undeclared (first use in this function); did you mean 'CRYPTO_LOCK'?
[INFO] [stderr]   cargo:warning=    4 |     CRYPTO_add(&ssl->references, 1, CRYPTO_LOCK_SSL);
[INFO] [stderr]   cargo:warning=      |                                     ^~~~~~~~~~~~~~~
[INFO] [stderr]   cargo:warning=      |                                     CRYPTO_LOCK
[INFO] [stderr]   cargo:warning=src/c_helpers.c:4:37: note: each undeclared identifier is reported only once for each function it appears in
[INFO] [stderr]   cargo:warning=src/c_helpers.c: In function 'rust_SSL_CTX_clone':
[INFO] [stderr]   cargo:warning=src/c_helpers.c:8:20: error: invalid use of incomplete typedef 'SSL_CTX' {aka 'struct ssl_ctx_st'}
[INFO] [stderr]   cargo:warning=    8 |     CRYPTO_add(&ctx->references,1,CRYPTO_LOCK_SSL_CTX);
[INFO] [stderr]   cargo:warning=      |                    ^~
[INFO] [stderr]   cargo:warning=src/c_helpers.c:8:35: error: 'CRYPTO_LOCK_SSL_CTX' undeclared (first use in this function)
[INFO] [stderr]   cargo:warning=    8 |     CRYPTO_add(&ctx->references,1,CRYPTO_LOCK_SSL_CTX);
[INFO] [stderr]   cargo:warning=      |                                   ^~~~~~~~~~~~~~~~~~~
[INFO] [stderr]   cargo:warning=src/c_helpers.c: In function 'rust_X509_clone':
[INFO] [stderr]   cargo:warning=src/c_helpers.c:12:21: error: invalid use of incomplete typedef 'X509' {aka 'struct x509_st'}
[INFO] [stderr]   cargo:warning=   12 |     CRYPTO_add(&x509->references,1,CRYPTO_LOCK_X509);
[INFO] [stderr]   cargo:warning=      |                     ^~
[INFO] [stderr]   cargo:warning=src/c_helpers.c:12:36: error: 'CRYPTO_LOCK_X509' undeclared (first use in this function); did you mean 'CRYPTO_LOCK'?
[INFO] [stderr]   cargo:warning=   12 |     CRYPTO_add(&x509->references,1,CRYPTO_LOCK_X509);
[INFO] [stderr]   cargo:warning=      |                                    ^~~~~~~~~~~~~~~~
[INFO] [stderr]   cargo:warning=      |                                    CRYPTO_LOCK
[INFO] [stderr]   ExitStatus(unix_wait_status(256))
[INFO] [stderr] 
[INFO] [stderr] 
[INFO] [stderr]   command did not execute successfully, got: exit status: 1
[INFO] [stderr] 
[INFO] [stderr] 
[INFO] [stderr] 
[INFO] [stderr]   --- stderr
[INFO] [stderr] 
[INFO] [stderr]   thread 'main' (696) panicked at /opt/rustwide/cargo-home/registry/src/index.crates.io-1949cf8c6b5b557f/gcc-0.3.35/src/lib.rs:897:5:
[INFO] [stderr]   explicit panic
[INFO] [stderr]   stack backtrace:
[INFO] [stderr]      0:     0x571a811230e1 - std[73adb7dc35730857]::backtrace_rs::backtrace::libunwind::trace
[INFO] [stderr]                                  at /rustc/6b3fa26749ab40e159b2dd5cf577acaaf5902772/library/std/src/../../backtrace/src/backtrace/libunwind.rs:117:9
[INFO] [stderr]      1:     0x571a811230e1 - std[73adb7dc35730857]::backtrace_rs::backtrace::trace_unsynchronized::<std[73adb7dc35730857]::sys::backtrace::_print_fmt::{closure#1}>
[INFO] [stderr]                                  at /rustc/6b3fa26749ab40e159b2dd5cf577acaaf5902772/library/std/src/../../backtrace/src/backtrace/mod.rs:66:14
[INFO] [stderr]      2:     0x571a811230e1 - std[73adb7dc35730857]::sys::backtrace::_print_fmt
[INFO] [stderr]                                  at /rustc/6b3fa26749ab40e159b2dd5cf577acaaf5902772/library/std/src/sys/backtrace.rs:74:9
[INFO] [stderr]      3:     0x571a811230e1 - <<std[73adb7dc35730857]::sys::backtrace::BacktraceLock>::print::DisplayBacktrace as core[6883ba1bc0fe4ed1]::fmt::Display>::fmt
[INFO] [stderr]                                  at /rustc/6b3fa26749ab40e159b2dd5cf577acaaf5902772/library/std/src/sys/backtrace.rs:44:26
[INFO] [stderr]      4:     0x571a8113625a - <core[6883ba1bc0fe4ed1]::fmt::rt::Argument>::fmt
[INFO] [stderr]                                  at /rustc/6b3fa26749ab40e159b2dd5cf577acaaf5902772/library/core/src/fmt/rt.rs:152:76
[INFO] [stderr]      5:     0x571a8113625a - core[6883ba1bc0fe4ed1]::fmt::write
[INFO] [stderr]      6:     0x571a811287ec - std[73adb7dc35730857]::io::default_write_fmt::<std[73adb7dc35730857]::sys::stdio::unix::Stderr>
[INFO] [stderr]                                  at /rustc/6b3fa26749ab40e159b2dd5cf577acaaf5902772/library/std/src/io/mod.rs:626:11
[INFO] [stderr]      7:     0x571a811287ec - <std[73adb7dc35730857]::sys::stdio::unix::Stderr as std[73adb7dc35730857]::io::Write>::write_fmt
[INFO] [stderr]                                  at /rustc/6b3fa26749ab40e159b2dd5cf577acaaf5902772/library/std/src/io/mod.rs:1730:13
[INFO] [stderr]      8:     0x571a81104866 - <std[73adb7dc35730857]::sys::backtrace::BacktraceLock>::print
[INFO] [stderr]                                  at /rustc/6b3fa26749ab40e159b2dd5cf577acaaf5902772/library/std/src/sys/backtrace.rs:47:9
[INFO] [stderr]      9:     0x571a81104866 - std[73adb7dc35730857]::panicking::default_hook::{closure#0}
[INFO] [stderr]                                  at /rustc/6b3fa26749ab40e159b2dd5cf577acaaf5902772/library/std/src/panicking.rs:292:27
[INFO] [stderr]     10:     0x571a8111db71 - std[73adb7dc35730857]::panicking::default_hook
[INFO] [stderr]                                  at /rustc/6b3fa26749ab40e159b2dd5cf577acaaf5902772/library/std/src/panicking.rs:319:9
[INFO] [stderr]     11:     0x571a8111dd2b - std[73adb7dc35730857]::panicking::panic_with_hook
[INFO] [stderr]                                  at /rustc/6b3fa26749ab40e159b2dd5cf577acaaf5902772/library/std/src/panicking.rs:815:13
[INFO] [stderr]     12:     0x571a81103e0c - std[73adb7dc35730857]::panicking::begin_panic::<&str>::{closure#0}
[INFO] [stderr]                                  at /rustc/6b3fa26749ab40e159b2dd5cf577acaaf5902772/library/std/src/panicking.rs:752:9
[INFO] [stderr]     13:     0x571a810fc229 - std[73adb7dc35730857]::sys::backtrace::__rust_end_short_backtrace::<std[73adb7dc35730857]::panicking::begin_panic<&str>::{closure#0}, !>
[INFO] [stderr]                                  at /rustc/6b3fa26749ab40e159b2dd5cf577acaaf5902772/library/std/src/sys/backtrace.rs:182:18
[INFO] [stderr]     14:     0x571a810f90db - std[73adb7dc35730857]::panicking::begin_panic::<&str>
[INFO] [stderr]                                  at /rustc/6b3fa26749ab40e159b2dd5cf577acaaf5902772/library/std/src/panicking.rs:751:5
[INFO] [stderr]     15:     0x571a810da4c9 - gcc[d05db397be87a5c3]::fail
[INFO] [stderr]     16:     0x571a810da131 - gcc[d05db397be87a5c3]::run
[INFO] [stderr]     17:     0x571a810dca57 - <gcc[d05db397be87a5c3]::Config>::compile_object
[INFO] [stderr]     18:     0x571a810dcb53 - <gcc[d05db397be87a5c3]::Config>::compile_objects
[INFO] [stderr]     19:     0x571a810de219 - <gcc[d05db397be87a5c3]::Config>::compile
[INFO] [stderr]     20:     0x571a810d3613 - build_script_build[fe831f24183a527e]::main
[INFO] [stderr]     21:     0x571a810d36a3 - <fn() as core[6883ba1bc0fe4ed1]::ops::function::FnOnce<()>>::call_once
[INFO] [stderr]     22:     0x571a810d3376 - std[73adb7dc35730857]::sys::backtrace::__rust_begin_short_backtrace::<fn(), ()>
[INFO] [stderr]     23:     0x571a810d3389 - std[73adb7dc35730857]::rt::lang_start::<()>::{closure#0}
[INFO] [stderr]     24:     0x571a8111cf07 - <&dyn core[6883ba1bc0fe4ed1]::ops::function::Fn<(), Output = i32> + core[6883ba1bc0fe4ed1]::panic::unwind_safe::RefUnwindSafe + core[6883ba1bc0fe4ed1]::marker::Sync as core[6883ba1bc0fe4ed1]::ops::function::FnOnce<()>>::call_once
[INFO] [stderr]                                  at /rustc/6b3fa26749ab40e159b2dd5cf577acaaf5902772/library/core/src/ops/function.rs:287:21
[INFO] [stderr]     25:     0x571a8111cf07 - std[73adb7dc35730857]::panicking::catch_unwind::do_call::<&dyn core[6883ba1bc0fe4ed1]::ops::function::Fn<(), Output = i32> + core[6883ba1bc0fe4ed1]::panic::unwind_safe::RefUnwindSafe + core[6883ba1bc0fe4ed1]::marker::Sync, i32>
[INFO] [stderr]                                  at /rustc/6b3fa26749ab40e159b2dd5cf577acaaf5902772/library/std/src/panicking.rs:576:43
[INFO] [stderr]     26:     0x571a8111cf07 - std[73adb7dc35730857]::panicking::catch_unwind::<i32, &dyn core[6883ba1bc0fe4ed1]::ops::function::Fn<(), Output = i32> + core[6883ba1bc0fe4ed1]::panic::unwind_safe::RefUnwindSafe + core[6883ba1bc0fe4ed1]::marker::Sync>
[INFO] [stderr]                                  at /rustc/6b3fa26749ab40e159b2dd5cf577acaaf5902772/library/std/src/panicking.rs:544:19
[INFO] [stderr]     27:     0x571a8111cf07 - std[73adb7dc35730857]::panic::catch_unwind::<&dyn core[6883ba1bc0fe4ed1]::ops::function::Fn<(), Output = i32> + core[6883ba1bc0fe4ed1]::panic::unwind_safe::RefUnwindSafe + core[6883ba1bc0fe4ed1]::marker::Sync, i32>
[INFO] [stderr]                                  at /rustc/6b3fa26749ab40e159b2dd5cf577acaaf5902772/library/std/src/panic.rs:359:14
[INFO] [stderr]     28:     0x571a8111cf07 - std[73adb7dc35730857]::rt::lang_start_internal::{closure#0}
[INFO] [stderr]                                  at /rustc/6b3fa26749ab40e159b2dd5cf577acaaf5902772/library/std/src/rt.rs:175:24
[INFO] [stderr]     29:     0x571a8111cf07 - std[73adb7dc35730857]::panicking::catch_unwind::do_call::<std[73adb7dc35730857]::rt::lang_start_internal::{closure#0}, isize>
[INFO] [stderr]                                  at /rustc/6b3fa26749ab40e159b2dd5cf577acaaf5902772/library/std/src/panicking.rs:576:43
[INFO] [stderr]     30:     0x571a8111cf07 - std[73adb7dc35730857]::panicking::catch_unwind::<isize, std[73adb7dc35730857]::rt::lang_start_internal::{closure#0}>
[INFO] [stderr]                                  at /rustc/6b3fa26749ab40e159b2dd5cf577acaaf5902772/library/std/src/panicking.rs:544:19
[INFO] [stderr]     31:     0x571a8111cf07 - std[73adb7dc35730857]::panic::catch_unwind::<std[73adb7dc35730857]::rt::lang_start_internal::{closure#0}, isize>
[INFO] [stderr]                                  at /rustc/6b3fa26749ab40e159b2dd5cf577acaaf5902772/library/std/src/panic.rs:359:14
[INFO] [stderr]     32:     0x571a8111cf07 - std[73adb7dc35730857]::rt::lang_start_internal
[INFO] [stderr]                                  at /rustc/6b3fa26749ab40e159b2dd5cf577acaaf5902772/library/std/src/rt.rs:171:5
[INFO] [stderr]     33:     0x571a810d32e1 - std[73adb7dc35730857]::rt::lang_start::<()>
[INFO] [stderr]     34:     0x571a810d3705 - main
[INFO] [stderr]     35:     0x75293d65d1ca - <unknown>
[INFO] [stderr]     36:     0x75293d65d28b - __libc_start_main
[INFO] [stderr]     37:     0x571a810d3155 - _start
[INFO] [stderr]     38:                0x0 - <unknown>
[INFO] [stdout] Some errors have detailed explanations: E0310, E0642.
[INFO] [stdout] 
[INFO] [stdout] For more information about an error, try `rustc --explain E0310`.
[INFO] [stdout] 
[INFO] [stderr] error: could not compile `rustc-serialize` (lib) due to 2 previous errors
[INFO] [stderr] error: could not compile `clap` (lib) due to 1 previous error
[INFO] running `Command { std: "docker" "inspect" "7c1fa942e8cbf663cb6cacdd1abe9cb5a85b97d367f127b0615bcf32f366fe64", kill_on_drop: false }`
[INFO] running `Command { std: "docker" "rm" "-f" "7c1fa942e8cbf663cb6cacdd1abe9cb5a85b97d367f127b0615bcf32f366fe64", kill_on_drop: false }`
[INFO] [stdout] 7c1fa942e8cbf663cb6cacdd1abe9cb5a85b97d367f127b0615bcf32f366fe64
