[INFO] cloning repository https://github.com/inigoiparragirre/codecrafters-bittorrent-rust
[INFO] running `Command { std: "git" "-c" "credential.helper=" "-c" "credential.helper=/workspace/cargo-home/bin/git-credential-null" "clone" "--bare" "https://github.com/inigoiparragirre/codecrafters-bittorrent-rust" "/workspace/cache/git-repos/https%3A%2F%2Fgithub.com%2Finigoiparragirre%2Fcodecrafters-bittorrent-rust", kill_on_drop: false }`
[INFO] [stderr] Cloning into bare repository '/workspace/cache/git-repos/https%3A%2F%2Fgithub.com%2Finigoiparragirre%2Fcodecrafters-bittorrent-rust'...
[INFO] running `Command { std: "git" "rev-parse" "HEAD", kill_on_drop: false }`
[INFO] [stdout] 1bdc4c11fb6caa5a3e2883b62a5d071548b0279e
[INFO] testing inigoiparragirre/codecrafters-bittorrent-rust against 1.97.0-beta.6 for beta-1.98-2
[INFO] running `Command { std: "git" "clone" "/workspace/cache/git-repos/https%3A%2F%2Fgithub.com%2Finigoiparragirre%2Fcodecrafters-bittorrent-rust" "/workspace/builds/worker-7-tc1/source", kill_on_drop: false }`
[INFO] [stderr] Cloning into '/workspace/builds/worker-7-tc1/source'...
[INFO] [stderr] done.
[INFO] started tweaking git repo https://github.com/inigoiparragirre/codecrafters-bittorrent-rust
[INFO] finished tweaking git repo https://github.com/inigoiparragirre/codecrafters-bittorrent-rust
[INFO] tweaked toml for git repo https://github.com/inigoiparragirre/codecrafters-bittorrent-rust written to /workspace/builds/worker-7-tc1/source/Cargo.toml
[INFO] validating manifest of git repo https://github.com/inigoiparragirre/codecrafters-bittorrent-rust on toolchain 1.97.0-beta.6
[INFO] running `Command { std: CARGO_HOME="/workspace/cargo-home" RUSTUP_HOME="/workspace/rustup-home" "/workspace/cargo-home/bin/cargo" "+1.97.0-beta.6" "metadata" "--manifest-path" "Cargo.toml" "--no-deps", kill_on_drop: false }`
[INFO] crate git repo https://github.com/inigoiparragirre/codecrafters-bittorrent-rust already has a lockfile, it will not be regenerated
[INFO] running `Command { std: CARGO_HOME="/workspace/cargo-home" RUSTUP_HOME="/workspace/rustup-home" "/workspace/cargo-home/bin/cargo" "+1.97.0-beta.6" "fetch" "--manifest-path" "Cargo.toml", kill_on_drop: false }`
[INFO] [stderr]     Blocking waiting for file lock on package cache
[INFO] [stderr]     Updating crates.io index
[INFO] [stderr]     Blocking waiting for file lock on package cache
[INFO] [stderr]  Downloading crates ...
[INFO] [stderr]   Downloaded tracing-core v0.1.31
[INFO] [stderr]   Downloaded urlencoding v2.1.3
[INFO] [stderr]   Downloaded form_urlencoded v1.2.1
[INFO] [stderr]   Downloaded fastrand v2.0.0
[INFO] [stderr]   Downloaded itoa v1.0.9
[INFO] [stderr]   Downloaded hex v0.4.3
[INFO] [stderr]   Downloaded futures-task v0.3.29
[INFO] [stderr]   Downloaded anstyle-query v1.0.0
[INFO] [stderr]   Downloaded openssl-probe v0.1.5
[INFO] [stderr]   Downloaded httpdate v1.0.3
[INFO] [stderr]   Downloaded futures-io v0.3.29
[INFO] [stderr]   Downloaded sha1 v0.10.5
[INFO] [stderr]   Downloaded serde_urlencoded v0.7.1
[INFO] [stderr]   Downloaded windows-targets v0.48.4
[INFO] [stderr]   Downloaded crypto-common v0.1.6
[INFO] [stderr]   Downloaded percent-encoding v2.3.1
[INFO] [stderr]   Downloaded clap_lex v0.5.0
[INFO] [stderr]   Downloaded futures-sink v0.3.29
[INFO] [stderr]   Downloaded thiserror-impl v1.0.38
[INFO] [stderr]   Downloaded block-buffer v0.10.4
[INFO] [stderr]   Downloaded wasm-bindgen-futures v0.4.37
[INFO] [stderr]   Downloaded http-body v0.4.5
[INFO] [stderr]   Downloaded anstyle-wincon v1.0.2
[INFO] [stderr]   Downloaded utf8parse v0.2.1
[INFO] [stderr]   Downloaded errno v0.3.2
[INFO] [stderr]   Downloaded serde_bencode v0.2.3
[INFO] [stderr]   Downloaded hyper-tls v0.5.0
[INFO] [stderr]   Downloaded anstyle-parse v0.2.1
[INFO] [stderr]   Downloaded bincode_derive v2.0.0-rc.3
[INFO] [stderr]   Downloaded tokio-macros v2.1.0
[INFO] [stderr]   Downloaded cpufeatures v0.2.9
[INFO] [stderr]   Downloaded futures-core v0.3.29
[INFO] [stderr]   Downloaded openssl-macros v0.1.1
[INFO] [stderr]   Downloaded tower-service v0.3.2
[INFO] [stderr]   Downloaded heck v0.4.1
[INFO] [stderr]   Downloaded futures-macro v0.3.29
[INFO] [stderr]   Downloaded pin-project-lite v0.2.12
[INFO] [stderr]   Downloaded bincode v1.3.3
[INFO] [stderr]   Downloaded anyhow v1.0.68
[INFO] [stderr]   Downloaded virtue v0.0.13
[INFO] [stderr]   Downloaded unicode-xid v0.2.1
[INFO] [stderr]   Downloaded serde_bytes v0.11.12
[INFO] [stderr]   Downloaded linked-hash-map v0.5.6
[INFO] [stderr]   Downloaded try-lock v0.2.4
[INFO] [stderr]   Downloaded rustc-demangle v0.1.23
[INFO] [stderr]   Downloaded thiserror v1.0.38
[INFO] [stderr]   Downloaded digest v0.10.7
[INFO] [stderr]   Downloaded generic-array v0.14.7
[INFO] [stderr]   Downloaded tokio-native-tls v0.3.1
[INFO] [stderr]   Downloaded anstyle v1.0.1
[INFO] [stderr]   Downloaded colorchoice v1.0.0
[INFO] [stderr]   Downloaded native-tls v0.2.11
[INFO] [stderr]   Downloaded security-framework-sys v2.9.1
[INFO] [stderr]   Downloaded winreg v0.10.1
[INFO] [stderr]   Downloaded ipnet v2.8.0
[INFO] [stderr]   Downloaded clap_derive v4.3.12
[INFO] [stderr]   Downloaded signal-hook-registry v1.4.1
[INFO] [stderr]   Downloaded tempfile v3.7.1
[INFO] [stderr]   Downloaded futures-executor v0.3.29
[INFO] [stderr]   Downloaded anstream v0.3.2
[INFO] [stderr]   Downloaded schannel v0.1.22
[INFO] [stderr]   Downloaded unicode-bidi v0.3.13
[INFO] [stderr]   Downloaded addr2line v0.20.0
[INFO] [stderr]   Downloaded ryu v1.0.15
[INFO] [stderr]   Downloaded socket2 v0.4.9
[INFO] [stderr]   Downloaded httparse v1.8.0
[INFO] [stderr]   Downloaded futures-channel v0.3.29
[INFO] [stderr]   Downloaded typenum v1.16.0
[INFO] [stderr]   Downloaded futures v0.3.29
[INFO] [stderr]   Downloaded clap v4.3.22
[INFO] [stderr]   Downloaded tokio-util v0.7.10
[INFO] [stderr]   Downloaded tracing v0.1.37
[INFO] [stderr]   Downloaded socket2 v0.5.3
[INFO] [stderr]   Downloaded serde v1.0.193
[INFO] [stderr]   Downloaded security-framework v2.9.2
[INFO] [stderr]   Downloaded openssl-sys v0.9.91
[INFO] [stderr]   Downloaded backtrace v0.3.68
[INFO] [stderr]   Downloaded cc v1.0.82
[INFO] [stderr]   Downloaded serde_derive v1.0.193
[INFO] [stderr]   Downloaded bytes v1.3.0
[INFO] [stderr]   Downloaded base64 v0.21.2
[INFO] [stderr]   Downloaded url v2.5.0
[INFO] [stderr]   Downloaded http v0.2.9
[INFO] [stderr]   Downloaded unicode-normalization v0.1.22
[INFO] [stderr]   Downloaded serde_json v1.0.105
[INFO] [stderr]   Downloaded reqwest v0.11.18
[INFO] [stderr]   Downloaded h2 v0.3.20
[INFO] [stderr]   Downloaded futures-util v0.3.29
[INFO] [stderr]   Downloaded aho-corasick v1.0.4
[INFO] [stderr]   Downloaded clap_builder v4.3.22
[INFO] [stderr]   Downloaded hyper v0.14.27
[INFO] [stderr]   Downloaded syn v1.0.48
[INFO] [stderr]   Downloaded vcpkg v0.2.15
[INFO] [stderr]   Downloaded regex v1.9.3
[INFO] [stderr]   Downloaded syn v2.0.29
[INFO] [stderr]   Downloaded object v0.31.1
[INFO] [stderr]   Downloaded idna v0.5.0
[INFO] [stderr]   Downloaded openssl v0.10.56
[INFO] [stderr]   Downloaded gimli v0.27.3
[INFO] [stderr]   Downloaded rustix v0.38.8
[INFO] [stderr]   Downloaded regex-syntax v0.7.4
[INFO] [stderr]   Downloaded windows_x86_64_gnullvm v0.48.4
[INFO] [stderr]   Downloaded windows_aarch64_gnullvm v0.48.4
[INFO] [stderr]   Downloaded regex-automata v0.3.6
[INFO] [stderr]   Downloaded web-sys v0.3.64
[INFO] [stderr]   Downloaded tokio v1.32.0
[INFO] [stderr]   Downloaded windows_aarch64_msvc v0.48.4
[INFO] [stderr]   Downloaded windows_x86_64_msvc v0.48.4
[INFO] [stderr]   Downloaded windows_x86_64_gnu v0.48.4
[INFO] [stderr]   Downloaded windows_i686_msvc v0.48.4
[INFO] [stderr]   Downloaded windows_i686_gnu v0.48.4
[INFO] [stderr]   Downloaded encoding_rs v0.8.32
[INFO] running `Command { std: "docker" "create" "-v" "/var/lib/crater-agent-workspace/builds/worker-7-tc1/source:/opt/rustwide/workdir:ro,Z" "-v" "/var/lib/crater-agent-workspace/builds/worker-7-tc1/target:/opt/rustwide/target:rw,Z" "-v" "/var/lib/crater-agent-workspace/cargo-home:/opt/rustwide/cargo-home:ro,Z" "-v" "/var/lib/crater-agent-workspace/rustup-home:/opt/rustwide/rustup-home:ro,Z" "-m" "1610612736" "--network" "none" "ghcr.io/rust-lang/crates-build-env/linux@sha256:3d5ced03c013a94a2f102a4510f48a6e9184255caf5fd8244f58017bde7f5210" "sleep" "infinity", kill_on_drop: false }`
[INFO] [stdout] 00f8495c9dd9cdb7d516e6bdfdb3079a7a983e80d98a85d1e36420499cf37828
[INFO] running `Command { std: "docker" "start" "00f8495c9dd9cdb7d516e6bdfdb3079a7a983e80d98a85d1e36420499cf37828", kill_on_drop: false }`
[INFO] running `Command { std: "docker" "inspect" "00f8495c9dd9cdb7d516e6bdfdb3079a7a983e80d98a85d1e36420499cf37828", kill_on_drop: false }`
[INFO] running `Command { std: "docker" "exec" "-e" "SOURCE_DIR=/opt/rustwide/workdir" "-e" "CARGO_HOME=/opt/rustwide/cargo-home" "-e" "RUSTUP_HOME=/opt/rustwide/rustup-home" "-e" "CARGO_TARGET_DIR=/opt/rustwide/target" "-w" "/opt/rustwide/workdir" "--user" "0:0" "00f8495c9dd9cdb7d516e6bdfdb3079a7a983e80d98a85d1e36420499cf37828" "/opt/rustwide/cargo-home/bin/cargo" "+1.97.0-beta.6" "metadata" "--no-deps" "--format-version=1", kill_on_drop: false }`
[INFO] running `Command { std: "docker" "inspect" "00f8495c9dd9cdb7d516e6bdfdb3079a7a983e80d98a85d1e36420499cf37828", kill_on_drop: false }`
[INFO] running `Command { std: "docker" "exec" "-e" "SOURCE_DIR=/opt/rustwide/workdir" "-e" "CARGO_HOME=/opt/rustwide/cargo-home" "-e" "RUSTUP_HOME=/opt/rustwide/rustup-home" "-e" "CARGO_TARGET_DIR=/opt/rustwide/target" "-e" "CARGO_INCREMENTAL=0" "-e" "RUST_BACKTRACE=full" "-e" "RUSTFLAGS=--cap-lints=warn" "-e" "RUSTDOCFLAGS=--cap-lints=warn" "-w" "/opt/rustwide/workdir" "--user" "0:0" "00f8495c9dd9cdb7d516e6bdfdb3079a7a983e80d98a85d1e36420499cf37828" "/opt/rustwide/cargo-home/bin/cargo" "+1.97.0-beta.6" "build" "--frozen" "--message-format=json", kill_on_drop: false }`
[INFO] [stderr]    Compiling proc-macro2 v1.0.66
[INFO] [stderr]    Compiling unicode-ident v1.0.11
[INFO] [stderr]    Compiling libc v0.2.147
[INFO] [stderr]    Compiling autocfg v1.1.0
[INFO] [stderr]    Compiling cfg-if v1.0.0
[INFO] [stderr]    Compiling memchr v2.5.0
[INFO] [stderr]    Compiling pin-project-lite v0.2.12
[INFO] [stderr]    Compiling once_cell v1.18.0
[INFO] [stderr]    Compiling futures-core v0.3.29
[INFO] [stderr]    Compiling vcpkg v0.2.15
[INFO] [stderr]    Compiling pkg-config v0.3.27
[INFO] [stderr]    Compiling parking_lot_core v0.9.8
[INFO] [stderr]    Compiling smallvec v1.11.0
[INFO] [stderr]    Compiling futures-task v0.3.29
[INFO] [stderr]    Compiling bytes v1.3.0
[INFO] [stderr]    Compiling futures-channel v0.3.29
[INFO] [stderr]    Compiling scopeguard v1.2.0
[INFO] [stderr]    Compiling futures-sink v0.3.29
[INFO] [stderr]    Compiling serde v1.0.193
[INFO] [stderr]    Compiling itoa v1.0.9
[INFO] [stderr]    Compiling futures-util v0.3.29
[INFO] [stderr]    Compiling lock_api v0.4.10
[INFO] [stderr]    Compiling slab v0.4.8
[INFO] [stderr]    Compiling typenum v1.16.0
[INFO] [stderr]    Compiling futures-io v0.3.29
[INFO] [stderr]    Compiling rustix v0.38.8
[INFO] [stderr]    Compiling pin-utils v0.1.0
[INFO] [stderr]    Compiling version_check v0.9.4
[INFO] [stderr]    Compiling indexmap v1.9.3
[INFO] [stderr]    Compiling tracing-core v0.1.31
[INFO] [stderr]    Compiling foreign-types-shared v0.1.1
[INFO] [stderr]    Compiling fnv v1.0.7
[INFO] [stderr]    Compiling openssl v0.10.56
[INFO] [stderr]    Compiling linux-raw-sys v0.4.5
[INFO] [stderr]    Compiling bitflags v2.4.0
[INFO] [stderr]    Compiling http v0.2.9
[INFO] [stderr]    Compiling foreign-types v0.3.2
[INFO] [stderr]    Compiling generic-array v0.14.7
[INFO] [stderr]    Compiling bitflags v1.3.2
[INFO] [stderr]    Compiling tinyvec_macros v0.1.1
[INFO] [stderr]    Compiling httparse v1.8.0
[INFO] [stderr]    Compiling hashbrown v0.12.3
[INFO] [stderr]    Compiling cc v1.0.82
[INFO] [stderr]    Compiling mio v0.8.8
[INFO] [stderr]    Compiling num_cpus v1.16.0
[INFO] [stderr]    Compiling signal-hook-registry v1.4.1
[INFO] [stderr]    Compiling quote v1.0.33
[INFO] [stderr]    Compiling parking_lot v0.12.1
[INFO] [stderr]    Compiling socket2 v0.5.3
[INFO] [stderr]    Compiling native-tls v0.2.11
[INFO] [stderr]    Compiling syn v2.0.29
[INFO] [stderr]    Compiling tinyvec v1.6.0
[INFO] [stderr]    Compiling percent-encoding v2.3.1
[INFO] [stderr]    Compiling log v0.4.20
[INFO] [stderr]    Compiling syn v1.0.48
[INFO] [stderr]    Compiling tracing v0.1.37
[INFO] [stderr]    Compiling try-lock v0.2.4
[INFO] [stderr]    Compiling utf8parse v0.2.1
[INFO] [stderr]    Compiling openssl-probe v0.1.5
[INFO] [stderr]    Compiling anstyle-parse v0.2.1
[INFO] [stderr]    Compiling want v0.3.1
[INFO] [stderr]    Compiling form_urlencoded v1.2.1
[INFO] [stderr]    Compiling http-body v0.4.5
[INFO] [stderr]    Compiling socket2 v0.4.9
[INFO] [stderr]    Compiling anstyle-query v1.0.0
[INFO] [stderr]    Compiling unicode-bidi v0.3.13
[INFO] [stderr]    Compiling serde_json v1.0.105
[INFO] [stderr]    Compiling anstyle v1.0.1
[INFO] [stderr]    Compiling ryu v1.0.15
[INFO] [stderr]    Compiling unicode-xid v0.2.1
[INFO] [stderr]    Compiling colorchoice v1.0.0
[INFO] [stderr]    Compiling tower-service v0.3.2
[INFO] [stderr]    Compiling httpdate v1.0.3
[INFO] [stderr]    Compiling aho-corasick v1.0.4
[INFO] [stderr]    Compiling clap_lex v0.5.0
[INFO] [stderr]    Compiling anyhow v1.0.68
[INFO] [stderr]    Compiling thiserror v1.0.38
[INFO] [stderr]    Compiling regex-syntax v0.7.4
[INFO] [stderr]    Compiling heck v0.4.1
[INFO] [stderr]    Compiling strsim v0.10.0
[INFO] [stderr]    Compiling encoding_rs v0.8.32
[INFO] [stderr]    Compiling openssl-sys v0.9.91
[INFO] [stderr]    Compiling fastrand v2.0.0
[INFO] [stderr]    Compiling mime v0.3.17
[INFO] [stderr]    Compiling ipnet v2.8.0
[INFO] [stderr]    Compiling cpufeatures v0.2.9
[INFO] [stderr]    Compiling base64 v0.21.2
[INFO] [stderr]    Compiling virtue v0.0.13
[INFO] [stderr]    Compiling linked-hash-map v0.5.6
[INFO] [stderr]    Compiling urlencoding v2.1.3
[INFO] [stderr]    Compiling hex v0.4.3
[INFO] [stderr]    Compiling unicode-normalization v0.1.22
[INFO] [stderr]    Compiling bincode_derive v2.0.0-rc.3
[INFO] [stderr]    Compiling block-buffer v0.10.4
[INFO] [stderr]    Compiling crypto-common v0.1.6
[INFO] [stderr]    Compiling idna v0.5.0
[INFO] [stderr]    Compiling digest v0.10.7
[INFO] [stderr]    Compiling sha1 v0.10.5
[INFO] [stderr]    Compiling regex-automata v0.3.6
[INFO] [stderr]    Compiling futures-macro v0.3.29
[INFO] [stderr]    Compiling tokio-macros v2.1.0
[INFO] [stderr]    Compiling serde_derive v1.0.193
[INFO] [stderr]    Compiling openssl-macros v0.1.1
[INFO] [stderr]    Compiling url v2.5.0
[INFO] [stderr]    Compiling clap_derive v4.3.12
[INFO] [stderr]    Compiling is-terminal v0.4.9
[INFO] [stderr]    Compiling tempfile v3.7.1
[INFO] [stderr]    Compiling tokio v1.32.0
[INFO] [stderr]    Compiling thiserror-impl v1.0.38
[INFO] [stderr]    Compiling anstream v0.3.2
[INFO] [stderr]    Compiling clap_builder v4.3.22
[INFO] [stderr]    Compiling regex v1.9.3
[INFO] [stderr]    Compiling clap v4.3.22
[INFO] [stderr]    Compiling futures-executor v0.3.29
[INFO] [stderr]    Compiling futures v0.3.29
[INFO] [stderr]    Compiling serde_bytes v0.11.12
[INFO] [stderr]    Compiling serde_urlencoded v0.7.1
[INFO] [stderr]    Compiling bincode v1.3.3
[INFO] [stderr]    Compiling serde_bencode v0.2.3
[INFO] [stderr]    Compiling tokio-util v0.7.10
[INFO] [stderr]    Compiling tokio-native-tls v0.3.1
[INFO] [stderr]    Compiling h2 v0.3.20
[INFO] [stderr]    Compiling hyper v0.14.27
[INFO] [stderr]    Compiling hyper-tls v0.5.0
[INFO] [stderr]    Compiling reqwest v0.11.18
[INFO] [stderr]    Compiling bittorrent-starter-rust v0.1.0 (/opt/rustwide/workdir)
[INFO] [stdout] warning: fields `interval`, `min_interval`, `incomplete`, and `complete` are never read
[INFO] [stdout]   --> src/tracker.rs:30:9
[INFO] [stdout]    |
[INFO] [stdout] 29 | pub struct TrackerResponseSuccess {
[INFO] [stdout]    |            ---------------------- fields in this struct
[INFO] [stdout] 30 |     pub interval: i64,
[INFO] [stdout]    |         ^^^^^^^^
[INFO] [stdout] 31 |     #[serde(rename = "min interval")]
[INFO] [stdout] 32 |     pub min_interval: i64,
[INFO] [stdout]    |         ^^^^^^^^^^^^
[INFO] [stdout] 33 |     pub incomplete: i64,
[INFO] [stdout]    |         ^^^^^^^^^^
[INFO] [stdout] 34 |     pub complete: i64,
[INFO] [stdout]    |         ^^^^^^^^
[INFO] [stdout]    |
[INFO] [stdout]    = note: `TrackerResponseSuccess` has a derived impl for the trait `Debug`, but this is intentionally ignored during dead code analysis
[INFO] [stdout]    = note: `#[warn(dead_code)]` (part of `#[warn(unused)]`) on by default
[INFO] [stdout] 
[INFO] [stdout] 
[INFO] [stderr]     Finished `dev` profile [unoptimized + debuginfo] target(s) in 49.84s
[INFO] running `Command { std: "docker" "inspect" "00f8495c9dd9cdb7d516e6bdfdb3079a7a983e80d98a85d1e36420499cf37828", kill_on_drop: false }`
[INFO] running `Command { std: "docker" "exec" "-e" "SOURCE_DIR=/opt/rustwide/workdir" "-e" "CARGO_HOME=/opt/rustwide/cargo-home" "-e" "RUSTUP_HOME=/opt/rustwide/rustup-home" "-e" "CARGO_TARGET_DIR=/opt/rustwide/target" "-e" "CARGO_INCREMENTAL=0" "-e" "RUST_BACKTRACE=full" "-e" "RUSTFLAGS=--cap-lints=warn" "-e" "RUSTDOCFLAGS=--cap-lints=warn" "-w" "/opt/rustwide/workdir" "--user" "0:0" "00f8495c9dd9cdb7d516e6bdfdb3079a7a983e80d98a85d1e36420499cf37828" "/opt/rustwide/cargo-home/bin/cargo" "+1.97.0-beta.6" "test" "--frozen" "--no-run" "--message-format=json", kill_on_drop: false }`
[INFO] [stderr]    Compiling bittorrent-starter-rust v0.1.0 (/opt/rustwide/workdir)
[INFO] [stdout] error[E0432]: unresolved import `crate::decode`
[INFO] [stdout]  --> examples/parse_torrent.rs:4:5
[INFO] [stdout]   |
[INFO] [stdout] 4 | use crate::decode;
[INFO] [stdout]   |     ^^^^^^^^^^^^^ no `decode` in the root
[INFO] [stdout] 
[INFO] [stdout] 
[INFO] [stdout] error[E0432]: unresolved import `crate::torrent`
[INFO] [stdout]  --> examples/parse_torrent.rs:5:12
[INFO] [stdout]   |
[INFO] [stdout] 5 | use crate::torrent::Torrent;
[INFO] [stdout]   |            ^^^^^^^ could not find `torrent` in the crate root
[INFO] [stdout] 
[INFO] [stdout] 
[INFO] [stdout] error[E0432]: unresolved import `crate::de`
[INFO] [stdout]  --> examples/parse_torrent.rs:6:12
[INFO] [stdout]   |
[INFO] [stdout] 6 | use crate::de::{from_bytes};
[INFO] [stdout]   |            ^^ could not find `de` in the crate root
[INFO] [stdout] 
[INFO] [stdout] 
[INFO] [stdout] For more information about this error, try `rustc --explain E0432`.
[INFO] [stdout] 
[INFO] [stderr] error: could not compile `bittorrent-starter-rust` (example "parse_torrent") due to 3 previous errors
[INFO] [stderr] warning: build failed, waiting for other jobs to finish...
[INFO] [stdout] warning: fields `interval`, `min_interval`, `incomplete`, and `complete` are never read
[INFO] [stdout]   --> src/tracker.rs:30:9
[INFO] [stdout]    |
[INFO] [stdout] 29 | pub struct TrackerResponseSuccess {
[INFO] [stdout]    |            ---------------------- fields in this struct
[INFO] [stdout] 30 |     pub interval: i64,
[INFO] [stdout]    |         ^^^^^^^^
[INFO] [stdout] 31 |     #[serde(rename = "min interval")]
[INFO] [stdout] 32 |     pub min_interval: i64,
[INFO] [stdout]    |         ^^^^^^^^^^^^
[INFO] [stdout] 33 |     pub incomplete: i64,
[INFO] [stdout]    |         ^^^^^^^^^^
[INFO] [stdout] 34 |     pub complete: i64,
[INFO] [stdout]    |         ^^^^^^^^
[INFO] [stdout]    |
[INFO] [stdout]    = note: `TrackerResponseSuccess` has a derived impl for the trait `Debug`, but this is intentionally ignored during dead code analysis
[INFO] [stdout]    = note: `#[warn(dead_code)]` (part of `#[warn(unused)]`) on by default
[INFO] [stdout] 
[INFO] [stdout] 
[INFO] running `Command { std: "docker" "inspect" "00f8495c9dd9cdb7d516e6bdfdb3079a7a983e80d98a85d1e36420499cf37828", kill_on_drop: false }`
[INFO] running `Command { std: "docker" "rm" "-f" "00f8495c9dd9cdb7d516e6bdfdb3079a7a983e80d98a85d1e36420499cf37828", kill_on_drop: false }`
[INFO] [stdout] 00f8495c9dd9cdb7d516e6bdfdb3079a7a983e80d98a85d1e36420499cf37828
