[INFO] cloning repository https://github.com/infinyon/node-bindgen
[INFO] running `Command { std: "git" "-c" "credential.helper=" "-c" "credential.helper=/workspace/cargo-home/bin/git-credential-null" "clone" "--bare" "https://github.com/infinyon/node-bindgen" "/workspace/cache/git-repos/https%3A%2F%2Fgithub.com%2Finfinyon%2Fnode-bindgen", kill_on_drop: false }`
[INFO] [stderr] Cloning into bare repository '/workspace/cache/git-repos/https%3A%2F%2Fgithub.com%2Finfinyon%2Fnode-bindgen'...
[INFO] running `Command { std: "git" "rev-parse" "HEAD", kill_on_drop: false }`
[INFO] [stdout] 1c6f19b658b0acaf71a25f5f2e4d8b4d970363ad
[INFO] testing infinyon/node-bindgen against 1.97.0-beta.6 for beta-1.98-2
[INFO] running `Command { std: "git" "clone" "/workspace/cache/git-repos/https%3A%2F%2Fgithub.com%2Finfinyon%2Fnode-bindgen" "/workspace/builds/worker-4-tc1/source", kill_on_drop: false }`
[INFO] [stderr] Cloning into '/workspace/builds/worker-4-tc1/source'...
[INFO] [stderr] done.
[INFO] started tweaking git repo https://github.com/infinyon/node-bindgen
[INFO] finished tweaking git repo https://github.com/infinyon/node-bindgen
[INFO] tweaked toml for git repo https://github.com/infinyon/node-bindgen written to /workspace/builds/worker-4-tc1/source/Cargo.toml
[INFO] validating manifest of git repo https://github.com/infinyon/node-bindgen on toolchain 1.97.0-beta.6
[INFO] running `Command { std: CARGO_HOME="/workspace/cargo-home" RUSTUP_HOME="/workspace/rustup-home" "/workspace/cargo-home/bin/cargo" "+1.97.0-beta.6" "metadata" "--manifest-path" "Cargo.toml" "--no-deps", kill_on_drop: false }`
[INFO] crate git repo https://github.com/infinyon/node-bindgen already has a lockfile, it will not be regenerated
[INFO] running `Command { std: CARGO_HOME="/workspace/cargo-home" RUSTUP_HOME="/workspace/rustup-home" "/workspace/cargo-home/bin/cargo" "+1.97.0-beta.6" "fetch" "--manifest-path" "Cargo.toml", kill_on_drop: false }`
[INFO] [stderr]     Updating crates.io index
[INFO] [stderr]     Updating git repository `https://github.com/infinyon/trybuild`
[INFO] [stderr]  Downloading crates ...
[INFO] [stderr]   Downloaded fluvio-wasm-timer v0.2.5
[INFO] [stderr]   Downloaded parking_lot_core v0.8.6
[INFO] [stderr]   Downloaded fluvio-future v0.7.0
[INFO] [stderr]   Downloaded value-bag v1.9.0
[INFO] [stderr]   Downloaded ctor v0.2.8
[INFO] [stderr]   Downloaded piper v0.2.3
[INFO] [stderr]   Downloaded inventory-impl v0.1.11
[INFO] [stderr]   Downloaded ctor v0.1.26
[INFO] [stderr]   Downloaded inventory v0.1.11
[INFO] [stderr]   Downloaded native-tls v0.2.12
[INFO] [stderr]   Downloaded cargo-platform v0.1.8
[INFO] [stderr]   Downloaded async-signal v0.2.8
[INFO] [stderr]   Downloaded async-executor v1.12.0
[INFO] [stderr]   Downloaded unicase v2.7.0
[INFO] [stderr]   Downloaded ghost v0.1.17
[INFO] [stderr]   Downloaded security-framework-sys v2.11.0
[INFO] [stderr]   Downloaded structopt-derive v0.4.18
[INFO] [stderr]   Downloaded anyhow v1.0.86
[INFO] [stderr]   Downloaded uuid v1.10.0
[INFO] [stderr]   Downloaded camino v1.1.7
[INFO] [stderr]   Downloaded async-io v2.3.3
[INFO] [stderr]   Downloaded http_req v0.12.0
[INFO] [stderr]   Downloaded openssl-sys v0.9.103
[INFO] [stderr]   Downloaded polling v3.7.2
[INFO] [stderr]   Downloaded cc v1.1.13
[INFO] [stderr]   Downloaded structopt v0.3.26
[INFO] [stderr]   Downloaded security-framework v2.11.0
[INFO] [stderr]   Downloaded num-bigint v0.4.5
[INFO] [stderr]   Downloaded async-std v1.12.0
[INFO] [stderr]   Downloaded openssl v0.10.66
[INFO] [stderr]   Downloaded rustix v0.37.27
[INFO] [stderr]   Downloaded unicode-width v0.1.13
[INFO] running `Command { std: "docker" "create" "-v" "/var/lib/crater-agent-workspace/builds/worker-4-tc1/source:/opt/rustwide/workdir:ro,Z" "-v" "/var/lib/crater-agent-workspace/builds/worker-4-tc1/target:/opt/rustwide/target:rw,Z" "-v" "/var/lib/crater-agent-workspace/cargo-home:/opt/rustwide/cargo-home:ro,Z" "-v" "/var/lib/crater-agent-workspace/rustup-home:/opt/rustwide/rustup-home:ro,Z" "-m" "1610612736" "--network" "none" "ghcr.io/rust-lang/crates-build-env/linux@sha256:3d5ced03c013a94a2f102a4510f48a6e9184255caf5fd8244f58017bde7f5210" "sleep" "infinity", kill_on_drop: false }`
[INFO] [stdout] d5ee419bef08e07debf3ff0f38a60424f8bf67fb4f4486d5a212049bfb322e0f
[INFO] running `Command { std: "docker" "start" "d5ee419bef08e07debf3ff0f38a60424f8bf67fb4f4486d5a212049bfb322e0f", kill_on_drop: false }`
[INFO] running `Command { std: "docker" "inspect" "d5ee419bef08e07debf3ff0f38a60424f8bf67fb4f4486d5a212049bfb322e0f", kill_on_drop: false }`
[INFO] running `Command { std: "docker" "exec" "-e" "SOURCE_DIR=/opt/rustwide/workdir" "-e" "CARGO_HOME=/opt/rustwide/cargo-home" "-e" "RUSTUP_HOME=/opt/rustwide/rustup-home" "-e" "CARGO_TARGET_DIR=/opt/rustwide/target" "-w" "/opt/rustwide/workdir" "--user" "0:0" "d5ee419bef08e07debf3ff0f38a60424f8bf67fb4f4486d5a212049bfb322e0f" "/opt/rustwide/cargo-home/bin/cargo" "+1.97.0-beta.6" "metadata" "--no-deps" "--format-version=1", kill_on_drop: false }`
[INFO] running `Command { std: "docker" "inspect" "d5ee419bef08e07debf3ff0f38a60424f8bf67fb4f4486d5a212049bfb322e0f", kill_on_drop: false }`
[INFO] running `Command { std: "docker" "exec" "-e" "SOURCE_DIR=/opt/rustwide/workdir" "-e" "CARGO_HOME=/opt/rustwide/cargo-home" "-e" "RUSTUP_HOME=/opt/rustwide/rustup-home" "-e" "CARGO_TARGET_DIR=/opt/rustwide/target" "-e" "CARGO_INCREMENTAL=0" "-e" "RUST_BACKTRACE=full" "-e" "RUSTFLAGS=--cap-lints=warn" "-e" "RUSTDOCFLAGS=--cap-lints=warn" "-w" "/opt/rustwide/workdir" "--user" "0:0" "d5ee419bef08e07debf3ff0f38a60424f8bf67fb4f4486d5a212049bfb322e0f" "/opt/rustwide/cargo-home/bin/cargo" "+1.97.0-beta.6" "build" "--frozen" "--message-format=json", kill_on_drop: false }`
[INFO] [stderr]    Compiling crossbeam-utils v0.8.20
[INFO] [stderr]    Compiling parking v2.2.0
[INFO] [stderr]    Compiling futures-io v0.3.30
[INFO] [stderr]    Compiling value-bag v1.9.0
[INFO] [stderr]    Compiling fastrand v2.1.0
[INFO] [stderr]    Compiling rustix v0.38.34
[INFO] [stderr]    Compiling linux-raw-sys v0.4.14
[INFO] [stderr]    Compiling bitflags v2.5.0
[INFO] [stderr]    Compiling syn v2.0.66
[INFO] [stderr]    Compiling tracing-core v0.1.32
[INFO] [stderr]    Compiling syn v1.0.109
[INFO] [stderr]    Compiling polling v2.8.0
[INFO] [stderr]    Compiling lazy_static v1.4.0
[INFO] [stderr]    Compiling rustix v0.37.27
[INFO] [stderr]    Compiling io-lifetimes v1.0.11
[INFO] [stderr]    Compiling async-io v1.13.0
[INFO] [stderr]    Compiling num-traits v0.2.19
[INFO] [stderr]    Compiling regex-syntax v0.6.29
[INFO] [stderr]    Compiling regex-syntax v0.8.4
[INFO] [stderr]    Compiling futures-lite v1.13.0
[INFO] [stderr]    Compiling socket2 v0.4.10
[INFO] [stderr]    Compiling overload v0.1.1
[INFO] [stderr]    Compiling thiserror v1.0.61
[INFO] [stderr]    Compiling anyhow v1.0.86
[INFO] [stderr]    Compiling log v0.4.21
[INFO] [stderr]    Compiling futures-lite v2.3.0
[INFO] [stderr]    Compiling piper v0.2.3
[INFO] [stderr]    Compiling nu-ansi-term v0.46.0
[INFO] [stderr]    Compiling sharded-slab v0.1.7
[INFO] [stderr]    Compiling tracing-log v0.2.0
[INFO] [stderr]    Compiling kv-log-macro v1.0.7
[INFO] [stderr]    Compiling concurrent-queue v2.5.0
[INFO] [stderr]    Compiling thread_local v1.1.8
[INFO] [stderr]    Compiling inventory v0.1.11
[INFO] [stderr]    Compiling event-listener v5.3.1
[INFO] [stderr]    Compiling async-channel v1.9.0
[INFO] [stderr]    Compiling nj-sys v4.0.0 (/opt/rustwide/workdir/nj-sys)
[INFO] [stderr]    Compiling event-listener-strategy v0.5.2
[INFO] [stderr]    Compiling async-lock v3.4.0
[INFO] [stderr]    Compiling async-channel v2.3.1
[INFO] [stderr]    Compiling async-executor v1.12.0
[INFO] [stderr]    Compiling blocking v1.6.1
[INFO] [stderr]    Compiling num-integer v0.1.46
[INFO] [stderr]    Compiling num-bigint v0.4.5
[INFO] [stderr]    Compiling regex-automata v0.4.7
[INFO] [stderr]    Compiling regex-automata v0.1.10
[INFO] [stderr]    Compiling matchers v0.1.0
[INFO] [stderr]    Compiling regex v1.10.5
[INFO] [stderr]    Compiling Inflector v0.11.4
[INFO] [stderr]    Compiling tracing-attributes v0.1.27
[INFO] [stderr]    Compiling thiserror-impl v1.0.61
[INFO] [stderr]    Compiling ghost v0.1.17
[INFO] [stderr]    Compiling async-trait v0.1.80
[INFO] [stderr]    Compiling ctor v0.2.8
[INFO] [stderr]    Compiling ctor v0.1.26
[INFO] [stderr]    Compiling inventory-impl v0.1.11
[INFO] [stderr]    Compiling nj-derive v3.4.3 (/opt/rustwide/workdir/nj-derive)
[INFO] [stdout] warning: hiding a lifetime that's elided elsewhere is confusing
[INFO] [stdout]   --> nj-derive/src/ast/arg.rs:59:18
[INFO] [stdout]    |
[INFO] [stdout] 59 |     pub fn inner(&self) -> &Vec<FunctionArg> {
[INFO] [stdout]    |                  ^^^^^     ^^^^^^^^^^^^^^^^^
[INFO] [stdout]    |                  |         |    |
[INFO] [stdout]    |                  |         |    the same lifetime is hidden here
[INFO] [stdout]    |                  |         the same lifetime is elided here
[INFO] [stdout]    |                  the lifetime is elided here
[INFO] [stdout]    |
[INFO] [stdout]    = help: the same lifetime is referred to in inconsistent ways, making the signature confusing
[INFO] [stdout]    = note: `#[warn(mismatched_lifetime_syntaxes)]` on by default
[INFO] [stdout] help: use `'_` for type paths
[INFO] [stdout]    |
[INFO] [stdout] 59 |     pub fn inner(&self) -> &Vec<FunctionArg<'_>> {
[INFO] [stdout]    |                                            ++++
[INFO] [stdout] 
[INFO] [stdout] 
[INFO] [stdout] warning: hiding a lifetime that's elided elsewhere is confusing
[INFO] [stdout]    --> nj-derive/src/ast/arg.rs:193:20
[INFO] [stdout]     |
[INFO] [stdout] 193 | fn find_inputs(ty: &ParenthesizedGenericArguments) -> Result<Vec<MyTypePath>> {
[INFO] [stdout]     |                    ^^^^^^^^^^^^^^^^^^^^^^^^^^^^^^                ^^^^^^^^^^ the same lifetime is hidden here
[INFO] [stdout]     |                    |
[INFO] [stdout]     |                    the lifetime is elided here
[INFO] [stdout]     |
[INFO] [stdout]     = help: the same lifetime is referred to in inconsistent ways, making the signature confusing
[INFO] [stdout] help: use `'_` for type paths
[INFO] [stdout]     |
[INFO] [stdout] 193 | fn find_inputs(ty: &ParenthesizedGenericArguments) -> Result<Vec<MyTypePath<'_>>> {
[INFO] [stdout]     |                                                                            ++++
[INFO] [stdout] 
[INFO] [stdout] 
[INFO] [stderr]    Compiling tracing v0.1.40
[INFO] [stderr]    Compiling polling v3.7.2
[INFO] [stderr]    Compiling tracing-subscriber v0.3.18
[INFO] [stderr]    Compiling async-io v2.3.3
[INFO] [stderr]    Compiling async-global-executor v2.4.1
[INFO] [stderr]    Compiling async-std v1.12.0
[INFO] [stderr]    Compiling fluvio-future v0.7.0
[INFO] [stderr]    Compiling nj-core v6.1.0 (/opt/rustwide/workdir/nj-core)
[INFO] [stdout] warning: unexpected `cfg` condition value: `used_linker`
[INFO] [stdout]   --> nj-core/src/module.rs:64:1
[INFO] [stdout]    |
[INFO] [stdout] 64 | #[crate::ctor]
[INFO] [stdout]    | ^^^^^^^^^^^^^^
[INFO] [stdout]    |
[INFO] [stdout]    = note: expected values for `feature` are: `convert-uuid`, `serde-json`, `serde_json`, and `uuid`
[INFO] [stdout]    = note: using a cfg inside a attribute macro will use the cfgs from the destination crate and not the ones from the defining crate
[INFO] [stdout]    = help: try referring to `crate::ctor` crate for guidance on how handle this unexpected cfg
[INFO] [stdout]    = note: see <https://doc.rust-lang.org/nightly/rustc/check-cfg/cargo-specifics.html> for more information about checking conditional configuration
[INFO] [stdout]    = note: `#[warn(unexpected_cfgs)]` on by default
[INFO] [stdout]    = note: this warning originates in the attribute macro `crate::ctor` (in Nightly builds, run with -Z macro-backtrace for more info)
[INFO] [stdout] 
[INFO] [stdout] 
[INFO] [stderr]    Compiling node-bindgen v6.1.0 (/opt/rustwide/workdir)
[INFO] [stderr]     Finished `dev` profile [unoptimized + debuginfo] target(s) in 36.03s
[INFO] running `Command { std: "docker" "inspect" "d5ee419bef08e07debf3ff0f38a60424f8bf67fb4f4486d5a212049bfb322e0f", kill_on_drop: false }`
[INFO] running `Command { std: "docker" "exec" "-e" "SOURCE_DIR=/opt/rustwide/workdir" "-e" "CARGO_HOME=/opt/rustwide/cargo-home" "-e" "RUSTUP_HOME=/opt/rustwide/rustup-home" "-e" "CARGO_TARGET_DIR=/opt/rustwide/target" "-e" "CARGO_INCREMENTAL=0" "-e" "RUST_BACKTRACE=full" "-e" "RUSTFLAGS=--cap-lints=warn" "-e" "RUSTDOCFLAGS=--cap-lints=warn" "-w" "/opt/rustwide/workdir" "--user" "0:0" "d5ee419bef08e07debf3ff0f38a60424f8bf67fb4f4486d5a212049bfb322e0f" "/opt/rustwide/cargo-home/bin/cargo" "+1.97.0-beta.6" "test" "--frozen" "--no-run" "--message-format=json", kill_on_drop: false }`
[INFO] [stdout] warning: hiding a lifetime that's elided elsewhere is confusing
[INFO] [stdout]   --> nj-derive/src/ast/arg.rs:59:18
[INFO] [stdout]    |
[INFO] [stdout] 59 |     pub fn inner(&self) -> &Vec<FunctionArg> {
[INFO] [stdout]    |                  ^^^^^     ^^^^^^^^^^^^^^^^^
[INFO] [stdout]    |                  |         |    |
[INFO] [stdout]    |                  |         |    the same lifetime is hidden here
[INFO] [stdout]    |                  |         the same lifetime is elided here
[INFO] [stdout]    |                  the lifetime is elided here
[INFO] [stdout]    |
[INFO] [stdout]    = help: the same lifetime is referred to in inconsistent ways, making the signature confusing
[INFO] [stdout]    = note: `#[warn(mismatched_lifetime_syntaxes)]` on by default
[INFO] [stdout] help: use `'_` for type paths
[INFO] [stdout]    |
[INFO] [stdout] 59 |     pub fn inner(&self) -> &Vec<FunctionArg<'_>> {
[INFO] [stdout]    |                                            ++++
[INFO] [stdout] 
[INFO] [stdout] 
[INFO] [stdout] warning: hiding a lifetime that's elided elsewhere is confusing
[INFO] [stdout]    --> nj-derive/src/ast/arg.rs:193:20
[INFO] [stdout]     |
[INFO] [stdout] 193 | fn find_inputs(ty: &ParenthesizedGenericArguments) -> Result<Vec<MyTypePath>> {
[INFO] [stdout]     |                    ^^^^^^^^^^^^^^^^^^^^^^^^^^^^^^                ^^^^^^^^^^ the same lifetime is hidden here
[INFO] [stdout]     |                    |
[INFO] [stdout]     |                    the lifetime is elided here
[INFO] [stdout]     |
[INFO] [stdout]     = help: the same lifetime is referred to in inconsistent ways, making the signature confusing
[INFO] [stdout] help: use `'_` for type paths
[INFO] [stdout]     |
[INFO] [stdout] 193 | fn find_inputs(ty: &ParenthesizedGenericArguments) -> Result<Vec<MyTypePath<'_>>> {
[INFO] [stdout]     |                                                                            ++++
[INFO] [stdout] 
[INFO] [stdout] 
[INFO] [stderr]    Compiling node-bindgen v6.1.0 (/opt/rustwide/workdir)
[INFO] [stdout] warning: unexpected `cfg` condition value: `used_linker`
[INFO] [stdout]   --> nj-core/src/module.rs:64:1
[INFO] [stdout]    |
[INFO] [stdout] 64 | #[crate::ctor]
[INFO] [stdout]    | ^^^^^^^^^^^^^^
[INFO] [stdout]    |
[INFO] [stdout]    = note: expected values for `feature` are: `convert-uuid`, `serde-json`, `serde_json`, and `uuid`
[INFO] [stdout]    = note: using a cfg inside a attribute macro will use the cfgs from the destination crate and not the ones from the defining crate
[INFO] [stdout]    = help: try referring to `crate::ctor` crate for guidance on how handle this unexpected cfg
[INFO] [stdout]    = note: see <https://doc.rust-lang.org/nightly/rustc/check-cfg/cargo-specifics.html> for more information about checking conditional configuration
[INFO] [stdout]    = note: `#[warn(unexpected_cfgs)]` on by default
[INFO] [stdout]    = note: this warning originates in the attribute macro `crate::ctor` (in Nightly builds, run with -Z macro-backtrace for more info)
[INFO] [stdout] 
[INFO] [stdout] 
[INFO] [stdout] error: linking with `cc` failed: exit status: 1
[INFO] [stdout]   |
[INFO] [stdout]   = note:  "cc" "-m64" "/opt/rustwide/target/debug/deps/rustcktTlYf/symbols.o" "<2 object files omitted>" "-Wl,--as-needed" "-Wl,-Bstatic" "<sysroot>/lib/rustlib/x86_64-unknown-linux-gnu/lib/{libtest-*,libgetopts-*,librustc_std_workspace_std-*}.rlib" "/opt/rustwide/target/debug/deps/{libnj_core-1ebd1855bd610992,libpin_utils-3860774ad9b215b5,libnum_bigint-8a5d1f4d877dc03e,libnum_integer-f5a2bb8a2cdf2384,libnum_traits-a717212bf191183a,libinventory-378acd8c4a4219d3,libfluvio_future-3f9c87cef3a30a90,libtracing_subscriber-4b97416208a59642,libsmallvec-5dc15f12cdebef01,libnu_ansi_term-ef093e3d876aec99,liboverload-447f2db329e02fd7,libsharded_slab-d046bcd50d4c3911,liblazy_static-af860367908b8176,libmatchers-82bff9e1b6f2fbd8,libregex_automata-a3cd0ab7d90c5f68,libregex_syntax-893772d02d5263ca,libregex-27768f9ea750c81b,libregex_automata-0f52163bb87dd639,libregex_syntax-cd4a3bb6fae4e275,libthread_local-f42c039ca9a4df01,libtracing_log-88435d9ee97ef4b2,libasync_std-2adf023597a4d4fe,libasync_global_executor-cc20eeb14b93594f,libasync_io-89fbd010ef1eb6b1,libpolling-fd675a0343416564,librustix-45a8e3ce1413c0ad,libbitflags-cc8ac0de6c10eef5,liblinux_raw_sys-5869c4e6c7c861d8,libblocking-3814ca4004b0af92,libpiper-09a404cd7e7e5baf,libatomic_waker-06950c8c08d2b8fa,libasync_lock-825556df9bd2187d,libasync_channel-8328bce4062bc356,libevent_listener_strategy-b7fb45694a84847a,libevent_listener-6116bbddbb503887,libasync_executor-579c775b462baa14,libasync_task-05c57d1f836b6944,libasync_io-28b080fa95cd7e43,librustix-e8be563e4e1b9aeb,libio_lifetimes-ae78679123f9c5bf,libbitflags-dde12b0d7d495b50,liblinux_raw_sys-32d7cbad796aca1a,libslab-b2ace7a8cefc491a,libpolling-bd3783f60eb30443,libcfg_if-3e7fc4e38d4a72b5,libsocket2-6913e35ec9afa596,liblibc-32c7908c8f3e9020,libfutures_lite-6d315007e1b909ca,libmemchr-08f38e9718637002,libfastrand-273731efb4a6b13e,libwaker_fn-9e7b89ace1562e3c,libasync_channel-bcf384dc885f7fa2,libconcurrent_queue-575b5c6845635add,libcrossbeam_utils-184e81174a368b31,libasync_lock-e3c33d40b4376387,libevent_listener-0282a877755a83ef,libkv_log_macro-99962eaaafe59db0,liblog-5a77a23063e99fef,libvalue_bag-e7a98cb69342d433,libfutures_lite-8f11e02c8cf06384,libfutures_io-0f5f944794dc689e,libfutures_core-451bff7c303527ba,libparking-27fb2b772f80999e,libfastrand-5e3bec3d1dadb2e4,libnj_sys-38208d35853bee99,libtracing-96eb2c550e654fa7,libpin_project_lite-e591be24d8b8b3c6,libtracing_core-6c6646f033b90602,libonce_cell-a1d7742f74efe1da}.rlib" "<sysroot>/lib/rustlib/x86_64-unknown-linux-gnu/lib/{libstd-*,libpanic_unwind-*,libobject-*,libmemchr-*,libaddr2line-*,libgimli-*,libcfg_if-*,librustc_demangle-*,libstd_detect-*,libhashbrown-*,librustc_std_workspace_alloc-*,libminiz_oxide-*,libadler2-*,libunwind-*,liblibc-*,librustc_std_workspace_core-*,liballoc-*,libcore-*,libcompiler_builtins-*}.rlib" "-Wl,-Bdynamic" "-lgcc_s" "-lutil" "-lrt" "-lpthread" "-lm" "-ldl" "-lc" "-L" "/opt/rustwide/target/debug/deps/rustcktTlYf/raw-dylibs" "-B<sysroot>/lib/rustlib/x86_64-unknown-linux-gnu/bin/gcc-ld" "-fuse-ld=lld" "-Wl,--eh-frame-hdr" "-Wl,-z,noexecstack" "-L" "<sysroot>/lib/rustlib/x86_64-unknown-linux-gnu/lib" "-o" "/opt/rustwide/target/debug/deps/node_bindgen-ec8aeb4e84922ca7" "-Wl,--gc-sections" "-pie" "-Wl,-z,relro,-z,now" "-nodefaultlibs"
[INFO] [stdout]   = note: some arguments are omitted. use `--verbose` to show all linker arguments
[INFO] [stdout]   = note: rust-lld: error: undefined symbol: napi_define_properties
[INFO] [stdout]           >>> referenced by basic.rs:930 (nj-core/src/basic.rs:930)
[INFO] [stdout]           >>>               nj_core-1ebd1855bd610992.nj_core.7c421e45b71db23f-cgu.0.rcgu.o:(<nj_core::basic::JsExports>::define_property) in archive /opt/rustwide/target/debug/deps/libnj_core-1ebd1855bd610992.rlib
[INFO] [stdout]           
[INFO] [stdout]           rust-lld: error: undefined symbol: napi_module_register
[INFO] [stdout]           >>> referenced by module.rs:87 (nj-core/src/module.rs:87)
[INFO] [stdout]           >>>               nj_core-1ebd1855bd610992.nj_core.7c421e45b71db23f-cgu.2.rcgu.o:(nj_core::module::init_module) in archive /opt/rustwide/target/debug/deps/libnj_core-1ebd1855bd610992.rlib
[INFO] [stdout]           collect2: error: ld returned 1 exit status
[INFO] [stdout]           
[INFO] [stdout] 
[INFO] [stdout] 
[INFO] [stderr] error: could not compile `node-bindgen` (lib test) due to 1 previous error
[INFO] running `Command { std: "docker" "inspect" "d5ee419bef08e07debf3ff0f38a60424f8bf67fb4f4486d5a212049bfb322e0f", kill_on_drop: false }`
[INFO] running `Command { std: "docker" "rm" "-f" "d5ee419bef08e07debf3ff0f38a60424f8bf67fb4f4486d5a212049bfb322e0f", kill_on_drop: false }`
[INFO] [stdout] d5ee419bef08e07debf3ff0f38a60424f8bf67fb4f4486d5a212049bfb322e0f
