[INFO] cloning repository https://github.com/ic3man5/test-esp32
[INFO] running `Command { std: "git" "-c" "credential.helper=" "-c" "credential.helper=/workspace/cargo-home/bin/git-credential-null" "clone" "--bare" "https://github.com/ic3man5/test-esp32" "/workspace/cache/git-repos/https%3A%2F%2Fgithub.com%2Fic3man5%2Ftest-esp32", kill_on_drop: false }`
[INFO] [stderr] Cloning into bare repository '/workspace/cache/git-repos/https%3A%2F%2Fgithub.com%2Fic3man5%2Ftest-esp32'...
[INFO] running `Command { std: "git" "rev-parse" "HEAD", kill_on_drop: false }`
[INFO] [stdout] c1c3b961a62d949a493c5616dd264ead7e5b6968
[INFO] testing ic3man5/test-esp32 against 1.97.0-beta.6 for beta-1.98-2
[INFO] running `Command { std: "git" "clone" "/workspace/cache/git-repos/https%3A%2F%2Fgithub.com%2Fic3man5%2Ftest-esp32" "/workspace/builds/worker-0-tc1/source", kill_on_drop: false }`
[INFO] [stderr] Cloning into '/workspace/builds/worker-0-tc1/source'...
[INFO] [stderr] done.
[INFO] removed /workspace/builds/worker-0-tc1/source/.cargo/config.toml
[INFO] removed /workspace/builds/worker-0-tc1/source/rust-toolchain.toml
[INFO] started tweaking git repo https://github.com/ic3man5/test-esp32
[INFO] finished tweaking git repo https://github.com/ic3man5/test-esp32
[INFO] tweaked toml for git repo https://github.com/ic3man5/test-esp32 written to /workspace/builds/worker-0-tc1/source/Cargo.toml
[INFO] validating manifest of git repo https://github.com/ic3man5/test-esp32 on toolchain 1.97.0-beta.6
[INFO] running `Command { std: CARGO_HOME="/workspace/cargo-home" RUSTUP_HOME="/workspace/rustup-home" "/workspace/cargo-home/bin/cargo" "+1.97.0-beta.6" "metadata" "--manifest-path" "Cargo.toml" "--no-deps", kill_on_drop: false }`
[INFO] crate git repo https://github.com/ic3man5/test-esp32 already has a lockfile, it will not be regenerated
[INFO] running `Command { std: CARGO_HOME="/workspace/cargo-home" RUSTUP_HOME="/workspace/rustup-home" "/workspace/cargo-home/bin/cargo" "+1.97.0-beta.6" "fetch" "--manifest-path" "Cargo.toml", kill_on_drop: false }`
[INFO] [stderr]     Updating crates.io index
[INFO] [stderr]  Downloading crates ...
[INFO] [stderr]   Downloaded xtensa-lx-rt v0.13.0
[INFO] [stderr]   Downloaded unicode-ident v1.0.5
[INFO] [stderr]   Downloaded xtensa-lx-rt-proc-macros v0.1.0
[INFO] [stderr]   Downloaded quote v1.0.21
[INFO] [stderr]   Downloaded esp-alloc v0.1.0
[INFO] [stderr]   Downloaded void v1.0.2
[INFO] [stderr]   Downloaded embedded-hal v0.2.7
[INFO] [stderr]   Downloaded proc-macro2 v1.0.47
[INFO] [stderr]   Downloaded xtensa-lx v0.7.0
[INFO] [stderr]   Downloaded xtensa-atomic-emulation-trap v0.2.0
[INFO] [stderr]   Downloaded mutex-trait v0.2.0
[INFO] [stderr]   Downloaded vcell v0.1.3
[INFO] [stderr]   Downloaded esp-hal-procmacros v0.1.0
[INFO] [stderr]   Downloaded embedded-dma v0.2.0
[INFO] [stderr]   Downloaded esp-println v0.3.1
[INFO] [stderr]   Downloaded r0 v1.0.0
[INFO] [stderr]   Downloaded gcd v2.2.0
[INFO] [stderr]   Downloaded strum v0.24.1
[INFO] [stderr]   Downloaded enum-as-inner v0.4.0
[INFO] [stderr]   Downloaded nb v0.1.3
[INFO] [stderr]   Downloaded esp-backtrace v0.3.0
[INFO] [stderr]   Downloaded bit_field v0.10.1
[INFO] [stderr]   Downloaded bare-metal v1.0.0
[INFO] [stderr]   Downloaded paste v1.0.8
[INFO] [stderr]   Downloaded nb v1.0.0
[INFO] [stderr]   Downloaded fugit v0.3.6
[INFO] [stderr]   Downloaded darling_macro v0.14.2
[INFO] [stderr]   Downloaded strum_macros v0.24.3
[INFO] [stderr]   Downloaded esp32s2-hal v0.3.0
[INFO] [stderr]   Downloaded usb-device v0.2.9
[INFO] [stderr]   Downloaded critical-section v1.1.1
[INFO] [stderr]   Downloaded riscv v0.8.0
[INFO] [stderr]   Downloaded linked_list_allocator v0.10.4
[INFO] [stderr]   Downloaded spin v0.9.4
[INFO] [stderr]   Downloaded rustversion v1.0.9
[INFO] [stderr]   Downloaded darling v0.14.2
[INFO] [stderr]   Downloaded anyhow v1.0.66
[INFO] [stderr]   Downloaded esp-synopsys-usb-otg v0.3.1
[INFO] [stderr]   Downloaded spinning_top v0.2.4
[INFO] [stderr]   Downloaded lock_api v0.4.9
[INFO] [stderr]   Downloaded syn v1.0.105
[INFO] [stderr]   Downloaded darling_core v0.14.2
[INFO] [stderr]   Downloaded serde v1.0.149
[INFO] [stderr]   Downloaded aho-corasick v0.7.20
[INFO] [stderr]   Downloaded esp-hal-common v0.3.0
[INFO] [stderr]   Downloaded minijinja v0.15.0
[INFO] [stderr]   Downloaded regex v1.7.0
[INFO] [stderr]   Downloaded regex-syntax v0.6.28
[INFO] [stderr]   Downloaded core-isa-parser v0.2.0
[INFO] [stderr]   Downloaded esp32s2 v0.6.0
[INFO] running `Command { std: "docker" "create" "-v" "/var/lib/crater-agent-workspace/builds/worker-0-tc1/source:/opt/rustwide/workdir:ro,Z" "-v" "/var/lib/crater-agent-workspace/builds/worker-0-tc1/target:/opt/rustwide/target:rw,Z" "-v" "/var/lib/crater-agent-workspace/cargo-home:/opt/rustwide/cargo-home:ro,Z" "-v" "/var/lib/crater-agent-workspace/rustup-home:/opt/rustwide/rustup-home:ro,Z" "-m" "1610612736" "--network" "none" "ghcr.io/rust-lang/crates-build-env/linux@sha256:3d5ced03c013a94a2f102a4510f48a6e9184255caf5fd8244f58017bde7f5210" "sleep" "infinity", kill_on_drop: false }`
[INFO] [stdout] 2c21a9115a0448ad20816192f529b038f0b5916f994607af96bfccc371c9f221
[INFO] running `Command { std: "docker" "start" "2c21a9115a0448ad20816192f529b038f0b5916f994607af96bfccc371c9f221", kill_on_drop: false }`
[INFO] running `Command { std: "docker" "inspect" "2c21a9115a0448ad20816192f529b038f0b5916f994607af96bfccc371c9f221", kill_on_drop: false }`
[INFO] running `Command { std: "docker" "exec" "-e" "SOURCE_DIR=/opt/rustwide/workdir" "-e" "CARGO_HOME=/opt/rustwide/cargo-home" "-e" "RUSTUP_HOME=/opt/rustwide/rustup-home" "-e" "CARGO_TARGET_DIR=/opt/rustwide/target" "-w" "/opt/rustwide/workdir" "--user" "0:0" "2c21a9115a0448ad20816192f529b038f0b5916f994607af96bfccc371c9f221" "/opt/rustwide/cargo-home/bin/cargo" "+1.97.0-beta.6" "metadata" "--no-deps" "--format-version=1", kill_on_drop: false }`
[INFO] running `Command { std: "docker" "inspect" "2c21a9115a0448ad20816192f529b038f0b5916f994607af96bfccc371c9f221", kill_on_drop: false }`
[INFO] running `Command { std: "docker" "exec" "-e" "SOURCE_DIR=/opt/rustwide/workdir" "-e" "CARGO_HOME=/opt/rustwide/cargo-home" "-e" "RUSTUP_HOME=/opt/rustwide/rustup-home" "-e" "CARGO_TARGET_DIR=/opt/rustwide/target" "-e" "CARGO_INCREMENTAL=0" "-e" "RUST_BACKTRACE=full" "-e" "RUSTFLAGS=--cap-lints=warn" "-e" "RUSTDOCFLAGS=--cap-lints=warn" "-w" "/opt/rustwide/workdir" "--user" "0:0" "2c21a9115a0448ad20816192f529b038f0b5916f994607af96bfccc371c9f221" "/opt/rustwide/cargo-home/bin/cargo" "+1.97.0-beta.6" "build" "--frozen" "--message-format=json", kill_on_drop: false }`
[INFO] [stderr]    Compiling proc-macro2 v1.0.47
[INFO] [stderr]    Compiling quote v1.0.21
[INFO] [stderr]    Compiling unicode-ident v1.0.5
[INFO] [stderr]    Compiling syn v1.0.105
[INFO] [stderr]    Compiling rustversion v1.0.9
[INFO] [stderr]    Compiling serde v1.0.149
[INFO] [stderr]    Compiling anyhow v1.0.66
[INFO] [stderr]    Compiling heck v0.4.0
[INFO] [stderr]    Compiling regex-syntax v0.6.28
[INFO] [stderr]    Compiling version_check v0.9.4
[INFO] [stderr]    Compiling strum v0.24.1
[INFO] [stderr]    Compiling xtensa-lx v0.7.0
[INFO] [stderr]    Compiling bare-metal v1.0.0
[INFO] [stderr]    Compiling r0 v1.0.0
[INFO] [stderr]    Compiling memchr v2.5.0
[INFO] [stderr]    Compiling nb v1.0.0
[INFO] [stderr]    Compiling nb v0.1.3
[INFO] [stderr]    Compiling vcell v0.1.3
[INFO] [stderr]    Compiling esp32s2 v0.6.0
[INFO] [stderr]    Compiling esp-synopsys-usb-otg v0.3.1
[INFO] [stderr]    Compiling void v1.0.2
[INFO] [stderr]    Compiling critical-section v1.1.1
[INFO] [stderr]    Compiling mutex-trait v0.2.0
[INFO] [stderr]    Compiling stable_deref_trait v1.2.0
[INFO] [stderr]    Compiling embedded-hal v0.2.7
[INFO] [stderr]    Compiling esp-hal-common v0.3.0
[INFO] [stderr]    Compiling usb-device v0.2.9
[INFO] [stderr]    Compiling esp-println v0.3.1
[INFO] [stderr]    Compiling gcd v2.2.0
[INFO] [stderr]    Compiling fugit v0.3.6
[INFO] [stderr]    Compiling embedded-dma v0.2.0
[INFO] [stderr]    Compiling paste v1.0.8
[INFO] [stderr]    Compiling esp32s2-hal v0.3.0
[INFO] [stderr]    Compiling esp-backtrace v0.3.0
[INFO] [stderr]    Compiling esp-alloc v0.1.0
[INFO] [stdout] error[E0432]: unresolved import `linked_list_allocator`
[INFO] [stdout]   --> /opt/rustwide/cargo-home/registry/src/index.crates.io-1949cf8c6b5b557f/esp-alloc-0.1.0/src/lib.rs:23:5
[INFO] [stdout]    |
[INFO] [stdout] 23 | use linked_list_allocator::Heap;
[INFO] [stdout]    |     ^^^^^^^^^^^^^^^^^^^^^ use of unresolved module or unlinked crate `linked_list_allocator`
[INFO] [stdout]    |
[INFO] [stdout]    = help: if you wanted to use a crate named `linked_list_allocator`, use `cargo add linked_list_allocator` to add it to your `Cargo.toml`
[INFO] [stdout] 
[INFO] [stdout] 
[INFO] [stdout] error[E0554]: `#![feature]` may not be used on the beta release channel
[INFO] [stdout]   --> /opt/rustwide/cargo-home/registry/src/index.crates.io-1949cf8c6b5b557f/esp-alloc-0.1.0/src/lib.rs:14:38
[INFO] [stdout]    |
[INFO] [stdout] 14 | #![cfg_attr(feature = "oom-handler", feature(alloc_error_handler))]
[INFO] [stdout]    |                                      ^^^^^^^^^^^^^^^^^^^^^^^^^^^^
[INFO] [stdout] 
[INFO] [stdout] 
[INFO] [stdout] error[E0433]: cannot find module or crate `interrupt` in this scope
[INFO] [stdout]   --> /opt/rustwide/cargo-home/registry/src/index.crates.io-1949cf8c6b5b557f/esp-alloc-0.1.0/src/lib.rs:75:9
[INFO] [stdout]    |
[INFO] [stdout] 75 |         interrupt::free(|cs| self.heap.borrow(*cs).borrow_mut().init(heap_bottom, size));
[INFO] [stdout]    |         ^^^^^^^^^ use of unresolved module or unlinked crate `interrupt`
[INFO] [stdout]    |
[INFO] [stdout]    = help: if you wanted to use a crate named `interrupt`, use `cargo add interrupt` to add it to your `Cargo.toml`
[INFO] [stdout] 
[INFO] [stdout] 
[INFO] [stderr]    Compiling proc-macro-error-attr v1.0.4
[INFO] [stderr]    Compiling proc-macro-error v1.0.4
[INFO] [stdout] error[E0433]: cannot find module or crate `interrupt` in this scope
[INFO] [stdout]   --> /opt/rustwide/cargo-home/registry/src/index.crates.io-1949cf8c6b5b557f/esp-alloc-0.1.0/src/lib.rs:80:9
[INFO] [stdout]    |
[INFO] [stdout] 80 |         interrupt::free(|cs| self.heap.borrow(*cs).borrow_mut().used())
[INFO] [stdout]    |         ^^^^^^^^^ use of unresolved module or unlinked crate `interrupt`
[INFO] [stdout]    |
[INFO] [stdout]    = help: if you wanted to use a crate named `interrupt`, use `cargo add interrupt` to add it to your `Cargo.toml`
[INFO] [stdout] 
[INFO] [stdout] 
[INFO] [stdout] error[E0433]: cannot find module or crate `interrupt` in this scope
[INFO] [stdout]   --> /opt/rustwide/cargo-home/registry/src/index.crates.io-1949cf8c6b5b557f/esp-alloc-0.1.0/src/lib.rs:85:9
[INFO] [stdout]    |
[INFO] [stdout] 85 |         interrupt::free(|cs| self.heap.borrow(*cs).borrow_mut().free())
[INFO] [stdout]    |         ^^^^^^^^^ use of unresolved module or unlinked crate `interrupt`
[INFO] [stdout]    |
[INFO] [stdout]    = help: if you wanted to use a crate named `interrupt`, use `cargo add interrupt` to add it to your `Cargo.toml`
[INFO] [stdout] 
[INFO] [stdout] 
[INFO] [stdout] error[E0433]: cannot find module or crate `interrupt` in this scope
[INFO] [stdout]   --> /opt/rustwide/cargo-home/registry/src/index.crates.io-1949cf8c6b5b557f/esp-alloc-0.1.0/src/lib.rs:91:9
[INFO] [stdout]    |
[INFO] [stdout] 91 |         interrupt::free(|cs| {
[INFO] [stdout]    |         ^^^^^^^^^ use of unresolved module or unlinked crate `interrupt`
[INFO] [stdout]    |
[INFO] [stdout]    = help: if you wanted to use a crate named `interrupt`, use `cargo add interrupt` to add it to your `Cargo.toml`
[INFO] [stdout] 
[INFO] [stdout] 
[INFO] [stdout] error[E0433]: cannot find module or crate `interrupt` in this scope
[INFO] [stdout]    --> /opt/rustwide/cargo-home/registry/src/index.crates.io-1949cf8c6b5b557f/esp-alloc-0.1.0/src/lib.rs:102:9
[INFO] [stdout]     |
[INFO] [stdout] 102 |         interrupt::free(|cs| {
[INFO] [stdout]     |         ^^^^^^^^^ use of unresolved module or unlinked crate `interrupt`
[INFO] [stdout]     |
[INFO] [stdout]     = help: if you wanted to use a crate named `interrupt`, use `cargo add interrupt` to add it to your `Cargo.toml`
[INFO] [stdout] 
[INFO] [stdout] 
[INFO] [stdout] Some errors have detailed explanations: E0432, E0433, E0554.
[INFO] [stdout] 
[INFO] [stdout] For more information about an error, try `rustc --explain E0432`.
[INFO] [stdout] 
[INFO] [stderr] error: could not compile `esp-alloc` (lib) due to 7 previous errors
[INFO] [stderr] warning: build failed, waiting for other jobs to finish...
[INFO] running `Command { std: "docker" "inspect" "2c21a9115a0448ad20816192f529b038f0b5916f994607af96bfccc371c9f221", kill_on_drop: false }`
[INFO] running `Command { std: "docker" "rm" "-f" "2c21a9115a0448ad20816192f529b038f0b5916f994607af96bfccc371c9f221", kill_on_drop: false }`
[INFO] [stdout] 2c21a9115a0448ad20816192f529b038f0b5916f994607af96bfccc371c9f221
