[INFO] cloning repository https://github.com/ic3man5/pyo3_example
[INFO] running `Command { std: "git" "-c" "credential.helper=" "-c" "credential.helper=/workspace/cargo-home/bin/git-credential-null" "clone" "--bare" "https://github.com/ic3man5/pyo3_example" "/workspace/cache/git-repos/https%3A%2F%2Fgithub.com%2Fic3man5%2Fpyo3_example", kill_on_drop: false }`
[INFO] [stderr] Cloning into bare repository '/workspace/cache/git-repos/https%3A%2F%2Fgithub.com%2Fic3man5%2Fpyo3_example'...
[INFO] running `Command { std: "git" "rev-parse" "HEAD", kill_on_drop: false }`
[INFO] [stdout] 50a84458b2b220d2d950799ae9a30f8e0a7288a3
[INFO] testing ic3man5/pyo3_example against 1.98.0-beta.1 for beta-1.98-2
[INFO] running `Command { std: "git" "clone" "/workspace/cache/git-repos/https%3A%2F%2Fgithub.com%2Fic3man5%2Fpyo3_example" "/workspace/builds/worker-7-tc2/source", kill_on_drop: false }`
[INFO] [stderr] Cloning into '/workspace/builds/worker-7-tc2/source'...
[INFO] [stderr] done.
[INFO] started tweaking git repo https://github.com/ic3man5/pyo3_example
[INFO] finished tweaking git repo https://github.com/ic3man5/pyo3_example
[INFO] tweaked toml for git repo https://github.com/ic3man5/pyo3_example written to /workspace/builds/worker-7-tc2/source/Cargo.toml
[INFO] validating manifest of git repo https://github.com/ic3man5/pyo3_example on toolchain 1.98.0-beta.1
[INFO] running `Command { std: CARGO_HOME="/workspace/cargo-home" RUSTUP_HOME="/workspace/rustup-home" "/workspace/cargo-home/bin/cargo" "+1.98.0-beta.1" "metadata" "--manifest-path" "Cargo.toml" "--no-deps", kill_on_drop: false }`
[INFO] crate git repo https://github.com/ic3man5/pyo3_example already has a lockfile, it will not be regenerated
[INFO] running `Command { std: CARGO_HOME="/workspace/cargo-home" RUSTUP_HOME="/workspace/rustup-home" "/workspace/cargo-home/bin/cargo" "+1.98.0-beta.1" "fetch" "--manifest-path" "Cargo.toml", kill_on_drop: false }`
[INFO] running `Command { std: "docker" "create" "-v" "/var/lib/crater-agent-workspace/builds/worker-7-tc2/source:/opt/rustwide/workdir:ro,Z" "-v" "/var/lib/crater-agent-workspace/builds/worker-7-tc2/target:/opt/rustwide/target:rw,Z" "-v" "/var/lib/crater-agent-workspace/cargo-home:/opt/rustwide/cargo-home:ro,Z" "-v" "/var/lib/crater-agent-workspace/rustup-home:/opt/rustwide/rustup-home:ro,Z" "-m" "1610612736" "--network" "none" "ghcr.io/rust-lang/crates-build-env/linux@sha256:3d5ced03c013a94a2f102a4510f48a6e9184255caf5fd8244f58017bde7f5210" "sleep" "infinity", kill_on_drop: false }`
[INFO] [stdout] 5471625ee8e19466d60da5b41f267d9a3dd023ac72f990dbf60d988e7792c4d7
[INFO] running `Command { std: "docker" "start" "5471625ee8e19466d60da5b41f267d9a3dd023ac72f990dbf60d988e7792c4d7", kill_on_drop: false }`
[INFO] running `Command { std: "docker" "inspect" "5471625ee8e19466d60da5b41f267d9a3dd023ac72f990dbf60d988e7792c4d7", kill_on_drop: false }`
[INFO] running `Command { std: "docker" "exec" "-e" "SOURCE_DIR=/opt/rustwide/workdir" "-e" "CARGO_HOME=/opt/rustwide/cargo-home" "-e" "RUSTUP_HOME=/opt/rustwide/rustup-home" "-e" "CARGO_TARGET_DIR=/opt/rustwide/target" "-w" "/opt/rustwide/workdir" "--user" "0:0" "5471625ee8e19466d60da5b41f267d9a3dd023ac72f990dbf60d988e7792c4d7" "/opt/rustwide/cargo-home/bin/cargo" "+1.98.0-beta.1" "metadata" "--no-deps" "--format-version=1", kill_on_drop: false }`
[INFO] running `Command { std: "docker" "inspect" "5471625ee8e19466d60da5b41f267d9a3dd023ac72f990dbf60d988e7792c4d7", kill_on_drop: false }`
[INFO] running `Command { std: "docker" "exec" "-e" "SOURCE_DIR=/opt/rustwide/workdir" "-e" "CARGO_HOME=/opt/rustwide/cargo-home" "-e" "RUSTUP_HOME=/opt/rustwide/rustup-home" "-e" "CARGO_TARGET_DIR=/opt/rustwide/target" "-e" "CARGO_INCREMENTAL=0" "-e" "RUST_BACKTRACE=full" "-e" "RUSTFLAGS=--cap-lints=warn" "-e" "RUSTDOCFLAGS=--cap-lints=warn" "-w" "/opt/rustwide/workdir" "--user" "0:0" "5471625ee8e19466d60da5b41f267d9a3dd023ac72f990dbf60d988e7792c4d7" "/opt/rustwide/cargo-home/bin/cargo" "+1.98.0-beta.1" "build" "--frozen" "--message-format=json", kill_on_drop: false }`
[INFO] [stderr]    Compiling target-lexicon v0.12.14
[INFO] [stderr]    Compiling once_cell v1.19.0
[INFO] [stderr]    Compiling proc-macro2 v1.0.86
[INFO] [stderr]    Compiling unicode-ident v1.0.12
[INFO] [stderr]    Compiling libc v0.2.155
[INFO] [stderr]    Compiling autocfg v1.3.0
[INFO] [stderr]    Compiling unindent v0.2.3
[INFO] [stderr]    Compiling cfg-if v1.0.0
[INFO] [stderr]    Compiling indoc v2.0.5
[INFO] [stderr]    Compiling memoffset v0.9.1
[INFO] [stderr]    Compiling quote v1.0.36
[INFO] [stderr]    Compiling syn v2.0.68
[INFO] [stderr]    Compiling pyo3-build-config v0.22.0
[INFO] [stderr]    Compiling pyo3-ffi v0.22.0
[INFO] [stderr]    Compiling pyo3-macros-backend v0.22.0
[INFO] [stderr]    Compiling pyo3 v0.22.0
[INFO] [stderr]    Compiling pyo3-macros v0.22.0
[INFO] [stderr]    Compiling pyo3_example v0.1.0 (/opt/rustwide/workdir)
[INFO] [stderr]     Finished `dev` profile [unoptimized + debuginfo] target(s) in 14.76s
[INFO] running `Command { std: "docker" "inspect" "5471625ee8e19466d60da5b41f267d9a3dd023ac72f990dbf60d988e7792c4d7", kill_on_drop: false }`
[INFO] running `Command { std: "docker" "exec" "-e" "SOURCE_DIR=/opt/rustwide/workdir" "-e" "CARGO_HOME=/opt/rustwide/cargo-home" "-e" "RUSTUP_HOME=/opt/rustwide/rustup-home" "-e" "CARGO_TARGET_DIR=/opt/rustwide/target" "-e" "CARGO_INCREMENTAL=0" "-e" "RUST_BACKTRACE=full" "-e" "RUSTFLAGS=--cap-lints=warn" "-e" "RUSTDOCFLAGS=--cap-lints=warn" "-w" "/opt/rustwide/workdir" "--user" "0:0" "5471625ee8e19466d60da5b41f267d9a3dd023ac72f990dbf60d988e7792c4d7" "/opt/rustwide/cargo-home/bin/cargo" "+1.98.0-beta.1" "test" "--frozen" "--no-run" "--message-format=json", kill_on_drop: false }`
[INFO] [stderr]    Compiling pyo3_example v0.1.0 (/opt/rustwide/workdir)
[INFO] [stdout] error: linking with `cc` failed: exit status: 1
[INFO] [stdout]   |
[INFO] [stdout]   = note:  "cc" "-m64" "/opt/rustwide/target/debug/deps/rustcRCb5LW/symbols.o" "<2 object files omitted>" "-Wl,--as-needed" "-Wl,-Bstatic" "<sysroot>/lib/rustlib/x86_64-unknown-linux-gnu/lib/{libtest-*,libgetopts-*,librustc_std_workspace_std-*}.rlib" "/opt/rustwide/target/debug/deps/{libpyo3-e4f5d6ba90d68a04,libcfg_if-3e7fc4e38d4a72b5,libmemoffset-852aecb681cb2eb3,libonce_cell-a1d7742f74efe1da,libpyo3_ffi-a6c085b8cc6e18b6,liblibc-32c7908c8f3e9020,libunindent-ba611b0c58f2b27f}.rlib" "<sysroot>/lib/rustlib/x86_64-unknown-linux-gnu/lib/{libstd-*,libpanic_unwind-*,libobject-*,libmemchr-*,libaddr2line-*,libgimli-*,libcfg_if-*,librustc_demangle-*,libstd_detect-*,libhashbrown-*,librustc_std_workspace_alloc-*,libminiz_oxide-*,libadler2-*,libunwind-*,liblibc-*,librustc_std_workspace_core-*,liballoc-*,libcore-*,libcompiler_builtins-*}.rlib" "-Wl,-Bdynamic" "-lgcc_s" "-lutil" "-lrt" "-lpthread" "-lm" "-ldl" "-lc" "-L" "/opt/rustwide/target/debug/deps/rustcRCb5LW/raw-dylibs" "-B<sysroot>/lib/rustlib/x86_64-unknown-linux-gnu/bin/gcc-ld" "-fuse-ld=lld" "-Wl,--eh-frame-hdr" "-Wl,-z,noexecstack" "-L" "<sysroot>/lib/rustlib/x86_64-unknown-linux-gnu/lib" "-o" "/opt/rustwide/target/debug/deps/pyo3_example-8eb35ef1e837eafc" "-Wl,--gc-sections" "-pie" "-Wl,-z,relro,-z,now" "-nodefaultlibs"
[INFO] [stdout]   = note: some arguments are omitted. use `--verbose` to show all linker arguments
[INFO] [stdout]   = note: rust-lld: error: undefined symbol: Py_IsInitialized
[INFO] [stdout]           >>> referenced by lib.rs:22 (src/lib.rs:22)
[INFO] [stdout]           >>>               /opt/rustwide/target/debug/deps/pyo3_example-8eb35ef1e837eafc.pyo3_example.9f02bba9434bb75f-cgu.0.rcgu.o:(pyo3_example::tests::test_sum_as_string)
[INFO] [stdout]           >>> referenced by gil.rs:199 (src/gil.rs:199)
[INFO] [stdout]           >>>               pyo3-e4f5d6ba90d68a04.pyo3.a507ead7f11a9143-cgu.5.rcgu.o:(<pyo3::gil::GILGuard>::acquire::{closure#0}) in archive /opt/rustwide/target/debug/deps/libpyo3-e4f5d6ba90d68a04.rlib
[INFO] [stdout]           >>> referenced by gil.rs:80 (src/gil.rs:80)
[INFO] [stdout]           >>>               pyo3-e4f5d6ba90d68a04.pyo3.a507ead7f11a9143-cgu.5.rcgu.o:(pyo3::gil::prepare_freethreaded_python::{closure#0}) in archive /opt/rustwide/target/debug/deps/libpyo3-e4f5d6ba90d68a04.rlib
[INFO] [stdout]           
[INFO] [stdout]           rust-lld: error: undefined symbol: PyImport_AppendInittab
[INFO] [stdout]           >>> referenced by lib.rs:22 (src/lib.rs:22)
[INFO] [stdout]           >>>               /opt/rustwide/target/debug/deps/pyo3_example-8eb35ef1e837eafc.pyo3_example.9f02bba9434bb75f-cgu.0.rcgu.o:(pyo3_example::tests::test_sum_as_string)
[INFO] [stdout]           
[INFO] [stdout]           rust-lld: error: undefined symbol: PyDict_Next
[INFO] [stdout]           >>> referenced by dict.rs:715 (/opt/rustwide/cargo-home/registry/src/index.crates.io-1949cf8c6b5b557f/pyo3-0.22.0/src/types/dict.rs:715)
[INFO] [stdout]           >>>               /opt/rustwide/target/debug/deps/pyo3_example-8eb35ef1e837eafc.pyo3_example.9f02bba9434bb75f-cgu.0.rcgu.o:(<pyo3::types::dict::borrowed_iter::BorrowedDictIter as core::iter::traits::iterator::Iterator>::next)
[INFO] [stdout]           
[INFO] [stdout]           rust-lld: error: undefined symbol: PyModule_Create2
[INFO] [stdout]           >>> referenced by modsupport.rs:140 (/opt/rustwide/cargo-home/registry/src/index.crates.io-1949cf8c6b5b557f/pyo3-ffi-0.22.0/src/modsupport.rs:140)
[INFO] [stdout]           >>>               pyo3-e4f5d6ba90d68a04.pyo3.a507ead7f11a9143-cgu.2.rcgu.o:(pyo3_ffi::modsupport::PyModule_Create) in archive /opt/rustwide/target/debug/deps/libpyo3-e4f5d6ba90d68a04.rlib
[INFO] [stdout]           
[INFO] [stdout]           rust-lld: error: undefined symbol: PyType_GetFlags
[INFO] [stdout]           >>> referenced by object.rs:772 (/opt/rustwide/cargo-home/registry/src/index.crates.io-1949cf8c6b5b557f/pyo3-ffi-0.22.0/src/object.rs:772)
[INFO] [stdout]           >>>               pyo3-e4f5d6ba90d68a04.pyo3.a507ead7f11a9143-cgu.4.rcgu.o:(pyo3_ffi::object::PyType_HasFeature) in archive /opt/rustwide/target/debug/deps/libpyo3-e4f5d6ba90d68a04.rlib
[INFO] [stdout]           
[INFO] [stdout]           rust-lld: error: undefined symbol: _Py_NoneStruct
[INFO] [stdout]           >>> referenced by object.rs:721 (/opt/rustwide/cargo-home/registry/src/index.crates.io-1949cf8c6b5b557f/pyo3-ffi-0.22.0/src/object.rs:721)
[INFO] [stdout]           >>>               pyo3-e4f5d6ba90d68a04.pyo3.a507ead7f11a9143-cgu.4.rcgu.o:(pyo3_ffi::object::Py_None) in archive /opt/rustwide/target/debug/deps/libpyo3-e4f5d6ba90d68a04.rlib
[INFO] [stdout]           
[INFO] [stdout]           rust-lld: error: undefined symbol: PyModule_GetDict
[INFO] [stdout]           >>> referenced by marker.rs:660 (src/marker.rs:660)
[INFO] [stdout]           >>>               pyo3-e4f5d6ba90d68a04.pyo3.a507ead7f11a9143-cgu.5.rcgu.o:(<pyo3::marker::Python>::run_code::{closure#1}) in archive /opt/rustwide/target/debug/deps/libpyo3-e4f5d6ba90d68a04.rlib
[INFO] [stdout]           
[INFO] [stdout]           rust-lld: error: undefined symbol: Py_InitializeEx
[INFO] [stdout]           >>> referenced by gil.rs:81 (src/gil.rs:81)
[INFO] [stdout]           >>>               pyo3-e4f5d6ba90d68a04.pyo3.a507ead7f11a9143-cgu.5.rcgu.o:(pyo3::gil::prepare_freethreaded_python::{closure#0}) in archive /opt/rustwide/target/debug/deps/libpyo3-e4f5d6ba90d68a04.rlib
[INFO] [stdout]           
[INFO] [stdout]           rust-lld: error: undefined symbol: PyEval_SaveThread
[INFO] [stdout]           >>> referenced by gil.rs:84 (src/gil.rs:84)
[INFO] [stdout]           >>>               pyo3-e4f5d6ba90d68a04.pyo3.a507ead7f11a9143-cgu.5.rcgu.o:(pyo3::gil::prepare_freethreaded_python::{closure#0}) in archive /opt/rustwide/target/debug/deps/libpyo3-e4f5d6ba90d68a04.rlib
[INFO] [stdout]           
[INFO] [stdout]           rust-lld: error: undefined symbol: PyTuple_New
[INFO] [stdout]           >>> referenced by tuple.rs:721 (src/types/tuple.rs:721)
[INFO] [stdout]           >>>               pyo3-e4f5d6ba90d68a04.pyo3.a507ead7f11a9143-cgu.7.rcgu.o:(pyo3::types::tuple::array_into_tuple::<1>) in archive /opt/rustwide/target/debug/deps/libpyo3-e4f5d6ba90d68a04.rlib
[INFO] [stdout]           
[INFO] [stdout]           rust-lld: error: undefined symbol: PyExc_AttributeError
[INFO] [stdout]           >>> referenced by exceptions.rs:309 (src/exceptions.rs:309)
[INFO] [stdout]           >>>               pyo3-e4f5d6ba90d68a04.pyo3.a507ead7f11a9143-cgu.5.rcgu.o:(<pyo3::exceptions::PyAttributeError as pyo3::type_object::PyTypeInfo>::type_object_raw::{closure#0}) in archive /opt/rustwide/target/debug/deps/libpyo3-e4f5d6ba90d68a04.rlib
[INFO] [stdout]           >>> referenced by exceptions.rs:309 (src/exceptions.rs:309)
[INFO] [stdout]           >>>               pyo3-e4f5d6ba90d68a04.pyo3.a507ead7f11a9143-cgu.5.rcgu.o:(<pyo3::exceptions::PyAttributeError as pyo3::type_object::PyTypeInfo>::type_object_raw::{closure#0}) in archive /opt/rustwide/target/debug/deps/libpyo3-e4f5d6ba90d68a04.rlib
[INFO] [stdout]           
[INFO] [stdout]           rust-lld: error: undefined symbol: PyExc_ImportError
[INFO] [stdout]           >>> referenced by exceptions.rs:309 (src/exceptions.rs:309)
[INFO] [stdout]           >>>               pyo3-e4f5d6ba90d68a04.pyo3.a507ead7f11a9143-cgu.5.rcgu.o:(<pyo3::exceptions::PyImportError as pyo3::type_object::PyTypeInfo>::type_object_raw::{closure#0}) in archive /opt/rustwide/target/debug/deps/libpyo3-e4f5d6ba90d68a04.rlib
[INFO] [stdout]           >>> referenced by exceptions.rs:309 (src/exceptions.rs:309)
[INFO] [stdout]           >>>               pyo3-e4f5d6ba90d68a04.pyo3.a507ead7f11a9143-cgu.5.rcgu.o:(<pyo3::exceptions::PyImportError as pyo3::type_object::PyTypeInfo>::type_object_raw::{closure#0}) in archive /opt/rustwide/target/debug/deps/libpyo3-e4f5d6ba90d68a04.rlib
[INFO] [stdout]           
[INFO] [stdout]           rust-lld: error: undefined symbol: PyExc_OverflowError
[INFO] [stdout]           >>> referenced by exceptions.rs:309 (src/exceptions.rs:309)
[INFO] [stdout]           >>>               pyo3-e4f5d6ba90d68a04.pyo3.a507ead7f11a9143-cgu.5.rcgu.o:(<pyo3::exceptions::PyOverflowError as pyo3::type_object::PyTypeInfo>::type_object_raw::{closure#0}) in archive /opt/rustwide/target/debug/deps/libpyo3-e4f5d6ba90d68a04.rlib
[INFO] [stdout]           >>> referenced by exceptions.rs:309 (src/exceptions.rs:309)
[INFO] [stdout]           >>>               pyo3-e4f5d6ba90d68a04.pyo3.a507ead7f11a9143-cgu.5.rcgu.o:(<pyo3::exceptions::PyOverflowError as pyo3::type_object::PyTypeInfo>::type_object_raw::{closure#0}) in archive /opt/rustwide/target/debug/deps/libpyo3-e4f5d6ba90d68a04.rlib
[INFO] [stdout]           
[INFO] [stdout]           rust-lld: error: undefined symbol: PyTuple_SetItem
[INFO] [stdout]           >>> referenced by tuple.rs:727 (src/types/tuple.rs:727)
[INFO] [stdout]           >>>               pyo3-e4f5d6ba90d68a04.pyo3.a507ead7f11a9143-cgu.7.rcgu.o:(pyo3::types::tuple::array_into_tuple::<1>) in archive /opt/rustwide/target/debug/deps/libpyo3-e4f5d6ba90d68a04.rlib
[INFO] [stdout]           
[INFO] [stdout]           rust-lld: error: undefined symbol: PyExc_TypeError
[INFO] [stdout]           >>> referenced by exceptions.rs:309 (src/exceptions.rs:309)
[INFO] [stdout]           >>>               pyo3-e4f5d6ba90d68a04.pyo3.a507ead7f11a9143-cgu.5.rcgu.o:(<pyo3::exceptions::PyTypeError as pyo3::type_object::PyTypeInfo>::type_object_raw::{closure#0}) in archive /opt/rustwide/target/debug/deps/libpyo3-e4f5d6ba90d68a04.rlib
[INFO] [stdout]           >>> referenced by exceptions.rs:309 (src/exceptions.rs:309)
[INFO] [stdout]           >>>               pyo3-e4f5d6ba90d68a04.pyo3.a507ead7f11a9143-cgu.5.rcgu.o:(<pyo3::exceptions::PyTypeError as pyo3::type_object::PyTypeInfo>::type_object_raw::{closure#0}) in archive /opt/rustwide/target/debug/deps/libpyo3-e4f5d6ba90d68a04.rlib
[INFO] [stdout]           
[INFO] [stdout]           rust-lld: error: undefined symbol: PyExc_ValueError
[INFO] [stdout]           >>> referenced by exceptions.rs:309 (src/exceptions.rs:309)
[INFO] [stdout]           >>>               pyo3-e4f5d6ba90d68a04.pyo3.a507ead7f11a9143-cgu.5.rcgu.o:(<pyo3::exceptions::PyValueError as pyo3::type_object::PyTypeInfo>::type_object_raw::{closure#0}) in archive /opt/rustwide/target/debug/deps/libpyo3-e4f5d6ba90d68a04.rlib
[INFO] [stdout]           >>> referenced by exceptions.rs:309 (src/exceptions.rs:309)
[INFO] [stdout]           >>>               pyo3-e4f5d6ba90d68a04.pyo3.a507ead7f11a9143-cgu.5.rcgu.o:(<pyo3::exceptions::PyValueError as pyo3::type_object::PyTypeInfo>::type_object_raw::{closure#0}) in archive /opt/rustwide/target/debug/deps/libpyo3-e4f5d6ba90d68a04.rlib
[INFO] [stdout]           
[INFO] [stdout]           rust-lld: error: undefined symbol: PyExc_BaseException
[INFO] [stdout]           >>> referenced by exceptions.rs:309 (src/exceptions.rs:309)
[INFO] [stdout]           >>>               pyo3-e4f5d6ba90d68a04.pyo3.a507ead7f11a9143-cgu.5.rcgu.o:(<pyo3::exceptions::PyBaseException as pyo3::type_object::PyTypeInfo>::type_object_raw::{closure#0}) in archive /opt/rustwide/target/debug/deps/libpyo3-e4f5d6ba90d68a04.rlib
[INFO] [stdout]           >>> referenced by exceptions.rs:309 (src/exceptions.rs:309)
[INFO] [stdout]           >>>               pyo3-e4f5d6ba90d68a04.pyo3.a507ead7f11a9143-cgu.5.rcgu.o:(<pyo3::exceptions::PyBaseException as pyo3::type_object::PyTypeInfo>::type_object_raw::{closure#0}) in archive /opt/rustwide/target/debug/deps/libpyo3-e4f5d6ba90d68a04.rlib
[INFO] [stdout]           
[INFO] [stdout]           rust-lld: error: undefined symbol: PyGILState_Ensure
[INFO] [stdout]           >>> referenced by gil.rs:224 (src/gil.rs:224)
[INFO] [stdout]           >>>               pyo3-e4f5d6ba90d68a04.pyo3.a507ead7f11a9143-cgu.5.rcgu.o:(<pyo3::gil::GILGuard>::acquire_unchecked) in archive /opt/rustwide/target/debug/deps/libpyo3-e4f5d6ba90d68a04.rlib
[INFO] [stdout]           
[INFO] [stdout]           rust-lld: error: undefined symbol: PyList_New
[INFO] [stdout]           >>> referenced by list.rs:101 (src/types/list.rs:101)
[INFO] [stdout]           >>>               pyo3-e4f5d6ba90d68a04.pyo3.a507ead7f11a9143-cgu.7.rcgu.o:(<pyo3::types::list::PyList>::empty_bound) in archive /opt/rustwide/target/debug/deps/libpyo3-e4f5d6ba90d68a04.rlib
[INFO] [stdout]           
[INFO] [stdout]           rust-lld: error: undefined symbol: PyUnicode_FromStringAndSize
[INFO] [stdout]           >>> referenced by string.rs:184 (src/types/string.rs:184)
[INFO] [stdout]           >>>               pyo3-e4f5d6ba90d68a04.pyo3.a507ead7f11a9143-cgu.5.rcgu.o:(<pyo3::types::string::PyString>::intern_bound) in archive /opt/rustwide/target/debug/deps/libpyo3-e4f5d6ba90d68a04.rlib
[INFO] [stdout]           >>> referenced by string.rs:166 (src/types/string.rs:166)
[INFO] [stdout]           >>>               pyo3-e4f5d6ba90d68a04.pyo3.a507ead7f11a9143-cgu.5.rcgu.o:(<pyo3::types::string::PyString>::new_bound) in archive /opt/rustwide/target/debug/deps/libpyo3-e4f5d6ba90d68a04.rlib
[INFO] [stdout]           
[INFO] [stdout]           rust-lld: error: too many errors emitted, stopping now (use --error-limit=0 to see all errors)
[INFO] [stdout]           collect2: error: ld returned 1 exit status
[INFO] [stdout]           
[INFO] [stdout] 
[INFO] [stdout] 
[INFO] [stderr] error: could not compile `pyo3_example` (lib test) due to 1 previous error
[INFO] running `Command { std: "docker" "inspect" "5471625ee8e19466d60da5b41f267d9a3dd023ac72f990dbf60d988e7792c4d7", kill_on_drop: false }`
[INFO] running `Command { std: "docker" "rm" "-f" "5471625ee8e19466d60da5b41f267d9a3dd023ac72f990dbf60d988e7792c4d7", kill_on_drop: false }`
[INFO] [stdout] 5471625ee8e19466d60da5b41f267d9a3dd023ac72f990dbf60d988e7792c4d7
