[INFO] cloning repository https://github.com/iac-factory/rust-parser
[INFO] running `Command { std: "git" "-c" "credential.helper=" "-c" "credential.helper=/workspace/cargo-home/bin/git-credential-null" "clone" "--bare" "https://github.com/iac-factory/rust-parser" "/workspace/cache/git-repos/https%3A%2F%2Fgithub.com%2Fiac-factory%2Frust-parser", kill_on_drop: false }`
[INFO] [stderr] Cloning into bare repository '/workspace/cache/git-repos/https%3A%2F%2Fgithub.com%2Fiac-factory%2Frust-parser'...
[INFO] running `Command { std: "git" "rev-parse" "HEAD", kill_on_drop: false }`
[INFO] [stdout] 56b736fb36fdc841e5818d4f6b990c026d996a0e
[INFO] testing iac-factory/rust-parser against 1.97.0-beta.6 for beta-1.98-2
[INFO] running `Command { std: "git" "clone" "/workspace/cache/git-repos/https%3A%2F%2Fgithub.com%2Fiac-factory%2Frust-parser" "/workspace/builds/worker-3-tc1/source", kill_on_drop: false }`
[INFO] [stderr] Cloning into '/workspace/builds/worker-3-tc1/source'...
[INFO] [stderr] done.
[INFO] started tweaking git repo https://github.com/iac-factory/rust-parser
[INFO] finished tweaking git repo https://github.com/iac-factory/rust-parser
[INFO] tweaked toml for git repo https://github.com/iac-factory/rust-parser written to /workspace/builds/worker-3-tc1/source/Cargo.toml
[INFO] validating manifest of git repo https://github.com/iac-factory/rust-parser on toolchain 1.97.0-beta.6
[INFO] running `Command { std: CARGO_HOME="/workspace/cargo-home" RUSTUP_HOME="/workspace/rustup-home" "/workspace/cargo-home/bin/cargo" "+1.97.0-beta.6" "metadata" "--manifest-path" "Cargo.toml" "--no-deps", kill_on_drop: false }`
[INFO] crate git repo https://github.com/iac-factory/rust-parser already has a lockfile, it will not be regenerated
[INFO] running `Command { std: CARGO_HOME="/workspace/cargo-home" RUSTUP_HOME="/workspace/rustup-home" "/workspace/cargo-home/bin/cargo" "+1.97.0-beta.6" "fetch" "--manifest-path" "Cargo.toml", kill_on_drop: false }`
[INFO] [stderr]  Downloading crates ...
[INFO] [stderr]   Downloaded tinyvec v1.4.0
[INFO] [stderr]   Downloaded unicode-bidi v0.3.6
[INFO] [stderr]   Downloaded futures-io v0.3.17
[INFO] [stderr]   Downloaded bitflags v1.3.1
[INFO] [stderr]   Downloaded futures-macro v0.3.17
[INFO] [stderr]   Downloaded dtoa v0.4.8
[INFO] [stderr]   Downloaded futures-executor v0.3.17
[INFO] [stderr]   Downloaded termcolor v1.1.2
[INFO] [stderr]   Downloaded serde_yaml v0.8.21
[INFO] [stderr]   Downloaded colored v2.0.0
[INFO] [stderr]   Downloaded futures v0.3.17
[INFO] [stderr]   Downloaded openssl-sys v0.9.66
[INFO] [stderr]   Downloaded cc v1.0.70
[INFO] [stderr]   Downloaded tracing-core v0.1.20
[INFO] [stderr]   Downloaded tokio-util v0.6.8
[INFO] [stderr]   Downloaded tracing v0.1.27
[INFO] [stderr]   Downloaded h2 v0.3.4
[INFO] [stderr]   Downloaded hyper v0.14.12
[INFO] [stderr]   Downloaded openssl v0.10.36
[INFO] [stderr]   Downloaded clap v3.1.17
[INFO] [stderr]   Downloaded regex v1.5.6
[INFO] [stderr]   Downloaded regex-syntax v0.6.26
[INFO] [stderr]   Downloaded tokio v1.13.1
[INFO] [stderr]   Downloaded libc v0.2.101
[INFO] running `Command { std: "docker" "create" "-v" "/var/lib/crater-agent-workspace/builds/worker-3-tc1/source:/opt/rustwide/workdir:ro,Z" "-v" "/var/lib/crater-agent-workspace/builds/worker-3-tc1/target:/opt/rustwide/target:rw,Z" "-v" "/var/lib/crater-agent-workspace/cargo-home:/opt/rustwide/cargo-home:ro,Z" "-v" "/var/lib/crater-agent-workspace/rustup-home:/opt/rustwide/rustup-home:ro,Z" "-m" "1610612736" "--network" "none" "ghcr.io/rust-lang/crates-build-env/linux@sha256:3d5ced03c013a94a2f102a4510f48a6e9184255caf5fd8244f58017bde7f5210" "sleep" "infinity", kill_on_drop: false }`
[INFO] [stdout] 5fbd9348df8b78fffaa1196b2901041510afb152063ba92fb55685c3eeb65b02
[INFO] running `Command { std: "docker" "start" "5fbd9348df8b78fffaa1196b2901041510afb152063ba92fb55685c3eeb65b02", kill_on_drop: false }`
[INFO] running `Command { std: "docker" "inspect" "5fbd9348df8b78fffaa1196b2901041510afb152063ba92fb55685c3eeb65b02", kill_on_drop: false }`
[INFO] running `Command { std: "docker" "exec" "-e" "SOURCE_DIR=/opt/rustwide/workdir" "-e" "CARGO_HOME=/opt/rustwide/cargo-home" "-e" "RUSTUP_HOME=/opt/rustwide/rustup-home" "-e" "CARGO_TARGET_DIR=/opt/rustwide/target" "-w" "/opt/rustwide/workdir" "--user" "0:0" "5fbd9348df8b78fffaa1196b2901041510afb152063ba92fb55685c3eeb65b02" "/opt/rustwide/cargo-home/bin/cargo" "+1.97.0-beta.6" "metadata" "--no-deps" "--format-version=1", kill_on_drop: false }`
[INFO] running `Command { std: "docker" "inspect" "5fbd9348df8b78fffaa1196b2901041510afb152063ba92fb55685c3eeb65b02", kill_on_drop: false }`
[INFO] running `Command { std: "docker" "exec" "-e" "SOURCE_DIR=/opt/rustwide/workdir" "-e" "CARGO_HOME=/opt/rustwide/cargo-home" "-e" "RUSTUP_HOME=/opt/rustwide/rustup-home" "-e" "CARGO_TARGET_DIR=/opt/rustwide/target" "-e" "CARGO_INCREMENTAL=0" "-e" "RUST_BACKTRACE=full" "-e" "RUSTFLAGS=--cap-lints=warn" "-e" "RUSTDOCFLAGS=--cap-lints=warn" "-w" "/opt/rustwide/workdir" "--user" "0:0" "5fbd9348df8b78fffaa1196b2901041510afb152063ba92fb55685c3eeb65b02" "/opt/rustwide/cargo-home/bin/cargo" "+1.97.0-beta.6" "build" "--frozen" "--message-format=json", kill_on_drop: false }`
[INFO] [stderr]    Compiling autocfg v1.0.1
[INFO] [stderr]    Compiling libc v0.2.101
[INFO] [stderr]    Compiling proc-macro2 v1.0.28
[INFO] [stderr]    Compiling syn v1.0.74
[INFO] [stderr]    Compiling cfg-if v1.0.0
[INFO] [stderr]    Compiling memchr v2.4.0
[INFO] [stderr]    Compiling pin-project-lite v0.2.7
[INFO] [stderr]    Compiling futures-core v0.3.17
[INFO] [stderr]    Compiling cc v1.0.70
[INFO] [stderr]    Compiling proc-macro-hack v0.5.19
[INFO] [stderr]    Compiling pkg-config v0.3.19
[INFO] [stderr]    Compiling futures-channel v0.3.17
[INFO] [stderr]    Compiling smallvec v1.6.1
[INFO] [stderr]    Compiling scopeguard v1.1.0
[INFO] [stderr]    Compiling futures-task v0.3.17
[INFO] [stderr]    Compiling proc-macro-nested v0.1.7
[INFO] [stderr]    Compiling log v0.4.14
[INFO] [stderr]    Compiling instant v0.1.10
[INFO] [stderr]    Compiling bytes v1.1.0
[INFO] [stderr]    Compiling futures-sink v0.3.17
[INFO] [stderr]    Compiling once_cell v1.8.0
[INFO] [stderr]    Compiling lock_api v0.4.5
[INFO] [stderr]    Compiling hashbrown v0.11.2
[INFO] [stderr]    Compiling lazy_static v1.4.0
[INFO] [stderr]    Compiling itoa v0.4.7
[INFO] [stderr]    Compiling futures-io v0.3.17
[INFO] [stderr]    Compiling slab v0.4.4
[INFO] [stderr]    Compiling pin-utils v0.1.0
[INFO] [stderr]    Compiling fnv v1.0.7
[INFO] [stderr]    Compiling openssl v0.10.36
[INFO] [stderr]    Compiling foreign-types-shared v0.1.1
[INFO] [stderr]    Compiling bitflags v1.3.1
[INFO] [stderr]    Compiling serde_derive v1.0.127
[INFO] [stderr]    Compiling foreign-types v0.3.2
[INFO] [stderr]    Compiling http v0.2.4
[INFO] [stderr]    Compiling tracing-core v0.1.20
[INFO] [stderr]    Compiling tinyvec_macros v0.1.0
[INFO] [stderr]    Compiling httparse v1.5.1
[INFO] [stderr]    Compiling serde v1.0.127
[INFO] [stderr]    Compiling linked-hash-map v0.5.4
[INFO] [stderr]    Compiling tinyvec v1.4.0
[INFO] [stderr]    Compiling ryu v1.0.5
[INFO] [stderr]    Compiling parking_lot_core v0.8.5
[INFO] [stderr]    Compiling futures-macro v0.3.17
[INFO] [stderr]    Compiling indexmap v1.7.0
[INFO] [stderr]    Compiling tokio v1.13.1
[INFO] [stderr]    Compiling futures-util v0.3.17
[INFO] [stderr]    Compiling parking_lot v0.11.2
[INFO] [stderr]    Compiling signal-hook-registry v1.4.0
[INFO] [stderr]    Compiling mio v0.7.13
[INFO] [stderr]    Compiling num_cpus v1.13.0
[INFO] [stderr]    Compiling atty v0.2.14
[INFO] [stderr]    Compiling tracing v0.1.27
[INFO] [stderr]    Compiling matches v0.1.9
[INFO] [stderr]    Compiling try-lock v0.2.3
[INFO] [stderr]    Compiling openssl-sys v0.9.66
[INFO] [stderr]    Compiling openssl-probe v0.1.4
[INFO] [stderr]    Compiling quote v1.0.9
[INFO] [stderr]    Compiling want v0.3.0
[INFO] [stderr]    Compiling aho-corasick v0.7.18
[INFO] [stderr]    Compiling unicode-normalization v0.1.19
[INFO] [stderr]    Compiling yaml-rust v0.4.5
[INFO] [stderr]    Compiling socket2 v0.4.1
[INFO] [stderr]    Compiling serde_json v1.0.66
[INFO] [stderr]    Compiling percent-encoding v2.1.0
[INFO] [stderr]    Compiling unicode-bidi v0.3.6
[INFO] [stderr]    Compiling regex-syntax v0.6.26
[INFO] [stderr]    Compiling httpdate v1.0.1
[INFO] [stderr]    Compiling os_str_bytes v6.0.0
[INFO] [stderr]    Compiling native-tls v0.2.8
[INFO] [stderr]    Compiling tower-service v0.3.1
[INFO] [stderr]    Compiling termcolor v1.1.2
[INFO] [stderr]    Compiling clap_lex v0.2.0
[INFO] [stderr]    Compiling form_urlencoded v1.0.1
[INFO] [stderr]    Compiling humantime v2.1.0
[INFO] [stderr]    Compiling strsim v0.10.0
[INFO] [stderr]    Compiling dtoa v0.4.8
[INFO] [stderr]    Compiling textwrap v0.15.0
[INFO] [stderr]    Compiling colored v2.0.0
[INFO] [stderr]    Compiling clap v3.1.17
[INFO] [stderr]    Compiling idna v0.2.3
[INFO] [stderr]    Compiling regex v1.5.6
[INFO] [stderr]    Compiling http-body v0.4.3
[INFO] [stderr]    Compiling url v2.2.2
[INFO] [stderr]    Compiling env_logger v0.9.0
[INFO] [stderr]    Compiling tokio-macros v1.3.0
[INFO] [stderr]    Compiling futures-executor v0.3.17
[INFO] [stderr]    Compiling futures v0.3.17
[INFO] [stderr]    Compiling tokio-util v0.6.8
[INFO] [stderr]    Compiling tokio-native-tls v0.3.0
[INFO] [stderr]    Compiling h2 v0.3.4
[INFO] [stderr]    Compiling serde_yaml v0.8.21
[INFO] [stderr]    Compiling hyper v0.14.12
[INFO] [stderr]    Compiling hyper-tls v0.5.0
[INFO] [stderr]    Compiling parser v0.0.3 (/opt/rustwide/workdir)
[INFO] [stdout] error[E0583]: file not found for module `Log`
[INFO] [stdout]   --> src/lib.rs:26:1
[INFO] [stdout]    |
[INFO] [stdout] 26 | pub mod Log;
[INFO] [stdout]    | ^^^^^^^^^^^^
[INFO] [stdout]    |
[INFO] [stdout]    = help: to create the module `Log`, create file "src/Log.rs" or "src/Log/mod.rs"
[INFO] [stdout]    = note: if there is a `mod Log` elsewhere in the crate already, import it with `use crate::...` instead
[INFO] [stdout] 
[INFO] [stdout] 
[INFO] [stdout] error[E0583]: file not found for module `YAML`
[INFO] [stdout]   --> src/lib.rs:27:1
[INFO] [stdout]    |
[INFO] [stdout] 27 | pub mod YAML;
[INFO] [stdout]    | ^^^^^^^^^^^^^
[INFO] [stdout]    |
[INFO] [stdout]    = help: to create the module `YAML`, create file "src/YAML.rs" or "src/YAML/mod.rs"
[INFO] [stdout]    = note: if there is a `mod YAML` elsewhere in the crate already, import it with `use crate::...` instead
[INFO] [stdout] 
[INFO] [stdout] 
[INFO] [stdout] error[E0583]: file not found for module `JSON`
[INFO] [stdout]   --> src/lib.rs:28:1
[INFO] [stdout]    |
[INFO] [stdout] 28 | pub mod JSON;
[INFO] [stdout]    | ^^^^^^^^^^^^^
[INFO] [stdout]    |
[INFO] [stdout]    = help: to create the module `JSON`, create file "src/JSON.rs" or "src/JSON/mod.rs"
[INFO] [stdout]    = note: if there is a `mod JSON` elsewhere in the crate already, import it with `use crate::...` instead
[INFO] [stdout] 
[INFO] [stdout] 
[INFO] [stdout] error[E0583]: file not found for module `Type`
[INFO] [stdout]   --> src/lib.rs:29:1
[INFO] [stdout]    |
[INFO] [stdout] 29 | pub mod Type;
[INFO] [stdout]    | ^^^^^^^^^^^^^
[INFO] [stdout]    |
[INFO] [stdout]    = help: to create the module `Type`, create file "src/Type.rs" or "src/Type/mod.rs"
[INFO] [stdout]    = note: if there is a `mod Type` elsewhere in the crate already, import it with `use crate::...` instead
[INFO] [stdout] 
[INFO] [stdout] 
[INFO] [stdout] error[E0583]: file not found for module `Queue`
[INFO] [stdout]   --> src/lib.rs:30:1
[INFO] [stdout]    |
[INFO] [stdout] 30 | pub mod Queue;
[INFO] [stdout]    | ^^^^^^^^^^^^^^
[INFO] [stdout]    |
[INFO] [stdout]    = help: to create the module `Queue`, create file "src/Queue.rs" or "src/Queue/mod.rs"
[INFO] [stdout]    = note: if there is a `mod Queue` elsewhere in the crate already, import it with `use crate::...` instead
[INFO] [stdout] 
[INFO] [stdout] 
[INFO] [stdout] error[E0583]: file not found for module `Stack`
[INFO] [stdout]   --> src/lib.rs:31:1
[INFO] [stdout]    |
[INFO] [stdout] 31 | pub mod Stack;
[INFO] [stdout]    | ^^^^^^^^^^^^^^
[INFO] [stdout]    |
[INFO] [stdout]    = help: to create the module `Stack`, create file "src/Stack.rs" or "src/Stack/mod.rs"
[INFO] [stdout]    = note: if there is a `mod Stack` elsewhere in the crate already, import it with `use crate::...` instead
[INFO] [stdout] 
[INFO] [stdout] 
[INFO] [stdout] error[E0583]: file not found for module `HTTP`
[INFO] [stdout]   --> src/lib.rs:32:1
[INFO] [stdout]    |
[INFO] [stdout] 32 | pub mod HTTP;
[INFO] [stdout]    | ^^^^^^^^^^^^^
[INFO] [stdout]    |
[INFO] [stdout]    = help: to create the module `HTTP`, create file "src/HTTP.rs" or "src/HTTP/mod.rs"
[INFO] [stdout]    = note: if there is a `mod HTTP` elsewhere in the crate already, import it with `use crate::...` instead
[INFO] [stdout] 
[INFO] [stdout] 
[INFO] [stdout] error[E0583]: file not found for module `GET`
[INFO] [stdout]   --> src/lib.rs:33:1
[INFO] [stdout]    |
[INFO] [stdout] 33 | pub mod GET;
[INFO] [stdout]    | ^^^^^^^^^^^^
[INFO] [stdout]    |
[INFO] [stdout]    = help: to create the module `GET`, create file "src/GET.rs" or "src/GET/mod.rs"
[INFO] [stdout]    = note: if there is a `mod GET` elsewhere in the crate already, import it with `use crate::...` instead
[INFO] [stdout] 
[INFO] [stdout] 
[INFO] [stdout] error[E0583]: file not found for module `CLI`
[INFO] [stdout]   --> src/lib.rs:34:1
[INFO] [stdout]    |
[INFO] [stdout] 34 | pub mod CLI;
[INFO] [stdout]    | ^^^^^^^^^^^^
[INFO] [stdout]    |
[INFO] [stdout]    = help: to create the module `CLI`, create file "src/CLI.rs" or "src/CLI/mod.rs"
[INFO] [stdout]    = note: if there is a `mod CLI` elsewhere in the crate already, import it with `use crate::...` instead
[INFO] [stdout] 
[INFO] [stdout] 
[INFO] [stdout] error[E0583]: file not found for module `Constants`
[INFO] [stdout]   --> src/lib.rs:35:1
[INFO] [stdout]    |
[INFO] [stdout] 35 | pub mod Constants;
[INFO] [stdout]    | ^^^^^^^^^^^^^^^^^^
[INFO] [stdout]    |
[INFO] [stdout]    = help: to create the module `Constants`, create file "src/Constants.rs" or "src/Constants/mod.rs"
[INFO] [stdout]    = note: if there is a `mod Constants` elsewhere in the crate already, import it with `use crate::...` instead
[INFO] [stdout] 
[INFO] [stdout] 
[INFO] [stdout] For more information about this error, try `rustc --explain E0583`.
[INFO] [stdout] 
[INFO] [stderr] error: could not compile `parser` (lib) due to 10 previous errors
[INFO] [stderr] warning: build failed, waiting for other jobs to finish...
[INFO] running `Command { std: "docker" "inspect" "5fbd9348df8b78fffaa1196b2901041510afb152063ba92fb55685c3eeb65b02", kill_on_drop: false }`
[INFO] running `Command { std: "docker" "rm" "-f" "5fbd9348df8b78fffaa1196b2901041510afb152063ba92fb55685c3eeb65b02", kill_on_drop: false }`
[INFO] [stdout] 5fbd9348df8b78fffaa1196b2901041510afb152063ba92fb55685c3eeb65b02
