[INFO] cloning repository https://github.com/hypermemetic/plexus-mono
[INFO] running `Command { std: "git" "-c" "credential.helper=" "-c" "credential.helper=/workspace/cargo-home/bin/git-credential-null" "clone" "--bare" "https://github.com/hypermemetic/plexus-mono" "/workspace/cache/git-repos/https%3A%2F%2Fgithub.com%2Fhypermemetic%2Fplexus-mono", kill_on_drop: false }`
[INFO] [stderr] Cloning into bare repository '/workspace/cache/git-repos/https%3A%2F%2Fgithub.com%2Fhypermemetic%2Fplexus-mono'...
[INFO] running `Command { std: "git" "rev-parse" "HEAD", kill_on_drop: false }`
[INFO] [stdout] 519c6b4d917ae0a41c249970cc134cc1156732b1
[INFO] testing hypermemetic/plexus-mono against 1.97.0-beta.6 for beta-1.98-2
[INFO] running `Command { std: "git" "clone" "/workspace/cache/git-repos/https%3A%2F%2Fgithub.com%2Fhypermemetic%2Fplexus-mono" "/workspace/builds/worker-6-tc1/source", kill_on_drop: false }`
[INFO] [stderr] Cloning into '/workspace/builds/worker-6-tc1/source'...
[INFO] [stderr] done.
[INFO] started tweaking git repo https://github.com/hypermemetic/plexus-mono
[INFO] finished tweaking git repo https://github.com/hypermemetic/plexus-mono
[INFO] tweaked toml for git repo https://github.com/hypermemetic/plexus-mono written to /workspace/builds/worker-6-tc1/source/Cargo.toml
[INFO] validating manifest of git repo https://github.com/hypermemetic/plexus-mono on toolchain 1.97.0-beta.6
[INFO] running `Command { std: CARGO_HOME="/workspace/cargo-home" RUSTUP_HOME="/workspace/rustup-home" "/workspace/cargo-home/bin/cargo" "+1.97.0-beta.6" "metadata" "--manifest-path" "Cargo.toml" "--no-deps", kill_on_drop: false }`
[INFO] crate git repo https://github.com/hypermemetic/plexus-mono already has a lockfile, it will not be regenerated
[INFO] running `Command { std: CARGO_HOME="/workspace/cargo-home" RUSTUP_HOME="/workspace/rustup-home" "/workspace/cargo-home/bin/cargo" "+1.97.0-beta.6" "fetch" "--manifest-path" "Cargo.toml", kill_on_drop: false }`
[INFO] [stderr]     Updating crates.io index
[INFO] [stderr]     Blocking waiting for file lock on package cache
[INFO] [stderr]      Locking 4 packages to latest compatible versions
[INFO] [stderr]       Adding plexus-core v0.3.13
[INFO] [stderr]       Adding plexus-core v0.4.0 (available: v0.5.3)
[INFO] [stderr]       Adding plexus-macros v0.4.0 (available: v0.5.5)
[INFO] [stderr]       Adding plexus-transport v0.1.8 (available: v0.3.0)
[INFO] [stderr]     Blocking waiting for file lock on package cache
[INFO] [stderr]  Downloading crates ...
[INFO] [stderr]   Downloaded stream-download v0.24.0
[INFO] [stderr]   Downloaded aws-lc-rs v1.16.1
[INFO] [stderr]   Downloaded zerocopy-derive v0.8.42
[INFO] [stderr]   Downloaded mediatype v0.21.0
[INFO] [stderr]   Downloaded souvlaki v0.8.3
[INFO] [stderr]   Downloaded zerocopy v0.8.42
[INFO] [stderr]   Downloaded dbus-crossroads v0.5.3
[INFO] [stderr]   Downloaded dbus v0.9.10
[INFO] [stderr]   Downloaded rodio v0.22.2
[INFO] [stderr]   Downloaded cpal v0.17.3
[INFO] [stderr]   Downloaded objc2-core-audio-types v0.3.2
[INFO] [stderr]   Downloaded toml_datetime v1.0.0+spec-1.1.0
[INFO] [stderr]   Downloaded objc2-core-audio v0.3.2
[INFO] [stderr]   Downloaded jsonrpsee-types v0.26.0
[INFO] [stderr]   Downloaded rmcp-macros v0.12.0
[INFO] [stderr]   Downloaded toml_parser v1.0.9+spec-1.1.0
[INFO] [stderr]   Downloaded toml_edit v0.25.4+spec-1.1.0
[INFO] [stderr]   Downloaded mach2 v0.5.0
[INFO] [stderr]   Downloaded jsonrpsee v0.26.0
[INFO] [stderr]   Downloaded jsonrpsee-proc-macros v0.26.0
[INFO] [stderr]   Downloaded alsa-sys v0.4.0
[INFO] [stderr]   Downloaded plexus-transport v0.1.8
[INFO] [stderr]   Downloaded plexus-macros v0.2.2
[INFO] [stderr]   Downloaded coreaudio-rs v0.14.0
[INFO] [stderr]   Downloaded jsonrpsee-server v0.26.0
[INFO] [stderr]   Downloaded alsa v0.11.0
[INFO] [stderr]   Downloaded jsonrpsee-core v0.26.0
[INFO] [stderr]   Downloaded objc2-avf-audio v0.3.2
[INFO] [stderr]   Downloaded plexus-macros v0.4.0
[INFO] [stderr]   Downloaded objc2-audio-toolbox v0.3.2
[INFO] [stderr]   Downloaded plexus-core v0.4.0
[INFO] [stderr]   Downloaded plexus-core v0.3.13
[INFO] [stderr]   Downloaded rmcp v0.12.0
[INFO] [stderr]   Downloaded aws-lc-sys v0.38.0
[INFO] running `Command { std: "docker" "create" "-v" "/var/lib/crater-agent-workspace/builds/worker-6-tc1/source:/opt/rustwide/workdir:ro,Z" "-v" "/var/lib/crater-agent-workspace/builds/worker-6-tc1/target:/opt/rustwide/target:rw,Z" "-v" "/var/lib/crater-agent-workspace/cargo-home:/opt/rustwide/cargo-home:ro,Z" "-v" "/var/lib/crater-agent-workspace/rustup-home:/opt/rustwide/rustup-home:ro,Z" "-m" "1610612736" "--network" "none" "ghcr.io/rust-lang/crates-build-env/linux@sha256:3d5ced03c013a94a2f102a4510f48a6e9184255caf5fd8244f58017bde7f5210" "sleep" "infinity", kill_on_drop: false }`
[INFO] [stdout] 12b7e27af85c70e177a55ade9207c52712eb29e7bd572422dbba2cf443a82189
[INFO] running `Command { std: "docker" "start" "12b7e27af85c70e177a55ade9207c52712eb29e7bd572422dbba2cf443a82189", kill_on_drop: false }`
[INFO] running `Command { std: "docker" "inspect" "12b7e27af85c70e177a55ade9207c52712eb29e7bd572422dbba2cf443a82189", kill_on_drop: false }`
[INFO] running `Command { std: "docker" "exec" "-e" "SOURCE_DIR=/opt/rustwide/workdir" "-e" "CARGO_HOME=/opt/rustwide/cargo-home" "-e" "RUSTUP_HOME=/opt/rustwide/rustup-home" "-e" "CARGO_TARGET_DIR=/opt/rustwide/target" "-w" "/opt/rustwide/workdir" "--user" "0:0" "12b7e27af85c70e177a55ade9207c52712eb29e7bd572422dbba2cf443a82189" "/opt/rustwide/cargo-home/bin/cargo" "+1.97.0-beta.6" "metadata" "--no-deps" "--format-version=1", kill_on_drop: false }`
[INFO] running `Command { std: "docker" "inspect" "12b7e27af85c70e177a55ade9207c52712eb29e7bd572422dbba2cf443a82189", kill_on_drop: false }`
[INFO] running `Command { std: "docker" "exec" "-e" "SOURCE_DIR=/opt/rustwide/workdir" "-e" "CARGO_HOME=/opt/rustwide/cargo-home" "-e" "RUSTUP_HOME=/opt/rustwide/rustup-home" "-e" "CARGO_TARGET_DIR=/opt/rustwide/target" "-e" "CARGO_INCREMENTAL=0" "-e" "RUST_BACKTRACE=full" "-e" "RUSTFLAGS=--cap-lints=warn" "-e" "RUSTDOCFLAGS=--cap-lints=warn" "-w" "/opt/rustwide/workdir" "--user" "0:0" "12b7e27af85c70e177a55ade9207c52712eb29e7bd572422dbba2cf443a82189" "/opt/rustwide/cargo-home/bin/cargo" "+1.97.0-beta.6" "build" "--frozen" "--message-format=json", kill_on_drop: false }`
[INFO] [stderr]    Compiling libc v0.2.183
[INFO] [stderr]    Compiling itoa v1.0.17
[INFO] [stderr]    Compiling futures-core v0.3.32
[INFO] [stderr]    Compiling serde v1.0.228
[INFO] [stderr]    Compiling futures-io v0.3.32
[INFO] [stderr]    Compiling zerofrom-derive v0.1.6
[INFO] [stderr]    Compiling yoke-derive v0.8.1
[INFO] [stderr]    Compiling zerovec-derive v0.11.2
[INFO] [stderr]    Compiling serde_core v1.0.228
[INFO] [stderr]    Compiling futures-channel v0.3.32
[INFO] [stderr]    Compiling tokio-macros v2.6.1
[INFO] [stderr]    Compiling indexmap v2.13.0
[INFO] [stderr]    Compiling futures-task v0.3.32
[INFO] [stderr]    Compiling futures-util v0.3.32
[INFO] [stderr]    Compiling http v1.4.0
[INFO] [stderr]    Compiling pkg-config v0.3.32
[INFO] [stderr]    Compiling serde_json v1.0.149
[INFO] [stderr]    Compiling arrayvec v0.7.6
[INFO] [stderr]    Compiling bytemuck v1.25.0
[INFO] [stderr]    Compiling jobserver v0.1.34
[INFO] [stderr]    Compiling mio v1.1.1
[INFO] [stderr]    Compiling socket2 v0.6.3
[INFO] [stderr]    Compiling zerofrom v0.1.6
[INFO] [stderr]    Compiling parking_lot_core v0.9.12
[INFO] [stderr]    Compiling yoke v0.8.1
[INFO] [stderr]    Compiling cc v1.2.57
[INFO] [stderr]    Compiling parking_lot v0.12.5
[INFO] [stderr]    Compiling errno v0.3.14
[INFO] [stderr]    Compiling signal-hook-registry v1.4.8
[INFO] [stderr]    Compiling zerovec v0.11.5
[INFO] [stderr]    Compiling getrandom v0.2.17
[INFO] [stderr]    Compiling tokio v1.50.0
[INFO] [stderr]    Compiling zerotrie v0.2.3
[INFO] [stderr]    Compiling http-body v1.0.1
[INFO] [stderr]    Compiling symphonia-core v0.5.5
[INFO] [stderr]    Compiling dunce v1.0.5
[INFO] [stderr]    Compiling num-traits v0.2.19
[INFO] [stderr]    Compiling tinystr v0.8.2
[INFO] [stderr]    Compiling potential_utf v0.1.4
[INFO] [stderr]    Compiling zerocopy v0.8.42
[INFO] [stderr]    Compiling icu_collections v2.1.1
[INFO] [stderr]    Compiling icu_locale_core v2.1.1
[INFO] [stderr]    Compiling cmake v0.1.57
[INFO] [stderr]    Compiling ring v0.17.14
[INFO] [stderr]    Compiling icu_provider v2.1.1
[INFO] [stderr]    Compiling icu_properties v2.1.2
[INFO] [stderr]    Compiling aws-lc-sys v0.38.0
[INFO] [stderr]    Compiling aws-lc-rs v1.16.1
[INFO] [stderr]    Compiling http-body-util v0.1.3
[INFO] [stderr]    Compiling sync_wrapper v1.0.2
[INFO] [stderr]    Compiling getrandom v0.3.4
[INFO] [stderr]    Compiling smallvec v1.15.1
[INFO] [stderr]    Compiling digest v0.10.7
[INFO] [stderr]    Compiling symphonia-metadata v0.5.5
[INFO] [stderr]    Compiling futures-executor v0.3.32
[INFO] [stderr]    Compiling ipnet v2.12.0
[INFO] [stderr]    Compiling rustls v0.23.37
[INFO] [stderr]    Compiling rand_core v0.9.5
[INFO] [stderr]    Compiling sha1_smol v1.0.1
[INFO] [stderr]    Compiling foldhash v0.1.5
[INFO] [stderr]    Compiling futures-sink v0.3.32
[INFO] [stderr]    Compiling hashbrown v0.15.5
[INFO] [stderr]    Compiling getrandom v0.4.2
[INFO] [stderr]    Compiling icu_normalizer v2.1.1
[INFO] [stderr]    Compiling tokio-util v0.7.18
[INFO] [stderr]    Compiling tower v0.5.3
[INFO] [stderr]    Compiling rand_core v0.6.4
[INFO] [stderr]    Compiling webpki-roots v1.0.6
[INFO] [stderr]    Compiling strsim v0.11.1
[INFO] [stderr]    Compiling ident_case v1.0.1
[INFO] [stderr]    Compiling h2 v0.4.13
[INFO] [stderr]    Compiling tokio-stream v0.1.18
[INFO] [stderr]    Compiling bitflags v2.11.0
[INFO] [stderr]    Compiling winnow v0.7.15
[INFO] [stderr]    Compiling crc v3.4.0
[INFO] [stderr]    Compiling event-listener v5.4.1
[INFO] [stderr]    Compiling darling_core v0.23.0
[INFO] [stderr]    Compiling webpki-roots v0.26.11
[INFO] [stderr]    Compiling libsqlite3-sys v0.30.1
[INFO] [stderr]    Compiling ppv-lite86 v0.2.21
[INFO] [stderr]    Compiling rand_chacha v0.9.0
[INFO] [stderr]    Compiling rand v0.9.2
[INFO] [stderr]    Compiling rand_chacha v0.3.1
[INFO] [stderr]    Compiling toml_parser v1.0.9+spec-1.1.0
[INFO] [stderr]    Compiling idna_adapter v1.2.1
[INFO] [stderr]    Compiling hashlink v0.10.0
[INFO] [stderr]    Compiling symphonia-utils-xiph v0.5.5
[INFO] [stderr]    Compiling futures v0.3.32
[INFO] [stderr]    Compiling crypto-common v0.1.7
[INFO] [stderr]    Compiling spin v0.9.8
[INFO] [stderr]    Compiling toml_datetime v1.0.0+spec-1.1.0
[INFO] [stderr]    Compiling ref-cast v1.0.25
[INFO] [stderr]    Compiling slab v0.4.12
[INFO] [stderr]    Compiling toml_edit v0.25.4+spec-1.1.0
[INFO] [stderr]    Compiling idna v1.1.0
[INFO] [stderr]    Compiling darling_macro v0.23.0
[INFO] [stderr]    Compiling rustls-webpki v0.103.9
[INFO] [stderr]    Compiling rand v0.8.5
[INFO] [stderr]    Compiling hyper v1.8.1
[INFO] [stderr]    Compiling sha1 v0.10.6
[INFO] [stderr]    Compiling jsonrpsee-types v0.26.0
[INFO] [stderr]    Compiling serde_derive_internals v0.29.1
[INFO] [stderr]    Compiling ref-cast-impl v1.0.25
[INFO] [stderr]    Compiling tracing-core v0.1.36
[INFO] [stderr]    Compiling iana-time-zone v0.1.65
[INFO] [stderr]    Compiling rustc-hash v2.1.1
[INFO] [stderr]    Compiling hyper-util v0.1.20
[INFO] [stderr]    Compiling tracing v0.1.44
[INFO] [stderr]    Compiling jsonrpsee-core v0.26.0
[INFO] [stderr]    Compiling chrono v0.4.44
[INFO] [stderr]    Compiling schemars_derive v1.2.1
[INFO] [stderr]    Compiling soketto v0.8.1
[INFO] [stderr]    Compiling proc-macro-crate v3.5.0
[INFO] [stderr]    Compiling url v2.5.8
[INFO] [stderr]    Compiling darling v0.23.0
[INFO] [stderr]    Compiling futures-intrusive v0.5.0
[INFO] [stderr]    Compiling sha2 v0.10.9
[INFO] [stderr]    Compiling either v1.15.0
[INFO] [stderr]    Compiling uuid v1.22.0
[INFO] [stderr]    Compiling libdbus-sys v0.2.7
[INFO] [stderr]    Compiling alsa-sys v0.4.0
[INFO] [stderr]    Compiling dyn-clone v1.0.20
[INFO] [stderr]    Compiling route-recognizer v0.3.1
[INFO] [stderr]    Compiling schemars v1.2.1
[INFO] [stderr]    Compiling atoi v2.0.0
[INFO] [stderr]    Compiling jsonrpsee-server v0.26.0
[INFO] [stderr]    Compiling rmcp-macros v0.12.0
[INFO] [stderr]    Compiling jsonrpsee-proc-macros v0.26.0
[INFO] [stderr]    Compiling serde_urlencoded v0.7.1
[INFO] [stderr]    Compiling flume v0.11.1
[INFO] [stderr]    Compiling sse-stream v0.2.1
[INFO] [stderr]    Compiling pastey v0.2.1
[INFO] [stderr]    Compiling rustls-native-certs v0.8.3
[INFO] [stderr]    Compiling sqlx-core v0.8.6
[INFO] [stderr]    Compiling async-stream v0.3.6
[INFO] [stderr]    Compiling jsonrpsee v0.26.0
[INFO] [stderr]    Compiling num-integer v0.1.46
[INFO] [stderr]    Compiling rmcp v0.12.0
[INFO] [stderr]    Compiling enum-ordinalize-derive v4.3.2
[INFO] [stderr]    Compiling iri-string v0.7.10
[INFO] [stderr]    Compiling cpal v0.17.3
[INFO] [stderr]    Compiling extended v0.1.0
[INFO] [stderr]    Compiling regex-syntax v0.8.10
[INFO] [stderr]    Compiling symphonia-format-riff v0.5.5
[INFO] [stderr]    Compiling enum-ordinalize v4.3.2
[INFO] [stderr]    Compiling rustix v1.1.4
[INFO] [stderr]    Compiling alsa v0.11.0
[INFO] [stderr]    Compiling regex-automata v0.4.14
[INFO] [stderr]    Compiling sqlx-sqlite v0.8.6
[INFO] [stderr]    Compiling tower-http v0.6.8
[INFO] [stderr]    Compiling num-bigint v0.4.6
[INFO] [stderr]    Compiling dbus v0.9.10
[INFO] [stderr]    Compiling axum-core v0.5.6
[INFO] [stderr]    Compiling plexus-macros v0.2.2
[INFO] [stderr]    Compiling sqlx-macros-core v0.8.6
[INFO] [stderr]    Compiling symphonia-format-isomp4 v0.5.5
[INFO] [stderr]    Compiling symphonia-bundle-flac v0.5.5
[INFO] [stderr]    Compiling symphonia-format-mkv v0.5.5
[INFO] [stderr]    Compiling symphonia-codec-vorbis v0.5.5
[INFO] [stderr]    Compiling symphonia-format-ogg v0.5.5
[INFO] [stderr]    Compiling symphonia-format-caf v0.5.5
[INFO] [stderr]    Compiling symphonia-bundle-mp3 v0.5.5
[INFO] [stderr]    Compiling symphonia-codec-adpcm v0.5.5
[INFO] [stderr]    Compiling symphonia-codec-aac v0.5.5
[INFO] [stderr]    Compiling symphonia-codec-pcm v0.5.5
[INFO] [stderr]    Compiling symphonia-codec-alac v0.5.5
[INFO] [stderr]    Compiling serde_path_to_error v0.1.20
[INFO] [stderr]    Compiling souvlaki v0.8.3
[INFO] [stderr]    Compiling matchit v0.8.4
[INFO] [stderr]    Compiling dasp_sample v0.11.0
[INFO] [stderr]    Compiling dirs-sys v0.5.0
[INFO] [stderr]    Compiling symphonia v0.5.5
[INFO] [stderr]    Compiling axum v0.8.8
[INFO] [stderr]    Compiling tempfile v3.27.0
[INFO] [stderr]    Compiling sqlx-macros v0.8.6
[INFO] [stderr]    Compiling plexus-core v0.3.13
[INFO] [stderr]    Compiling dbus-crossroads v0.5.3
[INFO] [stderr]    Compiling num-rational v0.4.2
[INFO] [stderr]    Compiling matchers v0.2.0
[INFO] [stderr]    Compiling educe v0.6.0
[INFO] [stderr]    Compiling plexus-macros v0.4.0
[INFO] [stderr]    Compiling rangemap v1.7.1
[INFO] [stderr]    Compiling mediatype v0.21.0
[INFO] [stderr]    Compiling tracing-subscriber v0.3.23
[INFO] [stderr]    Compiling rodio v0.22.2
[INFO] [stderr]    Compiling dirs v6.0.0
[INFO] [stderr]    Compiling plexus-core v0.4.0
[INFO] [stderr]    Compiling plexus-transport v0.1.8
[INFO] [stderr]    Compiling tokio-rustls v0.26.4
[INFO] [stderr]    Compiling rustls-platform-verifier v0.6.2
[INFO] [stderr]    Compiling hyper-rustls v0.27.7
[INFO] [stderr]    Compiling reqwest v0.13.2
[INFO] [stderr]    Compiling stream-download v0.24.0
[INFO] [stderr]    Compiling sqlx v0.8.6
[INFO] [stderr]    Compiling plexus-music v0.3.0 (/opt/rustwide/workdir)
[INFO] [stdout] error[E0119]: conflicting implementations of trait `ChildRouter` for type `PlaylistHub`
[INFO] [stdout]    --> src/playlist.rs:625:1
[INFO] [stdout]     |
[INFO] [stdout] 112 | / #[plexus_macros::activation(
[INFO] [stdout] 113 | |     namespace = "playlist",
[INFO] [stdout] 114 | |     version = "0.1.0",
[INFO] [stdout] 115 | |     description = "Persistent playlist management — save, load, and play named track lists",
[INFO] [stdout] 116 | |     crate_path = "plexus_core"
[INFO] [stdout] 117 | | )]
[INFO] [stdout]     | |__- first implementation here
[INFO] [stdout] ...
[INFO] [stdout] 625 |   impl ChildRouter for PlaylistHub {
[INFO] [stdout]     |   ^^^^^^^^^^^^^^^^^^^^^^^^^^^^^^^^ conflicting implementation for `PlaylistHub`
[INFO] [stdout] 
[INFO] [stdout] 
[INFO] [stdout] error[E0277]: the trait bound `DynamicHub: plexus_core::plexus::plexus::Activation` is not satisfied
[INFO] [stdout]     --> src/server.rs:137:48
[INFO] [stdout]      |
[INFO] [stdout]  137 |     let mut builder = TransportServer::builder(hub, rpc_converter);
[INFO] [stdout]      |                       ------------------------ ^^^ the trait `plexus_core::plexus::plexus::Activation` is not implemented for `DynamicHub`
[INFO] [stdout]      |                       |
[INFO] [stdout]      |                       required by a bound introduced by this call
[INFO] [stdout]      |
[INFO] [stdout] note: there are multiple different versions of crate `plexus_core` in the dependency graph
[INFO] [stdout]     --> /opt/rustwide/cargo-home/registry/src/index.crates.io-1949cf8c6b5b557f/plexus-core-0.3.13/src/plexus/plexus.rs:117:1
[INFO] [stdout]      |
[INFO] [stdout]  117 | pub trait Activation: Send + Sync + 'static {
[INFO] [stdout]      | ^^^^^^^^^^^^^^^^^^^^^^^^^^^^^^^^^^^^^^^^^^^ this is the expected trait
[INFO] [stdout]      |
[INFO] [stdout]     ::: /opt/rustwide/cargo-home/registry/src/index.crates.io-1949cf8c6b5b557f/plexus-core-0.4.0/src/plexus/plexus.rs:148:1
[INFO] [stdout]      |
[INFO] [stdout]  148 | pub trait Activation: Send + Sync + 'static {
[INFO] [stdout]      | ------------------------------------------- this is the found trait
[INFO] [stdout]      = help: you can use `cargo tree` to explore your dependency tree
[INFO] [stdout] help: the following other types implement trait `plexus_core::plexus::plexus::Activation`
[INFO] [stdout]     --> /opt/rustwide/cargo-home/registry/src/index.crates.io-1949cf8c6b5b557f/plexus-core-0.3.13/src/plexus/plexus.rs:1076:1
[INFO] [stdout]      |
[INFO] [stdout] 1076 | / #[plexus_macros::hub_methods(
[INFO] [stdout] 1077 | |     namespace = "plexus",
[INFO] [stdout] 1078 | |     version = "1.0.0",
[INFO] [stdout] 1079 | |     description = "Central routing and introspection",
[INFO] [stdout] 1080 | |     hub,
[INFO] [stdout] 1081 | |     namespace_fn = "runtime_namespace"
[INFO] [stdout] 1082 | | )]
[INFO] [stdout]      | |__^ `plexus_core::plexus::plexus::DynamicHub`
[INFO] [stdout]      |
[INFO] [stdout]     ::: /opt/rustwide/cargo-home/registry/src/index.crates.io-1949cf8c6b5b557f/plexus-core-0.3.13/src/activations/health/activation.rs:103:1
[INFO] [stdout]      |
[INFO] [stdout]  103 |   impl Activation for Health {
[INFO] [stdout]      |   ^^^^^^^^^^^^^^^^^^^^^^^^^^ `plexus_core::activations::health::activation::Health`
[INFO] [stdout]      |
[INFO] [stdout]     ::: /opt/rustwide/cargo-home/registry/src/index.crates.io-1949cf8c6b5b557f/plexus-core-0.3.13/src/activations/echo/activation.rs:39:1
[INFO] [stdout]      |
[INFO] [stdout]   39 | / #[plexus_macros::hub_methods(
[INFO] [stdout]   40 | |     namespace = "echo",
[INFO] [stdout]   41 | |     version = "1.0.0",
[INFO] [stdout]   42 | |     description = "Echo messages back - demonstrates hub-macro usage"
[INFO] [stdout]   43 | | )]
[INFO] [stdout]      | |__^ `plexus_core::activations::echo::activation::Echo`
[INFO] [stdout]      = note: there are multiple different versions of crate `plexus_core` in the dependency graph
[INFO] [stdout]      = help: you can use `cargo tree` to explore your dependency tree
[INFO] [stdout] note: required by a bound in `TransportServer::<A>::builder`
[INFO] [stdout]     --> /opt/rustwide/cargo-home/registry/src/index.crates.io-1949cf8c6b5b557f/plexus-transport-0.1.8/src/server.rs:40:9
[INFO] [stdout]      |
[INFO] [stdout]   40 | impl<A: Activation> TransportServer<A> {
[INFO] [stdout]      |         ^^^^^^^^^^ required by this bound in `TransportServer::<A>::builder`
[INFO] [stdout]   41 |     /// Create a builder for configuring transports
[INFO] [stdout]   42 |     pub fn builder<F>(activation: Arc<A>, rpc_converter: F) -> TransportServerBuilder<A>
[INFO] [stdout]      |            ------- required by a bound in this associated function
[INFO] [stdout]      = note: this error originates in the attribute macro `plexus_macros::hub_methods` (in Nightly builds, run with -Z macro-backtrace for more info)
[INFO] [stdout] 
[INFO] [stdout] 
[INFO] [stdout] error[E0277]: the trait bound `DynamicHub: plexus_core::plexus::plexus::Activation` is not satisfied
[INFO] [stdout]     --> src/server.rs:137:23
[INFO] [stdout]      |
[INFO] [stdout]  137 |     let mut builder = TransportServer::builder(hub, rpc_converter);
[INFO] [stdout]      |                       ^^^^^^^^^^^^^^^^^^^^^^^^^^^^^^^^^^^^^^^^^^^^ the trait `plexus_core::plexus::plexus::Activation` is not implemented for `DynamicHub`
[INFO] [stdout]      |
[INFO] [stdout] note: there are multiple different versions of crate `plexus_core` in the dependency graph
[INFO] [stdout]     --> /opt/rustwide/cargo-home/registry/src/index.crates.io-1949cf8c6b5b557f/plexus-core-0.3.13/src/plexus/plexus.rs:117:1
[INFO] [stdout]      |
[INFO] [stdout]  117 | pub trait Activation: Send + Sync + 'static {
[INFO] [stdout]      | ^^^^^^^^^^^^^^^^^^^^^^^^^^^^^^^^^^^^^^^^^^^ this is the expected trait
[INFO] [stdout]      |
[INFO] [stdout]     ::: /opt/rustwide/cargo-home/registry/src/index.crates.io-1949cf8c6b5b557f/plexus-core-0.4.0/src/plexus/plexus.rs:148:1
[INFO] [stdout]      |
[INFO] [stdout]  148 | pub trait Activation: Send + Sync + 'static {
[INFO] [stdout]      | ------------------------------------------- this is the found trait
[INFO] [stdout]      = help: you can use `cargo tree` to explore your dependency tree
[INFO] [stdout] help: the following other types implement trait `plexus_core::plexus::plexus::Activation`
[INFO] [stdout]     --> /opt/rustwide/cargo-home/registry/src/index.crates.io-1949cf8c6b5b557f/plexus-core-0.3.13/src/plexus/plexus.rs:1076:1
[INFO] [stdout]      |
[INFO] [stdout] 1076 | / #[plexus_macros::hub_methods(
[INFO] [stdout] 1077 | |     namespace = "plexus",
[INFO] [stdout] 1078 | |     version = "1.0.0",
[INFO] [stdout] 1079 | |     description = "Central routing and introspection",
[INFO] [stdout] 1080 | |     hub,
[INFO] [stdout] 1081 | |     namespace_fn = "runtime_namespace"
[INFO] [stdout] 1082 | | )]
[INFO] [stdout]      | |__^ `plexus_core::plexus::plexus::DynamicHub`
[INFO] [stdout]      |
[INFO] [stdout]     ::: /opt/rustwide/cargo-home/registry/src/index.crates.io-1949cf8c6b5b557f/plexus-core-0.3.13/src/activations/health/activation.rs:103:1
[INFO] [stdout]      |
[INFO] [stdout]  103 |   impl Activation for Health {
[INFO] [stdout]      |   ^^^^^^^^^^^^^^^^^^^^^^^^^^ `plexus_core::activations::health::activation::Health`
[INFO] [stdout]      |
[INFO] [stdout]     ::: /opt/rustwide/cargo-home/registry/src/index.crates.io-1949cf8c6b5b557f/plexus-core-0.3.13/src/activations/echo/activation.rs:39:1
[INFO] [stdout]      |
[INFO] [stdout]   39 | / #[plexus_macros::hub_methods(
[INFO] [stdout]   40 | |     namespace = "echo",
[INFO] [stdout]   41 | |     version = "1.0.0",
[INFO] [stdout]   42 | |     description = "Echo messages back - demonstrates hub-macro usage"
[INFO] [stdout]   43 | | )]
[INFO] [stdout]      | |__^ `plexus_core::activations::echo::activation::Echo`
[INFO] [stdout]      = note: there are multiple different versions of crate `plexus_core` in the dependency graph
[INFO] [stdout]      = help: you can use `cargo tree` to explore your dependency tree
[INFO] [stdout] note: required by a bound in `TransportServerBuilder`
[INFO] [stdout]     --> /opt/rustwide/cargo-home/registry/src/index.crates.io-1949cf8c6b5b557f/plexus-transport-0.1.8/src/server.rs:127:38
[INFO] [stdout]      |
[INFO] [stdout]  127 | pub struct TransportServerBuilder<A: Activation> {
[INFO] [stdout]      |                                      ^^^^^^^^^^ required by this bound in `TransportServerBuilder`
[INFO] [stdout]      = note: this error originates in the attribute macro `plexus_macros::hub_methods` (in Nightly builds, run with -Z macro-backtrace for more info)
[INFO] [stdout] 
[INFO] [stdout] 
[INFO] [stdout] error[E0599]: the method `with_stdio` exists for struct `TransportServerBuilder<DynamicHub>`, but its trait bounds were not satisfied
[INFO] [stdout]    --> src/server.rs:140:27
[INFO] [stdout]     |
[INFO] [stdout] 140 |         builder = builder.with_stdio();
[INFO] [stdout]     |                           ^^^^^^^^^^ method cannot be called on `TransportServerBuilder<DynamicHub>` due to unsatisfied trait bounds
[INFO] [stdout]     |
[INFO] [stdout]    ::: /opt/rustwide/cargo-home/registry/src/index.crates.io-1949cf8c6b5b557f/plexus-core-0.4.0/src/plexus/plexus.rs:524:1
[INFO] [stdout]     |
[INFO] [stdout] 524 | pub struct DynamicHub {
[INFO] [stdout]     | --------------------- doesn't satisfy `_: Activation`
[INFO] [stdout]     |
[INFO] [stdout]     = note: the following trait bounds were not satisfied:
[INFO] [stdout]             `DynamicHub: plexus_core::plexus::plexus::Activation`
[INFO] [stdout] 
[INFO] [stdout] 
[INFO] [stdout] error[E0599]: the method `with_websocket` exists for struct `TransportServerBuilder<DynamicHub>`, but its trait bounds were not satisfied
[INFO] [stdout]    --> src/server.rs:142:27
[INFO] [stdout]     |
[INFO] [stdout] 142 |         builder = builder.with_websocket(config.port);
[INFO] [stdout]     |                           ^^^^^^^^^^^^^^ method cannot be called on `TransportServerBuilder<DynamicHub>` due to unsatisfied trait bounds
[INFO] [stdout]     |
[INFO] [stdout]    ::: /opt/rustwide/cargo-home/registry/src/index.crates.io-1949cf8c6b5b557f/plexus-core-0.4.0/src/plexus/plexus.rs:524:1
[INFO] [stdout]     |
[INFO] [stdout] 524 | pub struct DynamicHub {
[INFO] [stdout]     | --------------------- doesn't satisfy `_: Activation`
[INFO] [stdout]     |
[INFO] [stdout]     = note: the following trait bounds were not satisfied:
[INFO] [stdout]             `DynamicHub: plexus_core::plexus::plexus::Activation`
[INFO] [stdout] 
[INFO] [stdout] 
[INFO] [stdout] error[E0599]: the method `with_mcp_http` exists for struct `TransportServerBuilder<DynamicHub>`, but its trait bounds were not satisfied
[INFO] [stdout]    --> src/server.rs:144:31
[INFO] [stdout]     |
[INFO] [stdout] 144 |             builder = builder.with_mcp_http(config.port + 1);
[INFO] [stdout]     |                               ^^^^^^^^^^^^^ method cannot be called on `TransportServerBuilder<DynamicHub>` due to unsatisfied trait bounds
[INFO] [stdout]     |
[INFO] [stdout]    ::: /opt/rustwide/cargo-home/registry/src/index.crates.io-1949cf8c6b5b557f/plexus-core-0.4.0/src/plexus/plexus.rs:524:1
[INFO] [stdout]     |
[INFO] [stdout] 524 | pub struct DynamicHub {
[INFO] [stdout]     | --------------------- doesn't satisfy `_: Activation`
[INFO] [stdout]     |
[INFO] [stdout]     = note: the following trait bounds were not satisfied:
[INFO] [stdout]             `DynamicHub: plexus_core::plexus::plexus::Activation`
[INFO] [stdout] 
[INFO] [stdout] 
[INFO] [stdout] error[E0599]: the method `build` exists for struct `TransportServerBuilder<DynamicHub>`, but its trait bounds were not satisfied
[INFO] [stdout]    --> src/server.rs:158:13
[INFO] [stdout]     |
[INFO] [stdout] 158 |     builder.build().await?.serve().await
[INFO] [stdout]     |             ^^^^^ method cannot be called on `TransportServerBuilder<DynamicHub>` due to unsatisfied trait bounds
[INFO] [stdout]     |
[INFO] [stdout]    ::: /opt/rustwide/cargo-home/registry/src/index.crates.io-1949cf8c6b5b557f/plexus-core-0.4.0/src/plexus/plexus.rs:524:1
[INFO] [stdout]     |
[INFO] [stdout] 524 | pub struct DynamicHub {
[INFO] [stdout]     | --------------------- doesn't satisfy `_: Activation`
[INFO] [stdout]     |
[INFO] [stdout]     = note: the following trait bounds were not satisfied:
[INFO] [stdout]             `DynamicHub: plexus_core::plexus::plexus::Activation`
[INFO] [stdout] 
[INFO] [stdout] 
[INFO] [stdout] error[E0061]: this method takes 4 arguments but 2 arguments were supplied
[INFO] [stdout]    --> src/player_hub.rs:72:14
[INFO] [stdout]     |
[INFO] [stdout]  72 |         self.call(method, params).await
[INFO] [stdout]     |              ^^^^---------------- two arguments of type `std::option::Option<&AuthContext>` and `std::option::Option<&RawRequestContext>` are missing
[INFO] [stdout]     |
[INFO] [stdout] note: method defined here
[INFO] [stdout]    --> /opt/rustwide/cargo-home/registry/src/index.crates.io-1949cf8c6b5b557f/plexus-core-0.4.0/src/plexus/plexus.rs:167:14
[INFO] [stdout]     |
[INFO] [stdout] 167 |     async fn call(
[INFO] [stdout]     |              ^^^^
[INFO] [stdout] help: provide the arguments
[INFO] [stdout]     |
[INFO] [stdout]  72 |         self.call(method, params, /* std::option::Option<&AuthContext> */, /* std::option::Option<&RawRequestContext> */).await
[INFO] [stdout]     |                                 ++++++++++++++++++++++++++++++++++++++++++++++++++++++++++++++++++++++++++++++++++++++++
[INFO] [stdout] 
[INFO] [stdout] 
[INFO] [stdout] error[E0061]: this method takes 4 arguments but 2 arguments were supplied
[INFO] [stdout]    --> src/playlist.rs:636:14
[INFO] [stdout]     |
[INFO] [stdout] 636 |         self.call(method, params).await
[INFO] [stdout]     |              ^^^^---------------- two arguments of type `std::option::Option<&AuthContext>` and `std::option::Option<&RawRequestContext>` are missing
[INFO] [stdout]     |
[INFO] [stdout] note: method defined here
[INFO] [stdout]    --> /opt/rustwide/cargo-home/registry/src/index.crates.io-1949cf8c6b5b557f/plexus-core-0.4.0/src/plexus/plexus.rs:167:14
[INFO] [stdout]     |
[INFO] [stdout] 167 |     async fn call(
[INFO] [stdout]     |              ^^^^
[INFO] [stdout] help: provide the arguments
[INFO] [stdout]     |
[INFO] [stdout] 636 |         self.call(method, params, /* std::option::Option<&AuthContext> */, /* std::option::Option<&RawRequestContext> */).await
[INFO] [stdout]     |                                 ++++++++++++++++++++++++++++++++++++++++++++++++++++++++++++++++++++++++++++++++++++++++
[INFO] [stdout] 
[INFO] [stdout] 
[INFO] [stdout] Some errors have detailed explanations: E0061, E0119, E0277, E0599.
[INFO] [stdout] 
[INFO] [stdout] For more information about an error, try `rustc --explain E0061`.
[INFO] [stdout] 
[INFO] [stderr] error: could not compile `plexus-music` (lib) due to 9 previous errors
[INFO] running `Command { std: "docker" "inspect" "12b7e27af85c70e177a55ade9207c52712eb29e7bd572422dbba2cf443a82189", kill_on_drop: false }`
[INFO] running `Command { std: "docker" "rm" "-f" "12b7e27af85c70e177a55ade9207c52712eb29e7bd572422dbba2cf443a82189", kill_on_drop: false }`
[INFO] [stdout] 12b7e27af85c70e177a55ade9207c52712eb29e7bd572422dbba2cf443a82189
