[INFO] cloning repository https://github.com/hyperfiles-org/eigenrank
[INFO] running `Command { std: "git" "-c" "credential.helper=" "-c" "credential.helper=/workspace/cargo-home/bin/git-credential-null" "clone" "--bare" "https://github.com/hyperfiles-org/eigenrank" "/workspace/cache/git-repos/https%3A%2F%2Fgithub.com%2Fhyperfiles-org%2Feigenrank", kill_on_drop: false }`
[INFO] [stderr] Cloning into bare repository '/workspace/cache/git-repos/https%3A%2F%2Fgithub.com%2Fhyperfiles-org%2Feigenrank'...
[INFO] running `Command { std: "git" "rev-parse" "HEAD", kill_on_drop: false }`
[INFO] [stdout] 3aeb2b00c44e32cca7bb76199757f130f51b57f4
[INFO] testing hyperfiles-org/eigenrank against 1.97.0-beta.6 for beta-1.98-2
[INFO] running `Command { std: "git" "clone" "/workspace/cache/git-repos/https%3A%2F%2Fgithub.com%2Fhyperfiles-org%2Feigenrank" "/workspace/builds/worker-6-tc1/source", kill_on_drop: false }`
[INFO] [stderr] Cloning into '/workspace/builds/worker-6-tc1/source'...
[INFO] [stderr] done.
[INFO] started tweaking git repo https://github.com/hyperfiles-org/eigenrank
[INFO] finished tweaking git repo https://github.com/hyperfiles-org/eigenrank
[INFO] tweaked toml for git repo https://github.com/hyperfiles-org/eigenrank written to /workspace/builds/worker-6-tc1/source/Cargo.toml
[INFO] validating manifest of git repo https://github.com/hyperfiles-org/eigenrank on toolchain 1.97.0-beta.6
[INFO] running `Command { std: CARGO_HOME="/workspace/cargo-home" RUSTUP_HOME="/workspace/rustup-home" "/workspace/cargo-home/bin/cargo" "+1.97.0-beta.6" "metadata" "--manifest-path" "Cargo.toml" "--no-deps", kill_on_drop: false }`
[INFO] crate git repo https://github.com/hyperfiles-org/eigenrank already has a lockfile, it will not be regenerated
[INFO] running `Command { std: CARGO_HOME="/workspace/cargo-home" RUSTUP_HOME="/workspace/rustup-home" "/workspace/cargo-home/bin/cargo" "+1.97.0-beta.6" "fetch" "--manifest-path" "Cargo.toml", kill_on_drop: false }`
[INFO] [stderr]     Updating crates.io index
[INFO] [stderr]  Downloading crates ...
[INFO] [stderr]   Downloaded tokio-retry v0.3.0
[INFO] [stderr]   Downloaded workspaces v0.7.0
[INFO] [stderr]   Downloaded security-framework-sys v2.10.0
[INFO] [stderr]   Downloaded openssl-sys v0.9.102
[INFO] [stderr]   Downloaded portpicker v0.1.1
[INFO] [stderr]   Downloaded near-sandbox-utils v0.6.2
[INFO] [stderr]   Downloaded hex v0.3.2
[INFO] [stderr]   Downloaded tar v0.4.40
[INFO] [stderr]   Downloaded binary-install v0.0.2
[INFO] [stderr]   Downloaded zip v0.5.13
[INFO] [stderr]   Downloaded dirs v1.0.5
[INFO] [stderr]   Downloaded blake2b_simd v0.5.11
[INFO] [stderr]   Downloaded is_executable v0.1.2
[INFO] [stderr]   Downloaded rust-argon2 v0.8.3
[INFO] [stderr]   Downloaded redox_syscall v0.1.57
[INFO] [stderr]   Downloaded curl v0.4.46
[INFO] [stderr]   Downloaded async-signal v0.2.6
[INFO] [stderr]   Downloaded polling v3.7.0
[INFO] [stderr]   Downloaded redox_users v0.3.5
[INFO] [stderr]   Downloaded async-channel v2.2.1
[INFO] [stderr]   Downloaded near-primitives v0.15.0
[INFO] [stderr]   Downloaded near-vm-errors v0.15.0
[INFO] [stderr]   Downloaded near-rpc-error-macro v0.15.0
[INFO] [stderr]   Downloaded near-rpc-error-core v0.15.0
[INFO] [stderr]   Downloaded near-account-id v0.15.0
[INFO] [stderr]   Downloaded near-primitives-core v0.15.0
[INFO] [stderr]   Downloaded near-crypto v0.15.0
[INFO] [stderr]   Downloaded near-jsonrpc-primitives v0.15.0
[INFO] [stderr]   Downloaded blake2 v0.9.2
[INFO] [stderr]   Downloaded near-runtime-utils v4.0.0-pre.1
[INFO] [stderr]   Downloaded dirs v3.0.2
[INFO] [stderr]   Downloaded near-jsonrpc-client v0.4.1
[INFO] [stderr]   Downloaded near-chain-configs v0.15.0
[INFO] [stderr]   Downloaded near-sdk v4.0.0-pre.4
[INFO] [stderr]   Downloaded curl-sys v0.4.72+curl-8.6.0
[INFO] [stderr]   Downloaded near-vm-errors v4.0.0-pre.1
[INFO] [stderr]   Downloaded borsh-schema-derive-internal v0.8.2
[INFO] [stderr]   Downloaded near-rpc-error-macro v0.1.0
[INFO] [stderr]   Downloaded ahash v0.4.8
[INFO] [stderr]   Downloaded near-vm-logic v4.0.0-pre.1
[INFO] [stderr]   Downloaded borsh-derive-internal v0.8.2
[INFO] [stderr]   Downloaded near-rpc-error-core v0.1.0
[INFO] [stderr]   Downloaded borsh-derive v0.8.2
[INFO] [stderr]   Downloaded libz-sys v1.1.16
[INFO] [stderr]   Downloaded near-primitives-core v0.4.0
[INFO] [stderr]   Downloaded near-sys v0.1.0
[INFO] [stderr]   Downloaded borsh v0.8.2
[INFO] [stderr]   Downloaded near-sdk-macros v4.0.0-pre.4
[INFO] running `Command { std: "docker" "create" "-v" "/var/lib/crater-agent-workspace/builds/worker-6-tc1/source:/opt/rustwide/workdir:ro,Z" "-v" "/var/lib/crater-agent-workspace/builds/worker-6-tc1/target:/opt/rustwide/target:rw,Z" "-v" "/var/lib/crater-agent-workspace/cargo-home:/opt/rustwide/cargo-home:ro,Z" "-v" "/var/lib/crater-agent-workspace/rustup-home:/opt/rustwide/rustup-home:ro,Z" "-m" "1610612736" "--network" "none" "ghcr.io/rust-lang/crates-build-env/linux@sha256:3d5ced03c013a94a2f102a4510f48a6e9184255caf5fd8244f58017bde7f5210" "sleep" "infinity", kill_on_drop: false }`
[INFO] [stdout] 5b3291e77be365c9729e30e81446d97f5c9a4d99a3a3a3ac56c514bfa0d8dfd3
[INFO] running `Command { std: "docker" "start" "5b3291e77be365c9729e30e81446d97f5c9a4d99a3a3a3ac56c514bfa0d8dfd3", kill_on_drop: false }`
[INFO] running `Command { std: "docker" "inspect" "5b3291e77be365c9729e30e81446d97f5c9a4d99a3a3a3ac56c514bfa0d8dfd3", kill_on_drop: false }`
[INFO] running `Command { std: "docker" "exec" "-e" "SOURCE_DIR=/opt/rustwide/workdir" "-e" "CARGO_HOME=/opt/rustwide/cargo-home" "-e" "RUSTUP_HOME=/opt/rustwide/rustup-home" "-e" "CARGO_TARGET_DIR=/opt/rustwide/target" "-w" "/opt/rustwide/workdir" "--user" "0:0" "5b3291e77be365c9729e30e81446d97f5c9a4d99a3a3a3ac56c514bfa0d8dfd3" "/opt/rustwide/cargo-home/bin/cargo" "+1.97.0-beta.6" "metadata" "--no-deps" "--format-version=1", kill_on_drop: false }`
[INFO] running `Command { std: "docker" "inspect" "5b3291e77be365c9729e30e81446d97f5c9a4d99a3a3a3ac56c514bfa0d8dfd3", kill_on_drop: false }`
[INFO] running `Command { std: "docker" "exec" "-e" "SOURCE_DIR=/opt/rustwide/workdir" "-e" "CARGO_HOME=/opt/rustwide/cargo-home" "-e" "RUSTUP_HOME=/opt/rustwide/rustup-home" "-e" "CARGO_TARGET_DIR=/opt/rustwide/target" "-e" "CARGO_INCREMENTAL=0" "-e" "RUST_BACKTRACE=full" "-e" "RUSTFLAGS=--cap-lints=warn" "-e" "RUSTDOCFLAGS=--cap-lints=warn" "-w" "/opt/rustwide/workdir" "--user" "0:0" "5b3291e77be365c9729e30e81446d97f5c9a4d99a3a3a3ac56c514bfa0d8dfd3" "/opt/rustwide/cargo-home/bin/cargo" "+1.97.0-beta.6" "build" "--frozen" "--message-format=json", kill_on_drop: false }`
[INFO] [stderr]    Compiling syn v2.0.60
[INFO] [stderr]    Compiling serde v1.0.198
[INFO] [stderr]    Compiling syn v1.0.109
[INFO] [stderr]    Compiling memchr v2.7.2
[INFO] [stderr]    Compiling hashbrown v0.14.3
[INFO] [stderr]    Compiling serde_json v1.0.116
[INFO] [stderr]    Compiling block-padding v0.2.1
[INFO] [stderr]    Compiling ahash v0.4.8
[INFO] [stderr]    Compiling num-traits v0.2.18
[INFO] [stderr]    Compiling num-bigint v0.3.3
[INFO] [stderr]    Compiling num-rational v0.3.2
[INFO] [stderr]    Compiling cpufeatures v0.2.12
[INFO] [stderr]    Compiling generic-array v0.14.7
[INFO] [stderr]    Compiling libc v0.2.153
[INFO] [stderr]    Compiling bs58 v0.4.0
[INFO] [stderr]    Compiling wee_alloc v0.4.5
[INFO] [stderr]    Compiling memory_units v0.4.0
[INFO] [stderr]    Compiling Inflector v0.11.4
[INFO] [stderr]    Compiling near-sys v0.1.0
[INFO] [stderr]    Compiling hashbrown v0.9.1
[INFO] [stderr]    Compiling block-buffer v0.9.0
[INFO] [stderr]    Compiling digest v0.9.0
[INFO] [stderr]    Compiling block-buffer v0.10.4
[INFO] [stderr]    Compiling crypto-common v0.1.6
[INFO] [stderr]    Compiling aho-corasick v1.1.3
[INFO] [stderr]    Compiling csv-core v0.1.11
[INFO] [stderr]    Compiling sha2 v0.9.9
[INFO] [stderr]    Compiling sha3 v0.9.1
[INFO] [stderr]    Compiling digest v0.10.7
[INFO] [stderr]    Compiling sha2 v0.10.8
[INFO] [stderr]    Compiling indexmap v2.2.6
[INFO] [stderr]    Compiling num-integer v0.1.46
[INFO] [stderr]    Compiling serde_derive v1.0.198
[INFO] [stderr]    Compiling regex-automata v0.4.6
[INFO] [stderr]    Compiling regex v1.10.4
[INFO] [stderr]    Compiling borsh-derive-internal v0.8.2
[INFO] [stderr]    Compiling borsh-schema-derive-internal v0.8.2
[INFO] [stderr]    Compiling near-runtime-utils v4.0.0-pre.1
[INFO] [stderr]    Compiling derive_more v0.99.17
[INFO] [stderr]    Compiling near-sdk-macros v4.0.0-pre.4
[INFO] [stderr]    Compiling toml v0.5.11
[INFO] [stderr]    Compiling csv v1.3.0
[INFO] [stderr]    Compiling proc-macro-crate v0.1.5
[INFO] [stderr]    Compiling borsh-derive v0.8.2
[INFO] [stderr]    Compiling borsh v0.8.2
[INFO] [stderr]    Compiling near-rpc-error-core v0.1.0
[INFO] [stderr]    Compiling near-rpc-error-macro v0.1.0
[INFO] [stderr]    Compiling near-primitives-core v0.4.0
[INFO] [stderr]    Compiling near-vm-errors v4.0.0-pre.1
[INFO] [stderr]    Compiling near-vm-logic v4.0.0-pre.1
[INFO] [stderr]    Compiling near-sdk v4.0.0-pre.4
[INFO] [stderr]    Compiling eigentrust_near v0.1.0 (/opt/rustwide/workdir)
[INFO] [stdout] warning: enum `SeedStrategy` is never used
[INFO] [stdout]    --> src/lib.rs:147:6
[INFO] [stdout]     |
[INFO] [stdout] 147 | enum SeedStrategy {
[INFO] [stdout]     |      ^^^^^^^^^^^^
[INFO] [stdout]     |
[INFO] [stdout]     = note: `#[warn(dead_code)]` (part of `#[warn(unused)]`) on by default
[INFO] [stdout] 
[INFO] [stdout] 
[INFO] [stdout] warning: enum `LocalTrustStrategy` is never used
[INFO] [stdout]    --> src/lib.rs:153:6
[INFO] [stdout]     |
[INFO] [stdout] 153 | enum LocalTrustStrategy {
[INFO] [stdout]     |      ^^^^^^^^^^^^^^^^^^
[INFO] [stdout] 
[INFO] [stdout] 
[INFO] [stdout] warning: struct `StrategyConfig` is never constructed
[INFO] [stdout]    --> src/lib.rs:159:8
[INFO] [stdout]     |
[INFO] [stdout] 159 | struct StrategyConfig {
[INFO] [stdout]     |        ^^^^^^^^^^^^^^
[INFO] [stdout] 
[INFO] [stdout] 
[INFO] [stderr]     Finished `dev` profile [unoptimized + debuginfo] target(s) in 28.59s
[INFO] running `Command { std: "docker" "inspect" "5b3291e77be365c9729e30e81446d97f5c9a4d99a3a3a3ac56c514bfa0d8dfd3", kill_on_drop: false }`
[INFO] running `Command { std: "docker" "exec" "-e" "SOURCE_DIR=/opt/rustwide/workdir" "-e" "CARGO_HOME=/opt/rustwide/cargo-home" "-e" "RUSTUP_HOME=/opt/rustwide/rustup-home" "-e" "CARGO_TARGET_DIR=/opt/rustwide/target" "-e" "CARGO_INCREMENTAL=0" "-e" "RUST_BACKTRACE=full" "-e" "RUSTFLAGS=--cap-lints=warn" "-e" "RUSTDOCFLAGS=--cap-lints=warn" "-w" "/opt/rustwide/workdir" "--user" "0:0" "5b3291e77be365c9729e30e81446d97f5c9a4d99a3a3a3ac56c514bfa0d8dfd3" "/opt/rustwide/cargo-home/bin/cargo" "+1.97.0-beta.6" "test" "--frozen" "--no-run" "--message-format=json", kill_on_drop: false }`
[INFO] [stderr]    Compiling cc v1.0.95
[INFO] [stderr]    Compiling pkg-config v0.3.30
[INFO] [stderr]    Compiling serde v1.0.198
[INFO] [stderr]    Compiling crossbeam-utils v0.8.19
[INFO] [stderr]    Compiling rustix v0.38.34
[INFO] [stderr]    Compiling linux-raw-sys v0.4.13
[INFO] [stderr]    Compiling parking v2.2.0
[INFO] [stderr]    Compiling signal-hook-registry v1.4.2
[INFO] [stderr]    Compiling tracing-attributes v0.1.27
[INFO] [stderr]    Compiling byteorder v1.5.0
[INFO] [stderr]    Compiling log v0.4.21
[INFO] [stderr]    Compiling lock_api v0.4.12
[INFO] [stderr]    Compiling ahash v0.7.8
[INFO] [stderr]    Compiling futures-io v0.3.30
[INFO] [stderr]    Compiling miniz_oxide v0.7.2
[INFO] [stderr]    Compiling indexmap v2.2.6
[INFO] [stderr]    Compiling crc32fast v1.4.0
[INFO] [stderr]    Compiling parking_lot_core v0.9.10
[INFO] [stderr]    Compiling getrandom v0.1.16
[INFO] [stderr]    Compiling borsh-derive-internal v0.9.3
[INFO] [stderr]    Compiling borsh-schema-derive-internal v0.9.3
[INFO] [stderr]    Compiling futures-lite v2.3.0
[INFO] [stderr]    Compiling rustversion v1.0.15
[INFO] [stderr]    Compiling hashbrown v0.11.2
[INFO] [stderr]    Compiling rand_core v0.5.1
[INFO] [stderr]    Compiling parking_lot v0.12.2
[INFO] [stderr]    Compiling mio v0.8.11
[INFO] [stderr]    Compiling polling v2.8.0
[INFO] [stderr]    Compiling concurrent-queue v2.4.0
[INFO] [stderr]    Compiling rustix v0.37.27
[INFO] [stderr]    Compiling gimli v0.28.1
[INFO] [stderr]    Compiling subtle v2.5.0
[INFO] [stderr]    Compiling anyhow v1.0.82
[INFO] [stderr]    Compiling curl v0.4.46
[INFO] [stderr]    Compiling event-listener v4.0.3
[INFO] [stderr]    Compiling crunchy v0.2.2
[INFO] [stderr]    Compiling synstructure v0.12.6
[INFO] [stderr]    Compiling flate2 v1.0.28
[INFO] [stderr]    Compiling openssl-sys v0.9.102
[INFO] [stderr]    Compiling libz-sys v1.1.16
[INFO] [stderr]    Compiling bzip2-sys v0.1.11+1.0.8
[INFO] [stderr]    Compiling curl-sys v0.4.72+curl-8.6.0
[INFO] [stderr]    Compiling backtrace v0.3.71
[INFO] [stderr]    Compiling secp256k1-sys v0.6.1
[INFO] [stderr]    Compiling event-listener-strategy v0.4.0
[INFO] [stderr]    Compiling async-lock v3.3.0
[INFO] [stderr]    Compiling io-lifetimes v1.0.11
[INFO] [stderr]    Compiling tokio v1.37.0
[INFO] [stderr]    Compiling zeroize_derive v1.4.2
[INFO] [stderr]    Compiling time v0.1.45
[INFO] [stderr]    Compiling object v0.32.2
[INFO] [stderr]    Compiling tracing v0.1.40
[INFO] [stderr]    Compiling async-io v1.13.0
[INFO] [stderr]    Compiling tracing-core v0.1.32
[INFO] [stderr]    Compiling rustc-demangle v0.1.23
[INFO] [stderr]    Compiling waker-fn v1.1.1
[INFO] [stderr]    Compiling async-lock v2.8.0
[INFO] [stderr]    Compiling futures-lite v1.13.0
[INFO] [stderr]    Compiling failure_derive v0.1.8
[INFO] [stderr]    Compiling strum_macros v0.24.3
[INFO] [stderr]    Compiling zeroize v1.3.0
[INFO] [stderr]    Compiling bzip2 v0.4.4
[INFO] [stderr]    Compiling rand_chacha v0.2.2
[INFO] [stderr]    Compiling socket2 v0.4.10
[INFO] [stderr]    Compiling openssl v0.10.64
[INFO] [stderr]    Compiling signature v1.6.4
[INFO] [stderr]    Compiling rand v0.7.3
[INFO] [stderr]    Compiling uint v0.9.5
[INFO] [stderr]    Compiling curve25519-dalek v3.2.1
[INFO] [stderr]    Compiling ed25519 v1.5.3
[INFO] [stderr]    Compiling fixed-hash v0.7.0
[INFO] [stderr]    Compiling crypto-mac v0.8.0
[INFO] [stderr]    Compiling event-listener v3.1.0
[INFO] [stderr]    Compiling cipher v0.2.5
[INFO] [stderr]    Compiling openssl-macros v0.1.1
[INFO] [stderr]    Compiling serde_json v1.0.116
[INFO] [stderr]    Compiling num-rational v0.3.2
[INFO] [stderr]    Compiling addr2line v0.21.0
[INFO] [stderr]    Compiling dirs v1.0.5
[INFO] [stderr]    Compiling futures-task v0.3.30
[INFO] [stderr]    Compiling reed-solomon-erasure v4.0.2
[INFO] [stderr]    Compiling is_executable v0.1.2
[INFO] [stderr]    Compiling siphasher v0.2.3
[INFO] [stderr]    Compiling hex v0.3.2
[INFO] [stderr]    Compiling native-tls v0.2.11
[INFO] [stderr]    Compiling strum v0.24.1
[INFO] [stderr]    Compiling futures-util v0.3.30
[INFO] [stderr]    Compiling num-traits v0.2.18
[INFO] [stderr]    Compiling c2-chacha v0.3.3
[INFO] [stderr]    Compiling chrono v0.4.38
[INFO] [stderr]    Compiling blake2 v0.9.2
[INFO] [stderr]    Compiling toml v0.5.11
[INFO] [stderr]    Compiling near-rpc-error-core v0.15.0
[INFO] [stderr]    Compiling ed25519-dalek v1.0.1
[INFO] [stderr]    Compiling near-rpc-error-macro v0.15.0
[INFO] [stderr]    Compiling primitive-types v0.10.1
[INFO] [stderr]    Compiling serde_repr v0.1.19
[INFO] [stderr]    Compiling socket2 v0.5.6
[INFO] [stderr]    Compiling near-sandbox-utils v0.6.2
[INFO] [stderr]    Compiling zip v0.5.13
[INFO] [stderr]    Compiling proc-macro-crate v0.1.5
[INFO] [stderr]    Compiling unicode-normalization v0.1.23
[INFO] [stderr]    Compiling smart-default v0.6.0
[INFO] [stderr]    Compiling fs2 v0.4.3
[INFO] [stderr]    Compiling aho-corasick v1.1.3
[INFO] [stderr]    Compiling futures-channel v0.3.30
[INFO] [stderr]    Compiling bytesize v1.3.0
[INFO] [stderr]    Compiling unicode-bidi v0.3.15
[INFO] [stderr]    Compiling easy-ext v0.2.9
[INFO] [stderr]    Compiling borsh-derive v0.9.3
[INFO] [stderr]    Compiling borsh-derive v0.8.2
[INFO] [stderr]    Compiling home v0.5.9
[INFO] [stderr]    Compiling near-rpc-error-core v0.1.0
[INFO] [stderr]    Compiling serde_urlencoded v0.7.1
[INFO] [stderr]    Compiling borsh v0.9.3
[INFO] [stderr]    Compiling borsh v0.8.2
[INFO] [stderr]    Compiling near-rpc-error-macro v0.1.0
[INFO] [stderr]    Compiling idna v0.5.0
[INFO] [stderr]    Compiling secp256k1 v0.24.3
[INFO] [stderr]    Compiling pin-project-internal v1.1.5
[INFO] [stderr]    Compiling failure v0.1.8
[INFO] [stderr]    Compiling ipnet v2.9.0
[INFO] [stderr]    Compiling uuid v1.8.0
[INFO] [stderr]    Compiling url v2.5.0
[INFO] [stderr]    Compiling regex-automata v0.4.6
[INFO] [stderr]    Compiling dirs-sys v0.3.7
[INFO] [stderr]    Compiling xattr v1.3.1
[INFO] [stderr]    Compiling near-account-id v0.15.0
[INFO] [stderr]    Compiling polling v3.7.0
[INFO] [stderr]    Compiling tar v0.4.40
[INFO] [stderr]    Compiling near-primitives-core v0.15.0
[INFO] [stderr]    Compiling near-crypto v0.15.0
[INFO] [stderr]    Compiling near-vm-errors v0.15.0
[INFO] [stderr]    Compiling near-primitives-core v0.4.0
[INFO] [stderr]    Compiling async-io v2.3.2
[INFO] [stderr]    Compiling pin-project v1.1.5
[INFO] [stderr]    Compiling near-vm-errors v4.0.0-pre.1
[INFO] [stderr]    Compiling wee_alloc v0.4.5
[INFO] [stderr]    Compiling dirs v3.0.2
[INFO] [stderr]    Compiling portpicker v0.1.1
[INFO] [stderr]    Compiling async-signal v0.2.6
[INFO] [stderr]    Compiling async-process v1.8.1
[INFO] [stderr]    Compiling csv-core v0.1.11
[INFO] [stderr]    Compiling tokio-util v0.7.10
[INFO] [stderr]    Compiling tokio-native-tls v0.3.1
[INFO] [stderr]    Compiling near-primitives v0.15.0
[INFO] [stderr]    Compiling binary-install v0.0.2
[INFO] [stderr]    Compiling tokio-retry v0.3.0
[INFO] [stderr]    Compiling csv v1.3.0
[INFO] [stderr]    Compiling h2 v0.3.26
[INFO] [stderr]    Compiling workspaces v0.7.0
[INFO] [stderr]    Compiling regex v1.10.4
[INFO] [stderr]    Compiling near-runtime-utils v4.0.0-pre.1
[INFO] [stderr]    Compiling near-vm-logic v4.0.0-pre.1
[INFO] [stderr] error: failed to run custom build command for `workspaces v0.7.0`
[INFO] [stderr] note: To improve backtraces for build dependencies, set the CARGO_PROFILE_TEST_BUILD_OVERRIDE_DEBUG=true environment variable to enable debug information generation.
[INFO] [stderr] 
[INFO] [stderr] Caused by:
[INFO] [stderr]   process didn't exit successfully: `/opt/rustwide/target/debug/build/workspaces-d136c93b2dee254e/build-script-build` (exit status: 101)
[INFO] [stderr]   --- stdout
[INFO] [stderr]   cargo:rerun-if-env-changed=NEAR_SANDBOX_BIN_PATH
[INFO] [stderr] 
[INFO] [stderr]   --- stderr
[INFO] [stderr] 
[INFO] [stderr]   thread 'main' (3843) panicked at /opt/rustwide/cargo-home/registry/src/index.crates.io-1949cf8c6b5b557f/workspaces-0.7.0/build.rs:8:39:
[INFO] [stderr]   Could not install sandbox: unable to download near-sandbox
[INFO] [stderr] 
[INFO] [stderr]   Caused by:
[INFO] [stderr]       failed to download from https://s3-us-west-1.amazonaws.com/build.nearprotocol.com/nearcore/Linux-x86_64/master/d08187094a82b3bfab3b8b0fa076e71068f39cb7/near-sandbox.tar.gz
[INFO] [stderr] 
[INFO] [stderr]   Stack backtrace:
[INFO] [stderr]      0: <anyhow::Error>::msg::<failure::error::Error>
[INFO] [stderr]                at /opt/rustwide/cargo-home/registry/src/index.crates.io-1949cf8c6b5b557f/anyhow-1.0.82/src/backtrace.rs:27:14
[INFO] [stderr]      1: <<anyhow::Error>::msg<failure::error::Error> as core::ops::function::FnOnce<(failure::error::Error,)>>::call_once
[INFO] [stderr]                at /rustc/b2282dd5646a57d570fc86fbe8df0e8826665ef6/library/core/src/ops/function.rs:250:5
[INFO] [stderr]      2: <core::result::Result<core::option::Option<binary_install::Download>, failure::error::Error>>::map_err::<anyhow::Error, <anyhow::Error>::msg<failure::error::Error>>
[INFO] [stderr]                at /rustc/b2282dd5646a57d570fc86fbe8df0e8826665ef6/library/core/src/result.rs:968:27
[INFO] [stderr]      3: near_sandbox_utils::install_with_version
[INFO] [stderr]                at /opt/rustwide/cargo-home/registry/src/index.crates.io-1949cf8c6b5b557f/near-sandbox-utils-0.6.2/src/lib.rs:83:10
[INFO] [stderr]      4: near_sandbox_utils::install
[INFO] [stderr]                at /opt/rustwide/cargo-home/registry/src/index.crates.io-1949cf8c6b5b557f/near-sandbox-utils-0.6.2/src/lib.rs:99:5
[INFO] [stderr]      5: build_script_build::main
[INFO] [stderr]      6: <fn() as core::ops::function::FnOnce<()>>::call_once
[INFO] [stderr]      7: std::sys::backtrace::__rust_begin_short_backtrace::<fn(), ()>
[INFO] [stderr]      8: std::rt::lang_start::<()>::{closure#0}
[INFO] [stderr]      9: <&dyn core::ops::function::Fn<(), Output = i32> + core::panic::unwind_safe::RefUnwindSafe + core::marker::Sync as core::ops::function::FnOnce<()>>::call_once
[INFO] [stderr]                at /rustc/b2282dd5646a57d570fc86fbe8df0e8826665ef6/library/core/src/ops/function.rs:287:21
[INFO] [stderr]     10: std::panicking::catch_unwind::do_call::<&dyn core::ops::function::Fn<(), Output = i32> + core::panic::unwind_safe::RefUnwindSafe + core::marker::Sync, i32>
[INFO] [stderr]                at /rustc/b2282dd5646a57d570fc86fbe8df0e8826665ef6/library/std/src/panicking.rs:581:40
[INFO] [stderr]     11: std::panicking::catch_unwind::<i32, &dyn core::ops::function::Fn<(), Output = i32> + core::panic::unwind_safe::RefUnwindSafe + core::marker::Sync>
[INFO] [stderr]                at /rustc/b2282dd5646a57d570fc86fbe8df0e8826665ef6/library/std/src/panicking.rs:544:19
[INFO] [stderr]     12: std::panic::catch_unwind::<&dyn core::ops::function::Fn<(), Output = i32> + core::panic::unwind_safe::RefUnwindSafe + core::marker::Sync, i32>
[INFO] [stderr]                at /rustc/b2282dd5646a57d570fc86fbe8df0e8826665ef6/library/std/src/panic.rs:359:14
[INFO] [stderr]     13: std::rt::lang_start_internal::{closure#0}
[INFO] [stderr]                at /rustc/b2282dd5646a57d570fc86fbe8df0e8826665ef6/library/std/src/rt.rs:175:24
[INFO] [stderr]     14: std::panicking::catch_unwind::do_call::<std::rt::lang_start_internal::{closure#0}, isize>
[INFO] [stderr]                at /rustc/b2282dd5646a57d570fc86fbe8df0e8826665ef6/library/std/src/panicking.rs:581:40
[INFO] [stderr]     15: std::panicking::catch_unwind::<isize, std::rt::lang_start_internal::{closure#0}>
[INFO] [stderr]                at /rustc/b2282dd5646a57d570fc86fbe8df0e8826665ef6/library/std/src/panicking.rs:544:19
[INFO] [stderr]     16: std::panic::catch_unwind::<std::rt::lang_start_internal::{closure#0}, isize>
[INFO] [stderr]                at /rustc/b2282dd5646a57d570fc86fbe8df0e8826665ef6/library/std/src/panic.rs:359:14
[INFO] [stderr]     17: std::rt::lang_start_internal
[INFO] [stderr]                at /rustc/b2282dd5646a57d570fc86fbe8df0e8826665ef6/library/std/src/rt.rs:171:5
[INFO] [stderr]     18: std::rt::lang_start::<()>
[INFO] [stderr]     19: main
[INFO] [stderr]     20: <unknown>
[INFO] [stderr]     21: __libc_start_main
[INFO] [stderr]     22: _start
[INFO] [stderr]   stack backtrace:
[INFO] [stderr]      0:     0x60e5fff30158 - std[10d71ac2c42b111e]::backtrace_rs::backtrace::libunwind::trace
[INFO] [stderr]                                  at /rustc/b2282dd5646a57d570fc86fbe8df0e8826665ef6/library/std/src/../../backtrace/src/backtrace/libunwind.rs:117:9
[INFO] [stderr]      1:     0x60e5fff30158 - std[10d71ac2c42b111e]::backtrace_rs::backtrace::trace_unsynchronized::<std[10d71ac2c42b111e]::sys::backtrace::_print_fmt::{closure#1}>
[INFO] [stderr]                                  at /rustc/b2282dd5646a57d570fc86fbe8df0e8826665ef6/library/std/src/../../backtrace/src/backtrace/mod.rs:66:14
[INFO] [stderr]      2:     0x60e5fff30158 - std[10d71ac2c42b111e]::sys::backtrace::_print_fmt
[INFO] [stderr]                                  at /rustc/b2282dd5646a57d570fc86fbe8df0e8826665ef6/library/std/src/sys/backtrace.rs:74:9
[INFO] [stderr]      3:     0x60e5fff30158 - <<std[10d71ac2c42b111e]::sys::backtrace::BacktraceLock>::print::DisplayBacktrace as core[8fb95b77d25ab6c8]::fmt::Display>::fmt
[INFO] [stderr]                                  at /rustc/b2282dd5646a57d570fc86fbe8df0e8826665ef6/library/std/src/sys/backtrace.rs:44:26
[INFO] [stderr]      4:     0x60e5fff42bfa - <core[8fb95b77d25ab6c8]::fmt::rt::Argument>::fmt
[INFO] [stderr]                                  at /rustc/b2282dd5646a57d570fc86fbe8df0e8826665ef6/library/core/src/fmt/rt.rs:152:76
[INFO] [stderr]      5:     0x60e5fff42bfa - core[8fb95b77d25ab6c8]::fmt::write
[INFO] [stderr]      6:     0x60e5fff34882 - std[10d71ac2c42b111e]::io::default_write_fmt::<std[10d71ac2c42b111e]::sys::stdio::unix::Stderr>
[INFO] [stderr]                                  at /rustc/b2282dd5646a57d570fc86fbe8df0e8826665ef6/library/std/src/io/mod.rs:622:11
[INFO] [stderr]      7:     0x60e5fff34882 - <std[10d71ac2c42b111e]::sys::stdio::unix::Stderr as std[10d71ac2c42b111e]::io::Write>::write_fmt
[INFO] [stderr]                                  at /rustc/b2282dd5646a57d570fc86fbe8df0e8826665ef6/library/std/src/io/mod.rs:1977:13
[INFO] [stderr]      8:     0x60e5fff18226 - <std[10d71ac2c42b111e]::sys::backtrace::BacktraceLock>::print
[INFO] [stderr]                                  at /rustc/b2282dd5646a57d570fc86fbe8df0e8826665ef6/library/std/src/sys/backtrace.rs:47:9
[INFO] [stderr]      9:     0x60e5fff18226 - std[10d71ac2c42b111e]::panicking::default_hook::{closure#0}
[INFO] [stderr]                                  at /rustc/b2282dd5646a57d570fc86fbe8df0e8826665ef6/library/std/src/panicking.rs:292:27
[INFO] [stderr]     10:     0x60e5fff2b111 - std[10d71ac2c42b111e]::panicking::default_hook
[INFO] [stderr]                                  at /rustc/b2282dd5646a57d570fc86fbe8df0e8826665ef6/library/std/src/panicking.rs:319:9
[INFO] [stderr]     11:     0x60e5fff2b38b - std[10d71ac2c42b111e]::panicking::panic_with_hook
[INFO] [stderr]                                  at /rustc/b2282dd5646a57d570fc86fbe8df0e8826665ef6/library/std/src/panicking.rs:825:13
[INFO] [stderr]     12:     0x60e5fff182e2 - std[10d71ac2c42b111e]::panicking::panic_handler::{closure#0}
[INFO] [stderr]                                  at /rustc/b2282dd5646a57d570fc86fbe8df0e8826665ef6/library/std/src/panicking.rs:698:13
[INFO] [stderr]     13:     0x60e5fff0cf89 - std[10d71ac2c42b111e]::sys::backtrace::__rust_end_short_backtrace::<std[10d71ac2c42b111e]::panicking::panic_handler::{closure#0}, !>
[INFO] [stderr]                                  at /rustc/b2282dd5646a57d570fc86fbe8df0e8826665ef6/library/std/src/sys/backtrace.rs:182:18
[INFO] [stderr]     14:     0x60e5fff1901d - __rustc[3be9ba60078d4c86]::rust_begin_unwind
[INFO] [stderr]                                  at /rustc/b2282dd5646a57d570fc86fbe8df0e8826665ef6/library/std/src/panicking.rs:689:5
[INFO] [stderr]     15:     0x60e5fff433ec - core[8fb95b77d25ab6c8]::panicking::panic_fmt
[INFO] [stderr]                                  at /rustc/b2282dd5646a57d570fc86fbe8df0e8826665ef6/library/core/src/panicking.rs:80:14
[INFO] [stderr]     16:     0x60e5fff43132 - core[8fb95b77d25ab6c8]::result::unwrap_failed
[INFO] [stderr]                                  at /rustc/b2282dd5646a57d570fc86fbe8df0e8826665ef6/library/core/src/result.rs:1867:5
[INFO] [stderr]     17:     0x60e5ffdaab89 - <core[8fb95b77d25ab6c8]::result::Result<std[10d71ac2c42b111e]::path::PathBuf, anyhow[3acebc4aed8aeef4]::Error>>::expect
[INFO] [stderr]     18:     0x60e5ffdaaafd - build_script_build[b1315e46993c735b]::main
[INFO] [stderr]     19:     0x60e5ffdaac23 - <fn() as core[8fb95b77d25ab6c8]::ops::function::FnOnce<()>>::call_once
[INFO] [stderr]     20:     0x60e5ffdaa986 - std[10d71ac2c42b111e]::sys::backtrace::__rust_begin_short_backtrace::<fn(), ()>
[INFO] [stderr]     21:     0x60e5ffdaa999 - std[10d71ac2c42b111e]::rt::lang_start::<()>::{closure#0}
[INFO] [stderr]     22:     0x60e5fff2a6a7 - <&dyn core[8fb95b77d25ab6c8]::ops::function::Fn<(), Output = i32> + core[8fb95b77d25ab6c8]::panic::unwind_safe::RefUnwindSafe + core[8fb95b77d25ab6c8]::marker::Sync as core[8fb95b77d25ab6c8]::ops::function::FnOnce<()>>::call_once
[INFO] [stderr]                                  at /rustc/b2282dd5646a57d570fc86fbe8df0e8826665ef6/library/core/src/ops/function.rs:287:21
[INFO] [stderr]     23:     0x60e5fff2a6a7 - std[10d71ac2c42b111e]::panicking::catch_unwind::do_call::<&dyn core[8fb95b77d25ab6c8]::ops::function::Fn<(), Output = i32> + core[8fb95b77d25ab6c8]::panic::unwind_safe::RefUnwindSafe + core[8fb95b77d25ab6c8]::marker::Sync, i32>
[INFO] [stderr]                                  at /rustc/b2282dd5646a57d570fc86fbe8df0e8826665ef6/library/std/src/panicking.rs:581:40
[INFO] [stderr]     24:     0x60e5fff2a6a7 - std[10d71ac2c42b111e]::panicking::catch_unwind::<i32, &dyn core[8fb95b77d25ab6c8]::ops::function::Fn<(), Output = i32> + core[8fb95b77d25ab6c8]::panic::unwind_safe::RefUnwindSafe + core[8fb95b77d25ab6c8]::marker::Sync>
[INFO] [stderr]                                  at /rustc/b2282dd5646a57d570fc86fbe8df0e8826665ef6/library/std/src/panicking.rs:544:19
[INFO] [stderr]     25:     0x60e5fff2a6a7 - std[10d71ac2c42b111e]::panic::catch_unwind::<&dyn core[8fb95b77d25ab6c8]::ops::function::Fn<(), Output = i32> + core[8fb95b77d25ab6c8]::panic::unwind_safe::RefUnwindSafe + core[8fb95b77d25ab6c8]::marker::Sync, i32>
[INFO] [stderr]                                  at /rustc/b2282dd5646a57d570fc86fbe8df0e8826665ef6/library/std/src/panic.rs:359:14
[INFO] [stderr]     26:     0x60e5fff2a6a7 - std[10d71ac2c42b111e]::rt::lang_start_internal::{closure#0}
[INFO] [stderr]                                  at /rustc/b2282dd5646a57d570fc86fbe8df0e8826665ef6/library/std/src/rt.rs:175:24
[INFO] [stderr]     27:     0x60e5fff2a6a7 - std[10d71ac2c42b111e]::panicking::catch_unwind::do_call::<std[10d71ac2c42b111e]::rt::lang_start_internal::{closure#0}, isize>
[INFO] [stderr]                                  at /rustc/b2282dd5646a57d570fc86fbe8df0e8826665ef6/library/std/src/panicking.rs:581:40
[INFO] [stderr]     28:     0x60e5fff2a6a7 - std[10d71ac2c42b111e]::panicking::catch_unwind::<isize, std[10d71ac2c42b111e]::rt::lang_start_internal::{closure#0}>
[INFO] [stderr]                                  at /rustc/b2282dd5646a57d570fc86fbe8df0e8826665ef6/library/std/src/panicking.rs:544:19
[INFO] [stderr]     29:     0x60e5fff2a6a7 - std[10d71ac2c42b111e]::panic::catch_unwind::<std[10d71ac2c42b111e]::rt::lang_start_internal::{closure#0}, isize>
[INFO] [stderr]                                  at /rustc/b2282dd5646a57d570fc86fbe8df0e8826665ef6/library/std/src/panic.rs:359:14
[INFO] [stderr]     30:     0x60e5fff2a6a7 - std[10d71ac2c42b111e]::rt::lang_start_internal
[INFO] [stderr]                                  at /rustc/b2282dd5646a57d570fc86fbe8df0e8826665ef6/library/std/src/rt.rs:171:5
[INFO] [stderr]     31:     0x60e5ffdaa971 - std[10d71ac2c42b111e]::rt::lang_start::<()>
[INFO] [stderr]     32:     0x60e5ffdaac85 - main
[INFO] [stderr]     33:     0x7d5e56cc41ca - <unknown>
[INFO] [stderr]     34:     0x7d5e56cc428b - __libc_start_main
[INFO] [stderr]     35:     0x60e5ffdaa885 - _start
[INFO] [stderr]     36:                0x0 - <unknown>
[INFO] [stderr] warning: build failed, waiting for other jobs to finish...
[INFO] running `Command { std: "docker" "inspect" "5b3291e77be365c9729e30e81446d97f5c9a4d99a3a3a3ac56c514bfa0d8dfd3", kill_on_drop: false }`
[INFO] running `Command { std: "docker" "rm" "-f" "5b3291e77be365c9729e30e81446d97f5c9a4d99a3a3a3ac56c514bfa0d8dfd3", kill_on_drop: false }`
[INFO] [stdout] 5b3291e77be365c9729e30e81446d97f5c9a4d99a3a3a3ac56c514bfa0d8dfd3
