[INFO] cloning repository https://github.com/hyowo/Color-Trigger-BitBlt
[INFO] running `Command { std: "git" "-c" "credential.helper=" "-c" "credential.helper=/workspace/cargo-home/bin/git-credential-null" "clone" "--bare" "https://github.com/hyowo/Color-Trigger-BitBlt" "/workspace/cache/git-repos/https%3A%2F%2Fgithub.com%2Fhyowo%2FColor-Trigger-BitBlt", kill_on_drop: false }`
[INFO] [stderr] Cloning into bare repository '/workspace/cache/git-repos/https%3A%2F%2Fgithub.com%2Fhyowo%2FColor-Trigger-BitBlt'...
[INFO] running `Command { std: "git" "rev-parse" "HEAD", kill_on_drop: false }`
[INFO] [stdout] c64e1e1597a321856c2521adbcb302b8d89b6b78
[INFO] testing hyowo/Color-Trigger-BitBlt against 1.97.0-beta.6 for beta-1.98-2
[INFO] running `Command { std: "git" "clone" "/workspace/cache/git-repos/https%3A%2F%2Fgithub.com%2Fhyowo%2FColor-Trigger-BitBlt" "/workspace/builds/worker-2-tc1/source", kill_on_drop: false }`
[INFO] [stderr] Cloning into '/workspace/builds/worker-2-tc1/source'...
[INFO] [stderr] done.
[INFO] started tweaking git repo https://github.com/hyowo/Color-Trigger-BitBlt
[INFO] finished tweaking git repo https://github.com/hyowo/Color-Trigger-BitBlt
[INFO] tweaked toml for git repo https://github.com/hyowo/Color-Trigger-BitBlt written to /workspace/builds/worker-2-tc1/source/Cargo.toml
[INFO] validating manifest of git repo https://github.com/hyowo/Color-Trigger-BitBlt on toolchain 1.97.0-beta.6
[INFO] running `Command { std: CARGO_HOME="/workspace/cargo-home" RUSTUP_HOME="/workspace/rustup-home" "/workspace/cargo-home/bin/cargo" "+1.97.0-beta.6" "metadata" "--manifest-path" "Cargo.toml" "--no-deps", kill_on_drop: false }`
[INFO] crate git repo https://github.com/hyowo/Color-Trigger-BitBlt already has a lockfile, it will not be regenerated
[INFO] running `Command { std: CARGO_HOME="/workspace/cargo-home" RUSTUP_HOME="/workspace/rustup-home" "/workspace/cargo-home/bin/cargo" "+1.97.0-beta.6" "fetch" "--manifest-path" "Cargo.toml", kill_on_drop: false }`
[INFO] [stderr]     Updating crates.io index
[INFO] [stderr]  Downloading crates ...
[INFO] [stderr]   Downloaded ctrlc v3.4.0
[INFO] [stderr]   Downloaded nix v0.26.2
[INFO] running `Command { std: "docker" "create" "-v" "/var/lib/crater-agent-workspace/builds/worker-2-tc1/source:/opt/rustwide/workdir:ro,Z" "-v" "/var/lib/crater-agent-workspace/builds/worker-2-tc1/target:/opt/rustwide/target:rw,Z" "-v" "/var/lib/crater-agent-workspace/cargo-home:/opt/rustwide/cargo-home:ro,Z" "-v" "/var/lib/crater-agent-workspace/rustup-home:/opt/rustwide/rustup-home:ro,Z" "-m" "1610612736" "--network" "none" "ghcr.io/rust-lang/crates-build-env/linux@sha256:3d5ced03c013a94a2f102a4510f48a6e9184255caf5fd8244f58017bde7f5210" "sleep" "infinity", kill_on_drop: false }`
[INFO] [stdout] 85fd2fb1a64b291d24db683d65ee6ca843413452af862dbabbce660ec22e3a61
[INFO] running `Command { std: "docker" "start" "85fd2fb1a64b291d24db683d65ee6ca843413452af862dbabbce660ec22e3a61", kill_on_drop: false }`
[INFO] running `Command { std: "docker" "inspect" "85fd2fb1a64b291d24db683d65ee6ca843413452af862dbabbce660ec22e3a61", kill_on_drop: false }`
[INFO] running `Command { std: "docker" "exec" "-e" "SOURCE_DIR=/opt/rustwide/workdir" "-e" "CARGO_HOME=/opt/rustwide/cargo-home" "-e" "RUSTUP_HOME=/opt/rustwide/rustup-home" "-e" "CARGO_TARGET_DIR=/opt/rustwide/target" "-w" "/opt/rustwide/workdir" "--user" "0:0" "85fd2fb1a64b291d24db683d65ee6ca843413452af862dbabbce660ec22e3a61" "/opt/rustwide/cargo-home/bin/cargo" "+1.97.0-beta.6" "metadata" "--no-deps" "--format-version=1", kill_on_drop: false }`
[INFO] running `Command { std: "docker" "inspect" "85fd2fb1a64b291d24db683d65ee6ca843413452af862dbabbce660ec22e3a61", kill_on_drop: false }`
[INFO] running `Command { std: "docker" "exec" "-e" "SOURCE_DIR=/opt/rustwide/workdir" "-e" "CARGO_HOME=/opt/rustwide/cargo-home" "-e" "RUSTUP_HOME=/opt/rustwide/rustup-home" "-e" "CARGO_TARGET_DIR=/opt/rustwide/target" "-e" "CARGO_INCREMENTAL=0" "-e" "RUST_BACKTRACE=full" "-e" "RUSTFLAGS=--cap-lints=warn" "-e" "RUSTDOCFLAGS=--cap-lints=warn" "-w" "/opt/rustwide/workdir" "--user" "0:0" "85fd2fb1a64b291d24db683d65ee6ca843413452af862dbabbce660ec22e3a61" "/opt/rustwide/cargo-home/bin/cargo" "+1.97.0-beta.6" "build" "--frozen" "--message-format=json", kill_on_drop: false }`
[INFO] [stderr]    Compiling winapi v0.3.9
[INFO] [stderr]    Compiling nix v0.26.2
[INFO] [stderr]    Compiling ctrlc v3.4.0
[INFO] [stderr]    Compiling color_trigger v0.1.0 (/opt/rustwide/workdir)
[INFO] [stdout] error[E0433]: cannot find `shared` in `winapi`
[INFO] [stdout]  --> src/main.rs:8:13
[INFO] [stdout]   |
[INFO] [stdout] 8 | use winapi::shared::minwindef::LPVOID;
[INFO] [stdout]   |             ^^^^^^ could not find `shared` in `winapi`
[INFO] [stdout] 
[INFO] [stdout] 
[INFO] [stdout] error[E0433]: cannot find `shared` in `winapi`
[INFO] [stdout]  --> src/main.rs:9:13
[INFO] [stdout]   |
[INFO] [stdout] 9 | use winapi::shared::windef::{HGDIOBJ, POINT};
[INFO] [stdout]   |             ^^^^^^ could not find `shared` in `winapi`
[INFO] [stdout] 
[INFO] [stdout] 
[INFO] [stdout] error[E0433]: cannot find `um` in `winapi`
[INFO] [stdout]   --> src/main.rs:10:13
[INFO] [stdout]    |
[INFO] [stdout] 10 | use winapi::um::wingdi::{
[INFO] [stdout]    |             ^^ could not find `um` in `winapi`
[INFO] [stdout] 
[INFO] [stdout] 
[INFO] [stdout] error[E0433]: cannot find `um` in `winapi`
[INFO] [stdout]   --> src/main.rs:14:13
[INFO] [stdout]    |
[INFO] [stdout] 14 | use winapi::um::winuser::{
[INFO] [stdout]    |             ^^ could not find `um` in `winapi`
[INFO] [stdout] 
[INFO] [stdout] 
[INFO] [stdout] error[E0277]: the trait bound `usize: Neg` is not satisfied
[INFO] [stdout]   --> src/main.rs:58:24
[INFO] [stdout]    |
[INFO] [stdout] 58 |         bmi.biHeight = -scan_size;
[INFO] [stdout]    |                        ^^^^^^^^^^ the trait `Neg` is not implemented for `usize`
[INFO] [stdout]    |
[INFO] [stdout]    = help: the following other types implement trait `Neg`:
[INFO] [stdout]              &f128
[INFO] [stdout]              &f16
[INFO] [stdout]              &f32
[INFO] [stdout]              &f64
[INFO] [stdout]              &i128
[INFO] [stdout]              &i16
[INFO] [stdout]              &i32
[INFO] [stdout]              &i64
[INFO] [stdout]            and 12 others
[INFO] [stdout] 
[INFO] [stdout] 
[INFO] [stdout] Some errors have detailed explanations: E0277, E0433.
[INFO] [stdout] 
[INFO] [stdout] For more information about an error, try `rustc --explain E0277`.
[INFO] [stdout] 
[INFO] [stderr] error: could not compile `color_trigger` (bin "color_trigger") due to 5 previous errors
[INFO] running `Command { std: "docker" "inspect" "85fd2fb1a64b291d24db683d65ee6ca843413452af862dbabbce660ec22e3a61", kill_on_drop: false }`
[INFO] running `Command { std: "docker" "rm" "-f" "85fd2fb1a64b291d24db683d65ee6ca843413452af862dbabbce660ec22e3a61", kill_on_drop: false }`
[INFO] [stdout] 85fd2fb1a64b291d24db683d65ee6ca843413452af862dbabbce660ec22e3a61
