[INFO] cloning repository https://github.com/hymkor/windows1x-virtualterminal-rs
[INFO] running `Command { std: "git" "-c" "credential.helper=" "-c" "credential.helper=/workspace/cargo-home/bin/git-credential-null" "clone" "--bare" "https://github.com/hymkor/windows1x-virtualterminal-rs" "/workspace/cache/git-repos/https%3A%2F%2Fgithub.com%2Fhymkor%2Fwindows1x-virtualterminal-rs", kill_on_drop: false }`
[INFO] [stderr] Cloning into bare repository '/workspace/cache/git-repos/https%3A%2F%2Fgithub.com%2Fhymkor%2Fwindows1x-virtualterminal-rs'...
[INFO] running `Command { std: "git" "rev-parse" "HEAD", kill_on_drop: false }`
[INFO] [stdout] 62d69185b62e26cd3ea5e52684778cbb13ef372d
[INFO] testing hymkor/windows1x-virtualterminal-rs against 1.97.0-beta.6 for beta-1.98-2
[INFO] running `Command { std: "git" "clone" "/workspace/cache/git-repos/https%3A%2F%2Fgithub.com%2Fhymkor%2Fwindows1x-virtualterminal-rs" "/workspace/builds/worker-7-tc1/source", kill_on_drop: false }`
[INFO] [stderr] Cloning into '/workspace/builds/worker-7-tc1/source'...
[INFO] [stderr] done.
[INFO] started tweaking git repo https://github.com/hymkor/windows1x-virtualterminal-rs
[INFO] finished tweaking git repo https://github.com/hymkor/windows1x-virtualterminal-rs
[INFO] tweaked toml for git repo https://github.com/hymkor/windows1x-virtualterminal-rs written to /workspace/builds/worker-7-tc1/source/Cargo.toml
[INFO] validating manifest of git repo https://github.com/hymkor/windows1x-virtualterminal-rs on toolchain 1.97.0-beta.6
[INFO] running `Command { std: CARGO_HOME="/workspace/cargo-home" RUSTUP_HOME="/workspace/rustup-home" "/workspace/cargo-home/bin/cargo" "+1.97.0-beta.6" "metadata" "--manifest-path" "Cargo.toml" "--no-deps", kill_on_drop: false }`
[INFO] crate git repo https://github.com/hymkor/windows1x-virtualterminal-rs already has a lockfile, it will not be regenerated
[INFO] running `Command { std: CARGO_HOME="/workspace/cargo-home" RUSTUP_HOME="/workspace/rustup-home" "/workspace/cargo-home/bin/cargo" "+1.97.0-beta.6" "fetch" "--manifest-path" "Cargo.toml", kill_on_drop: false }`
[INFO] running `Command { std: "docker" "create" "-v" "/var/lib/crater-agent-workspace/builds/worker-7-tc1/source:/opt/rustwide/workdir:ro,Z" "-v" "/var/lib/crater-agent-workspace/builds/worker-7-tc1/target:/opt/rustwide/target:rw,Z" "-v" "/var/lib/crater-agent-workspace/cargo-home:/opt/rustwide/cargo-home:ro,Z" "-v" "/var/lib/crater-agent-workspace/rustup-home:/opt/rustwide/rustup-home:ro,Z" "-m" "1610612736" "--network" "none" "ghcr.io/rust-lang/crates-build-env/linux@sha256:3d5ced03c013a94a2f102a4510f48a6e9184255caf5fd8244f58017bde7f5210" "sleep" "infinity", kill_on_drop: false }`
[INFO] [stdout] 1c4d0374b0f8c937f41ebdd0d872c3c28cf60e4644c52986b0e3c63f2066066b
[INFO] running `Command { std: "docker" "start" "1c4d0374b0f8c937f41ebdd0d872c3c28cf60e4644c52986b0e3c63f2066066b", kill_on_drop: false }`
[INFO] running `Command { std: "docker" "inspect" "1c4d0374b0f8c937f41ebdd0d872c3c28cf60e4644c52986b0e3c63f2066066b", kill_on_drop: false }`
[INFO] running `Command { std: "docker" "exec" "-e" "SOURCE_DIR=/opt/rustwide/workdir" "-e" "CARGO_HOME=/opt/rustwide/cargo-home" "-e" "RUSTUP_HOME=/opt/rustwide/rustup-home" "-e" "CARGO_TARGET_DIR=/opt/rustwide/target" "-w" "/opt/rustwide/workdir" "--user" "0:0" "1c4d0374b0f8c937f41ebdd0d872c3c28cf60e4644c52986b0e3c63f2066066b" "/opt/rustwide/cargo-home/bin/cargo" "+1.97.0-beta.6" "metadata" "--no-deps" "--format-version=1", kill_on_drop: false }`
[INFO] running `Command { std: "docker" "inspect" "1c4d0374b0f8c937f41ebdd0d872c3c28cf60e4644c52986b0e3c63f2066066b", kill_on_drop: false }`
[INFO] running `Command { std: "docker" "exec" "-e" "SOURCE_DIR=/opt/rustwide/workdir" "-e" "CARGO_HOME=/opt/rustwide/cargo-home" "-e" "RUSTUP_HOME=/opt/rustwide/rustup-home" "-e" "CARGO_TARGET_DIR=/opt/rustwide/target" "-e" "CARGO_INCREMENTAL=0" "-e" "RUST_BACKTRACE=full" "-e" "RUSTFLAGS=--cap-lints=warn" "-e" "RUSTDOCFLAGS=--cap-lints=warn" "-w" "/opt/rustwide/workdir" "--user" "0:0" "1c4d0374b0f8c937f41ebdd0d872c3c28cf60e4644c52986b0e3c63f2066066b" "/opt/rustwide/cargo-home/bin/cargo" "+1.97.0-beta.6" "build" "--frozen" "--message-format=json", kill_on_drop: false }`
[INFO] [stderr]    Compiling windows_x86_64_gnu v0.48.5
[INFO] [stderr]    Compiling windows-targets v0.48.5
[INFO] [stderr]    Compiling windows v0.48.0
[INFO] [stderr]    Compiling virtualterminal v0.1.0 (/opt/rustwide/workdir)
[INFO] [stderr]     Finished `dev` profile [unoptimized + debuginfo] target(s) in 2.69s
[INFO] running `Command { std: "docker" "inspect" "1c4d0374b0f8c937f41ebdd0d872c3c28cf60e4644c52986b0e3c63f2066066b", kill_on_drop: false }`
[INFO] running `Command { std: "docker" "exec" "-e" "SOURCE_DIR=/opt/rustwide/workdir" "-e" "CARGO_HOME=/opt/rustwide/cargo-home" "-e" "RUSTUP_HOME=/opt/rustwide/rustup-home" "-e" "CARGO_TARGET_DIR=/opt/rustwide/target" "-e" "CARGO_INCREMENTAL=0" "-e" "RUST_BACKTRACE=full" "-e" "RUSTFLAGS=--cap-lints=warn" "-e" "RUSTDOCFLAGS=--cap-lints=warn" "-w" "/opt/rustwide/workdir" "--user" "0:0" "1c4d0374b0f8c937f41ebdd0d872c3c28cf60e4644c52986b0e3c63f2066066b" "/opt/rustwide/cargo-home/bin/cargo" "+1.97.0-beta.6" "test" "--frozen" "--no-run" "--message-format=json", kill_on_drop: false }`
[INFO] [stderr]    Compiling virtualterminal v0.1.0 (/opt/rustwide/workdir)
[INFO] [stdout] error: linking with `cc` failed: exit status: 1
[INFO] [stdout]   |
[INFO] [stdout]   = note:  "cc" "-m64" "/opt/rustwide/target/debug/examples/rustcryQTsr/symbols.o" "<2 object files omitted>" "-Wl,--as-needed" "-Wl,-Bstatic" "/opt/rustwide/target/debug/deps/{libvirtualterminal-de0547a943b275a0,libwindows-71b0b7460396bc8a,libwindows_targets-bfc48bc43bbd3453}.rlib" "<sysroot>/lib/rustlib/x86_64-unknown-linux-gnu/lib/{libstd-*,libpanic_unwind-*,libobject-*,libmemchr-*,libaddr2line-*,libgimli-*,libcfg_if-*,librustc_demangle-*,libstd_detect-*,libhashbrown-*,librustc_std_workspace_alloc-*,libminiz_oxide-*,libadler2-*,libunwind-*,liblibc-*,librustc_std_workspace_core-*,liballoc-*,libcore-*,libcompiler_builtins-*}.rlib" "-Wl,-Bdynamic" "-lgcc_s" "-lutil" "-lrt" "-lpthread" "-lm" "-ldl" "-lc" "-L" "/opt/rustwide/target/debug/examples/rustcryQTsr/raw-dylibs" "-B<sysroot>/lib/rustlib/x86_64-unknown-linux-gnu/bin/gcc-ld" "-fuse-ld=lld" "-Wl,--eh-frame-hdr" "-Wl,-z,noexecstack" "-L" "<sysroot>/lib/rustlib/x86_64-unknown-linux-gnu/lib" "-o" "/opt/rustwide/target/debug/examples/width-308c52a7d5d38e11" "-Wl,--gc-sections" "-pie" "-Wl,-z,relro,-z,now" "-nodefaultlibs"
[INFO] [stdout]   = note: some arguments are omitted. use `--verbose` to show all linker arguments
[INFO] [stdout]   = note: rust-lld: error: undefined symbol: GetConsoleScreenBufferInfo
[INFO] [stdout]           >>> referenced by mod.rs:338 (/opt/rustwide/cargo-home/registry/src/index.crates.io-1949cf8c6b5b557f/windows-0.48.0/src/Windows/Win32/System/Console/mod.rs:338)
[INFO] [stdout]           >>>               virtualterminal-de0547a943b275a0.virtualterminal.46d65f9ac25f1126-cgu.0.rcgu.o:(windows::Windows::Win32::System::Console::GetConsoleScreenBufferInfo::<windows::Windows::Win32::Foundation::HANDLE>) in archive /opt/rustwide/target/debug/deps/libvirtualterminal-de0547a943b275a0.rlib
[INFO] [stdout]           
[INFO] [stdout]           rust-lld: error: undefined symbol: GetStdHandle
[INFO] [stdout]           >>> referenced by mod.rs:430 (/opt/rustwide/cargo-home/registry/src/index.crates.io-1949cf8c6b5b557f/windows-0.48.0/src/Windows/Win32/System/Console/mod.rs:430)
[INFO] [stdout]           >>>               virtualterminal-de0547a943b275a0.virtualterminal.46d65f9ac25f1126-cgu.0.rcgu.o:(windows::Windows::Win32::System::Console::GetStdHandle) in archive /opt/rustwide/target/debug/deps/libvirtualterminal-de0547a943b275a0.rlib
[INFO] [stdout]           
[INFO] [stdout]           rust-lld: error: undefined symbol: LoadLibraryA
[INFO] [stdout]           >>> referenced by delay_load.rs:11 (src/imp/delay_load.rs:11)
[INFO] [stdout]           >>>               windows-71b0b7460396bc8a.windows.49309318946cd05a-cgu.0.rcgu.o:(windows::imp::delay_load::delay_load::<extern "system" fn(windows::core::hresult::HRESULT, *mut core::ffi::c_void) -> i32>) in archive /opt/rustwide/target/debug/deps/libwindows-71b0b7460396bc8a.rlib
[INFO] [stdout]           
[INFO] [stdout]           rust-lld: error: undefined symbol: GetProcAddress
[INFO] [stdout]           >>> referenced by delay_load.rs:17 (src/imp/delay_load.rs:17)
[INFO] [stdout]           >>>               windows-71b0b7460396bc8a.windows.49309318946cd05a-cgu.0.rcgu.o:(windows::imp::delay_load::delay_load::<extern "system" fn(windows::core::hresult::HRESULT, *mut core::ffi::c_void) -> i32>) in archive /opt/rustwide/target/debug/deps/libwindows-71b0b7460396bc8a.rlib
[INFO] [stdout]           
[INFO] [stdout]           rust-lld: error: undefined symbol: FreeLibrary
[INFO] [stdout]           >>> referenced by delay_load.rs:23 (src/imp/delay_load.rs:23)
[INFO] [stdout]           >>>               windows-71b0b7460396bc8a.windows.49309318946cd05a-cgu.0.rcgu.o:(windows::imp::delay_load::delay_load::<extern "system" fn(windows::core::hresult::HRESULT, *mut core::ffi::c_void) -> i32>) in archive /opt/rustwide/target/debug/deps/libwindows-71b0b7460396bc8a.rlib
[INFO] [stdout]           
[INFO] [stdout]           rust-lld: error: undefined symbol: SysStringLen
[INFO] [stdout]           >>> referenced by bstr.rs:27 (src/core/strings/bstr.rs:27)
[INFO] [stdout]           >>>               windows-71b0b7460396bc8a.windows.49309318946cd05a-cgu.0.rcgu.o:(<windows::core::strings::bstr::BSTR>::len) in archive /opt/rustwide/target/debug/deps/libwindows-71b0b7460396bc8a.rlib
[INFO] [stdout]           
[INFO] [stdout]           rust-lld: error: undefined symbol: SysFreeString
[INFO] [stdout]           >>> referenced by bstr.rs:154 (src/core/strings/bstr.rs:154)
[INFO] [stdout]           >>>               windows-71b0b7460396bc8a.windows.49309318946cd05a-cgu.0.rcgu.o:(<windows::core::strings::bstr::BSTR as core::ops::drop::Drop>::drop) in archive /opt/rustwide/target/debug/deps/libwindows-71b0b7460396bc8a.rlib
[INFO] [stdout]           
[INFO] [stdout]           rust-lld: error: undefined symbol: FormatMessageW
[INFO] [stdout]           >>> referenced by hresult.rs:89 (src/core/hresult.rs:89)
[INFO] [stdout]           >>>               windows-71b0b7460396bc8a.windows.49309318946cd05a-cgu.1.rcgu.o:(<windows::core::hresult::HRESULT>::message) in archive /opt/rustwide/target/debug/deps/libwindows-71b0b7460396bc8a.rlib
[INFO] [stdout]           
[INFO] [stdout]           rust-lld: error: undefined symbol: GetProcessHeap
[INFO] [stdout]           >>> referenced by heap.rs:10 (src/imp/heap.rs:10)
[INFO] [stdout]           >>>               windows-71b0b7460396bc8a.windows.49309318946cd05a-cgu.3.rcgu.o:(windows::imp::heap::heap_alloc) in archive /opt/rustwide/target/debug/deps/libwindows-71b0b7460396bc8a.rlib
[INFO] [stdout]           >>> referenced by heap.rs:34 (src/imp/heap.rs:34)
[INFO] [stdout]           >>>               windows-71b0b7460396bc8a.windows.49309318946cd05a-cgu.3.rcgu.o:(windows::imp::heap::heap_free) in archive /opt/rustwide/target/debug/deps/libwindows-71b0b7460396bc8a.rlib
[INFO] [stdout]           
[INFO] [stdout]           rust-lld: error: undefined symbol: HeapAlloc
[INFO] [stdout]           >>> referenced by heap.rs:10 (src/imp/heap.rs:10)
[INFO] [stdout]           >>>               windows-71b0b7460396bc8a.windows.49309318946cd05a-cgu.3.rcgu.o:(windows::imp::heap::heap_alloc) in archive /opt/rustwide/target/debug/deps/libwindows-71b0b7460396bc8a.rlib
[INFO] [stdout]           
[INFO] [stdout]           rust-lld: error: undefined symbol: HeapFree
[INFO] [stdout]           >>> referenced by heap.rs:34 (src/imp/heap.rs:34)
[INFO] [stdout]           >>>               windows-71b0b7460396bc8a.windows.49309318946cd05a-cgu.3.rcgu.o:(windows::imp::heap::heap_free) in archive /opt/rustwide/target/debug/deps/libwindows-71b0b7460396bc8a.rlib
[INFO] [stdout]           
[INFO] [stdout]           rust-lld: error: undefined symbol: GetLastError
[INFO] [stdout]           >>> referenced by error.rs:28 (src/core/error.rs:28)
[INFO] [stdout]           >>>               windows-71b0b7460396bc8a.windows.49309318946cd05a-cgu.2.rcgu.o:(<windows::core::error::Error>::from_win32) in archive /opt/rustwide/target/debug/deps/libwindows-71b0b7460396bc8a.rlib
[INFO] [stdout]           
[INFO] [stdout]           rust-lld: error: undefined symbol: GetErrorInfo
[INFO] [stdout]           >>> referenced by error.rs:154 (src/core/error.rs:154)
[INFO] [stdout]           >>>               windows-71b0b7460396bc8a.windows.49309318946cd05a-cgu.2.rcgu.o:(windows::core::error::GetErrorInfo) in archive /opt/rustwide/target/debug/deps/libwindows-71b0b7460396bc8a.rlib
[INFO] [stdout]           collect2: error: ld returned 1 exit status
[INFO] [stdout]           
[INFO] [stdout] 
[INFO] [stdout] 
[INFO] [stderr] error: could not compile `virtualterminal` (example "width") due to 1 previous error
[INFO] [stderr] warning: build failed, waiting for other jobs to finish...
[INFO] [stdout] error: linking with `cc` failed: exit status: 1
[INFO] [stdout]   |
[INFO] [stdout]   = note:  "cc" "-m64" "/opt/rustwide/target/debug/examples/rustcViNAUZ/symbols.o" "<2 object files omitted>" "-Wl,--as-needed" "-Wl,-Bstatic" "/opt/rustwide/target/debug/deps/{libvirtualterminal-de0547a943b275a0,libwindows-71b0b7460396bc8a,libwindows_targets-bfc48bc43bbd3453}.rlib" "<sysroot>/lib/rustlib/x86_64-unknown-linux-gnu/lib/{libstd-*,libpanic_unwind-*,libobject-*,libmemchr-*,libaddr2line-*,libgimli-*,libcfg_if-*,librustc_demangle-*,libstd_detect-*,libhashbrown-*,librustc_std_workspace_alloc-*,libminiz_oxide-*,libadler2-*,libunwind-*,liblibc-*,librustc_std_workspace_core-*,liballoc-*,libcore-*,libcompiler_builtins-*}.rlib" "-Wl,-Bdynamic" "-lgcc_s" "-lutil" "-lrt" "-lpthread" "-lm" "-ldl" "-lc" "-L" "/opt/rustwide/target/debug/examples/rustcViNAUZ/raw-dylibs" "-B<sysroot>/lib/rustlib/x86_64-unknown-linux-gnu/bin/gcc-ld" "-fuse-ld=lld" "-Wl,--eh-frame-hdr" "-Wl,-z,noexecstack" "-L" "<sysroot>/lib/rustlib/x86_64-unknown-linux-gnu/lib" "-o" "/opt/rustwide/target/debug/examples/color-b627a886a7fc2896" "-Wl,--gc-sections" "-pie" "-Wl,-z,relro,-z,now" "-nodefaultlibs"
[INFO] [stdout]   = note: some arguments are omitted. use `--verbose` to show all linker arguments
[INFO] [stdout]   = note: rust-lld: error: undefined symbol: GetConsoleMode
[INFO] [stdout]           >>> referenced by mod.rs:304 (/opt/rustwide/cargo-home/registry/src/index.crates.io-1949cf8c6b5b557f/windows-0.48.0/src/Windows/Win32/System/Console/mod.rs:304)
[INFO] [stdout]           >>>               virtualterminal-de0547a943b275a0.virtualterminal.46d65f9ac25f1126-cgu.0.rcgu.o:(windows::Windows::Win32::System::Console::GetConsoleMode::<windows::Windows::Win32::Foundation::HANDLE>) in archive /opt/rustwide/target/debug/deps/libvirtualterminal-de0547a943b275a0.rlib
[INFO] [stdout]           
[INFO] [stdout]           rust-lld: error: undefined symbol: SetConsoleMode
[INFO] [stdout]           >>> referenced by mod.rs:644 (/opt/rustwide/cargo-home/registry/src/index.crates.io-1949cf8c6b5b557f/windows-0.48.0/src/Windows/Win32/System/Console/mod.rs:644)
[INFO] [stdout]           >>>               virtualterminal-de0547a943b275a0.virtualterminal.46d65f9ac25f1126-cgu.0.rcgu.o:(windows::Windows::Win32::System::Console::SetConsoleMode::<windows::Windows::Win32::Foundation::HANDLE>) in archive /opt/rustwide/target/debug/deps/libvirtualterminal-de0547a943b275a0.rlib
[INFO] [stdout]           
[INFO] [stdout]           rust-lld: error: undefined symbol: GetStdHandle
[INFO] [stdout]           >>> referenced by mod.rs:430 (/opt/rustwide/cargo-home/registry/src/index.crates.io-1949cf8c6b5b557f/windows-0.48.0/src/Windows/Win32/System/Console/mod.rs:430)
[INFO] [stdout]           >>>               virtualterminal-de0547a943b275a0.virtualterminal.46d65f9ac25f1126-cgu.0.rcgu.o:(windows::Windows::Win32::System::Console::GetStdHandle) in archive /opt/rustwide/target/debug/deps/libvirtualterminal-de0547a943b275a0.rlib
[INFO] [stdout]           
[INFO] [stdout]           rust-lld: error: undefined symbol: GetLastError
[INFO] [stdout]           >>> referenced by error.rs:28 (src/core/error.rs:28)
[INFO] [stdout]           >>>               windows-71b0b7460396bc8a.windows.49309318946cd05a-cgu.2.rcgu.o:(<windows::core::error::Error>::from_win32) in archive /opt/rustwide/target/debug/deps/libwindows-71b0b7460396bc8a.rlib
[INFO] [stdout]           collect2: error: ld returned 1 exit status
[INFO] [stdout]           
[INFO] [stdout] 
[INFO] [stdout] 
[INFO] [stderr] error: could not compile `virtualterminal` (example "color") due to 1 previous error
[INFO] [stdout] error: linking with `cc` failed: exit status: 1
[INFO] [stdout]   |
[INFO] [stdout]   = note:  "cc" "-m64" "/opt/rustwide/target/debug/examples/rustc5zUGvP/symbols.o" "<2 object files omitted>" "-Wl,--as-needed" "-Wl,-Bstatic" "/opt/rustwide/target/debug/deps/{libvirtualterminal-de0547a943b275a0,libwindows-71b0b7460396bc8a,libwindows_targets-bfc48bc43bbd3453}.rlib" "<sysroot>/lib/rustlib/x86_64-unknown-linux-gnu/lib/{libstd-*,libpanic_unwind-*,libobject-*,libmemchr-*,libaddr2line-*,libgimli-*,libcfg_if-*,librustc_demangle-*,libstd_detect-*,libhashbrown-*,librustc_std_workspace_alloc-*,libminiz_oxide-*,libadler2-*,libunwind-*,liblibc-*,librustc_std_workspace_core-*,liballoc-*,libcore-*,libcompiler_builtins-*}.rlib" "-Wl,-Bdynamic" "-lgcc_s" "-lutil" "-lrt" "-lpthread" "-lm" "-ldl" "-lc" "-L" "/opt/rustwide/target/debug/examples/rustc5zUGvP/raw-dylibs" "-B<sysroot>/lib/rustlib/x86_64-unknown-linux-gnu/bin/gcc-ld" "-fuse-ld=lld" "-Wl,--eh-frame-hdr" "-Wl,-z,noexecstack" "-L" "<sysroot>/lib/rustlib/x86_64-unknown-linux-gnu/lib" "-o" "/opt/rustwide/target/debug/examples/ng-a36d2f3fab582099" "-Wl,--gc-sections" "-pie" "-Wl,-z,relro,-z,now" "-nodefaultlibs"
[INFO] [stdout]   = note: some arguments are omitted. use `--verbose` to show all linker arguments
[INFO] [stdout]   = note: rust-lld: error: undefined symbol: GetConsoleMode
[INFO] [stdout]           >>> referenced by mod.rs:304 (/opt/rustwide/cargo-home/registry/src/index.crates.io-1949cf8c6b5b557f/windows-0.48.0/src/Windows/Win32/System/Console/mod.rs:304)
[INFO] [stdout]           >>>               virtualterminal-de0547a943b275a0.virtualterminal.46d65f9ac25f1126-cgu.0.rcgu.o:(windows::Windows::Win32::System::Console::GetConsoleMode::<windows::Windows::Win32::Foundation::HANDLE>) in archive /opt/rustwide/target/debug/deps/libvirtualterminal-de0547a943b275a0.rlib
[INFO] [stdout]           
[INFO] [stdout]           rust-lld: error: undefined symbol: SetConsoleMode
[INFO] [stdout]           >>> referenced by mod.rs:644 (/opt/rustwide/cargo-home/registry/src/index.crates.io-1949cf8c6b5b557f/windows-0.48.0/src/Windows/Win32/System/Console/mod.rs:644)
[INFO] [stdout]           >>>               virtualterminal-de0547a943b275a0.virtualterminal.46d65f9ac25f1126-cgu.0.rcgu.o:(windows::Windows::Win32::System::Console::SetConsoleMode::<windows::Windows::Win32::Foundation::HANDLE>) in archive /opt/rustwide/target/debug/deps/libvirtualterminal-de0547a943b275a0.rlib
[INFO] [stdout]           
[INFO] [stdout]           rust-lld: error: undefined symbol: GetStdHandle
[INFO] [stdout]           >>> referenced by mod.rs:430 (/opt/rustwide/cargo-home/registry/src/index.crates.io-1949cf8c6b5b557f/windows-0.48.0/src/Windows/Win32/System/Console/mod.rs:430)
[INFO] [stdout]           >>>               virtualterminal-de0547a943b275a0.virtualterminal.46d65f9ac25f1126-cgu.0.rcgu.o:(windows::Windows::Win32::System::Console::GetStdHandle) in archive /opt/rustwide/target/debug/deps/libvirtualterminal-de0547a943b275a0.rlib
[INFO] [stdout]           
[INFO] [stdout]           rust-lld: error: undefined symbol: LoadLibraryA
[INFO] [stdout]           >>> referenced by delay_load.rs:11 (src/imp/delay_load.rs:11)
[INFO] [stdout]           >>>               windows-71b0b7460396bc8a.windows.49309318946cd05a-cgu.0.rcgu.o:(windows::imp::delay_load::delay_load::<extern "system" fn(windows::core::hresult::HRESULT, *mut core::ffi::c_void) -> i32>) in archive /opt/rustwide/target/debug/deps/libwindows-71b0b7460396bc8a.rlib
[INFO] [stdout]           
[INFO] [stdout]           rust-lld: error: undefined symbol: GetProcAddress
[INFO] [stdout]           >>> referenced by delay_load.rs:17 (src/imp/delay_load.rs:17)
[INFO] [stdout]           >>>               windows-71b0b7460396bc8a.windows.49309318946cd05a-cgu.0.rcgu.o:(windows::imp::delay_load::delay_load::<extern "system" fn(windows::core::hresult::HRESULT, *mut core::ffi::c_void) -> i32>) in archive /opt/rustwide/target/debug/deps/libwindows-71b0b7460396bc8a.rlib
[INFO] [stdout]           
[INFO] [stdout]           rust-lld: error: undefined symbol: FreeLibrary
[INFO] [stdout]           >>> referenced by delay_load.rs:23 (src/imp/delay_load.rs:23)
[INFO] [stdout]           >>>               windows-71b0b7460396bc8a.windows.49309318946cd05a-cgu.0.rcgu.o:(windows::imp::delay_load::delay_load::<extern "system" fn(windows::core::hresult::HRESULT, *mut core::ffi::c_void) -> i32>) in archive /opt/rustwide/target/debug/deps/libwindows-71b0b7460396bc8a.rlib
[INFO] [stdout]           
[INFO] [stdout]           rust-lld: error: undefined symbol: SysStringLen
[INFO] [stdout]           >>> referenced by bstr.rs:27 (src/core/strings/bstr.rs:27)
[INFO] [stdout]           >>>               windows-71b0b7460396bc8a.windows.49309318946cd05a-cgu.0.rcgu.o:(<windows::core::strings::bstr::BSTR>::len) in archive /opt/rustwide/target/debug/deps/libwindows-71b0b7460396bc8a.rlib
[INFO] [stdout]           
[INFO] [stdout]           rust-lld: error: undefined symbol: SysFreeString
[INFO] [stdout]           >>> referenced by bstr.rs:154 (src/core/strings/bstr.rs:154)
[INFO] [stdout]           >>>               windows-71b0b7460396bc8a.windows.49309318946cd05a-cgu.0.rcgu.o:(<windows::core::strings::bstr::BSTR as core::ops::drop::Drop>::drop) in archive /opt/rustwide/target/debug/deps/libwindows-71b0b7460396bc8a.rlib
[INFO] [stdout]           
[INFO] [stdout]           rust-lld: error: undefined symbol: FormatMessageW
[INFO] [stdout]           >>> referenced by hresult.rs:89 (src/core/hresult.rs:89)
[INFO] [stdout]           >>>               windows-71b0b7460396bc8a.windows.49309318946cd05a-cgu.1.rcgu.o:(<windows::core::hresult::HRESULT>::message) in archive /opt/rustwide/target/debug/deps/libwindows-71b0b7460396bc8a.rlib
[INFO] [stdout]           
[INFO] [stdout]           rust-lld: error: undefined symbol: GetProcessHeap
[INFO] [stdout]           >>> referenced by heap.rs:10 (src/imp/heap.rs:10)
[INFO] [stdout]           >>>               windows-71b0b7460396bc8a.windows.49309318946cd05a-cgu.3.rcgu.o:(windows::imp::heap::heap_alloc) in archive /opt/rustwide/target/debug/deps/libwindows-71b0b7460396bc8a.rlib
[INFO] [stdout]           >>> referenced by heap.rs:34 (src/imp/heap.rs:34)
[INFO] [stdout]           >>>               windows-71b0b7460396bc8a.windows.49309318946cd05a-cgu.3.rcgu.o:(windows::imp::heap::heap_free) in archive /opt/rustwide/target/debug/deps/libwindows-71b0b7460396bc8a.rlib
[INFO] [stdout]           
[INFO] [stdout]           rust-lld: error: undefined symbol: HeapAlloc
[INFO] [stdout]           >>> referenced by heap.rs:10 (src/imp/heap.rs:10)
[INFO] [stdout]           >>>               windows-71b0b7460396bc8a.windows.49309318946cd05a-cgu.3.rcgu.o:(windows::imp::heap::heap_alloc) in archive /opt/rustwide/target/debug/deps/libwindows-71b0b7460396bc8a.rlib
[INFO] [stdout]           
[INFO] [stdout]           rust-lld: error: undefined symbol: HeapFree
[INFO] [stdout]           >>> referenced by heap.rs:34 (src/imp/heap.rs:34)
[INFO] [stdout]           >>>               windows-71b0b7460396bc8a.windows.49309318946cd05a-cgu.3.rcgu.o:(windows::imp::heap::heap_free) in archive /opt/rustwide/target/debug/deps/libwindows-71b0b7460396bc8a.rlib
[INFO] [stdout]           
[INFO] [stdout]           rust-lld: error: undefined symbol: GetLastError
[INFO] [stdout]           >>> referenced by error.rs:28 (src/core/error.rs:28)
[INFO] [stdout]           >>>               windows-71b0b7460396bc8a.windows.49309318946cd05a-cgu.2.rcgu.o:(<windows::core::error::Error>::from_win32) in archive /opt/rustwide/target/debug/deps/libwindows-71b0b7460396bc8a.rlib
[INFO] [stdout]           
[INFO] [stdout]           rust-lld: error: undefined symbol: GetErrorInfo
[INFO] [stdout]           >>> referenced by error.rs:154 (src/core/error.rs:154)
[INFO] [stdout]           >>>               windows-71b0b7460396bc8a.windows.49309318946cd05a-cgu.2.rcgu.o:(windows::core::error::GetErrorInfo) in archive /opt/rustwide/target/debug/deps/libwindows-71b0b7460396bc8a.rlib
[INFO] [stdout]           collect2: error: ld returned 1 exit status
[INFO] [stdout]           
[INFO] [stdout] 
[INFO] [stdout] 
[INFO] [stderr] error: could not compile `virtualterminal` (example "ng") due to 1 previous error
[INFO] [stdout] error: linking with `cc` failed: exit status: 1
[INFO] [stdout]   |
[INFO] [stdout]   = note:  "cc" "-m64" "/opt/rustwide/target/debug/examples/rustcUvR5rh/symbols.o" "<2 object files omitted>" "-Wl,--as-needed" "-Wl,-Bstatic" "/opt/rustwide/target/debug/deps/{libvirtualterminal-de0547a943b275a0,libwindows-71b0b7460396bc8a,libwindows_targets-bfc48bc43bbd3453}.rlib" "<sysroot>/lib/rustlib/x86_64-unknown-linux-gnu/lib/{libstd-*,libpanic_unwind-*,libobject-*,libmemchr-*,libaddr2line-*,libgimli-*,libcfg_if-*,librustc_demangle-*,libstd_detect-*,libhashbrown-*,librustc_std_workspace_alloc-*,libminiz_oxide-*,libadler2-*,libunwind-*,liblibc-*,librustc_std_workspace_core-*,liballoc-*,libcore-*,libcompiler_builtins-*}.rlib" "-Wl,-Bdynamic" "-lgcc_s" "-lutil" "-lrt" "-lpthread" "-lm" "-ldl" "-lc" "-L" "/opt/rustwide/target/debug/examples/rustcUvR5rh/raw-dylibs" "-B<sysroot>/lib/rustlib/x86_64-unknown-linux-gnu/bin/gcc-ld" "-fuse-ld=lld" "-Wl,--eh-frame-hdr" "-Wl,-z,noexecstack" "-L" "<sysroot>/lib/rustlib/x86_64-unknown-linux-gnu/lib" "-o" "/opt/rustwide/target/debug/examples/getkey-9cf58c4a3aec7f6f" "-Wl,--gc-sections" "-pie" "-Wl,-z,relro,-z,now" "-nodefaultlibs"
[INFO] [stdout]   = note: some arguments are omitted. use `--verbose` to show all linker arguments
[INFO] [stdout]   = note: rust-lld: error: undefined symbol: GetConsoleMode
[INFO] [stdout]           >>> referenced by mod.rs:304 (/opt/rustwide/cargo-home/registry/src/index.crates.io-1949cf8c6b5b557f/windows-0.48.0/src/Windows/Win32/System/Console/mod.rs:304)
[INFO] [stdout]           >>>               virtualterminal-de0547a943b275a0.virtualterminal.46d65f9ac25f1126-cgu.0.rcgu.o:(windows::Windows::Win32::System::Console::GetConsoleMode::<windows::Windows::Win32::Foundation::HANDLE>) in archive /opt/rustwide/target/debug/deps/libvirtualterminal-de0547a943b275a0.rlib
[INFO] [stdout]           
[INFO] [stdout]           rust-lld: error: undefined symbol: SetConsoleMode
[INFO] [stdout]           >>> referenced by mod.rs:644 (/opt/rustwide/cargo-home/registry/src/index.crates.io-1949cf8c6b5b557f/windows-0.48.0/src/Windows/Win32/System/Console/mod.rs:644)
[INFO] [stdout]           >>>               virtualterminal-de0547a943b275a0.virtualterminal.46d65f9ac25f1126-cgu.0.rcgu.o:(windows::Windows::Win32::System::Console::SetConsoleMode::<windows::Windows::Win32::Foundation::HANDLE>) in archive /opt/rustwide/target/debug/deps/libvirtualterminal-de0547a943b275a0.rlib
[INFO] [stdout]           
[INFO] [stdout]           rust-lld: error: undefined symbol: GetStdHandle
[INFO] [stdout]           >>> referenced by mod.rs:430 (/opt/rustwide/cargo-home/registry/src/index.crates.io-1949cf8c6b5b557f/windows-0.48.0/src/Windows/Win32/System/Console/mod.rs:430)
[INFO] [stdout]           >>>               virtualterminal-de0547a943b275a0.virtualterminal.46d65f9ac25f1126-cgu.0.rcgu.o:(windows::Windows::Win32::System::Console::GetStdHandle) in archive /opt/rustwide/target/debug/deps/libvirtualterminal-de0547a943b275a0.rlib
[INFO] [stdout]           
[INFO] [stdout]           rust-lld: error: undefined symbol: GetLastError
[INFO] [stdout]           >>> referenced by error.rs:28 (src/core/error.rs:28)
[INFO] [stdout]           >>>               windows-71b0b7460396bc8a.windows.49309318946cd05a-cgu.2.rcgu.o:(<windows::core::error::Error>::from_win32) in archive /opt/rustwide/target/debug/deps/libwindows-71b0b7460396bc8a.rlib
[INFO] [stdout]           collect2: error: ld returned 1 exit status
[INFO] [stdout]           
[INFO] [stdout] 
[INFO] [stdout] 
[INFO] [stderr] error: could not compile `virtualterminal` (example "getkey") due to 1 previous error
[INFO] running `Command { std: "docker" "inspect" "1c4d0374b0f8c937f41ebdd0d872c3c28cf60e4644c52986b0e3c63f2066066b", kill_on_drop: false }`
[INFO] running `Command { std: "docker" "rm" "-f" "1c4d0374b0f8c937f41ebdd0d872c3c28cf60e4644c52986b0e3c63f2066066b", kill_on_drop: false }`
[INFO] [stdout] 1c4d0374b0f8c937f41ebdd0d872c3c28cf60e4644c52986b0e3c63f2066066b
