[INFO] cloning repository https://github.com/hydr0g3nz/context_builder
[INFO] running `Command { std: "git" "-c" "credential.helper=" "-c" "credential.helper=/workspace/cargo-home/bin/git-credential-null" "clone" "--bare" "https://github.com/hydr0g3nz/context_builder" "/workspace/cache/git-repos/https%3A%2F%2Fgithub.com%2Fhydr0g3nz%2Fcontext_builder", kill_on_drop: false }`
[INFO] [stderr] Cloning into bare repository '/workspace/cache/git-repos/https%3A%2F%2Fgithub.com%2Fhydr0g3nz%2Fcontext_builder'...
[INFO] running `Command { std: "git" "rev-parse" "HEAD", kill_on_drop: false }`
[INFO] [stdout] 6491fdea5077803744603e4d06f3e749b10e1741
[INFO] testing hydr0g3nz/context_builder against 1.98.0-beta.1 for beta-1.98-2
[INFO] running `Command { std: "git" "clone" "/workspace/cache/git-repos/https%3A%2F%2Fgithub.com%2Fhydr0g3nz%2Fcontext_builder" "/workspace/builds/worker-1-tc2/source", kill_on_drop: false }`
[INFO] [stderr] Cloning into '/workspace/builds/worker-1-tc2/source'...
[INFO] [stderr] done.
[INFO] started tweaking git repo https://github.com/hydr0g3nz/context_builder
[INFO] finished tweaking git repo https://github.com/hydr0g3nz/context_builder
[INFO] tweaked toml for git repo https://github.com/hydr0g3nz/context_builder written to /workspace/builds/worker-1-tc2/source/Cargo.toml
[INFO] validating manifest of git repo https://github.com/hydr0g3nz/context_builder on toolchain 1.98.0-beta.1
[INFO] running `Command { std: CARGO_HOME="/workspace/cargo-home" RUSTUP_HOME="/workspace/rustup-home" "/workspace/cargo-home/bin/cargo" "+1.98.0-beta.1" "metadata" "--manifest-path" "Cargo.toml" "--no-deps", kill_on_drop: false }`
[INFO] crate git repo https://github.com/hydr0g3nz/context_builder already has a lockfile, it will not be regenerated
[INFO] running `Command { std: CARGO_HOME="/workspace/cargo-home" RUSTUP_HOME="/workspace/rustup-home" "/workspace/cargo-home/bin/cargo" "+1.98.0-beta.1" "fetch" "--manifest-path" "Cargo.toml", kill_on_drop: false }`
[INFO] running `Command { std: "docker" "create" "-v" "/var/lib/crater-agent-workspace/builds/worker-1-tc2/source:/opt/rustwide/workdir:ro,Z" "-v" "/var/lib/crater-agent-workspace/builds/worker-1-tc2/target:/opt/rustwide/target:rw,Z" "-v" "/var/lib/crater-agent-workspace/cargo-home:/opt/rustwide/cargo-home:ro,Z" "-v" "/var/lib/crater-agent-workspace/rustup-home:/opt/rustwide/rustup-home:ro,Z" "-m" "1610612736" "--network" "none" "ghcr.io/rust-lang/crates-build-env/linux@sha256:3d5ced03c013a94a2f102a4510f48a6e9184255caf5fd8244f58017bde7f5210" "sleep" "infinity", kill_on_drop: false }`
[INFO] [stdout] 687a04fc1b75405080f110b394a6a086eaafb48896efb397bdeace91a4c3afc6
[INFO] running `Command { std: "docker" "start" "687a04fc1b75405080f110b394a6a086eaafb48896efb397bdeace91a4c3afc6", kill_on_drop: false }`
[INFO] running `Command { std: "docker" "inspect" "687a04fc1b75405080f110b394a6a086eaafb48896efb397bdeace91a4c3afc6", kill_on_drop: false }`
[INFO] running `Command { std: "docker" "exec" "-e" "SOURCE_DIR=/opt/rustwide/workdir" "-e" "CARGO_HOME=/opt/rustwide/cargo-home" "-e" "RUSTUP_HOME=/opt/rustwide/rustup-home" "-e" "CARGO_TARGET_DIR=/opt/rustwide/target" "-w" "/opt/rustwide/workdir" "--user" "0:0" "687a04fc1b75405080f110b394a6a086eaafb48896efb397bdeace91a4c3afc6" "/opt/rustwide/cargo-home/bin/cargo" "+1.98.0-beta.1" "metadata" "--no-deps" "--format-version=1", kill_on_drop: false }`
[INFO] running `Command { std: "docker" "inspect" "687a04fc1b75405080f110b394a6a086eaafb48896efb397bdeace91a4c3afc6", kill_on_drop: false }`
[INFO] running `Command { std: "docker" "exec" "-e" "SOURCE_DIR=/opt/rustwide/workdir" "-e" "CARGO_HOME=/opt/rustwide/cargo-home" "-e" "RUSTUP_HOME=/opt/rustwide/rustup-home" "-e" "CARGO_TARGET_DIR=/opt/rustwide/target" "-e" "CARGO_INCREMENTAL=0" "-e" "RUST_BACKTRACE=full" "-e" "RUSTFLAGS=--cap-lints=warn" "-e" "RUSTDOCFLAGS=--cap-lints=warn" "-w" "/opt/rustwide/workdir" "--user" "0:0" "687a04fc1b75405080f110b394a6a086eaafb48896efb397bdeace91a4c3afc6" "/opt/rustwide/cargo-home/bin/cargo" "+1.98.0-beta.1" "build" "--frozen" "--message-format=json", kill_on_drop: false }`
[INFO] [stderr]    Compiling unicode-ident v1.0.24
[INFO] [stderr]    Compiling quote v1.0.45
[INFO] [stderr]    Compiling once_cell v1.21.4
[INFO] [stderr]    Compiling libc v0.2.185
[INFO] [stderr]    Compiling zerocopy v0.8.48
[INFO] [stderr]    Compiling pkg-config v0.3.33
[INFO] [stderr]    Compiling cc v1.2.60
[INFO] [stderr]    Compiling ahash v0.8.12
[INFO] [stderr]    Compiling anstyle-parse v1.0.0
[INFO] [stderr]    Compiling regex-automata v0.4.14
[INFO] [stderr]    Compiling anstyle v1.0.14
[INFO] [stderr]    Compiling rustix v0.38.44
[INFO] [stderr]    Compiling crossbeam-epoch v0.9.18
[INFO] [stderr]    Compiling colorchoice v1.0.5
[INFO] [stderr]    Compiling bitflags v2.11.1
[INFO] [stderr]    Compiling hashbrown v0.17.0
[INFO] [stderr]    Compiling either v1.15.0
[INFO] [stderr]    Compiling proc-macro2 v1.0.106
[INFO] [stderr]    Compiling tracing-core v0.1.36
[INFO] [stderr]    Compiling smallvec v1.15.1
[INFO] [stderr]    Compiling serde_json v1.0.149
[INFO] [stderr]    Compiling anstream v1.0.0
[INFO] [stderr]    Compiling clap_lex v1.1.0
[INFO] [stderr]    Compiling linux-raw-sys v0.4.15
[INFO] [stderr]    Compiling anyhow v1.0.102
[INFO] [stderr]    Compiling sharded-slab v0.1.7
[INFO] [stderr]    Compiling thread_local v1.1.9
[INFO] [stderr]    Compiling fallible-iterator v0.3.0
[INFO] [stderr]    Compiling crossbeam-deque v0.8.6
[INFO] [stderr]    Compiling tracing-log v0.2.0
[INFO] [stderr]    Compiling clap_builder v4.6.0
[INFO] [stderr]    Compiling constant_time_eq v0.4.2
[INFO] [stderr]    Compiling rayon-core v1.13.0
[INFO] [stderr]    Compiling indexmap v2.14.0
[INFO] [stderr]    Compiling arrayvec v0.7.6
[INFO] [stderr]    Compiling nu-ansi-term v0.50.3
[INFO] [stderr]    Compiling cpufeatures v0.3.0
[INFO] [stderr]    Compiling home v0.5.12
[INFO] [stderr]    Compiling fixedbitset v0.4.2
[INFO] [stderr]    Compiling syn v2.0.117
[INFO] [stderr]    Compiling itoa v1.0.18
[INFO] [stderr]    Compiling fallible-streaming-iterator v0.1.9
[INFO] [stderr]    Compiling arrayref v0.3.9
[INFO] [stderr]    Compiling rayon v1.12.0
[INFO] [stderr]    Compiling tree-sitter v0.22.6
[INFO] [stderr]    Compiling libsqlite3-sys v0.28.0
[INFO] [stderr]    Compiling tree-sitter-go v0.21.2
[INFO] [stderr]    Compiling blake3 v1.8.4
[INFO] [stderr]    Compiling errno v0.3.14
[INFO] [stderr]    Compiling console v0.15.11
[INFO] [stderr]    Compiling mio v1.2.0
[INFO] [stderr]    Compiling atty v0.2.14
[INFO] [stderr]    Compiling signal-hook-registry v1.4.8
[INFO] [stderr]    Compiling indicatif v0.17.11
[INFO] [stderr]    Compiling tokio v1.52.1
[INFO] [stderr]    Compiling which v6.0.3
[INFO] [stderr]    Compiling regex v1.12.3
[INFO] [stderr]    Compiling globset v0.4.18
[INFO] [stderr]    Compiling matchers v0.2.0
[INFO] [stderr]    Compiling ignore v0.4.25
[INFO] [stderr]    Compiling tracing-attributes v0.1.31
[INFO] [stderr]    Compiling serde_derive v1.0.228
[INFO] [stderr]    Compiling clap_derive v4.6.1
[INFO] [stderr]    Compiling thiserror-impl v1.0.69
[INFO] [stderr]    Compiling hashbrown v0.14.5
[INFO] [stderr]    Compiling thiserror v1.0.69
[INFO] [stderr]    Compiling tracing v0.1.44
[INFO] [stderr]    Compiling hashlink v0.9.1
[INFO] [stderr]    Compiling tracing-subscriber v0.3.23
[INFO] [stderr]    Compiling clap v4.6.1
[INFO] [stderr]    Compiling serde v1.0.228
[INFO] [stderr]    Compiling petgraph v0.6.5
[INFO] [stderr]    Compiling rusqlite v0.31.0
[INFO] [stderr]    Compiling gocx v0.1.0 (/opt/rustwide/workdir)
[INFO] [stderr]     Finished `dev` profile [unoptimized + debuginfo] target(s) in 48.68s
[INFO] running `Command { std: "docker" "inspect" "687a04fc1b75405080f110b394a6a086eaafb48896efb397bdeace91a4c3afc6", kill_on_drop: false }`
[INFO] running `Command { std: "docker" "exec" "-e" "SOURCE_DIR=/opt/rustwide/workdir" "-e" "CARGO_HOME=/opt/rustwide/cargo-home" "-e" "RUSTUP_HOME=/opt/rustwide/rustup-home" "-e" "CARGO_TARGET_DIR=/opt/rustwide/target" "-e" "CARGO_INCREMENTAL=0" "-e" "RUST_BACKTRACE=full" "-e" "RUSTFLAGS=--cap-lints=warn" "-e" "RUSTDOCFLAGS=--cap-lints=warn" "-w" "/opt/rustwide/workdir" "--user" "0:0" "687a04fc1b75405080f110b394a6a086eaafb48896efb397bdeace91a4c3afc6" "/opt/rustwide/cargo-home/bin/cargo" "+1.98.0-beta.1" "test" "--frozen" "--no-run" "--message-format=json", kill_on_drop: false }`
[INFO] [stderr]    Compiling rustix v1.1.4
[INFO] [stderr]    Compiling getrandom v0.4.2
[INFO] [stderr]    Compiling linux-raw-sys v0.12.1
[INFO] [stderr]    Compiling fastrand v2.4.1
[INFO] [stderr]    Compiling console v0.16.3
[INFO] [stderr]    Compiling similar v2.7.0
[INFO] [stderr]    Compiling tempfile v3.27.0
[INFO] [stderr]    Compiling insta v1.47.2
[INFO] [stderr]    Compiling gocx v0.1.0 (/opt/rustwide/workdir)
[INFO] [stdout] error[E0308]: mismatched types
[INFO] [stdout]    --> tests/e2e.rs:934:45
[INFO] [stdout]     |
[INFO] [stdout] 934 |         let opts = FlowOptions { max_depth: 3, exclude_patterns: vec![] };
[INFO] [stdout]     |                                             ^ expected `Option<usize>`, found integer
[INFO] [stdout]     |
[INFO] [stdout]     = note: expected enum `Option<usize>`
[INFO] [stdout]                found type `{integer}`
[INFO] [stdout] help: try wrapping the expression in `Some`
[INFO] [stdout]     |
[INFO] [stdout] 934 |         let opts = FlowOptions { max_depth: Some(3), exclude_patterns: vec![] };
[INFO] [stdout]     |                                             +++++ +
[INFO] [stdout] 
[INFO] [stdout] 
[INFO] [stdout] error[E0308]: mismatched types
[INFO] [stdout]    --> tests/e2e.rs:992:45
[INFO] [stdout]     |
[INFO] [stdout] 992 |         let opts = FlowOptions { max_depth: 5, exclude_patterns: vec![] };
[INFO] [stdout]     |                                             ^ expected `Option<usize>`, found integer
[INFO] [stdout]     |
[INFO] [stdout]     = note: expected enum `Option<usize>`
[INFO] [stdout]                found type `{integer}`
[INFO] [stdout] help: try wrapping the expression in `Some`
[INFO] [stdout]     |
[INFO] [stdout] 992 |         let opts = FlowOptions { max_depth: Some(5), exclude_patterns: vec![] };
[INFO] [stdout]     |                                             +++++ +
[INFO] [stdout] 
[INFO] [stdout] 
[INFO] [stdout] error[E0308]: mismatched types
[INFO] [stdout]     --> tests/e2e.rs:1029:24
[INFO] [stdout]      |
[INFO] [stdout] 1029 |             max_depth: 3,
[INFO] [stdout]      |                        ^ expected `Option<usize>`, found integer
[INFO] [stdout]      |
[INFO] [stdout]      = note: expected enum `Option<usize>`
[INFO] [stdout]                 found type `{integer}`
[INFO] [stdout] help: try wrapping the expression in `Some`
[INFO] [stdout]      |
[INFO] [stdout] 1029 |             max_depth: Some(3),
[INFO] [stdout]      |                        +++++ +
[INFO] [stdout] 
[INFO] [stdout] 
[INFO] [stdout] error[E0308]: mismatched types
[INFO] [stdout]     --> tests/e2e.rs:1068:45
[INFO] [stdout]      |
[INFO] [stdout] 1068 |         let opts = FlowOptions { max_depth: 1, exclude_patterns: vec![] };
[INFO] [stdout]      |                                             ^ expected `Option<usize>`, found integer
[INFO] [stdout]      |
[INFO] [stdout]      = note: expected enum `Option<usize>`
[INFO] [stdout]                 found type `{integer}`
[INFO] [stdout] help: try wrapping the expression in `Some`
[INFO] [stdout]      |
[INFO] [stdout] 1068 |         let opts = FlowOptions { max_depth: Some(1), exclude_patterns: vec![] };
[INFO] [stdout]      |                                             +++++ +
[INFO] [stdout] 
[INFO] [stdout] 
[INFO] [stdout] error[E0308]: mismatched types
[INFO] [stdout]     --> tests/e2e.rs:1126:45
[INFO] [stdout]      |
[INFO] [stdout] 1126 |         let opts = FlowOptions { max_depth: 2, exclude_patterns: vec![] };
[INFO] [stdout]      |                                             ^ expected `Option<usize>`, found integer
[INFO] [stdout]      |
[INFO] [stdout]      = note: expected enum `Option<usize>`
[INFO] [stdout]                 found type `{integer}`
[INFO] [stdout] help: try wrapping the expression in `Some`
[INFO] [stdout]      |
[INFO] [stdout] 1126 |         let opts = FlowOptions { max_depth: Some(2), exclude_patterns: vec![] };
[INFO] [stdout]      |                                             +++++ +
[INFO] [stdout] 
[INFO] [stdout] 
[INFO] [stdout] For more information about this error, try `rustc --explain E0308`.
[INFO] [stdout] 
[INFO] [stderr] error: could not compile `gocx` (test "e2e") due to 5 previous errors
[INFO] [stderr] warning: build failed, waiting for other jobs to finish...
[INFO] running `Command { std: "docker" "inspect" "687a04fc1b75405080f110b394a6a086eaafb48896efb397bdeace91a4c3afc6", kill_on_drop: false }`
[INFO] running `Command { std: "docker" "rm" "-f" "687a04fc1b75405080f110b394a6a086eaafb48896efb397bdeace91a4c3afc6", kill_on_drop: false }`
[INFO] [stdout] 687a04fc1b75405080f110b394a6a086eaafb48896efb397bdeace91a4c3afc6
