[INFO] cloning repository https://github.com/huhlig/metrics-exporter-timescaledb
[INFO] running `Command { std: "git" "-c" "credential.helper=" "-c" "credential.helper=/workspace/cargo-home/bin/git-credential-null" "clone" "--bare" "https://github.com/huhlig/metrics-exporter-timescaledb" "/workspace/cache/git-repos/https%3A%2F%2Fgithub.com%2Fhuhlig%2Fmetrics-exporter-timescaledb", kill_on_drop: false }`
[INFO] [stderr] Cloning into bare repository '/workspace/cache/git-repos/https%3A%2F%2Fgithub.com%2Fhuhlig%2Fmetrics-exporter-timescaledb'...
[INFO] running `Command { std: "git" "rev-parse" "HEAD", kill_on_drop: false }`
[INFO] [stdout] cffbe473d705bc054f93787cccb1758f308d3276
[INFO] testing huhlig/metrics-exporter-timescaledb against 1.98.0-beta.1 for beta-1.98-2
[INFO] running `Command { std: "git" "clone" "/workspace/cache/git-repos/https%3A%2F%2Fgithub.com%2Fhuhlig%2Fmetrics-exporter-timescaledb" "/workspace/builds/worker-0-tc2/source", kill_on_drop: false }`
[INFO] [stderr] Cloning into '/workspace/builds/worker-0-tc2/source'...
[INFO] [stderr] done.
[INFO] started tweaking git repo https://github.com/huhlig/metrics-exporter-timescaledb
[INFO] finished tweaking git repo https://github.com/huhlig/metrics-exporter-timescaledb
[INFO] tweaked toml for git repo https://github.com/huhlig/metrics-exporter-timescaledb written to /workspace/builds/worker-0-tc2/source/Cargo.toml
[INFO] validating manifest of git repo https://github.com/huhlig/metrics-exporter-timescaledb on toolchain 1.98.0-beta.1
[INFO] running `Command { std: CARGO_HOME="/workspace/cargo-home" RUSTUP_HOME="/workspace/rustup-home" "/workspace/cargo-home/bin/cargo" "+1.98.0-beta.1" "metadata" "--manifest-path" "Cargo.toml" "--no-deps", kill_on_drop: false }`
[INFO] crate git repo https://github.com/huhlig/metrics-exporter-timescaledb already has a lockfile, it will not be regenerated
[INFO] running `Command { std: CARGO_HOME="/workspace/cargo-home" RUSTUP_HOME="/workspace/rustup-home" "/workspace/cargo-home/bin/cargo" "+1.98.0-beta.1" "fetch" "--manifest-path" "Cargo.toml", kill_on_drop: false }`
[INFO] running `Command { std: "docker" "create" "-v" "/var/lib/crater-agent-workspace/builds/worker-0-tc2/source:/opt/rustwide/workdir:ro,Z" "-v" "/var/lib/crater-agent-workspace/builds/worker-0-tc2/target:/opt/rustwide/target:rw,Z" "-v" "/var/lib/crater-agent-workspace/cargo-home:/opt/rustwide/cargo-home:ro,Z" "-v" "/var/lib/crater-agent-workspace/rustup-home:/opt/rustwide/rustup-home:ro,Z" "-m" "1610612736" "--network" "none" "ghcr.io/rust-lang/crates-build-env/linux@sha256:3d5ced03c013a94a2f102a4510f48a6e9184255caf5fd8244f58017bde7f5210" "sleep" "infinity", kill_on_drop: false }`
[INFO] [stdout] 98cd7ed551874a2bf03572a8b336ff2cdfb1a53d4a513405f07f972423888c60
[INFO] running `Command { std: "docker" "start" "98cd7ed551874a2bf03572a8b336ff2cdfb1a53d4a513405f07f972423888c60", kill_on_drop: false }`
[INFO] running `Command { std: "docker" "inspect" "98cd7ed551874a2bf03572a8b336ff2cdfb1a53d4a513405f07f972423888c60", kill_on_drop: false }`
[INFO] running `Command { std: "docker" "exec" "-e" "SOURCE_DIR=/opt/rustwide/workdir" "-e" "CARGO_HOME=/opt/rustwide/cargo-home" "-e" "RUSTUP_HOME=/opt/rustwide/rustup-home" "-e" "CARGO_TARGET_DIR=/opt/rustwide/target" "-w" "/opt/rustwide/workdir" "--user" "0:0" "98cd7ed551874a2bf03572a8b336ff2cdfb1a53d4a513405f07f972423888c60" "/opt/rustwide/cargo-home/bin/cargo" "+1.98.0-beta.1" "metadata" "--no-deps" "--format-version=1", kill_on_drop: false }`
[INFO] running `Command { std: "docker" "inspect" "98cd7ed551874a2bf03572a8b336ff2cdfb1a53d4a513405f07f972423888c60", kill_on_drop: false }`
[INFO] running `Command { std: "docker" "exec" "-e" "SOURCE_DIR=/opt/rustwide/workdir" "-e" "CARGO_HOME=/opt/rustwide/cargo-home" "-e" "RUSTUP_HOME=/opt/rustwide/rustup-home" "-e" "CARGO_TARGET_DIR=/opt/rustwide/target" "-e" "CARGO_INCREMENTAL=0" "-e" "RUST_BACKTRACE=full" "-e" "RUSTFLAGS=--cap-lints=warn" "-e" "RUSTDOCFLAGS=--cap-lints=warn" "-w" "/opt/rustwide/workdir" "--user" "0:0" "98cd7ed551874a2bf03572a8b336ff2cdfb1a53d4a513405f07f972423888c60" "/opt/rustwide/cargo-home/bin/cargo" "+1.98.0-beta.1" "build" "--frozen" "--message-format=json", kill_on_drop: false }`
[INFO] [stderr]    Compiling serde v1.0.228
[INFO] [stderr]    Compiling libc v0.2.183
[INFO] [stderr]    Compiling version_check v0.9.5
[INFO] [stderr]    Compiling serde_core v1.0.228
[INFO] [stderr]    Compiling stable_deref_trait v1.2.1
[INFO] [stderr]    Compiling typenum v1.19.0
[INFO] [stderr]    Compiling futures-core v0.3.32
[INFO] [stderr]    Compiling parking_lot_core v0.9.12
[INFO] [stderr]    Compiling bytes v1.11.1
[INFO] [stderr]    Compiling itoa v1.0.17
[INFO] [stderr]    Compiling lock_api v0.4.14
[INFO] [stderr]    Compiling writeable v0.6.2
[INFO] [stderr]    Compiling litemap v0.8.1
[INFO] [stderr]    Compiling subtle v2.6.1
[INFO] [stderr]    Compiling syn v2.0.117
[INFO] [stderr]    Compiling icu_normalizer_data v2.1.1
[INFO] [stderr]    Compiling icu_properties_data v2.1.2
[INFO] [stderr]    Compiling percent-encoding v2.3.2
[INFO] [stderr]    Compiling cc v1.2.57
[INFO] [stderr]    Compiling num-traits v0.2.19
[INFO] [stderr]    Compiling futures-io v0.3.32
[INFO] [stderr]    Compiling crossbeam-utils v0.8.21
[INFO] [stderr]    Compiling serde_json v1.0.149
[INFO] [stderr]    Compiling zeroize v1.8.2
[INFO] [stderr]    Compiling equivalent v1.0.2
[INFO] [stderr]    Compiling utf8_iter v1.0.4
[INFO] [stderr]    Compiling futures-sink v0.3.32
[INFO] [stderr]    Compiling generic-array v0.14.7
[INFO] [stderr]    Compiling tracing-core v0.1.36
[INFO] [stderr]    Compiling hashbrown v0.16.1
[INFO] [stderr]    Compiling untrusted v0.9.0
[INFO] [stderr]    Compiling log v0.4.29
[INFO] [stderr]    Compiling zerocopy v0.8.47
[INFO] [stderr]    Compiling rustls-pki-types v1.14.0
[INFO] [stderr]    Compiling thiserror v2.0.18
[INFO] [stderr]    Compiling allocator-api2 v0.2.21
[INFO] [stderr]    Compiling rustls v0.23.37
[INFO] [stderr]    Compiling cpufeatures v0.2.17
[INFO] [stderr]    Compiling foldhash v0.1.5
[INFO] [stderr]    Compiling crc-catalog v2.4.0
[INFO] [stderr]    Compiling tinyvec_macros v0.1.1
[INFO] [stderr]    Compiling parking v2.2.1
[INFO] [stderr]    Compiling tinyvec v1.11.0
[INFO] [stderr]    Compiling crc v3.4.0
[INFO] [stderr]    Compiling http v1.4.0
[INFO] [stderr]    Compiling base64 v0.22.1
[INFO] [stderr]    Compiling futures-util v0.3.32
[INFO] [stderr]    Compiling webpki-roots v1.0.6
[INFO] [stderr]    Compiling concurrent-queue v2.5.0
[INFO] [stderr]    Compiling hashbrown v0.15.5
[INFO] [stderr]    Compiling webpki-roots v0.26.11
[INFO] [stderr]    Compiling crossbeam-queue v0.3.12
[INFO] [stderr]    Compiling unicode-normalization v0.1.25
[INFO] [stderr]    Compiling form_urlencoded v1.2.2
[INFO] [stderr]    Compiling event-listener v5.4.1
[INFO] [stderr]    Compiling bitflags v2.11.0
[INFO] [stderr]    Compiling unicode-properties v0.1.4
[INFO] [stderr]    Compiling unicode-bidi v0.3.18
[INFO] [stderr]    Compiling http-body v1.0.1
[INFO] [stderr]    Compiling chrono v0.4.44
[INFO] [stderr]    Compiling atoi v2.0.0
[INFO] [stderr]    Compiling indexmap v2.13.0
[INFO] [stderr]    Compiling futures-channel v0.3.32
[INFO] [stderr]    Compiling socket2 v0.6.3
[INFO] [stderr]    Compiling mio v1.1.1
[INFO] [stderr]    Compiling block-buffer v0.10.4
[INFO] [stderr]    Compiling getrandom v0.2.17
[INFO] [stderr]    Compiling errno v0.3.14
[INFO] [stderr]    Compiling ring v0.17.14
[INFO] [stderr]    Compiling signal-hook-registry v1.4.8
[INFO] [stderr]    Compiling crypto-common v0.1.7
[INFO] [stderr]    Compiling digest v0.10.7
[INFO] [stderr]    Compiling rand_core v0.6.4
[INFO] [stderr]    Compiling hashlink v0.10.0
[INFO] [stderr]    Compiling tokio v1.50.0
[INFO] [stderr]    Compiling hmac v0.12.1
[INFO] [stderr]    Compiling sha2 v0.10.9
[INFO] [stderr]    Compiling stringprep v0.1.5
[INFO] [stderr]    Compiling proc-macro-error-attr v1.0.4
[INFO] [stderr]    Compiling home v0.5.12
[INFO] [stderr]    Compiling byteorder v1.5.0
[INFO] [stderr]    Compiling dotenvy v0.15.7
[INFO] [stderr]    Compiling syn v1.0.109
[INFO] [stderr]    Compiling tower-service v0.3.3
[INFO] [stderr]    Compiling whoami v1.6.1
[INFO] [stderr]    Compiling hkdf v0.12.4
[INFO] [stderr]    Compiling md-5 v0.10.6
[INFO] [stderr]    Compiling proc-macro-error v1.0.4
[INFO] [stderr]    Compiling mime v0.3.17
[INFO] [stderr]    Compiling httpdate v1.0.3
[INFO] [stderr]    Compiling unicase v2.9.0
[INFO] [stderr]    Compiling tower-layer v0.3.3
[INFO] [stderr]    Compiling mime_guess v2.0.5
[INFO] [stderr]    Compiling http-body-util v0.1.3
[INFO] [stderr]    Compiling atomic-waker v1.1.2
[INFO] [stderr]    Compiling heck v0.5.0
[INFO] [stderr]    Compiling sync_wrapper v1.0.2
[INFO] [stderr]    Compiling ryu v1.0.23
[INFO] [stderr]    Compiling anyhow v1.0.102
[INFO] [stderr]    Compiling regex-automata v0.4.14
[INFO] [stderr]    Compiling serde_path_to_error v0.1.20
[INFO] [stderr]    Compiling http-range-header v0.4.2
[INFO] [stderr]    Compiling matchit v0.8.4
[INFO] [stderr]    Compiling lazy_static v1.5.0
[INFO] [stderr]    Compiling tracing-log v0.2.0
[INFO] [stderr]    Compiling sharded-slab v0.1.7
[INFO] [stderr]    Compiling thread_local v1.1.9
[INFO] [stderr]    Compiling nu-ansi-term v0.50.3
[INFO] [stderr]    Compiling ppv-lite86 v0.2.21
[INFO] [stderr]    Compiling synstructure v0.13.2
[INFO] [stderr]    Compiling rand_chacha v0.3.1
[INFO] [stderr]    Compiling rand v0.8.5
[INFO] [stderr]    Compiling serde_derive v1.0.228
[INFO] [stderr]    Compiling zerovec-derive v0.11.2
[INFO] [stderr]    Compiling displaydoc v0.2.5
[INFO] [stderr]    Compiling tracing-attributes v0.1.31
[INFO] [stderr]    Compiling tokio-macros v2.6.1
[INFO] [stderr]    Compiling thiserror-impl v2.0.18
[INFO] [stderr]    Compiling utoipa-gen v4.3.1
[INFO] [stderr]    Compiling async-trait v0.1.89
[INFO] [stderr]    Compiling zerofrom-derive v0.1.6
[INFO] [stderr]    Compiling yoke-derive v0.8.1
[INFO] [stderr]    Compiling matchers v0.2.0
[INFO] [stderr]    Compiling rustls-webpki v0.103.9
[INFO] [stderr]    Compiling zerofrom v0.1.6
[INFO] [stderr]    Compiling yoke v0.8.1
[INFO] [stderr]    Compiling tracing v0.1.44
[INFO] [stderr]    Compiling zerovec v0.11.5
[INFO] [stderr]    Compiling zerotrie v0.2.3
[INFO] [stderr]    Compiling axum-core v0.5.6
[INFO] [stderr]    Compiling tinystr v0.8.2
[INFO] [stderr]    Compiling potential_utf v0.1.4
[INFO] [stderr]    Compiling icu_collections v2.1.1
[INFO] [stderr]    Compiling icu_locale_core v2.1.1
[INFO] [stderr]    Compiling tokio-stream v0.1.18
[INFO] [stderr]    Compiling icu_provider v2.1.1
[INFO] [stderr]    Compiling icu_properties v2.1.2
[INFO] [stderr]    Compiling smallvec v1.15.1
[INFO] [stderr]    Compiling either v1.15.0
[INFO] [stderr]    Compiling serde_urlencoded v0.7.1
[INFO] [stderr]    Compiling icu_normalizer v2.1.1
[INFO] [stderr]    Compiling tracing-subscriber v0.3.23
[INFO] [stderr]    Compiling parking_lot v0.12.5
[INFO] [stderr]    Compiling utoipa v4.2.3
[INFO] [stderr]    Compiling futures-intrusive v0.5.0
[INFO] [stderr]    Compiling idna_adapter v1.2.1
[INFO] [stderr]    Compiling idna v1.1.0
[INFO] [stderr]    Compiling url v2.5.8
[INFO] [stderr]    Compiling sqlx-core v0.8.6
[INFO] [stderr]    Compiling sqlx-postgres v0.8.6
[INFO] [stderr]    Compiling hyper v1.8.1
[INFO] [stderr]    Compiling tokio-util v0.7.18
[INFO] [stderr]    Compiling tower v0.5.3
[INFO] [stderr]    Compiling tower-http v0.6.8
[INFO] [stderr]    Compiling hyper-util v0.1.20
[INFO] [stderr]    Compiling axum v0.8.8
[INFO] [stderr]    Compiling sqlx-macros-core v0.8.6
[INFO] [stderr]    Compiling sqlx-macros v0.8.6
[INFO] [stderr]    Compiling sqlx v0.8.6
[INFO] [stderr]    Compiling metrics-exporter v0.1.0 (/opt/rustwide/workdir/crates/metrics-exporter)
[INFO] [stderr]    Compiling metrics-visualizer v0.1.0 (/opt/rustwide/workdir/crates/metrics-visualizer)
[INFO] [stderr]     Finished `dev` profile [unoptimized + debuginfo] target(s) in 1m 41s
[INFO] running `Command { std: "docker" "inspect" "98cd7ed551874a2bf03572a8b336ff2cdfb1a53d4a513405f07f972423888c60", kill_on_drop: false }`
[INFO] running `Command { std: "docker" "exec" "-e" "SOURCE_DIR=/opt/rustwide/workdir" "-e" "CARGO_HOME=/opt/rustwide/cargo-home" "-e" "RUSTUP_HOME=/opt/rustwide/rustup-home" "-e" "CARGO_TARGET_DIR=/opt/rustwide/target" "-e" "CARGO_INCREMENTAL=0" "-e" "RUST_BACKTRACE=full" "-e" "RUSTFLAGS=--cap-lints=warn" "-e" "RUSTDOCFLAGS=--cap-lints=warn" "-w" "/opt/rustwide/workdir" "--user" "0:0" "98cd7ed551874a2bf03572a8b336ff2cdfb1a53d4a513405f07f972423888c60" "/opt/rustwide/cargo-home/bin/cargo" "+1.98.0-beta.1" "test" "--frozen" "--no-run" "--message-format=json", kill_on_drop: false }`
[INFO] [stderr]    Compiling metrics-exporter v0.1.0 (/opt/rustwide/workdir/crates/metrics-exporter)
[INFO] [stderr]    Compiling metrics-visualizer v0.1.0 (/opt/rustwide/workdir/crates/metrics-visualizer)
[INFO] [stdout] error[E0599]: no method named `expect` found for opaque type `impl Future<Output = Result<Pool<Postgres>, sqlx::Error>>` in the current scope
[INFO] [stdout]   --> crates/metrics-exporter/tests/integration.rs:17:10
[INFO] [stdout]    |
[INFO] [stdout] 14 | /     PgPoolOptions::new()
[INFO] [stdout] 15 | |         .max_connections(5)
[INFO] [stdout] 16 | |         .connect(&database_url)
[INFO] [stdout] 17 | |         .expect("Failed to connect to test database")
[INFO] [stdout]    | |         -^^^^^^ method not found in `impl Future<Output = Result<Pool<Postgres>, sqlx::Error>>`
[INFO] [stdout]    | |_________|
[INFO] [stdout]    |
[INFO] [stdout]    |
[INFO] [stdout] help: consider `await`ing on the `Future` and calling the method on its `Output`
[INFO] [stdout]    |
[INFO] [stdout] 17 |         .await.expect("Failed to connect to test database")
[INFO] [stdout]    |          ++++++
[INFO] [stdout] 
[INFO] [stdout] 
[INFO] [stdout] error[E0599]: no method named `insert` found for struct `TimescaleRepository` in the current scope
[INFO] [stdout]   --> crates/metrics-exporter/tests/integration.rs:36:10
[INFO] [stdout]    |
[INFO] [stdout] 36 |     repo.insert(&metric).await.unwrap();
[INFO] [stdout]    |          ^^^^^^
[INFO] [stdout]    |
[INFO] [stdout]   ::: crates/metrics-exporter/src/repository.rs:6:14
[INFO] [stdout]    |
[INFO] [stdout]  6 |     async fn insert(&self, metric: &Metric) -> Result<(), Error>;
[INFO] [stdout]    |              ------ the method is available for `TimescaleRepository` here
[INFO] [stdout]    |
[INFO] [stdout]    = help: items from traits can only be used if the trait is in scope
[INFO] [stdout] help: trait `MetricRepository` which provides `insert` is implemented but not in scope; perhaps you want to import it
[INFO] [stdout]    |
[INFO] [stdout]  1 + use metrics_exporter::MetricRepository;
[INFO] [stdout]    |
[INFO] [stdout] help: there is a method `insert_batch` with a similar name
[INFO] [stdout]    |
[INFO] [stdout] 36 |     repo.insert_batch(&metric).await.unwrap();
[INFO] [stdout]    |                ++++++
[INFO] [stdout] 
[INFO] [stdout] 
[INFO] [stdout] error[E0599]: no method named `list` found for struct `TimescaleRepository` in the current scope
[INFO] [stdout]   --> crates/metrics-exporter/tests/integration.rs:38:24
[INFO] [stdout]    |
[INFO] [stdout] 38 |     let metrics = repo.list().await.unwrap();
[INFO] [stdout]    |                        ^^^^ method not found in `TimescaleRepository`
[INFO] [stdout]    |
[INFO] [stdout]   ::: crates/metrics-exporter/src/repository.rs:14:14
[INFO] [stdout]    |
[INFO] [stdout] 14 |     async fn list(&self) -> Result<Vec<String>, Error>;
[INFO] [stdout]    |              ---- the method is available for `TimescaleRepository` here
[INFO] [stdout]    |
[INFO] [stdout]    = help: items from traits can only be used if the trait is in scope
[INFO] [stdout] help: trait `MetricRepository` which provides `list` is implemented but not in scope; perhaps you want to import it
[INFO] [stdout]    |
[INFO] [stdout]  1 + use metrics_exporter::MetricRepository;
[INFO] [stdout]    |
[INFO] [stdout] 
[INFO] [stdout] 
[INFO] [stdout] error[E0599]: no method named `insert_batch` found for struct `TimescaleRepository` in the current scope
[INFO] [stdout]   --> crates/metrics-exporter/tests/integration.rs:65:10
[INFO] [stdout]    |
[INFO] [stdout] 65 |     repo.insert_batch(&metrics).await.unwrap();
[INFO] [stdout]    |          ^^^^^^^^^^^^
[INFO] [stdout]    |
[INFO] [stdout]   ::: crates/metrics-exporter/src/repository.rs:7:14
[INFO] [stdout]    |
[INFO] [stdout]  7 |     async fn insert_batch(&self, metrics: &[Metric]) -> Result<(), Error>;
[INFO] [stdout]    |              ------------ the method is available for `TimescaleRepository` here
[INFO] [stdout]    |
[INFO] [stdout]    = help: items from traits can only be used if the trait is in scope
[INFO] [stdout] help: trait `MetricRepository` which provides `insert_batch` is implemented but not in scope; perhaps you want to import it
[INFO] [stdout]    |
[INFO] [stdout]  1 + use metrics_exporter::MetricRepository;
[INFO] [stdout]    |
[INFO] [stdout] help: there is a method `insert` with a similar name
[INFO] [stdout]    |
[INFO] [stdout] 65 -     repo.insert_batch(&metrics).await.unwrap();
[INFO] [stdout] 65 +     repo.insert(&metrics).await.unwrap();
[INFO] [stdout]    |
[INFO] [stdout] 
[INFO] [stdout] 
[INFO] [stdout] error[E0599]: no method named `list` found for struct `TimescaleRepository` in the current scope
[INFO] [stdout]   --> crates/metrics-exporter/tests/integration.rs:67:21
[INFO] [stdout]    |
[INFO] [stdout] 67 |     let list = repo.list().await.unwrap();
[INFO] [stdout]    |                     ^^^^ method not found in `TimescaleRepository`
[INFO] [stdout]    |
[INFO] [stdout]   ::: crates/metrics-exporter/src/repository.rs:14:14
[INFO] [stdout]    |
[INFO] [stdout] 14 |     async fn list(&self) -> Result<Vec<String>, Error>;
[INFO] [stdout]    |              ---- the method is available for `TimescaleRepository` here
[INFO] [stdout]    |
[INFO] [stdout]    = help: items from traits can only be used if the trait is in scope
[INFO] [stdout] help: trait `MetricRepository` which provides `list` is implemented but not in scope; perhaps you want to import it
[INFO] [stdout]    |
[INFO] [stdout]  1 + use metrics_exporter::MetricRepository;
[INFO] [stdout]    |
[INFO] [stdout] 
[INFO] [stdout] 
[INFO] [stdout] error[E0599]: no method named `insert` found for struct `TimescaleRepository` in the current scope
[INFO] [stdout]   --> crates/metrics-exporter/tests/integration.rs:93:10
[INFO] [stdout]    |
[INFO] [stdout] 93 |     repo.insert(&metric).await.unwrap();
[INFO] [stdout]    |          ^^^^^^
[INFO] [stdout]    |
[INFO] [stdout]   ::: crates/metrics-exporter/src/repository.rs:6:14
[INFO] [stdout]    |
[INFO] [stdout]  6 |     async fn insert(&self, metric: &Metric) -> Result<(), Error>;
[INFO] [stdout]    |              ------ the method is available for `TimescaleRepository` here
[INFO] [stdout]    |
[INFO] [stdout]    = help: items from traits can only be used if the trait is in scope
[INFO] [stdout] help: trait `MetricRepository` which provides `insert` is implemented but not in scope; perhaps you want to import it
[INFO] [stdout]    |
[INFO] [stdout]  1 + use metrics_exporter::MetricRepository;
[INFO] [stdout]    |
[INFO] [stdout] help: there is a method `insert_batch` with a similar name
[INFO] [stdout]    |
[INFO] [stdout] 93 |     repo.insert_batch(&metric).await.unwrap();
[INFO] [stdout]    |                ++++++
[INFO] [stdout] 
[INFO] [stdout] 
[INFO] [stdout] error[E0599]: no method named `query` found for struct `TimescaleRepository` in the current scope
[INFO] [stdout]   --> crates/metrics-exporter/tests/integration.rs:96:10
[INFO] [stdout]    |
[INFO] [stdout] 95 |       let results = repo
[INFO] [stdout]    |  ___________________-
[INFO] [stdout] 96 | |         .query(
[INFO] [stdout]    | |         -^^^^^ method not found in `TimescaleRepository`
[INFO] [stdout]    | |_________|
[INFO] [stdout]    |
[INFO] [stdout]    |
[INFO] [stdout]   ::: crates/metrics-exporter/src/repository.rs:8:14
[INFO] [stdout]    |
[INFO] [stdout]  8 |       async fn query(
[INFO] [stdout]    |                ----- the method is available for `TimescaleRepository` here
[INFO] [stdout]    |
[INFO] [stdout]    = help: items from traits can only be used if the trait is in scope
[INFO] [stdout] help: trait `MetricRepository` which provides `query` is implemented but not in scope; perhaps you want to import it
[INFO] [stdout]    |
[INFO] [stdout]  1 + use metrics_exporter::MetricRepository;
[INFO] [stdout]    |
[INFO] [stdout] 
[INFO] [stdout] 
[INFO] [stdout] error[E0599]: no method named `insert` found for struct `TimescaleRepository` in the current scope
[INFO] [stdout]    --> crates/metrics-exporter/tests/integration.rs:126:10
[INFO] [stdout]     |
[INFO] [stdout] 126 |     repo.insert(&metric).await.unwrap();
[INFO] [stdout]     |          ^^^^^^
[INFO] [stdout]     |
[INFO] [stdout]    ::: crates/metrics-exporter/src/repository.rs:6:14
[INFO] [stdout]     |
[INFO] [stdout]   6 |     async fn insert(&self, metric: &Metric) -> Result<(), Error>;
[INFO] [stdout]     |              ------ the method is available for `TimescaleRepository` here
[INFO] [stdout]     |
[INFO] [stdout]     = help: items from traits can only be used if the trait is in scope
[INFO] [stdout] help: trait `MetricRepository` which provides `insert` is implemented but not in scope; perhaps you want to import it
[INFO] [stdout]     |
[INFO] [stdout]   1 + use metrics_exporter::MetricRepository;
[INFO] [stdout]     |
[INFO] [stdout] help: there is a method `insert_batch` with a similar name
[INFO] [stdout]     |
[INFO] [stdout] 126 |     repo.insert_batch(&metric).await.unwrap();
[INFO] [stdout]     |                ++++++
[INFO] [stdout] 
[INFO] [stdout] 
[INFO] [stdout] error[E0599]: no method named `query` found for struct `TimescaleRepository` in the current scope
[INFO] [stdout]    --> crates/metrics-exporter/tests/integration.rs:129:10
[INFO] [stdout]     |
[INFO] [stdout] 128 |       let all = repo
[INFO] [stdout]     |  _______________-
[INFO] [stdout] 129 | |         .query(
[INFO] [stdout]     | |         -^^^^^ method not found in `TimescaleRepository`
[INFO] [stdout]     | |_________|
[INFO] [stdout]     |
[INFO] [stdout]     |
[INFO] [stdout]    ::: crates/metrics-exporter/src/repository.rs:8:14
[INFO] [stdout]     |
[INFO] [stdout]   8 |       async fn query(
[INFO] [stdout]     |                ----- the method is available for `TimescaleRepository` here
[INFO] [stdout]     |
[INFO] [stdout]     = help: items from traits can only be used if the trait is in scope
[INFO] [stdout] help: trait `MetricRepository` which provides `query` is implemented but not in scope; perhaps you want to import it
[INFO] [stdout]     |
[INFO] [stdout]   1 + use metrics_exporter::MetricRepository;
[INFO] [stdout]     |
[INFO] [stdout] 
[INFO] [stdout] 
[INFO] [stdout] error[E0599]: no method named `get` found for struct `TimescaleRepository` in the current scope
[INFO] [stdout]    --> crates/metrics-exporter/tests/integration.rs:139:34
[INFO] [stdout]     |
[INFO] [stdout] 139 |             let retrieved = repo.get(id).await.unwrap();
[INFO] [stdout]     |                                  ^^^ method not found in `TimescaleRepository`
[INFO] [stdout]     |
[INFO] [stdout]    ::: crates/metrics-exporter/src/repository.rs:15:14
[INFO] [stdout]     |
[INFO] [stdout]  15 |     async fn get(&self, id: i64) -> Result<Option<Metric>, Error>;
[INFO] [stdout]     |              --- the method is available for `TimescaleRepository` here
[INFO] [stdout]     |
[INFO] [stdout]     = help: items from traits can only be used if the trait is in scope
[INFO] [stdout] help: trait `MetricRepository` which provides `get` is implemented but not in scope; perhaps you want to import it
[INFO] [stdout]     |
[INFO] [stdout]   1 + use metrics_exporter::MetricRepository;
[INFO] [stdout]     |
[INFO] [stdout] 
[INFO] [stdout] 
[INFO] [stdout] error[E0599]: no method named `insert` found for struct `TimescaleRepository` in the current scope
[INFO] [stdout]    --> crates/metrics-exporter/tests/integration.rs:164:10
[INFO] [stdout]     |
[INFO] [stdout] 164 |     repo.insert(&metric).await.unwrap();
[INFO] [stdout]     |          ^^^^^^
[INFO] [stdout]     |
[INFO] [stdout]    ::: crates/metrics-exporter/src/repository.rs:6:14
[INFO] [stdout]     |
[INFO] [stdout]   6 |     async fn insert(&self, metric: &Metric) -> Result<(), Error>;
[INFO] [stdout]     |              ------ the method is available for `TimescaleRepository` here
[INFO] [stdout]     |
[INFO] [stdout]     = help: items from traits can only be used if the trait is in scope
[INFO] [stdout] help: trait `MetricRepository` which provides `insert` is implemented but not in scope; perhaps you want to import it
[INFO] [stdout]     |
[INFO] [stdout]   1 + use metrics_exporter::MetricRepository;
[INFO] [stdout]     |
[INFO] [stdout] help: there is a method `insert_batch` with a similar name
[INFO] [stdout]     |
[INFO] [stdout] 164 |     repo.insert_batch(&metric).await.unwrap();
[INFO] [stdout]     |                ++++++
[INFO] [stdout] 
[INFO] [stdout] 
[INFO] [stdout] error[E0599]: no method named `query` found for struct `TimescaleRepository` in the current scope
[INFO] [stdout]    --> crates/metrics-exporter/tests/integration.rs:167:10
[INFO] [stdout]     |
[INFO] [stdout] 166 |       let all = repo
[INFO] [stdout]     |  _______________-
[INFO] [stdout] 167 | |         .query(
[INFO] [stdout]     | |         -^^^^^ method not found in `TimescaleRepository`
[INFO] [stdout]     | |_________|
[INFO] [stdout]     |
[INFO] [stdout]     |
[INFO] [stdout]    ::: crates/metrics-exporter/src/repository.rs:8:14
[INFO] [stdout]     |
[INFO] [stdout]   8 |       async fn query(
[INFO] [stdout]     |                ----- the method is available for `TimescaleRepository` here
[INFO] [stdout]     |
[INFO] [stdout]     = help: items from traits can only be used if the trait is in scope
[INFO] [stdout] help: trait `MetricRepository` which provides `query` is implemented but not in scope; perhaps you want to import it
[INFO] [stdout]     |
[INFO] [stdout]   1 + use metrics_exporter::MetricRepository;
[INFO] [stdout]     |
[INFO] [stdout] 
[INFO] [stdout] 
[INFO] [stdout] error[E0599]: no method named `delete` found for struct `TimescaleRepository` in the current scope
[INFO] [stdout]    --> crates/metrics-exporter/tests/integration.rs:177:18
[INFO] [stdout]     |
[INFO] [stdout] 177 |             repo.delete(id).await.unwrap();
[INFO] [stdout]     |                  ^^^^^^ method not found in `TimescaleRepository`
[INFO] [stdout]     |
[INFO] [stdout]    ::: crates/metrics-exporter/src/repository.rs:17:14
[INFO] [stdout]     |
[INFO] [stdout]  17 |     async fn delete(&self, id: i64) -> Result<(), Error>;
[INFO] [stdout]     |              ------ the method is available for `TimescaleRepository` here
[INFO] [stdout]     |
[INFO] [stdout]     = help: items from traits can only be used if the trait is in scope
[INFO] [stdout] help: trait `MetricRepository` which provides `delete` is implemented but not in scope; perhaps you want to import it
[INFO] [stdout]     |
[INFO] [stdout]   1 + use metrics_exporter::MetricRepository;
[INFO] [stdout]     |
[INFO] [stdout] 
[INFO] [stdout] 
[INFO] [stdout] error[E0599]: no method named `get` found for struct `TimescaleRepository` in the current scope
[INFO] [stdout]    --> crates/metrics-exporter/tests/integration.rs:179:37
[INFO] [stdout]     |
[INFO] [stdout] 179 |             let after_delete = repo.get(id).await.unwrap();
[INFO] [stdout]     |                                     ^^^ method not found in `TimescaleRepository`
[INFO] [stdout]     |
[INFO] [stdout]    ::: crates/metrics-exporter/src/repository.rs:15:14
[INFO] [stdout]     |
[INFO] [stdout]  15 |     async fn get(&self, id: i64) -> Result<Option<Metric>, Error>;
[INFO] [stdout]     |              --- the method is available for `TimescaleRepository` here
[INFO] [stdout]     |
[INFO] [stdout]     = help: items from traits can only be used if the trait is in scope
[INFO] [stdout] help: trait `MetricRepository` which provides `get` is implemented but not in scope; perhaps you want to import it
[INFO] [stdout]     |
[INFO] [stdout]   1 + use metrics_exporter::MetricRepository;
[INFO] [stdout]     |
[INFO] [stdout] 
[INFO] [stdout] 
[INFO] [stdout] error[E0599]: no method named `insert` found for struct `TimescaleRepository` in the current scope
[INFO] [stdout]    --> crates/metrics-exporter/tests/integration.rs:198:10
[INFO] [stdout]     |
[INFO] [stdout] 198 |     repo.insert(&metric).await.unwrap();
[INFO] [stdout]     |          ^^^^^^
[INFO] [stdout]     |
[INFO] [stdout]    ::: crates/metrics-exporter/src/repository.rs:6:14
[INFO] [stdout]     |
[INFO] [stdout]   6 |     async fn insert(&self, metric: &Metric) -> Result<(), Error>;
[INFO] [stdout]     |              ------ the method is available for `TimescaleRepository` here
[INFO] [stdout]     |
[INFO] [stdout]     = help: items from traits can only be used if the trait is in scope
[INFO] [stdout] help: trait `MetricRepository` which provides `insert` is implemented but not in scope; perhaps you want to import it
[INFO] [stdout]     |
[INFO] [stdout]   1 + use metrics_exporter::MetricRepository;
[INFO] [stdout]     |
[INFO] [stdout] help: there is a method `insert_batch` with a similar name
[INFO] [stdout]     |
[INFO] [stdout] 198 |     repo.insert_batch(&metric).await.unwrap();
[INFO] [stdout]     |                ++++++
[INFO] [stdout] 
[INFO] [stdout] 
[INFO] [stdout] error[E0599]: no method named `query` found for struct `TimescaleRepository` in the current scope
[INFO] [stdout]    --> crates/metrics-exporter/tests/integration.rs:201:10
[INFO] [stdout]     |
[INFO] [stdout] 200 |       let all = repo
[INFO] [stdout]     |  _______________-
[INFO] [stdout] 201 | |         .query(
[INFO] [stdout]     | |         -^^^^^ method not found in `TimescaleRepository`
[INFO] [stdout]     | |_________|
[INFO] [stdout]     |
[INFO] [stdout]     |
[INFO] [stdout]    ::: crates/metrics-exporter/src/repository.rs:8:14
[INFO] [stdout]     |
[INFO] [stdout]   8 |       async fn query(
[INFO] [stdout]     |                ----- the method is available for `TimescaleRepository` here
[INFO] [stdout]     |
[INFO] [stdout]     = help: items from traits can only be used if the trait is in scope
[INFO] [stdout] help: trait `MetricRepository` which provides `query` is implemented but not in scope; perhaps you want to import it
[INFO] [stdout]     |
[INFO] [stdout]   1 + use metrics_exporter::MetricRepository;
[INFO] [stdout]     |
[INFO] [stdout] 
[INFO] [stdout] 
[INFO] [stdout] error[E0599]: no method named `update` found for struct `TimescaleRepository` in the current scope
[INFO] [stdout]    --> crates/metrics-exporter/tests/integration.rs:211:14
[INFO] [stdout]     |
[INFO] [stdout] 211 |         repo.update(&to_update).await.unwrap();
[INFO] [stdout]     |              ^^^^^^ method not found in `TimescaleRepository`
[INFO] [stdout]     |
[INFO] [stdout]    ::: crates/metrics-exporter/src/repository.rs:16:14
[INFO] [stdout]     |
[INFO] [stdout]  16 |     async fn update(&self, metric: &Metric) -> Result<(), Error>;
[INFO] [stdout]     |              ------ the method is available for `TimescaleRepository` here
[INFO] [stdout]     |
[INFO] [stdout]     = help: items from traits can only be used if the trait is in scope
[INFO] [stdout] help: trait `MetricRepository` which provides `update` is implemented but not in scope; perhaps you want to import it
[INFO] [stdout]     |
[INFO] [stdout]   1 + use metrics_exporter::MetricRepository;
[INFO] [stdout]     |
[INFO] [stdout] 
[INFO] [stdout] 
[INFO] [stdout] error[E0599]: no method named `query` found for struct `TimescaleRepository` in the current scope
[INFO] [stdout]    --> crates/metrics-exporter/tests/integration.rs:214:14
[INFO] [stdout]     |
[INFO] [stdout] 213 |           let updated = repo
[INFO] [stdout]     |  _______________________-
[INFO] [stdout] 214 | |             .query(
[INFO] [stdout]     | |             -^^^^^ method not found in `TimescaleRepository`
[INFO] [stdout]     | |_____________|
[INFO] [stdout]     |
[INFO] [stdout]     |
[INFO] [stdout]    ::: crates/metrics-exporter/src/repository.rs:8:14
[INFO] [stdout]     |
[INFO] [stdout]   8 |       async fn query(
[INFO] [stdout]     |                ----- the method is available for `TimescaleRepository` here
[INFO] [stdout]     |
[INFO] [stdout]     = help: items from traits can only be used if the trait is in scope
[INFO] [stdout] help: trait `MetricRepository` which provides `query` is implemented but not in scope; perhaps you want to import it
[INFO] [stdout]     |
[INFO] [stdout]   1 + use metrics_exporter::MetricRepository;
[INFO] [stdout]     |
[INFO] [stdout] 
[INFO] [stdout] 
[INFO] [stdout] error[E0614]: type `f64` cannot be dereferenced
[INFO] [stdout]    --> crates/metrics-exporter/tests/integration.rs:224:28
[INFO] [stdout]     |
[INFO] [stdout] 224 |                 assert_eq!(*val, 20.0);
[INFO] [stdout]     |                            ^^^^ can't be dereferenced
[INFO] [stdout] 
[INFO] [stdout] 
[INFO] [stdout] Some errors have detailed explanations: E0599, E0614.
[INFO] [stdout] 
[INFO] [stdout] For more information about an error, try `rustc --explain E0599`.
[INFO] [stdout] 
[INFO] [stderr] error: could not compile `metrics-exporter` (test "integration") due to 19 previous errors
[INFO] [stderr] warning: build failed, waiting for other jobs to finish...
[INFO] running `Command { std: "docker" "inspect" "98cd7ed551874a2bf03572a8b336ff2cdfb1a53d4a513405f07f972423888c60", kill_on_drop: false }`
[INFO] running `Command { std: "docker" "rm" "-f" "98cd7ed551874a2bf03572a8b336ff2cdfb1a53d4a513405f07f972423888c60", kill_on_drop: false }`
[INFO] [stdout] 98cd7ed551874a2bf03572a8b336ff2cdfb1a53d4a513405f07f972423888c60
