[INFO] cloning repository https://github.com/hpb0412/shoot2d
[INFO] running `Command { std: "git" "-c" "credential.helper=" "-c" "credential.helper=/workspace/cargo-home/bin/git-credential-null" "clone" "--bare" "https://github.com/hpb0412/shoot2d" "/workspace/cache/git-repos/https%3A%2F%2Fgithub.com%2Fhpb0412%2Fshoot2d", kill_on_drop: false }`
[INFO] [stderr] Cloning into bare repository '/workspace/cache/git-repos/https%3A%2F%2Fgithub.com%2Fhpb0412%2Fshoot2d'...
[INFO] running `Command { std: "git" "rev-parse" "HEAD", kill_on_drop: false }`
[INFO] [stdout] a487a02d4905157b3d693d6de31d653f61479a09
[INFO] testing hpb0412/shoot2d against 1.98.0-beta.1 for beta-1.98-2
[INFO] running `Command { std: "git" "clone" "/workspace/cache/git-repos/https%3A%2F%2Fgithub.com%2Fhpb0412%2Fshoot2d" "/workspace/builds/worker-3-tc2/source", kill_on_drop: false }`
[INFO] [stderr] Cloning into '/workspace/builds/worker-3-tc2/source'...
[INFO] [stderr] done.
[INFO] started tweaking git repo https://github.com/hpb0412/shoot2d
[INFO] finished tweaking git repo https://github.com/hpb0412/shoot2d
[INFO] tweaked toml for git repo https://github.com/hpb0412/shoot2d written to /workspace/builds/worker-3-tc2/source/Cargo.toml
[INFO] validating manifest of git repo https://github.com/hpb0412/shoot2d on toolchain 1.98.0-beta.1
[INFO] running `Command { std: CARGO_HOME="/workspace/cargo-home" RUSTUP_HOME="/workspace/rustup-home" "/workspace/cargo-home/bin/cargo" "+1.98.0-beta.1" "metadata" "--manifest-path" "Cargo.toml" "--no-deps", kill_on_drop: false }`
[INFO] crate git repo https://github.com/hpb0412/shoot2d already has a lockfile, it will not be regenerated
[INFO] running `Command { std: CARGO_HOME="/workspace/cargo-home" RUSTUP_HOME="/workspace/rustup-home" "/workspace/cargo-home/bin/cargo" "+1.98.0-beta.1" "fetch" "--manifest-path" "Cargo.toml", kill_on_drop: false }`
[INFO] running `Command { std: "docker" "create" "-v" "/var/lib/crater-agent-workspace/builds/worker-3-tc2/source:/opt/rustwide/workdir:ro,Z" "-v" "/var/lib/crater-agent-workspace/builds/worker-3-tc2/target:/opt/rustwide/target:rw,Z" "-v" "/var/lib/crater-agent-workspace/cargo-home:/opt/rustwide/cargo-home:ro,Z" "-v" "/var/lib/crater-agent-workspace/rustup-home:/opt/rustwide/rustup-home:ro,Z" "-m" "1610612736" "--network" "none" "ghcr.io/rust-lang/crates-build-env/linux@sha256:3d5ced03c013a94a2f102a4510f48a6e9184255caf5fd8244f58017bde7f5210" "sleep" "infinity", kill_on_drop: false }`
[INFO] [stdout] dc7b7537c692a5b90b674799f2bb412f9f6f40081c6adde5aea4400f5017d2aa
[INFO] running `Command { std: "docker" "start" "dc7b7537c692a5b90b674799f2bb412f9f6f40081c6adde5aea4400f5017d2aa", kill_on_drop: false }`
[INFO] running `Command { std: "docker" "inspect" "dc7b7537c692a5b90b674799f2bb412f9f6f40081c6adde5aea4400f5017d2aa", kill_on_drop: false }`
[INFO] running `Command { std: "docker" "exec" "-e" "SOURCE_DIR=/opt/rustwide/workdir" "-e" "CARGO_HOME=/opt/rustwide/cargo-home" "-e" "RUSTUP_HOME=/opt/rustwide/rustup-home" "-e" "CARGO_TARGET_DIR=/opt/rustwide/target" "-w" "/opt/rustwide/workdir" "--user" "0:0" "dc7b7537c692a5b90b674799f2bb412f9f6f40081c6adde5aea4400f5017d2aa" "/opt/rustwide/cargo-home/bin/cargo" "+1.98.0-beta.1" "metadata" "--no-deps" "--format-version=1", kill_on_drop: false }`
[INFO] running `Command { std: "docker" "inspect" "dc7b7537c692a5b90b674799f2bb412f9f6f40081c6adde5aea4400f5017d2aa", kill_on_drop: false }`
[INFO] running `Command { std: "docker" "exec" "-e" "SOURCE_DIR=/opt/rustwide/workdir" "-e" "CARGO_HOME=/opt/rustwide/cargo-home" "-e" "RUSTUP_HOME=/opt/rustwide/rustup-home" "-e" "CARGO_TARGET_DIR=/opt/rustwide/target" "-e" "CARGO_INCREMENTAL=0" "-e" "RUST_BACKTRACE=full" "-e" "RUSTFLAGS=--cap-lints=warn" "-e" "RUSTDOCFLAGS=--cap-lints=warn" "-w" "/opt/rustwide/workdir" "--user" "0:0" "dc7b7537c692a5b90b674799f2bb412f9f6f40081c6adde5aea4400f5017d2aa" "/opt/rustwide/cargo-home/bin/cargo" "+1.98.0-beta.1" "build" "--frozen" "--message-format=json", kill_on_drop: false }`
[INFO] [stderr]    Compiling autocfg v0.1.5
[INFO] [stderr]    Compiling rand_core v0.4.0
[INFO] [stderr]    Compiling libc v0.2.60
[INFO] [stderr]    Compiling cfg-if v0.1.9
[INFO] [stderr]    Compiling lazy_static v1.3.0
[INFO] [stderr]    Compiling bitflags v1.1.0
[INFO] [stderr]    Compiling ppv-lite86 v0.2.5
[INFO] [stderr]    Compiling sdl2 v0.32.2
[INFO] [stderr]    Compiling sdl2-sys v0.32.6
[INFO] [stderr]    Compiling rand_core v0.3.1
[INFO] [stderr]    Compiling rand_jitter v0.1.4
[INFO] [stderr]    Compiling rand_isaac v0.1.1
[INFO] [stderr]    Compiling rand_xorshift v0.1.1
[INFO] [stderr]    Compiling rand_hc v0.1.0
[INFO] [stderr]    Compiling num-traits v0.2.8
[INFO] [stderr]    Compiling num-integer v0.1.41
[INFO] [stderr]    Compiling rand_chacha v0.1.1
[INFO] [stderr]    Compiling num-iter v0.1.39
[INFO] [stderr]    Compiling rand_pcg v0.1.2
[INFO] [stderr]    Compiling rand v0.6.5
[INFO] [stderr]    Compiling c2-chacha v0.2.2
[INFO] [stderr]    Compiling getrandom v0.1.7
[INFO] [stderr]    Compiling rand_os v0.1.3
[INFO] [stderr]    Compiling rand_core v0.5.0
[INFO] [stderr]    Compiling rand_chacha v0.2.1
[INFO] [stderr]    Compiling rand v0.7.0
[INFO] [stderr]    Compiling num v0.1.42
[INFO] [stderr]    Compiling shoot2d v0.1.0 (/opt/rustwide/workdir)
[INFO] [stdout] warning: field `side` is never read
[INFO] [stdout]   --> src/main.rs:41:5
[INFO] [stdout]    |
[INFO] [stdout] 35 | struct Entity<'a> {
[INFO] [stdout]    |        ------ field in this struct
[INFO] [stdout] ...
[INFO] [stdout] 41 |     side: Side,
[INFO] [stdout]    |     ^^^^
[INFO] [stdout]    |
[INFO] [stdout]    = note: `#[warn(dead_code)]` (part of `#[warn(unused)]`) on by default
[INFO] [stdout] 
[INFO] [stdout] 
[INFO] [stdout] error: linking with `cc` failed: exit status: 1
[INFO] [stdout]   |
[INFO] [stdout]   = note:  "cc" "-m64" "/opt/rustwide/target/debug/deps/rustcFQ2I93/symbols.o" "<3 object files omitted>" "-Wl,--as-needed" "-Wl,-Bstatic" "/opt/rustwide/target/debug/deps/{librand-09c21e230bb34d1f,librand_chacha-1f24870a875a3215,libc2_chacha-4391806564782ae8,libppv_lite86-a7cac4ae282e0c1f,librand_core-4f4abf9559bf11f9,libgetrandom-5bf4ca9550c33b3f,libcfg_if-4cc62f8c44eaa979,libsdl2-b45bbc3f43df4e10,librand-7aca05a5bb5bb7d5,librand_xorshift-f1366ab4d376be2f,librand_pcg-73633aef4fd424f9,librand_hc-c745a307a98b0966,librand_chacha-84e5020d1d2771a3,librand_isaac-26229e60689230fc,librand_core-da70649f52ec2e2e,librand_os-e478f5e15fbd9e78,librand_jitter-b74e338994c9ba25,librand_core-3f421aae51251530,libsdl2_sys-62248b2a2ab8dafa,libbitflags-8f3eaf057b40ccf7,liblazy_static-507c20b43d7b10cf,liblibc-3974b7c9c68f05e1,libnum-7b23cbed960b5022,libnum_iter-753bcc37deb1a9ca,libnum_integer-3c080b0a4861d77d,libnum_traits-1f02692e62f9c179}.rlib" "<sysroot>/lib/rustlib/x86_64-unknown-linux-gnu/lib/{libstd-*,libpanic_unwind-*,libobject-*,libmemchr-*,libaddr2line-*,libgimli-*,libcfg_if-*,librustc_demangle-*,libstd_detect-*,libhashbrown-*,librustc_std_workspace_alloc-*,libminiz_oxide-*,libadler2-*,libunwind-*,liblibc-*,librustc_std_workspace_core-*,liballoc-*,libcore-*,libcompiler_builtins-*}.rlib" "-Wl,-Bdynamic" "-lSDL2" "-lSDL2_image" "-lSDL2_ttf" "-lutil" "-lgcc_s" "-lutil" "-lrt" "-lpthread" "-lm" "-ldl" "-lc" "-L" "/opt/rustwide/target/debug/deps/rustcFQ2I93/raw-dylibs" "-B<sysroot>/lib/rustlib/x86_64-unknown-linux-gnu/bin/gcc-ld" "-fuse-ld=lld" "-Wl,--eh-frame-hdr" "-Wl,-z,noexecstack" "-L" "<sysroot>/lib/rustlib/x86_64-unknown-linux-gnu/lib" "-o" "/opt/rustwide/target/debug/deps/shoot2d-c4b5789d423eeae7" "-Wl,--gc-sections" "-pie" "-Wl,-z,relro,-z,now" "-nodefaultlibs"
[INFO] [stdout]   = note: some arguments are omitted. use `--verbose` to show all linker arguments
[INFO] [stdout]   = note: rust-lld: error: unable to find library -lSDL2_image
[INFO] [stdout]           rust-lld: error: unable to find library -lSDL2_ttf
[INFO] [stdout]           collect2: error: ld returned 1 exit status
[INFO] [stdout]           
[INFO] [stdout] 
[INFO] [stdout] 
[INFO] [stderr] error: could not compile `shoot2d` (bin "shoot2d") due to 1 previous error; 1 warning emitted
[INFO] running `Command { std: "docker" "inspect" "dc7b7537c692a5b90b674799f2bb412f9f6f40081c6adde5aea4400f5017d2aa", kill_on_drop: false }`
[INFO] running `Command { std: "docker" "rm" "-f" "dc7b7537c692a5b90b674799f2bb412f9f6f40081c6adde5aea4400f5017d2aa", kill_on_drop: false }`
[INFO] [stdout] dc7b7537c692a5b90b674799f2bb412f9f6f40081c6adde5aea4400f5017d2aa
