[INFO] cloning repository https://github.com/holium/kinode-memedeck
[INFO] running `Command { std: "git" "-c" "credential.helper=" "-c" "credential.helper=/workspace/cargo-home/bin/git-credential-null" "clone" "--bare" "https://github.com/holium/kinode-memedeck" "/workspace/cache/git-repos/https%3A%2F%2Fgithub.com%2Fholium%2Fkinode-memedeck", kill_on_drop: false }`
[INFO] [stderr] Cloning into bare repository '/workspace/cache/git-repos/https%3A%2F%2Fgithub.com%2Fholium%2Fkinode-memedeck'...
[INFO] running `Command { std: "git" "rev-parse" "HEAD", kill_on_drop: false }`
[INFO] [stdout] 04a5a8ec1156f49b6b43ce13572acc951fb99eb9
[INFO] testing holium/kinode-memedeck against 1.97.0-beta.6 for beta-1.98-2
[INFO] running `Command { std: "git" "clone" "/workspace/cache/git-repos/https%3A%2F%2Fgithub.com%2Fholium%2Fkinode-memedeck" "/workspace/builds/worker-1-tc1/source", kill_on_drop: false }`
[INFO] [stderr] Cloning into '/workspace/builds/worker-1-tc1/source'...
[INFO] [stderr] done.
[INFO] started tweaking git repo https://github.com/holium/kinode-memedeck
[INFO] finished tweaking git repo https://github.com/holium/kinode-memedeck
[INFO] tweaked toml for git repo https://github.com/holium/kinode-memedeck written to /workspace/builds/worker-1-tc1/source/Cargo.toml
[INFO] validating manifest of git repo https://github.com/holium/kinode-memedeck on toolchain 1.97.0-beta.6
[INFO] running `Command { std: CARGO_HOME="/workspace/cargo-home" RUSTUP_HOME="/workspace/rustup-home" "/workspace/cargo-home/bin/cargo" "+1.97.0-beta.6" "metadata" "--manifest-path" "Cargo.toml" "--no-deps", kill_on_drop: false }`
[INFO] crate git repo https://github.com/holium/kinode-memedeck already has a lockfile, it will not be regenerated
[INFO] running `Command { std: CARGO_HOME="/workspace/cargo-home" RUSTUP_HOME="/workspace/rustup-home" "/workspace/cargo-home/bin/cargo" "+1.97.0-beta.6" "fetch" "--manifest-path" "Cargo.toml", kill_on_drop: false }`
[INFO] [stderr]     Updating crates.io index
[INFO] [stderr]     Updating git repository `https://github.com/kinode-dao/process_lib`
[INFO] [stderr]     Updating git repository `https://github.com/kinode-dao/llm`
[INFO] [stderr]     Updating git repository `https://github.com/kinode-dao/command_center/`
[INFO] [stderr]     Updating git repository `https://github.com/kinode-dao/telegram-bot/`
[INFO] [stderr]     Updating git submodule `https://github.com/uqbar-dao/kinode-wit.git`
[INFO] [stderr]     Updating git repository `https://github.com/bytecodealliance/wit-bindgen`
[INFO] [stderr]     Updating git repository `https://github.com/alloy-rs/alloy.git`
[INFO] [stderr]     Blocking waiting for file lock on package cache
[INFO] [stderr]  Downloading crates ...
[INFO] [stderr]   Downloaded wit-bindgen-rust-macro v0.24.0
[INFO] [stderr]   Downloaded wit-bindgen v0.24.0
[INFO] [stderr]   Downloaded wit-bindgen-rust v0.24.0
[INFO] [stderr]   Downloaded wit-bindgen-rt v0.24.0
[INFO] [stderr]   Downloaded dunce v1.0.4
[INFO] [stderr]   Downloaded alloy-sol-macro v0.7.7
[INFO] [stderr]   Downloaded const-hex v1.11.3
[INFO] [stderr]   Downloaded fastrand v2.0.1
[INFO] [stderr]   Downloaded alloy-sol-macro-input v0.7.7
[INFO] [stderr]   Downloaded byte-slice-cast v1.2.2
[INFO] [stderr]   Downloaded wasm-metadata v0.202.0
[INFO] [stderr]   Downloaded impl-trait-for-tuples v0.2.2
[INFO] [stderr]   Downloaded parity-scale-codec-derive v3.6.9
[INFO] [stderr]   Downloaded rmp-serde v1.3.0
[INFO] [stderr]   Downloaded alloy-sol-macro-expander v0.7.7
[INFO] [stderr]   Downloaded wit-bindgen-core v0.24.0
[INFO] [stderr]   Downloaded mime_guess v2.0.4
[INFO] [stderr]   Downloaded wit-parser v0.202.0
[INFO] [stderr]   Downloaded auto_impl v1.2.0
[INFO] [stderr]   Downloaded alloy-rlp v0.3.4
[INFO] [stderr]   Downloaded keccak-asm v0.1.0
[INFO] [stderr]   Downloaded alloy-rlp-derive v0.3.4
[INFO] [stderr]   Downloaded hex-literal v0.4.1
[INFO] [stderr]   Downloaded rmp v0.8.14
[INFO] [stderr]   Downloaded syn-solidity v0.7.7
[INFO] [stderr]   Downloaded ff v0.13.0
[INFO] [stderr]   Downloaded alloy v0.1.4
[INFO] [stderr]   Downloaded alloy-transport-http v0.1.4
[INFO] [stderr]   Downloaded wasm-encoder v0.202.0
[INFO] [stderr]   Downloaded parity-scale-codec v3.6.9
[INFO] [stderr]   Downloaded alloy-sol-types v0.7.7
[INFO] [stderr]   Downloaded alloy-primitives v0.7.7
[INFO] [stderr]   Downloaded ruint v1.12.3
[INFO] [stderr]   Downloaded k256 v0.13.3
[INFO] [stderr]   Downloaded alloy-transport v0.1.4
[INFO] [stderr]   Downloaded pest v2.7.8
[INFO] [stderr]   Downloaded alloy-serde v0.1.4
[INFO] [stderr]   Downloaded alloy-rpc-types v0.1.4
[INFO] [stderr]   Downloaded wit-component v0.202.0
[INFO] [stderr]   Downloaded httparse v1.9.2
[INFO] [stderr]   Downloaded lru v0.12.4
[INFO] [stderr]   Downloaded alloy-network v0.1.4
[INFO] [stderr]   Downloaded proptest v1.4.0
[INFO] [stderr]   Downloaded alloy-json-rpc v0.1.4
[INFO] [stderr]   Downloaded alloy-rpc-client v0.1.4
[INFO] [stderr]   Downloaded alloy-signer v0.1.4
[INFO] [stderr]   Downloaded wasmparser v0.202.0
[INFO] [stderr]   Downloaded alloy-sol-type-parser v0.7.7
[INFO] [stderr]   Downloaded hyper-util v0.1.7
[INFO] [stderr]   Downloaded alloy-core v0.7.7
[INFO] [stderr]   Downloaded alloy-consensus v0.1.4
[INFO] [stderr]   Downloaded alloy-rpc-types-eth v0.1.4
[INFO] [stderr]   Downloaded wasm-metadata v0.10.20
[INFO] [stderr]   Downloaded typemap v0.3.3
[INFO] [stderr]   Downloaded unsafe-any v0.4.2
[INFO] [stderr]   Downloaded plugin v0.2.6
[INFO] [stderr]   Downloaded groupable v0.2.0
[INFO] [stderr]   Downloaded alloy-chains v0.1.25
[INFO] [stderr]   Downloaded modifier v0.1.0
[INFO] [stderr]   Downloaded phf_codegen v0.7.24
[INFO] [stderr]   Downloaded phf_generator v0.7.24
[INFO] [stderr]   Downloaded alloy-json-abi v0.7.7
[INFO] [stderr]   Downloaded ascii v0.8.7
[INFO] [stderr]   Downloaded phf_shared v0.7.24
[INFO] [stderr]   Downloaded alloy-provider v0.1.4
[INFO] [stderr]   Downloaded twoway v0.1.8
[INFO] [stderr]   Downloaded chunked_transfer v0.3.1
[INFO] [stderr]   Downloaded mime_guess v1.8.8
[INFO] [stderr]   Downloaded iron v0.6.1
[INFO] [stderr]   Downloaded phf v0.7.24
[INFO] [stderr]   Downloaded tiny_http v0.6.4
[INFO] [stderr]   Downloaded derive_builder_macro v0.20.0
[INFO] [stderr]   Downloaded mustache v0.9.0
[INFO] [stderr]   Downloaded typed-builder-macro v0.18.2
[INFO] [stderr]   Downloaded alloy-dyn-abi v0.7.7
[INFO] [stderr]   Downloaded typed-builder v0.18.2
[INFO] [stderr]   Downloaded buf_redux v0.8.4
[INFO] [stderr]   Downloaded derive_builder_core v0.20.0
[INFO] [stderr]   Downloaded wasm-encoder v0.41.2
[INFO] [stderr]   Downloaded multipart v0.18.0
[INFO] [stderr]   Downloaded derive_builder v0.20.0
[INFO] [stderr]   Downloaded nickel v0.11.0
[INFO] [stderr]   Downloaded alloy-primitives v0.6.4
[INFO] [stderr]   Downloaded winnow v0.6.18
[INFO] [stderr]   Downloaded wit-component v0.20.3
[INFO] [stderr]   Downloaded wasmparser v0.121.2
[INFO] [stderr]   Downloaded sha3-asm v0.1.0
[INFO] [stderr]   Downloaded alloy-genesis v0.1.4
[INFO] [stderr]   Downloaded frankenstein v0.30.8
[INFO] [stderr]   Downloaded blst v0.3.12
[INFO] [stderr]   Downloaded alloy-eips v0.1.4
[INFO] [stderr]   Downloaded spdx v0.10.4
[INFO] [stderr]   Downloaded c-kzg v1.0.2
[INFO] running `Command { std: "docker" "create" "-v" "/var/lib/crater-agent-workspace/builds/worker-1-tc1/source:/opt/rustwide/workdir:ro,Z" "-v" "/var/lib/crater-agent-workspace/builds/worker-1-tc1/target:/opt/rustwide/target:rw,Z" "-v" "/var/lib/crater-agent-workspace/cargo-home:/opt/rustwide/cargo-home:ro,Z" "-v" "/var/lib/crater-agent-workspace/rustup-home:/opt/rustwide/rustup-home:ro,Z" "-m" "1610612736" "--network" "none" "ghcr.io/rust-lang/crates-build-env/linux@sha256:3d5ced03c013a94a2f102a4510f48a6e9184255caf5fd8244f58017bde7f5210" "sleep" "infinity", kill_on_drop: false }`
[INFO] [stdout] 6cfc69646f3461a463005d54bbd3f554b78dc0111322d08c327a5047c4586c28
[INFO] running `Command { std: "docker" "start" "6cfc69646f3461a463005d54bbd3f554b78dc0111322d08c327a5047c4586c28", kill_on_drop: false }`
[INFO] running `Command { std: "docker" "inspect" "6cfc69646f3461a463005d54bbd3f554b78dc0111322d08c327a5047c4586c28", kill_on_drop: false }`
[INFO] running `Command { std: "docker" "exec" "-e" "SOURCE_DIR=/opt/rustwide/workdir" "-e" "CARGO_HOME=/opt/rustwide/cargo-home" "-e" "RUSTUP_HOME=/opt/rustwide/rustup-home" "-e" "CARGO_TARGET_DIR=/opt/rustwide/target" "-w" "/opt/rustwide/workdir" "--user" "0:0" "6cfc69646f3461a463005d54bbd3f554b78dc0111322d08c327a5047c4586c28" "/opt/rustwide/cargo-home/bin/cargo" "+1.97.0-beta.6" "metadata" "--no-deps" "--format-version=1", kill_on_drop: false }`
[INFO] running `Command { std: "docker" "inspect" "6cfc69646f3461a463005d54bbd3f554b78dc0111322d08c327a5047c4586c28", kill_on_drop: false }`
[INFO] running `Command { std: "docker" "exec" "-e" "SOURCE_DIR=/opt/rustwide/workdir" "-e" "CARGO_HOME=/opt/rustwide/cargo-home" "-e" "RUSTUP_HOME=/opt/rustwide/rustup-home" "-e" "CARGO_TARGET_DIR=/opt/rustwide/target" "-e" "CARGO_INCREMENTAL=0" "-e" "RUST_BACKTRACE=full" "-e" "RUSTFLAGS=--cap-lints=warn" "-e" "RUSTDOCFLAGS=--cap-lints=warn" "-w" "/opt/rustwide/workdir" "--user" "0:0" "6cfc69646f3461a463005d54bbd3f554b78dc0111322d08c327a5047c4586c28" "/opt/rustwide/cargo-home/bin/cargo" "+1.97.0-beta.6" "build" "--frozen" "--message-format=json", kill_on_drop: false }`
[INFO] [stderr]    Compiling proc-macro2 v1.0.79
[INFO] [stderr]    Compiling unicode-ident v1.0.12
[INFO] [stderr]    Compiling itoa v1.0.10
[INFO] [stderr]    Compiling serde v1.0.204
[INFO] [stderr]    Compiling ryu v1.0.17
[INFO] [stderr]    Compiling hashbrown v0.14.3
[INFO] [stderr]    Compiling equivalent v1.0.1
[INFO] [stderr]    Compiling memchr v2.7.1
[INFO] [stderr]    Compiling syn v1.0.109
[INFO] [stderr]    Compiling libc v0.2.153
[INFO] [stderr]    Compiling cpufeatures v0.2.12
[INFO] [stderr]    Compiling crunchy v0.2.2
[INFO] [stderr]    Compiling semver v1.0.22
[INFO] [stderr]    Compiling tiny-keccak v2.0.2
[INFO] [stderr]    Compiling anyhow v1.0.81
[INFO] [stderr]    Compiling serde_json v1.0.122
[INFO] [stderr]    Compiling arrayvec v0.7.4
[INFO] [stderr]    Compiling ruint-macro v1.2.1
[INFO] [stderr]    Compiling bitflags v2.4.2
[INFO] [stderr]    Compiling log v0.4.21
[INFO] [stderr]    Compiling hex-literal v0.4.1
[INFO] [stderr]    Compiling autocfg v0.1.8
[INFO] [stderr]    Compiling leb128 v0.2.5
[INFO] [stderr]    Compiling rand_core v0.4.2
[INFO] [stderr]    Compiling id-arena v2.2.1
[INFO] [stderr]    Compiling tinyvec_macros v0.1.1
[INFO] [stderr]    Compiling smallvec v1.13.1
[INFO] [stderr]    Compiling unicode-xid v0.2.4
[INFO] [stderr]    Compiling tinyvec v1.6.0
[INFO] [stderr]    Compiling version_check v0.1.5
[INFO] [stderr]    Compiling thiserror v1.0.58
[INFO] [stderr]    Compiling paste v1.0.14
[INFO] [stderr]    Compiling typenum v1.17.0
[INFO] [stderr]    Compiling unicode-bidi v0.3.15
[INFO] [stderr]    Compiling spdx v0.10.4
[INFO] [stderr]    Compiling rand_core v0.3.1
[INFO] [stderr]    Compiling generic-array v0.14.7
[INFO] [stderr]    Compiling rand_pcg v0.1.2
[INFO] [stderr]    Compiling unicase v1.4.2
[INFO] [stderr]    Compiling quote v1.0.35
[INFO] [stderr]    Compiling rand_chacha v0.1.1
[INFO] [stderr]    Compiling pin-project-lite v0.2.13
[INFO] [stderr]    Compiling unicode-segmentation v1.11.0
[INFO] [stderr]    Compiling rand v0.6.5
[INFO] [stderr]    Compiling num-traits v0.2.18
[INFO] [stderr]    Compiling unicase v2.7.0
[INFO] [stderr]    Compiling either v1.10.0
[INFO] [stderr]    Compiling once_cell v1.19.0
[INFO] [stderr]    Compiling phf_shared v0.7.24
[INFO] [stderr]    Compiling syn v2.0.52
[INFO] [stderr]    Compiling heck v0.4.1
[INFO] [stderr]    Compiling tracing-core v0.1.32
[INFO] [stderr]    Compiling proc-macro-error-attr v1.0.4
[INFO] [stderr]    Compiling rand_os v0.1.3
[INFO] [stderr]    Compiling getrandom v0.2.12
[INFO] [stderr]    Compiling rand_xorshift v0.1.1
[INFO] [stderr]    Compiling rand_hc v0.1.0
[INFO] [stderr]    Compiling rand_isaac v0.1.1
[INFO] [stderr]    Compiling rand_jitter v0.1.4
[INFO] [stderr]    Compiling const-hex v1.11.3
[INFO] [stderr]    Compiling dunce v1.0.4
[INFO] [stderr]    Compiling log v0.3.9
[INFO] [stderr]    Compiling wasm-encoder v0.41.2
[INFO] [stderr]    Compiling matches v0.1.10
[INFO] [stderr]    Compiling traitobject v0.1.0
[INFO] [stderr]    Compiling rand_core v0.6.4
[INFO] [stdout] error[E0119]: conflicting implementations of trait `Trait` for type `(dyn Send + Sync + 'static)`
[INFO] [stdout]   --> /opt/rustwide/cargo-home/registry/src/index.crates.io-1949cf8c6b5b557f/traitobject-0.1.0/src/impls.rs:72:1
[INFO] [stdout]    |
[INFO] [stdout] 71 | unsafe impl Trait for ::std::marker::Send + Sync { }
[INFO] [stdout]    | ------------------------------------------------ first implementation here
[INFO] [stdout] 72 | unsafe impl Trait for ::std::marker::Send + Send + Sync { }
[INFO] [stdout]    | ^^^^^^^^^^^^^^^^^^^^^^^^^^^^^^^^^^^^^^^^^^^^^^^^^^^^^^^ conflicting implementation for `(dyn Send + Sync + 'static)`
[INFO] [stdout] 
[INFO] [stdout] 
[INFO] [stderr]    Compiling wasm-encoder v0.202.0
[INFO] [stdout] error[E0119]: conflicting implementations of trait `Trait` for type `(dyn Send + Sync + 'static)`
[INFO] [stdout]   --> /opt/rustwide/cargo-home/registry/src/index.crates.io-1949cf8c6b5b557f/traitobject-0.1.0/src/impls.rs:73:1
[INFO] [stdout]    |
[INFO] [stdout] 71 | unsafe impl Trait for ::std::marker::Send + Sync { }
[INFO] [stdout]    | ------------------------------------------------ first implementation here
[INFO] [stdout] 72 | unsafe impl Trait for ::std::marker::Send + Send + Sync { }
[INFO] [stdout] 73 | unsafe impl Trait for ::std::marker::Sync + Send { }
[INFO] [stdout]    | ^^^^^^^^^^^^^^^^^^^^^^^^^^^^^^^^^^^^^^^^^^^^^^^^ conflicting implementation for `(dyn Send + Sync + 'static)`
[INFO] [stdout] 
[INFO] [stdout] 
[INFO] [stdout] error[E0119]: conflicting implementations of trait `Trait` for type `(dyn Send + Sync + 'static)`
[INFO] [stdout]   --> /opt/rustwide/cargo-home/registry/src/index.crates.io-1949cf8c6b5b557f/traitobject-0.1.0/src/impls.rs:75:1
[INFO] [stdout]    |
[INFO] [stdout] 71 | unsafe impl Trait for ::std::marker::Send + Sync { }
[INFO] [stdout]    | ------------------------------------------------ first implementation here
[INFO] [stdout] ...
[INFO] [stdout] 75 | unsafe impl Trait for ::std::marker::Sync + Send + Sync { }
[INFO] [stdout]    | ^^^^^^^^^^^^^^^^^^^^^^^^^^^^^^^^^^^^^^^^^^^^^^^^^^^^^^^ conflicting implementation for `(dyn Send + Sync + 'static)`
[INFO] [stdout] 
[INFO] [stdout] 
[INFO] [stdout] For more information about this error, try `rustc --explain E0119`.
[INFO] [stdout] 
[INFO] [stderr] error: could not compile `traitobject` (lib) due to 3 previous errors
[INFO] [stderr] warning: build failed, waiting for other jobs to finish...
[INFO] running `Command { std: "docker" "inspect" "6cfc69646f3461a463005d54bbd3f554b78dc0111322d08c327a5047c4586c28", kill_on_drop: false }`
[INFO] running `Command { std: "docker" "rm" "-f" "6cfc69646f3461a463005d54bbd3f554b78dc0111322d08c327a5047c4586c28", kill_on_drop: false }`
[INFO] [stdout] 6cfc69646f3461a463005d54bbd3f554b78dc0111322d08c327a5047c4586c28
