[INFO] cloning repository https://github.com/hitbug-exe/Rusty-DNS
[INFO] running `Command { std: "git" "-c" "credential.helper=" "-c" "credential.helper=/workspace/cargo-home/bin/git-credential-null" "clone" "--bare" "https://github.com/hitbug-exe/Rusty-DNS" "/workspace/cache/git-repos/https%3A%2F%2Fgithub.com%2Fhitbug-exe%2FRusty-DNS", kill_on_drop: false }`
[INFO] [stderr] Cloning into bare repository '/workspace/cache/git-repos/https%3A%2F%2Fgithub.com%2Fhitbug-exe%2FRusty-DNS'...
[INFO] running `Command { std: "git" "rev-parse" "HEAD", kill_on_drop: false }`
[INFO] [stdout] 6cf9298ece598946ac68a6f4360a18b25c7575e4
[INFO] testing hitbug-exe/Rusty-DNS against 1.98.0-beta.1 for beta-1.98-2
[INFO] running `Command { std: "git" "clone" "/workspace/cache/git-repos/https%3A%2F%2Fgithub.com%2Fhitbug-exe%2FRusty-DNS" "/workspace/builds/worker-1-tc2/source", kill_on_drop: false }`
[INFO] [stderr] Cloning into '/workspace/builds/worker-1-tc2/source'...
[INFO] [stderr] done.
[INFO] started tweaking git repo https://github.com/hitbug-exe/Rusty-DNS
[INFO] finished tweaking git repo https://github.com/hitbug-exe/Rusty-DNS
[INFO] tweaked toml for git repo https://github.com/hitbug-exe/Rusty-DNS written to /workspace/builds/worker-1-tc2/source/Cargo.toml
[INFO] validating manifest of git repo https://github.com/hitbug-exe/Rusty-DNS on toolchain 1.98.0-beta.1
[INFO] running `Command { std: CARGO_HOME="/workspace/cargo-home" RUSTUP_HOME="/workspace/rustup-home" "/workspace/cargo-home/bin/cargo" "+1.98.0-beta.1" "metadata" "--manifest-path" "Cargo.toml" "--no-deps", kill_on_drop: false }`
[INFO] crate git repo https://github.com/hitbug-exe/Rusty-DNS already has a lockfile, it will not be regenerated
[INFO] running `Command { std: CARGO_HOME="/workspace/cargo-home" RUSTUP_HOME="/workspace/rustup-home" "/workspace/cargo-home/bin/cargo" "+1.98.0-beta.1" "fetch" "--manifest-path" "Cargo.toml", kill_on_drop: false }`
[INFO] running `Command { std: "docker" "create" "-v" "/var/lib/crater-agent-workspace/builds/worker-1-tc2/source:/opt/rustwide/workdir:ro,Z" "-v" "/var/lib/crater-agent-workspace/builds/worker-1-tc2/target:/opt/rustwide/target:rw,Z" "-v" "/var/lib/crater-agent-workspace/cargo-home:/opt/rustwide/cargo-home:ro,Z" "-v" "/var/lib/crater-agent-workspace/rustup-home:/opt/rustwide/rustup-home:ro,Z" "-m" "1610612736" "--network" "none" "ghcr.io/rust-lang/crates-build-env/linux@sha256:3d5ced03c013a94a2f102a4510f48a6e9184255caf5fd8244f58017bde7f5210" "sleep" "infinity", kill_on_drop: false }`
[INFO] [stdout] 834a0acda5eee3805279af36d73c040ed6d78dfa539e13fc1ec63e37e1632271
[INFO] running `Command { std: "docker" "start" "834a0acda5eee3805279af36d73c040ed6d78dfa539e13fc1ec63e37e1632271", kill_on_drop: false }`
[INFO] running `Command { std: "docker" "inspect" "834a0acda5eee3805279af36d73c040ed6d78dfa539e13fc1ec63e37e1632271", kill_on_drop: false }`
[INFO] running `Command { std: "docker" "exec" "-e" "SOURCE_DIR=/opt/rustwide/workdir" "-e" "CARGO_HOME=/opt/rustwide/cargo-home" "-e" "RUSTUP_HOME=/opt/rustwide/rustup-home" "-e" "CARGO_TARGET_DIR=/opt/rustwide/target" "-w" "/opt/rustwide/workdir" "--user" "0:0" "834a0acda5eee3805279af36d73c040ed6d78dfa539e13fc1ec63e37e1632271" "/opt/rustwide/cargo-home/bin/cargo" "+1.98.0-beta.1" "metadata" "--no-deps" "--format-version=1", kill_on_drop: false }`
[INFO] running `Command { std: "docker" "inspect" "834a0acda5eee3805279af36d73c040ed6d78dfa539e13fc1ec63e37e1632271", kill_on_drop: false }`
[INFO] running `Command { std: "docker" "exec" "-e" "SOURCE_DIR=/opt/rustwide/workdir" "-e" "CARGO_HOME=/opt/rustwide/cargo-home" "-e" "RUSTUP_HOME=/opt/rustwide/rustup-home" "-e" "CARGO_TARGET_DIR=/opt/rustwide/target" "-e" "CARGO_INCREMENTAL=0" "-e" "RUST_BACKTRACE=full" "-e" "RUSTFLAGS=--cap-lints=warn" "-e" "RUSTDOCFLAGS=--cap-lints=warn" "-w" "/opt/rustwide/workdir" "--user" "0:0" "834a0acda5eee3805279af36d73c040ed6d78dfa539e13fc1ec63e37e1632271" "/opt/rustwide/cargo-home/bin/cargo" "+1.98.0-beta.1" "build" "--frozen" "--message-format=json", kill_on_drop: false }`
[INFO] [stderr]    Compiling libc v0.2.141
[INFO] [stderr]    Compiling proc-macro2 v1.0.56
[INFO] [stderr]    Compiling quote v1.0.26
[INFO] [stderr]    Compiling unicode-ident v1.0.8
[INFO] [stderr]    Compiling log v0.4.17
[INFO] [stderr]    Compiling once_cell v1.17.1
[INFO] [stderr]    Compiling syn v1.0.109
[INFO] [stderr]    Compiling futures-core v0.3.28
[INFO] [stderr]    Compiling io-lifetimes v1.0.10
[INFO] [stderr]    Compiling futures-task v0.3.28
[INFO] [stderr]    Compiling pin-project-lite v0.2.9
[INFO] [stderr]    Compiling unicode-bidi v0.3.13
[INFO] [stderr]    Compiling futures-util v0.3.28
[INFO] [stderr]    Compiling slab v0.4.8
[INFO] [stderr]    Compiling smallvec v1.10.0
[INFO] [stderr]    Compiling unicode-normalization v0.1.22
[INFO] [stderr]    Compiling rustix v0.37.11
[INFO] [stderr]    Compiling tokio v1.27.0
[INFO] [stderr]    Compiling async-trait v0.1.68
[INFO] [stderr]    Compiling serde_derive v1.0.160
[INFO] [stderr]    Compiling percent-encoding v2.2.0
[INFO] [stderr]    Compiling futures-channel v0.3.28
[INFO] [stderr]    Compiling linux-raw-sys v0.3.1
[INFO] [stderr]    Compiling thiserror v1.0.40
[INFO] [stderr]    Compiling bytes v1.4.0
[INFO] [stderr]    Compiling num-traits v0.2.15
[INFO] [stderr]    Compiling tracing-core v0.1.30
[INFO] [stderr]    Compiling form_urlencoded v1.1.0
[INFO] [stderr]    Compiling serde v1.0.160
[INFO] [stderr]    Compiling matches v0.1.10
[INFO] [stderr]    Compiling anstyle-parse v0.2.0
[INFO] [stderr]    Compiling nibble_vec v0.1.0
[INFO] [stderr]    Compiling num-integer v0.1.45
[INFO] [stderr]    Compiling ipnet v2.7.2
[INFO] [stderr]    Compiling time-core v0.1.0
[INFO] [stderr]    Compiling futures-io v0.3.28
[INFO] [stderr]    Compiling anstyle v1.0.0
[INFO] [stderr]    Compiling endian-type v0.1.2
[INFO] [stderr]    Compiling data-encoding v2.3.3
[INFO] [stderr]    Compiling time v0.3.20
[INFO] [stderr]    Compiling clap_lex v0.4.1
[INFO] [stderr]    Compiling anyhow v1.0.70
[INFO] [stderr]    Compiling radix_trie v0.2.1
[INFO] [stderr]    Compiling thread_local v1.1.7
[INFO] [stderr]    Compiling sharded-slab v0.1.4
[INFO] [stderr]    Compiling itoa v1.0.6
[INFO] [stderr]    Compiling iana-time-zone v0.1.56
[INFO] [stderr]    Compiling http v0.2.9
[INFO] [stderr]    Compiling tracing-log v0.1.3
[INFO] [stderr]    Compiling idna v0.3.0
[INFO] [stderr]    Compiling idna v0.2.3
[INFO] [stderr]    Compiling getrandom v0.2.9
[INFO] [stderr]    Compiling mio v0.8.6
[INFO] [stderr]    Compiling socket2 v0.4.9
[INFO] [stderr]    Compiling syn v2.0.15
[INFO] [stderr]    Compiling rand_core v0.6.4
[INFO] [stderr]    Compiling num_cpus v1.15.0
[INFO] [stderr]    Compiling url v2.3.1
[INFO] [stderr]    Compiling time v0.1.45
[INFO] [stderr]    Compiling tracing-subscriber v0.3.16
[INFO] [stderr]    Compiling rand_chacha v0.3.1
[INFO] [stderr]    Compiling chrono v0.4.24
[INFO] [stderr]    Compiling rand v0.8.5
[INFO] [stderr]    Compiling is-terminal v0.4.7
[INFO] [stderr]    Compiling anstream v0.3.0
[INFO] [stderr]    Compiling clap_builder v4.2.2
[INFO] [stderr]    Compiling futures-executor v0.3.28
[INFO] [stderr]    Compiling thiserror-impl v1.0.40
[INFO] [stderr]    Compiling tokio-macros v2.0.0
[INFO] [stderr]    Compiling clap_derive v4.2.0
[INFO] [stderr]    Compiling tracing-attributes v0.1.23
[INFO] [stderr]    Compiling enum-as-inner v0.5.1
[INFO] [stderr]    Compiling tracing v0.1.37
[INFO] [stderr]    Compiling clap v4.2.2
[INFO] [stderr]    Compiling trust-dns-proto v0.22.0
[INFO] [stderr]    Compiling toml v0.5.11
[INFO] [stderr]    Compiling trust-dns-client v0.22.0
[INFO] [stderr]    Compiling trust-dns-server v0.22.0
[INFO] [stderr]    Compiling my-project v0.1.0 (/opt/rustwide/workdir)
[INFO] [stdout] error[E0433]: cannot find type `SocketAddr` in this scope
[INFO] [stdout]   --> src/main.rs:45:27
[INFO] [stdout]    |
[INFO] [stdout] 45 |         let socket_addr = SocketAddr::new(IpAddr::V4(Ipv4Addr::new(0, 0, 0, 0)), *udp);
[INFO] [stdout]    |                           ^^^^^^^^^^ use of undeclared type `SocketAddr`
[INFO] [stdout]    |
[INFO] [stdout] help: consider importing one of these items
[INFO] [stdout]    |
[INFO] [stdout]  1 + use std::net::SocketAddr;
[INFO] [stdout]    |
[INFO] [stdout]  1 + use std::os::unix::net::SocketAddr;
[INFO] [stdout]    |
[INFO] [stdout]  1 + use core::net::SocketAddr;
[INFO] [stdout]    |
[INFO] [stdout] 
[INFO] [stdout] 
[INFO] [stdout] error[E0433]: cannot find type `IpAddr` in this scope
[INFO] [stdout]   --> src/main.rs:45:43
[INFO] [stdout]    |
[INFO] [stdout] 45 |         let socket_addr = SocketAddr::new(IpAddr::V4(Ipv4Addr::new(0, 0, 0, 0)), *udp);
[INFO] [stdout]    |                                           ^^^^^^ use of undeclared type `IpAddr`
[INFO] [stdout]    |
[INFO] [stdout] help: consider importing this enum
[INFO] [stdout]    |
[INFO] [stdout]  1 + use std::net::IpAddr;
[INFO] [stdout]    |
[INFO] [stdout] 
[INFO] [stdout] 
[INFO] [stdout] error[E0433]: cannot find type `Ipv4Addr` in this scope
[INFO] [stdout]   --> src/main.rs:45:54
[INFO] [stdout]    |
[INFO] [stdout] 45 |         let socket_addr = SocketAddr::new(IpAddr::V4(Ipv4Addr::new(0, 0, 0, 0)), *udp);
[INFO] [stdout]    |                                                      ^^^^^^^^ use of undeclared type `Ipv4Addr`
[INFO] [stdout]    |
[INFO] [stdout] help: consider importing this struct
[INFO] [stdout]    |
[INFO] [stdout]  1 + use std::net::Ipv4Addr;
[INFO] [stdout]    |
[INFO] [stdout] 
[INFO] [stdout] 
[INFO] [stdout] error[E0433]: cannot find type `SocketAddr` in this scope
[INFO] [stdout]   --> src/main.rs:52:29
[INFO] [stdout]    |
[INFO] [stdout] 52 |         let listener_addr = SocketAddr::new(IpAddr::V4(Ipv4Addr::new(0, 0, 0, 0)), *tcp);
[INFO] [stdout]    |                             ^^^^^^^^^^ use of undeclared type `SocketAddr`
[INFO] [stdout]    |
[INFO] [stdout] help: consider importing one of these items
[INFO] [stdout]    |
[INFO] [stdout]  1 + use std::net::SocketAddr;
[INFO] [stdout]    |
[INFO] [stdout]  1 + use std::os::unix::net::SocketAddr;
[INFO] [stdout]    |
[INFO] [stdout]  1 + use core::net::SocketAddr;
[INFO] [stdout]    |
[INFO] [stdout] 
[INFO] [stdout] 
[INFO] [stdout] error[E0433]: cannot find type `IpAddr` in this scope
[INFO] [stdout]   --> src/main.rs:52:45
[INFO] [stdout]    |
[INFO] [stdout] 52 |         let listener_addr = SocketAddr::new(IpAddr::V4(Ipv4Addr::new(0, 0, 0, 0)), *tcp);
[INFO] [stdout]    |                                             ^^^^^^ use of undeclared type `IpAddr`
[INFO] [stdout]    |
[INFO] [stdout] help: consider importing this enum
[INFO] [stdout]    |
[INFO] [stdout]  1 + use std::net::IpAddr;
[INFO] [stdout]    |
[INFO] [stdout] 
[INFO] [stdout] 
[INFO] [stdout] error[E0433]: cannot find type `Ipv4Addr` in this scope
[INFO] [stdout]   --> src/main.rs:52:56
[INFO] [stdout]    |
[INFO] [stdout] 52 |         let listener_addr = SocketAddr::new(IpAddr::V4(Ipv4Addr::new(0, 0, 0, 0)), *tcp);
[INFO] [stdout]    |                                                        ^^^^^^^^ use of undeclared type `Ipv4Addr`
[INFO] [stdout]    |
[INFO] [stdout] help: consider importing this struct
[INFO] [stdout]    |
[INFO] [stdout]  1 + use std::net::Ipv4Addr;
[INFO] [stdout]    |
[INFO] [stdout] 
[INFO] [stdout] 
[INFO] [stdout] warning: unreachable expression
[INFO] [stdout]    --> src/handlers.rs:409:9
[INFO] [stdout]     |
[INFO] [stdout] 409 |         return todo!();
[INFO] [stdout]     |         ^^^^^^^-------
[INFO] [stdout]     |         |      |
[INFO] [stdout]     |         |      any code following this expression is unreachable
[INFO] [stdout]     |         unreachable expression
[INFO] [stdout]     |
[INFO] [stdout]     = note: `#[warn(unreachable_code)]` (part of `#[warn(unused)]`) on by default
[INFO] [stdout] 
[INFO] [stdout] 
[INFO] [stdout] warning: unreachable expression
[INFO] [stdout]    --> src/handlers.rs:417:13
[INFO] [stdout]     |
[INFO] [stdout] 417 |             return todo!();
[INFO] [stdout]     |             ^^^^^^^-------
[INFO] [stdout]     |             |      |
[INFO] [stdout]     |             |      any code following this expression is unreachable
[INFO] [stdout]     |             unreachable expression
[INFO] [stdout] 
[INFO] [stdout] 
[INFO] [stdout] warning: unreachable expression
[INFO] [stdout]    --> src/handlers.rs:426:13
[INFO] [stdout]     |
[INFO] [stdout] 426 |             return todo!();
[INFO] [stdout]     |             ^^^^^^^-------
[INFO] [stdout]     |             |      |
[INFO] [stdout]     |             |      any code following this expression is unreachable
[INFO] [stdout]     |             unreachable expression
[INFO] [stdout] 
[INFO] [stdout] 
[INFO] [stdout] error[E0277]: the trait bound `u128: From<Ipv4Addr>` is not satisfied
[INFO] [stdout]    --> src/handlers.rs:435:28
[INFO] [stdout]     |
[INFO] [stdout] 435 |             let start_ip = u128::from(std::net::Ipv4Addr::from(ipv4.clone().into())) & netmask;
[INFO] [stdout]     |                            ^^^^ the trait `From<Ipv4Addr>` is not implemented for `u128`
[INFO] [stdout]     |
[INFO] [stdout]     = help: `u128` implements trait `From<T>`:
[INFO] [stdout]               From<Ipv6Addr>
[INFO] [stdout]               From<bool>
[INFO] [stdout]               From<char>
[INFO] [stdout]               From<std::ascii::Char>
[INFO] [stdout]               From<u16>
[INFO] [stdout]               From<u32>
[INFO] [stdout]               From<u64>
[INFO] [stdout]               From<u8>
[INFO] [stdout] 
[INFO] [stdout] 
[INFO] [stdout] error[E0308]: mismatched types
[INFO] [stdout]    --> src/handlers.rs:435:88
[INFO] [stdout]     |
[INFO] [stdout] 435 |             let start_ip = u128::from(std::net::Ipv4Addr::from(ipv4.clone().into())) & netmask;
[INFO] [stdout]     |                                                                                        ^^^^^^^ expected `u128`, found `u32`
[INFO] [stdout] 
[INFO] [stdout] 
[INFO] [stdout] error[E0277]: no implementation for `u128 & u32`
[INFO] [stdout]    --> src/handlers.rs:435:86
[INFO] [stdout]     |
[INFO] [stdout] 435 |             let start_ip = u128::from(std::net::Ipv4Addr::from(ipv4.clone().into())) & netmask;
[INFO] [stdout]     |                                                                                      ^ no implementation for `u128 & u32`
[INFO] [stdout]     |
[INFO] [stdout]     = help: the trait `BitAnd<u32>` is not implemented for `u128`
[INFO] [stdout] help: the following other types implement trait `BitAnd<Rhs>`
[INFO] [stdout]    --> /rustc/6b3fa26749ab40e159b2dd5cf577acaaf5902772/library/core/src/internal_macros.rs:22:8
[INFO] [stdout]     |
[INFO] [stdout]     = note: `&u128` implements `BitAnd<u128>`
[INFO] [stdout]    ::: /rustc/6b3fa26749ab40e159b2dd5cf577acaaf5902772/library/core/src/internal_macros.rs:33:8
[INFO] [stdout]     |
[INFO] [stdout]     = note: `u128` implements `BitAnd<&u128>`
[INFO] [stdout]    ::: /rustc/6b3fa26749ab40e159b2dd5cf577acaaf5902772/library/core/src/internal_macros.rs:44:8
[INFO] [stdout]     |
[INFO] [stdout]     = note: `&u128` implements `BitAnd`
[INFO] [stdout]    --> /rustc/6b3fa26749ab40e159b2dd5cf577acaaf5902772/library/core/src/ops/bit.rs:174:8
[INFO] [stdout]     |
[INFO] [stdout]     = note: `u128` implements `BitAnd`
[INFO] [stdout]    ::: /rustc/6b3fa26749ab40e159b2dd5cf577acaaf5902772/library/core/src/ops/bit.rs:187:0
[INFO] [stdout]     |
[INFO] [stdout]     = note: in this macro invocation
[INFO] [stdout]     = note: this error originates in the macro `forward_ref_binop` which comes from the expansion of the macro `bitand_impl` (in Nightly builds, run with -Z macro-backtrace for more info)
[INFO] [stdout] 
[INFO] [stdout] 
[INFO] [stdout] error[E0308]: mismatched types
[INFO] [stdout]    --> src/handlers.rs:436:37
[INFO] [stdout]     |
[INFO] [stdout] 436 |             let end_ip = start_ip | !netmask;
[INFO] [stdout]     |                                     ^^^^^^^^ expected `u128`, found `u32`
[INFO] [stdout] 
[INFO] [stdout] 
[INFO] [stdout] error[E0277]: no implementation for `u128 | u32`
[INFO] [stdout]    --> src/handlers.rs:436:35
[INFO] [stdout]     |
[INFO] [stdout] 436 |             let end_ip = start_ip | !netmask;
[INFO] [stdout]     |                                   ^ no implementation for `u128 | u32`
[INFO] [stdout]     |
[INFO] [stdout]     = help: the trait `BitOr<u32>` is not implemented for `u128`
[INFO] [stdout] help: the following other types implement trait `BitOr<Rhs>`
[INFO] [stdout]    --> /rustc/6b3fa26749ab40e159b2dd5cf577acaaf5902772/library/core/src/internal_macros.rs:22:8
[INFO] [stdout]     |
[INFO] [stdout]     = note: `&u128` implements `BitOr<u128>`
[INFO] [stdout]    ::: /rustc/6b3fa26749ab40e159b2dd5cf577acaaf5902772/library/core/src/internal_macros.rs:33:8
[INFO] [stdout]     |
[INFO] [stdout]     = note: `u128` implements `BitOr<&u128>`
[INFO] [stdout]    ::: /rustc/6b3fa26749ab40e159b2dd5cf577acaaf5902772/library/core/src/internal_macros.rs:44:8
[INFO] [stdout]     |
[INFO] [stdout]     = note: `&u128` implements `BitOr`
[INFO] [stdout]    --> /rustc/6b3fa26749ab40e159b2dd5cf577acaaf5902772/library/core/src/ops/bit.rs:278:8
[INFO] [stdout]     |
[INFO] [stdout]     = note: `u128` implements `BitOr`
[INFO] [stdout]    ::: /rustc/6b3fa26749ab40e159b2dd5cf577acaaf5902772/library/core/src/ops/bit.rs:291:0
[INFO] [stdout]     |
[INFO] [stdout]     = note: in this macro invocation
[INFO] [stdout]     = note: this error originates in the macro `forward_ref_binop` which comes from the expansion of the macro `bitor_impl` (in Nightly builds, run with -Z macro-backtrace for more info)
[INFO] [stdout] 
[INFO] [stdout] 
[INFO] [stdout] error[E0277]: the trait bound `Ipv4Addr: From<u128>` is not satisfied
[INFO] [stdout]    --> src/handlers.rs:438:28
[INFO] [stdout]     |
[INFO] [stdout] 438 |                 IpAddr::V4(Ipv4Addr::from(start_ip.to_be())),
[INFO] [stdout]     |                            ^^^^^^^^ the trait `From<u128>` is not implemented for `Ipv4Addr`
[INFO] [stdout]     |
[INFO] [stdout] help: `Ipv4Addr` implements trait `From<T>`
[INFO] [stdout]    --> /rustc/6b3fa26749ab40e159b2dd5cf577acaaf5902772/library/core/src/net/ip_addr.rs:1285:0
[INFO] [stdout]     |
[INFO] [stdout]     = note: `From<u32>`
[INFO] [stdout]    ::: /rustc/6b3fa26749ab40e159b2dd5cf577acaaf5902772/library/core/src/net/ip_addr.rs:1295:0
[INFO] [stdout]     |
[INFO] [stdout]     = note: `From<[u8; 4]>`
[INFO] [stdout] 
[INFO] [stdout] 
[INFO] [stdout] error[E0277]: the trait bound `Ipv4Addr: From<u128>` is not satisfied
[INFO] [stdout]    --> src/handlers.rs:439:28
[INFO] [stdout]     |
[INFO] [stdout] 439 |                 IpAddr::V4(Ipv4Addr::from(end_ip.to_be())),
[INFO] [stdout]     |                            ^^^^^^^^ the trait `From<u128>` is not implemented for `Ipv4Addr`
[INFO] [stdout]     |
[INFO] [stdout] help: `Ipv4Addr` implements trait `From<T>`
[INFO] [stdout]    --> /rustc/6b3fa26749ab40e159b2dd5cf577acaaf5902772/library/core/src/net/ip_addr.rs:1285:0
[INFO] [stdout]     |
[INFO] [stdout]     = note: `From<u32>`
[INFO] [stdout]    ::: /rustc/6b3fa26749ab40e159b2dd5cf577acaaf5902772/library/core/src/net/ip_addr.rs:1295:0
[INFO] [stdout]     |
[INFO] [stdout]     = note: `From<[u8; 4]>`
[INFO] [stdout] 
[INFO] [stdout] 
[INFO] [stdout] error[E0277]: `?` couldn't convert the error to `handlers::Error`
[INFO] [stdout]    --> src/handlers.rs:494:59
[INFO] [stdout]     |
[INFO] [stdout] 494 |         .ok_or_else(|| format_args!("Invalid query name"))?;
[INFO] [stdout]     |          -------------------------------------------------^ the trait `From<Arguments<'_>>` is not implemented for `handlers::Error`
[INFO] [stdout]     |          |
[INFO] [stdout]     |          this can't be annotated with `?` because it has type `Result<_, Arguments<'_>>`
[INFO] [stdout]     |
[INFO] [stdout] note: `handlers::Error` needs to implement `From<Arguments<'_>>`
[INFO] [stdout]    --> src/handlers.rs:72:1
[INFO] [stdout]     |
[INFO] [stdout]  72 | pub enum Error {
[INFO] [stdout]     | ^^^^^^^^^^^^^^
[INFO] [stdout]     = note: the question mark operation (`?`) implicitly performs a conversion on the error value using the `From` trait
[INFO] [stdout] help: the trait `From<Arguments<'_>>` is not implemented for `handlers::Error`
[INFO] [stdout]       but trait `From<std::io::Error>` is implemented for it
[INFO] [stdout]    --> src/handlers.rs:71:10
[INFO] [stdout]     |
[INFO] [stdout]  71 | #[derive(thiserror::Error, Debug)]
[INFO] [stdout]     |          ^^^^^^^^^^^^^^^^
[INFO] [stdout]     = help: for that trait implementation, expected `std::io::Error`, found `Arguments<'_>`
[INFO] [stdout]     = note: this error originates in the derive macro `thiserror::Error` (in Nightly builds, run with -Z macro-backtrace for more info)
[INFO] [stdout] 
[INFO] [stdout] 
[INFO] [stdout] error[E0599]: no method named `format` found for enum `Option<T>` in the current scope
[INFO] [stdout]    --> src/handlers.rs:500:36
[INFO] [stdout]     |
[INFO] [stdout] 500 |     let formatted_date = date_time.format("%Y-%m-%d %H:%M:%S").to_string();
[INFO] [stdout]     |                                    ^^^^^^
[INFO] [stdout]     |
[INFO] [stdout] note: the method `format` exists on the type `NaiveDateTime`
[INFO] [stdout]    --> /opt/rustwide/cargo-home/registry/src/index.crates.io-1949cf8c6b5b557f/chrono-0.4.24/src/naive/datetime/mod.rs:881:5
[INFO] [stdout]     |
[INFO] [stdout] 881 |     pub fn format<'a>(&self, fmt: &'a str) -> DelayedFormat<StrftimeItems<'a>> {
[INFO] [stdout]     |     ^^^^^^^^^^^^^^^^^^^^^^^^^^^^^^^^^^^^^^^^^^^^^^^^^^^^^^^^^^^^^^^^^^^^^^^^^^
[INFO] [stdout] help: consider using `Option::expect` to unwrap the `NaiveDateTime` value, panicking if the value is an `Option::None`
[INFO] [stdout]     |
[INFO] [stdout] 500 |     let formatted_date = date_time.expect("REASON").format("%Y-%m-%d %H:%M:%S").to_string();
[INFO] [stdout]     |                                   +++++++++++++++++
[INFO] [stdout] help: there is a method `fmt` with a similar name
[INFO] [stdout]     |
[INFO] [stdout] 500 -     let formatted_date = date_time.format("%Y-%m-%d %H:%M:%S").to_string();
[INFO] [stdout] 500 +     let formatted_date = date_time.fmt("%Y-%m-%d %H:%M:%S").to_string();
[INFO] [stdout]     |
[INFO] [stdout] 
[INFO] [stdout] 
[INFO] [stdout] Some errors have detailed explanations: E0277, E0308, E0433, E0599.
[INFO] [stdout] 
[INFO] [stdout] For more information about an error, try `rustc --explain E0277`.
[INFO] [stdout] 
[INFO] [stderr] error: could not compile `my-project` (bin "my-project") due to 15 previous errors; 3 warnings emitted
[INFO] running `Command { std: "docker" "inspect" "834a0acda5eee3805279af36d73c040ed6d78dfa539e13fc1ec63e37e1632271", kill_on_drop: false }`
[INFO] running `Command { std: "docker" "rm" "-f" "834a0acda5eee3805279af36d73c040ed6d78dfa539e13fc1ec63e37e1632271", kill_on_drop: false }`
[INFO] [stdout] 834a0acda5eee3805279af36d73c040ed6d78dfa539e13fc1ec63e37e1632271
