[INFO] cloning repository https://github.com/hhatto/fpath
[INFO] running `Command { std: "git" "-c" "credential.helper=" "-c" "credential.helper=/workspace/cargo-home/bin/git-credential-null" "clone" "--bare" "https://github.com/hhatto/fpath" "/workspace/cache/git-repos/https%3A%2F%2Fgithub.com%2Fhhatto%2Ffpath", kill_on_drop: false }`
[INFO] [stderr] Cloning into bare repository '/workspace/cache/git-repos/https%3A%2F%2Fgithub.com%2Fhhatto%2Ffpath'...
[INFO] running `Command { std: "git" "rev-parse" "HEAD", kill_on_drop: false }`
[INFO] [stdout] 923d84bc91bdcb354054807d782c245c5c3c33b4
[INFO] testing hhatto/fpath against 1.97.0-beta.6 for beta-1.98-2
[INFO] running `Command { std: "git" "clone" "/workspace/cache/git-repos/https%3A%2F%2Fgithub.com%2Fhhatto%2Ffpath" "/workspace/builds/worker-4-tc1/source", kill_on_drop: false }`
[INFO] [stderr] Cloning into '/workspace/builds/worker-4-tc1/source'...
[INFO] [stderr] done.
[INFO] started tweaking git repo https://github.com/hhatto/fpath
[INFO] finished tweaking git repo https://github.com/hhatto/fpath
[INFO] tweaked toml for git repo https://github.com/hhatto/fpath written to /workspace/builds/worker-4-tc1/source/Cargo.toml
[INFO] validating manifest of git repo https://github.com/hhatto/fpath on toolchain 1.97.0-beta.6
[INFO] running `Command { std: CARGO_HOME="/workspace/cargo-home" RUSTUP_HOME="/workspace/rustup-home" "/workspace/cargo-home/bin/cargo" "+1.97.0-beta.6" "metadata" "--manifest-path" "Cargo.toml" "--no-deps", kill_on_drop: false }`
[INFO] crate git repo https://github.com/hhatto/fpath already has a lockfile, it will not be regenerated
[INFO] running `Command { std: CARGO_HOME="/workspace/cargo-home" RUSTUP_HOME="/workspace/rustup-home" "/workspace/cargo-home/bin/cargo" "+1.97.0-beta.6" "fetch" "--manifest-path" "Cargo.toml", kill_on_drop: false }`
[INFO] [stderr]     Updating crates.io index
[INFO] [stderr]  Downloading crates ...
[INFO] [stderr]   Downloaded pyo3-macros v0.20.0
[INFO] [stderr]   Downloaded uzers v0.11.3
[INFO] [stderr]   Downloaded unindent v0.2.3
[INFO] [stderr]   Downloaded indoc v2.0.4
[INFO] [stderr]   Downloaded pyo3-build-config v0.20.0
[INFO] [stderr]   Downloaded target-lexicon v0.12.12
[INFO] [stderr]   Downloaded pyo3-macros-backend v0.20.0
[INFO] [stderr]   Downloaded pyo3-ffi v0.20.0
[INFO] [stderr]   Downloaded pyo3 v0.20.0
[INFO] running `Command { std: "docker" "create" "-v" "/var/lib/crater-agent-workspace/builds/worker-4-tc1/source:/opt/rustwide/workdir:ro,Z" "-v" "/var/lib/crater-agent-workspace/builds/worker-4-tc1/target:/opt/rustwide/target:rw,Z" "-v" "/var/lib/crater-agent-workspace/cargo-home:/opt/rustwide/cargo-home:ro,Z" "-v" "/var/lib/crater-agent-workspace/rustup-home:/opt/rustwide/rustup-home:ro,Z" "-m" "1610612736" "--network" "none" "ghcr.io/rust-lang/crates-build-env/linux@sha256:3d5ced03c013a94a2f102a4510f48a6e9184255caf5fd8244f58017bde7f5210" "sleep" "infinity", kill_on_drop: false }`
[INFO] [stdout] 671e379410f4e40a920667365e87ff00214bf71d9600811cbae656d5b5df2973
[INFO] running `Command { std: "docker" "start" "671e379410f4e40a920667365e87ff00214bf71d9600811cbae656d5b5df2973", kill_on_drop: false }`
[INFO] running `Command { std: "docker" "inspect" "671e379410f4e40a920667365e87ff00214bf71d9600811cbae656d5b5df2973", kill_on_drop: false }`
[INFO] running `Command { std: "docker" "exec" "-e" "SOURCE_DIR=/opt/rustwide/workdir" "-e" "CARGO_HOME=/opt/rustwide/cargo-home" "-e" "RUSTUP_HOME=/opt/rustwide/rustup-home" "-e" "CARGO_TARGET_DIR=/opt/rustwide/target" "-w" "/opt/rustwide/workdir" "--user" "0:0" "671e379410f4e40a920667365e87ff00214bf71d9600811cbae656d5b5df2973" "/opt/rustwide/cargo-home/bin/cargo" "+1.97.0-beta.6" "metadata" "--no-deps" "--format-version=1", kill_on_drop: false }`
[INFO] running `Command { std: "docker" "inspect" "671e379410f4e40a920667365e87ff00214bf71d9600811cbae656d5b5df2973", kill_on_drop: false }`
[INFO] running `Command { std: "docker" "exec" "-e" "SOURCE_DIR=/opt/rustwide/workdir" "-e" "CARGO_HOME=/opt/rustwide/cargo-home" "-e" "RUSTUP_HOME=/opt/rustwide/rustup-home" "-e" "CARGO_TARGET_DIR=/opt/rustwide/target" "-e" "CARGO_INCREMENTAL=0" "-e" "RUST_BACKTRACE=full" "-e" "RUSTFLAGS=--cap-lints=warn" "-e" "RUSTDOCFLAGS=--cap-lints=warn" "-w" "/opt/rustwide/workdir" "--user" "0:0" "671e379410f4e40a920667365e87ff00214bf71d9600811cbae656d5b5df2973" "/opt/rustwide/cargo-home/bin/cargo" "+1.97.0-beta.6" "build" "--frozen" "--message-format=json", kill_on_drop: false }`
[INFO] [stderr]    Compiling target-lexicon v0.12.12
[INFO] [stderr]    Compiling libc v0.2.150
[INFO] [stderr]    Compiling proc-macro2 v1.0.69
[INFO] [stderr]    Compiling once_cell v1.18.0
[INFO] [stderr]    Compiling unindent v0.2.3
[INFO] [stderr]    Compiling indoc v2.0.4
[INFO] [stderr]    Compiling memchr v2.6.4
[INFO] [stderr]    Compiling pyo3-build-config v0.20.0
[INFO] [stderr]    Compiling parking_lot_core v0.9.9
[INFO] [stderr]    Compiling dirs-sys v0.3.7
[INFO] [stderr]    Compiling uzers v0.11.3
[INFO] [stderr]    Compiling quote v1.0.33
[INFO] [stderr]    Compiling dirs v4.0.0
[INFO] [stderr]    Compiling parking_lot v0.12.1
[INFO] [stderr]    Compiling shellexpand v2.1.2
[INFO] [stderr]    Compiling syn v2.0.39
[INFO] [stderr]    Compiling pyo3-ffi v0.20.0
[INFO] [stderr]    Compiling pyo3 v0.20.0
[INFO] [stderr]    Compiling pyo3-macros-backend v0.20.0
[INFO] [stderr]    Compiling pyo3-macros v0.20.0
[INFO] [stderr]    Compiling fpath v0.1.2 (/opt/rustwide/workdir)
[INFO] [stderr]     Finished `dev` profile [unoptimized + debuginfo] target(s) in 22.28s
[INFO] running `Command { std: "docker" "inspect" "671e379410f4e40a920667365e87ff00214bf71d9600811cbae656d5b5df2973", kill_on_drop: false }`
[INFO] running `Command { std: "docker" "exec" "-e" "SOURCE_DIR=/opt/rustwide/workdir" "-e" "CARGO_HOME=/opt/rustwide/cargo-home" "-e" "RUSTUP_HOME=/opt/rustwide/rustup-home" "-e" "CARGO_TARGET_DIR=/opt/rustwide/target" "-e" "CARGO_INCREMENTAL=0" "-e" "RUST_BACKTRACE=full" "-e" "RUSTFLAGS=--cap-lints=warn" "-e" "RUSTDOCFLAGS=--cap-lints=warn" "-w" "/opt/rustwide/workdir" "--user" "0:0" "671e379410f4e40a920667365e87ff00214bf71d9600811cbae656d5b5df2973" "/opt/rustwide/cargo-home/bin/cargo" "+1.97.0-beta.6" "test" "--frozen" "--no-run" "--message-format=json", kill_on_drop: false }`
[INFO] [stderr]    Compiling fpath v0.1.2 (/opt/rustwide/workdir)
[INFO] [stdout] error: linking with `cc` failed: exit status: 1
[INFO] [stdout]   |
[INFO] [stdout]   = note:  "cc" "-m64" "/opt/rustwide/target/debug/deps/rustcPWo4Ol/symbols.o" "<6 object files omitted>" "-Wl,--as-needed" "-Wl,-Bstatic" "<sysroot>/lib/rustlib/x86_64-unknown-linux-gnu/lib/{libtest-*,libgetopts-*,librustc_std_workspace_std-*}.rlib" "/opt/rustwide/target/debug/deps/{libuzers-c94cb6e38e2a0d23,liblog-dcabf69e042f143c,libpyo3-748b2e2806fa2261,libmemoffset-d162bd3f4f663096,libparking_lot-763b80978dd51d95,libparking_lot_core-824c8d27c8d80c32,libcfg_if-3e7fc4e38d4a72b5,libsmallvec-1863b34dca4644dc,liblock_api-a8863b7cabb6178b,libscopeguard-7ec2214574194454,libpyo3_ffi-31f8a72637515c66,libunindent-ba611b0c58f2b27f,libshellexpand-e318f31f2fccd429,libdirs-52b60bfa17b2df93,libdirs_sys-7ba2fc6b38807d98,liblibc-7097ac40a5299863,libmemchr-d8112fc1e1cdd527}.rlib" "<sysroot>/lib/rustlib/x86_64-unknown-linux-gnu/lib/{libstd-*,libpanic_unwind-*,libobject-*,libmemchr-*,libaddr2line-*,libgimli-*,libcfg_if-*,librustc_demangle-*,libstd_detect-*,libhashbrown-*,librustc_std_workspace_alloc-*,libminiz_oxide-*,libadler2-*,libunwind-*,liblibc-*,librustc_std_workspace_core-*,liballoc-*,libcore-*,libcompiler_builtins-*}.rlib" "-Wl,-Bdynamic" "-lgcc_s" "-lutil" "-lrt" "-lpthread" "-lm" "-ldl" "-lc" "-L" "/opt/rustwide/target/debug/deps/rustcPWo4Ol/raw-dylibs" "-B<sysroot>/lib/rustlib/x86_64-unknown-linux-gnu/bin/gcc-ld" "-fuse-ld=lld" "-Wl,--eh-frame-hdr" "-Wl,-z,noexecstack" "-L" "<sysroot>/lib/rustlib/x86_64-unknown-linux-gnu/lib" "-o" "/opt/rustwide/target/debug/deps/_fpath-c8b933a427a3c829" "-Wl,--gc-sections" "-pie" "-Wl,-z,relro,-z,now" "-nodefaultlibs"
[INFO] [stdout]   = note: some arguments are omitted. use `--verbose` to show all linker arguments
[INFO] [stdout]   = note: rust-lld: error: undefined symbol: PyExc_OSError
[INFO] [stdout]           >>> referenced by exceptions.rs:266 (src/exceptions.rs:266)
[INFO] [stdout]           >>>               pyo3-748b2e2806fa2261.pyo3.56c89b6571c97779-cgu.00.rcgu.o:(<pyo3::exceptions::PyOSError as pyo3::type_object::PyTypeInfo>::type_object_raw::{closure#0}) in archive /opt/rustwide/target/debug/deps/libpyo3-748b2e2806fa2261.rlib
[INFO] [stdout]           >>> referenced by exceptions.rs:266 (src/exceptions.rs:266)
[INFO] [stdout]           >>>               pyo3-748b2e2806fa2261.pyo3.56c89b6571c97779-cgu.00.rcgu.o:(<pyo3::exceptions::PyOSError as pyo3::type_object::PyTypeInfo>::type_object_raw::{closure#0}) in archive /opt/rustwide/target/debug/deps/libpyo3-748b2e2806fa2261.rlib
[INFO] [stdout]           
[INFO] [stdout]           rust-lld: error: undefined symbol: PyExc_TypeError
[INFO] [stdout]           >>> referenced by exceptions.rs:266 (src/exceptions.rs:266)
[INFO] [stdout]           >>>               pyo3-748b2e2806fa2261.pyo3.56c89b6571c97779-cgu.00.rcgu.o:(<pyo3::exceptions::PyTypeError as pyo3::type_object::PyTypeInfo>::type_object_raw::{closure#0}) in archive /opt/rustwide/target/debug/deps/libpyo3-748b2e2806fa2261.rlib
[INFO] [stdout]           >>> referenced by exceptions.rs:266 (src/exceptions.rs:266)
[INFO] [stdout]           >>>               pyo3-748b2e2806fa2261.pyo3.56c89b6571c97779-cgu.00.rcgu.o:(<pyo3::exceptions::PyTypeError as pyo3::type_object::PyTypeInfo>::type_object_raw::{closure#0}) in archive /opt/rustwide/target/debug/deps/libpyo3-748b2e2806fa2261.rlib
[INFO] [stdout]           
[INFO] [stdout]           rust-lld: error: undefined symbol: PyExc_BaseException
[INFO] [stdout]           >>> referenced by exceptions.rs:266 (src/exceptions.rs:266)
[INFO] [stdout]           >>>               pyo3-748b2e2806fa2261.pyo3.56c89b6571c97779-cgu.00.rcgu.o:(<pyo3::exceptions::PyBaseException as pyo3::type_object::PyTypeInfo>::type_object_raw::{closure#0}) in archive /opt/rustwide/target/debug/deps/libpyo3-748b2e2806fa2261.rlib
[INFO] [stdout]           >>> referenced by exceptions.rs:266 (src/exceptions.rs:266)
[INFO] [stdout]           >>>               pyo3-748b2e2806fa2261.pyo3.56c89b6571c97779-cgu.00.rcgu.o:(<pyo3::exceptions::PyBaseException as pyo3::type_object::PyTypeInfo>::type_object_raw::{closure#0}) in archive /opt/rustwide/target/debug/deps/libpyo3-748b2e2806fa2261.rlib
[INFO] [stdout]           
[INFO] [stdout]           rust-lld: error: undefined symbol: PyExc_FileNotFoundError
[INFO] [stdout]           >>> referenced by exceptions.rs:266 (src/exceptions.rs:266)
[INFO] [stdout]           >>>               pyo3-748b2e2806fa2261.pyo3.56c89b6571c97779-cgu.00.rcgu.o:(<pyo3::exceptions::PyFileNotFoundError as pyo3::type_object::PyTypeInfo>::type_object_raw::{closure#0}) in archive /opt/rustwide/target/debug/deps/libpyo3-748b2e2806fa2261.rlib
[INFO] [stdout]           >>> referenced by exceptions.rs:266 (src/exceptions.rs:266)
[INFO] [stdout]           >>>               pyo3-748b2e2806fa2261.pyo3.56c89b6571c97779-cgu.00.rcgu.o:(<pyo3::exceptions::PyFileNotFoundError as pyo3::type_object::PyTypeInfo>::type_object_raw::{closure#0}) in archive /opt/rustwide/target/debug/deps/libpyo3-748b2e2806fa2261.rlib
[INFO] [stdout]           
[INFO] [stdout]           rust-lld: error: undefined symbol: PyObject_Str
[INFO] [stdout]           >>> referenced by any.rs:977 (src/types/any.rs:977)
[INFO] [stdout]           >>>               pyo3-748b2e2806fa2261.pyo3.56c89b6571c97779-cgu.02.rcgu.o:(<pyo3::types::any::PyAny>::str) in archive /opt/rustwide/target/debug/deps/libpyo3-748b2e2806fa2261.rlib
[INFO] [stdout]           
[INFO] [stdout]           rust-lld: error: undefined symbol: PyObject_Repr
[INFO] [stdout]           >>> referenced by any.rs:967 (src/types/any.rs:967)
[INFO] [stdout]           >>>               pyo3-748b2e2806fa2261.pyo3.56c89b6571c97779-cgu.02.rcgu.o:(<pyo3::types::any::PyAny>::repr) in archive /opt/rustwide/target/debug/deps/libpyo3-748b2e2806fa2261.rlib
[INFO] [stdout]           
[INFO] [stdout]           rust-lld: error: undefined symbol: PyBytes_AsString
[INFO] [stdout]           >>> referenced by bytes.rs:92 (src/types/bytes.rs:92)
[INFO] [stdout]           >>>               pyo3-748b2e2806fa2261.pyo3.56c89b6571c97779-cgu.03.rcgu.o:(<pyo3::types::bytes::PyBytes>::as_bytes) in archive /opt/rustwide/target/debug/deps/libpyo3-748b2e2806fa2261.rlib
[INFO] [stdout]           
[INFO] [stdout]           rust-lld: error: undefined symbol: PyBytes_Size
[INFO] [stdout]           >>> referenced by bytes.rs:93 (src/types/bytes.rs:93)
[INFO] [stdout]           >>>               pyo3-748b2e2806fa2261.pyo3.56c89b6571c97779-cgu.03.rcgu.o:(<pyo3::types::bytes::PyBytes>::as_bytes) in archive /opt/rustwide/target/debug/deps/libpyo3-748b2e2806fa2261.rlib
[INFO] [stdout]           
[INFO] [stdout]           rust-lld: error: undefined symbol: PyException_GetTraceback
[INFO] [stdout]           >>> referenced by err_state.rs:37 (src/err/err_state.rs:37)
[INFO] [stdout]           >>>               pyo3-748b2e2806fa2261.pyo3.56c89b6571c97779-cgu.06.rcgu.o:(<pyo3::err::err_state::PyErrStateNormalized>::ptraceback) in archive /opt/rustwide/target/debug/deps/libpyo3-748b2e2806fa2261.rlib
[INFO] [stdout]           
[INFO] [stdout]           rust-lld: error: undefined symbol: PyErr_GetRaisedException
[INFO] [stdout]           >>> referenced by err_state.rs:42 (src/err/err_state.rs:42)
[INFO] [stdout]           >>>               pyo3-748b2e2806fa2261.pyo3.56c89b6571c97779-cgu.06.rcgu.o:(<pyo3::err::err_state::PyErrStateNormalized>::take) in archive /opt/rustwide/target/debug/deps/libpyo3-748b2e2806fa2261.rlib
[INFO] [stdout]           
[INFO] [stdout]           rust-lld: error: undefined symbol: PyErr_SetRaisedException
[INFO] [stdout]           >>> referenced by err_state.rs:185 (src/err/err_state.rs:185)
[INFO] [stdout]           >>>               pyo3-748b2e2806fa2261.pyo3.56c89b6571c97779-cgu.06.rcgu.o:(<pyo3::err::err_state::PyErrState>::restore) in archive /opt/rustwide/target/debug/deps/libpyo3-748b2e2806fa2261.rlib
[INFO] [stdout]           
[INFO] [stdout]           rust-lld: error: undefined symbol: PyUnicode_AsEncodedString
[INFO] [stdout]           >>> referenced by string.rs:214 (src/types/string.rs:214)
[INFO] [stdout]           >>>               pyo3-748b2e2806fa2261.pyo3.56c89b6571c97779-cgu.06.rcgu.o:(<pyo3::types::string::PyString>::to_string_lossy) in archive /opt/rustwide/target/debug/deps/libpyo3-748b2e2806fa2261.rlib
[INFO] [stdout]           
[INFO] [stdout]           rust-lld: error: undefined symbol: PyUnicode_FromStringAndSize
[INFO] [stdout]           >>> referenced by string.rs:139 (src/types/string.rs:139)
[INFO] [stdout]           >>>               pyo3-748b2e2806fa2261.pyo3.56c89b6571c97779-cgu.06.rcgu.o:(<pyo3::types::string::PyString>::new) in archive /opt/rustwide/target/debug/deps/libpyo3-748b2e2806fa2261.rlib
[INFO] [stdout]           
[INFO] [stdout]           rust-lld: error: undefined symbol: PyUnicode_AsUTF8AndSize
[INFO] [stdout]           >>> referenced by string.rs:187 (src/types/string.rs:187)
[INFO] [stdout]           >>>               pyo3-748b2e2806fa2261.pyo3.56c89b6571c97779-cgu.06.rcgu.o:(<pyo3::types::string::PyString>::to_str) in archive /opt/rustwide/target/debug/deps/libpyo3-748b2e2806fa2261.rlib
[INFO] [stdout]           
[INFO] [stdout]           rust-lld: error: undefined symbol: PyErr_SetObject
[INFO] [stdout]           >>> referenced by err_state.rs:227 (src/err/err_state.rs:227)
[INFO] [stdout]           >>>               pyo3-748b2e2806fa2261.pyo3.56c89b6571c97779-cgu.06.rcgu.o:(pyo3::err::err_state::raise_lazy) in archive /opt/rustwide/target/debug/deps/libpyo3-748b2e2806fa2261.rlib
[INFO] [stdout]           
[INFO] [stdout]           rust-lld: error: undefined symbol: PyErr_SetString
[INFO] [stdout]           >>> referenced by err_state.rs:220 (src/err/err_state.rs:220)
[INFO] [stdout]           >>>               pyo3-748b2e2806fa2261.pyo3.56c89b6571c97779-cgu.06.rcgu.o:(pyo3::err::err_state::raise_lazy) in archive /opt/rustwide/target/debug/deps/libpyo3-748b2e2806fa2261.rlib
[INFO] [stdout]           
[INFO] [stdout]           rust-lld: error: undefined symbol: Py_IsInitialized
[INFO] [stdout]           >>> referenced by gil.rs:200 (src/gil.rs:200)
[INFO] [stdout]           >>>               pyo3-748b2e2806fa2261.pyo3.56c89b6571c97779-cgu.10.rcgu.o:(<pyo3::gil::GILGuard>::acquire::{closure#0}) in archive /opt/rustwide/target/debug/deps/libpyo3-748b2e2806fa2261.rlib
[INFO] [stdout]           >>> referenced by gil.rs:88 (src/gil.rs:88)
[INFO] [stdout]           >>>               pyo3-748b2e2806fa2261.pyo3.56c89b6571c97779-cgu.10.rcgu.o:(pyo3::gil::prepare_freethreaded_python::{closure#0}) in archive /opt/rustwide/target/debug/deps/libpyo3-748b2e2806fa2261.rlib
[INFO] [stdout]           
[INFO] [stdout]           rust-lld: error: undefined symbol: Py_InitializeEx
[INFO] [stdout]           >>> referenced by gil.rs:89 (src/gil.rs:89)
[INFO] [stdout]           >>>               pyo3-748b2e2806fa2261.pyo3.56c89b6571c97779-cgu.10.rcgu.o:(pyo3::gil::prepare_freethreaded_python::{closure#0}) in archive /opt/rustwide/target/debug/deps/libpyo3-748b2e2806fa2261.rlib
[INFO] [stdout]           
[INFO] [stdout]           rust-lld: error: undefined symbol: PyEval_SaveThread
[INFO] [stdout]           >>> referenced by gil.rs:92 (src/gil.rs:92)
[INFO] [stdout]           >>>               pyo3-748b2e2806fa2261.pyo3.56c89b6571c97779-cgu.10.rcgu.o:(pyo3::gil::prepare_freethreaded_python::{closure#0}) in archive /opt/rustwide/target/debug/deps/libpyo3-748b2e2806fa2261.rlib
[INFO] [stdout]           
[INFO] [stdout]           rust-lld: error: undefined symbol: PyGILState_Ensure
[INFO] [stdout]           >>> referenced by gil.rs:224 (src/gil.rs:224)
[INFO] [stdout]           >>>               pyo3-748b2e2806fa2261.pyo3.56c89b6571c97779-cgu.10.rcgu.o:(<pyo3::gil::GILGuard>::acquire_unchecked) in archive /opt/rustwide/target/debug/deps/libpyo3-748b2e2806fa2261.rlib
[INFO] [stdout]           
[INFO] [stdout]           rust-lld: error: too many errors emitted, stopping now (use --error-limit=0 to see all errors)
[INFO] [stdout]           collect2: error: ld returned 1 exit status
[INFO] [stdout]           
[INFO] [stdout] 
[INFO] [stdout] 
[INFO] [stderr] error: could not compile `fpath` (lib test) due to 1 previous error
[INFO] running `Command { std: "docker" "inspect" "671e379410f4e40a920667365e87ff00214bf71d9600811cbae656d5b5df2973", kill_on_drop: false }`
[INFO] running `Command { std: "docker" "rm" "-f" "671e379410f4e40a920667365e87ff00214bf71d9600811cbae656d5b5df2973", kill_on_drop: false }`
[INFO] [stdout] 671e379410f4e40a920667365e87ff00214bf71d9600811cbae656d5b5df2973
