[INFO] cloning repository https://github.com/heweishui/taro-demo
[INFO] running `Command { std: "git" "-c" "credential.helper=" "-c" "credential.helper=/workspace/cargo-home/bin/git-credential-null" "clone" "--bare" "https://github.com/heweishui/taro-demo" "/workspace/cache/git-repos/https%3A%2F%2Fgithub.com%2Fheweishui%2Ftaro-demo", kill_on_drop: false }`
[INFO] [stderr] Cloning into bare repository '/workspace/cache/git-repos/https%3A%2F%2Fgithub.com%2Fheweishui%2Ftaro-demo'...
[INFO] running `Command { std: "git" "rev-parse" "HEAD", kill_on_drop: false }`
[INFO] [stdout] 5de4fb931b9dba94c021814eaee5fe9f2d7eb372
[INFO] testing heweishui/taro-demo against 1.98.0-beta.1 for beta-1.98-2
[INFO] running `Command { std: "git" "clone" "/workspace/cache/git-repos/https%3A%2F%2Fgithub.com%2Fheweishui%2Ftaro-demo" "/workspace/builds/worker-6-tc2/source", kill_on_drop: false }`
[INFO] [stderr] Cloning into '/workspace/builds/worker-6-tc2/source'...
[INFO] [stderr] done.
[INFO] removed /workspace/builds/worker-6-tc2/source/.cargo/config.toml
[INFO] started tweaking git repo https://github.com/heweishui/taro-demo
[INFO] finished tweaking git repo https://github.com/heweishui/taro-demo
[INFO] tweaked toml for git repo https://github.com/heweishui/taro-demo written to /workspace/builds/worker-6-tc2/source/Cargo.toml
[INFO] validating manifest of git repo https://github.com/heweishui/taro-demo on toolchain 1.98.0-beta.1
[INFO] running `Command { std: CARGO_HOME="/workspace/cargo-home" RUSTUP_HOME="/workspace/rustup-home" "/workspace/cargo-home/bin/cargo" "+1.98.0-beta.1" "metadata" "--manifest-path" "Cargo.toml" "--no-deps", kill_on_drop: false }`
[INFO] crate git repo https://github.com/heweishui/taro-demo already has a lockfile, it will not be regenerated
[INFO] running `Command { std: CARGO_HOME="/workspace/cargo-home" RUSTUP_HOME="/workspace/rustup-home" "/workspace/cargo-home/bin/cargo" "+1.98.0-beta.1" "fetch" "--manifest-path" "Cargo.toml", kill_on_drop: false }`
[INFO] running `Command { std: "docker" "create" "-v" "/var/lib/crater-agent-workspace/builds/worker-6-tc2/source:/opt/rustwide/workdir:ro,Z" "-v" "/var/lib/crater-agent-workspace/builds/worker-6-tc2/target:/opt/rustwide/target:rw,Z" "-v" "/var/lib/crater-agent-workspace/cargo-home:/opt/rustwide/cargo-home:ro,Z" "-v" "/var/lib/crater-agent-workspace/rustup-home:/opt/rustwide/rustup-home:ro,Z" "-m" "1610612736" "--network" "none" "ghcr.io/rust-lang/crates-build-env/linux@sha256:3d5ced03c013a94a2f102a4510f48a6e9184255caf5fd8244f58017bde7f5210" "sleep" "infinity", kill_on_drop: false }`
[INFO] [stdout] d20beb835e36a17fe1adc73abf0e1a6a1d90d22108a75cb337e374e0ddf04091
[INFO] running `Command { std: "docker" "start" "d20beb835e36a17fe1adc73abf0e1a6a1d90d22108a75cb337e374e0ddf04091", kill_on_drop: false }`
[INFO] running `Command { std: "docker" "inspect" "d20beb835e36a17fe1adc73abf0e1a6a1d90d22108a75cb337e374e0ddf04091", kill_on_drop: false }`
[INFO] running `Command { std: "docker" "exec" "-e" "SOURCE_DIR=/opt/rustwide/workdir" "-e" "CARGO_HOME=/opt/rustwide/cargo-home" "-e" "RUSTUP_HOME=/opt/rustwide/rustup-home" "-e" "CARGO_TARGET_DIR=/opt/rustwide/target" "-w" "/opt/rustwide/workdir" "--user" "0:0" "d20beb835e36a17fe1adc73abf0e1a6a1d90d22108a75cb337e374e0ddf04091" "/opt/rustwide/cargo-home/bin/cargo" "+1.98.0-beta.1" "metadata" "--no-deps" "--format-version=1", kill_on_drop: false }`
[INFO] running `Command { std: "docker" "inspect" "d20beb835e36a17fe1adc73abf0e1a6a1d90d22108a75cb337e374e0ddf04091", kill_on_drop: false }`
[INFO] running `Command { std: "docker" "exec" "-e" "SOURCE_DIR=/opt/rustwide/workdir" "-e" "CARGO_HOME=/opt/rustwide/cargo-home" "-e" "RUSTUP_HOME=/opt/rustwide/rustup-home" "-e" "CARGO_TARGET_DIR=/opt/rustwide/target" "-e" "CARGO_INCREMENTAL=0" "-e" "RUST_BACKTRACE=full" "-e" "RUSTFLAGS=--cap-lints=warn" "-e" "RUSTDOCFLAGS=--cap-lints=warn" "-w" "/opt/rustwide/workdir" "--user" "0:0" "d20beb835e36a17fe1adc73abf0e1a6a1d90d22108a75cb337e374e0ddf04091" "/opt/rustwide/cargo-home/bin/cargo" "+1.98.0-beta.1" "build" "--frozen" "--message-format=json", kill_on_drop: false }`
[INFO] [stderr]    Compiling proc-macro2 v1.0.78
[INFO] [stderr]    Compiling unicode-ident v1.0.12
[INFO] [stderr]    Compiling libc v0.2.150
[INFO] [stderr]    Compiling memchr v2.6.4
[INFO] [stderr]    Compiling once_cell v1.19.0
[INFO] [stderr]    Compiling serde v1.0.197
[INFO] [stderr]    Compiling syn v1.0.109
[INFO] [stderr]    Compiling itoa v1.0.9
[INFO] [stderr]    Compiling regex-syntax v0.8.2
[INFO] [stderr]    Compiling ryu v1.0.15
[INFO] [stderr]    Compiling pin-project-lite v0.2.13
[INFO] [stderr]    Compiling serde_json v1.0.114
[INFO] [stderr]    Compiling tinyvec v1.6.0
[INFO] [stderr]    Compiling anyhow v1.0.80
[INFO] [stderr]    Compiling siphasher v0.3.11
[INFO] [stderr]    Compiling aho-corasick v1.1.2
[INFO] [stderr]    Compiling unicode-bidi v0.3.14
[INFO] [stderr]    Compiling getrandom v0.2.11
[INFO] [stderr]    Compiling cc v1.0.83
[INFO] [stderr]    Compiling quote v1.0.35
[INFO] [stderr]    Compiling syn v2.0.50
[INFO] [stderr]    Compiling unicode-normalization v0.1.22
[INFO] [stderr]    Compiling phf_shared v0.11.2
[INFO] [stderr]    Compiling ahash v0.7.7
[INFO] [stderr]    Compiling thiserror v1.0.50
[INFO] [stderr]    Compiling smallvec v1.11.2
[INFO] [stderr]    Compiling unicode-width v0.1.11
[INFO] [stderr]    Compiling bytecheck v0.6.11
[INFO] [stderr]    Compiling idna v0.5.0
[INFO] [stderr]    Compiling phf_generator v0.11.2
[INFO] [stderr]    Compiling atty v0.2.14
[INFO] [stderr]    Compiling num-traits v0.2.17
[INFO] [stderr]    Compiling simdutf8 v0.1.4
[INFO] [stderr]    Compiling rend v0.4.1
[INFO] [stderr]    Compiling tracing-core v0.1.32
[INFO] [stderr]    Compiling url v2.5.0
[INFO] [stderr]    Compiling num-integer v0.1.45
[INFO] [stderr]    Compiling lock_api v0.4.11
[INFO] [stderr]    Compiling rkyv v0.7.42
[INFO] [stderr]    Compiling regex-automata v0.4.5
[INFO] [stderr]    Compiling parking_lot_core v0.9.9
[INFO] [stderr]    Compiling hashbrown v0.12.3
[INFO] [stderr]    Compiling num-bigint v0.4.4
[INFO] [stderr]    Compiling uuid v1.6.1
[INFO] [stderr]    Compiling new_debug_unreachable v1.0.4
[INFO] [stderr]    Compiling seahash v4.1.0
[INFO] [stderr]    Compiling either v1.9.0
[INFO] [stderr]    Compiling data-encoding v2.5.0
[INFO] [stderr]    Compiling if_chain v1.0.2
[INFO] [stderr]    Compiling bitflags v2.4.1
[INFO] [stderr]    Compiling unicode-id v0.3.4
[INFO] [stderr]    Compiling better_scoped_tls v0.1.1
[INFO] [stderr]    Compiling parking_lot v0.12.1
[INFO] [stderr]    Compiling termcolor v1.4.0
[INFO] [stderr]    Compiling rustversion v1.0.14
[INFO] [stderr]    Compiling miniz_oxide v0.7.1
[INFO] [stderr]    Compiling log v0.4.20
[INFO] [stderr]    Compiling equivalent v1.0.1
[INFO] [stderr]    Compiling hashbrown v0.14.3
[INFO] [stderr]    Compiling typenum v1.17.0
[INFO] [stderr]    Compiling num_cpus v1.16.0
[INFO] [stderr]    Compiling regex v1.10.3
[INFO] [stderr]    Compiling generic-array v0.14.7
[INFO] [stderr]    Compiling indexmap v2.1.0
[INFO] [stderr]    Compiling backtrace v0.3.69
[INFO] [stderr]    Compiling ring v0.17.7
[INFO] [stderr]    Compiling Inflector v0.11.4
[INFO] [stderr]    Compiling swc_macros_common v0.3.9
[INFO] [stderr]    Compiling pmutil v0.6.1
[INFO] [stderr]    Compiling gimli v0.28.1
[INFO] [stderr]    Compiling psm v0.1.21
[INFO] [stderr]    Compiling object v0.32.1
[INFO] [stderr]    Compiling smawk v0.3.2
[INFO] [stderr]    Compiling semver v1.0.20
[INFO] [stderr]    Compiling rustc-demangle v0.1.23
[INFO] [stderr]    Compiling is_ci v1.1.1
[INFO] [stderr]    Compiling unicode-linebreak v0.1.5
[INFO] [stderr]    Compiling camino v1.1.6
[INFO] [stderr]    Compiling ptr_meta_derive v0.1.4
[INFO] [stderr]    Compiling bytecheck_derive v0.6.11
[INFO] [stderr]    Compiling rkyv_derive v0.7.43
[INFO] [stderr]    Compiling ptr_meta v0.1.4
[INFO] [stderr]    Compiling textwrap v0.15.2
[INFO] [stderr]    Compiling serde_derive v1.0.197
[INFO] [stderr]    Compiling thiserror-impl v1.0.50
[INFO] [stderr]    Compiling phf_macros v0.11.2
[INFO] [stderr]    Compiling phf v0.11.2
[INFO] [stderr]    Compiling tracing-attributes v0.1.27
[INFO] [stderr]    Compiling hstr v0.2.6
[INFO] [stderr]    Compiling swc_visit_macros v0.5.9
[INFO] [stderr]    Compiling swc_eq_ignore_macros v0.1.3
[INFO] [stderr]    Compiling ast_node v0.9.6
[INFO] [stderr]    Compiling from_variant v0.1.7
[INFO] [stderr]    Compiling is-macro v0.3.4
[INFO] [stderr]    Compiling string_enum v0.4.2
[INFO] [stderr]    Compiling addr2line v0.21.0
[INFO] [stderr]    Compiling miette-derive v4.7.1
[INFO] [stderr]    Compiling supports-color v1.3.1
[INFO] [stderr]    Compiling tracing v0.1.40
[INFO] [stderr]    Compiling stacker v0.1.15
[INFO] [stderr]    Compiling supports-unicode v1.0.2
[INFO] [stderr]    Compiling supports-hyperlinks v1.2.0
[INFO] [stderr]    Compiling terminal_size v0.1.17
[INFO] [stderr]    Compiling smartstring v1.0.1
[INFO] [stderr]    Compiling bytes v1.5.0
[INFO] [stderr]    Compiling owo-colors v3.5.0
[INFO] [stderr]    Compiling ucd-trie v0.1.6
[INFO] [stderr]    Compiling pest v2.7.5
[INFO] [stderr]    Compiling miette v4.7.1
[INFO] [stderr]    Compiling swc_visit v0.5.8
[INFO] [stderr]    Compiling crypto-common v0.1.6
[INFO] [stderr]    Compiling block-buffer v0.10.4
[INFO] [stderr]    Compiling vergen v8.2.6
[INFO] [stderr]    Compiling tracing-log v0.2.0
[INFO] [stderr]    Compiling thread_local v1.1.7
[INFO] [stderr]    Compiling sharded-slab v0.1.7
[INFO] [stderr]    Compiling slab v0.4.9
[INFO] [stderr]    Compiling futures-core v0.3.30
[INFO] [stderr]    Compiling glob v0.3.1
[INFO] [stderr]    Compiling relative-path v1.9.0
[INFO] [stderr]    Compiling rustix v0.38.28
[INFO] [stderr]    Compiling futures-sink v0.3.30
[INFO] [stderr]    Compiling deunicode v1.4.1
[INFO] [stderr]    Compiling testing_macros v0.2.12
[INFO] [stderr]    Compiling slug v0.1.5
[INFO] [stderr]    Compiling tracing-subscriber v0.3.18
[INFO] [stderr]    Compiling pest_meta v2.7.5
[INFO] [stderr]    Compiling digest v0.10.7
[INFO] [stderr]    Compiling cpufeatures v0.2.11
[INFO] [stderr]    Compiling linux-raw-sys v0.4.12
[INFO] [stderr]    Compiling rustls v0.21.10
[INFO] [stderr]    Compiling typed-arena v2.0.2
[INFO] [stderr]    Compiling difference v2.0.0
[INFO] [stderr]    Compiling sha2 v0.10.8
[INFO] [stderr]    Compiling futures-channel v0.3.30
[INFO] [stderr]    Compiling sct v0.7.1
[INFO] [stderr]    Compiling pest_generator v2.7.5
[INFO] [stderr]    Compiling rustls-webpki v0.101.7
[INFO] [stderr]    Compiling tokio-macros v2.2.0
[INFO] [stderr]    Compiling futures-macro v0.3.30
[INFO] [stderr]    Compiling debugid v0.8.0
[INFO] [stderr]    Compiling swc_atoms v0.6.5
[INFO] [stderr]    Compiling cargo-platform v0.1.5
[INFO] [stderr]    Compiling serde_spanned v0.6.5
[INFO] [stderr]    Compiling toml_datetime v0.6.5
[INFO] [stderr]    Compiling swc_ecma_codegen_macros v0.7.4
[INFO] [stderr]    Compiling mio v0.8.10
[INFO] [stderr]    Compiling signal-hook-registry v1.4.1
[INFO] [stderr]    Compiling fastrand v2.0.1
[INFO] [stderr]    Compiling jmespath v0.3.0
[INFO] [stderr]    Compiling sourcemap v6.4.1
[INFO] [stderr]    Compiling cargo_metadata v0.15.4
[INFO] [stderr]    Compiling futures-task v0.3.30
[INFO] [stderr]    Compiling winnow v0.6.2
[INFO] [stderr]    Compiling futures-io v0.3.30
[INFO] [stderr]    Compiling heck v0.4.1
[INFO] [stderr]    Compiling unicode-segmentation v1.10.1
[INFO] [stderr]    Compiling futures-util v0.3.30
[INFO] [stderr]    Compiling strum_macros v0.24.3
[INFO] [stderr]    Compiling convert_case v0.6.0
[INFO] [stderr]    Compiling swc_common v0.33.12
[INFO] [stderr]    Compiling tokio v1.36.0
[INFO] [stderr]    Compiling http v0.2.11
[INFO] [stderr]    Compiling tempfile v3.8.1
[INFO] [stderr]    Compiling pest_derive v2.7.5
[INFO] [stderr]    Compiling toml_edit v0.22.6
[INFO] [stderr]    Compiling flate2 v1.0.28
[INFO] [stderr]    Compiling swc_core v0.87.2
[INFO] [stderr]    Compiling swc_trace_macro v0.1.3
[INFO] [stderr]    Compiling base64 v0.21.5
[INFO] [stderr]    Compiling webpki-roots v0.25.4
[INFO] [stderr]    Compiling unsafe-libyaml v0.2.9
[INFO] [stderr]    Compiling napi-derive-backend v1.0.61
[INFO] [stderr]    Compiling handlebars v5.1.0
[INFO] [stderr]    Compiling futures-executor v0.3.30
[INFO] [stderr]    Compiling swc_ecma_ast v0.110.15
[INFO] [stderr]    Compiling swc_error_reporters v0.17.12
[INFO] [stderr]    Compiling testing v0.35.14
[INFO] [stderr]    Compiling attohttpc v0.26.1
[INFO] [stderr]    Compiling swc_ecma_testing v0.22.15
[INFO] [stderr]    Compiling toml v0.8.10
[INFO] [stderr]    Compiling serde_yaml v0.9.27
[INFO] [stderr]    Compiling strum v0.24.1
[INFO] [stderr]    Compiling enquote v1.1.0
[INFO] [stderr]    Compiling swc_plugin_macro v0.9.15
[INFO] [stderr]    Compiling ctor v0.2.5
[INFO] [stderr]    Compiling cruet v0.14.0
[INFO] [stderr]    Compiling swc_plugin v0.90.0
[INFO] [stderr]    Compiling maplit v1.0.2
[INFO] [stderr]    Compiling napi-sys v2.3.0
[INFO] [stderr]    Compiling napi-build v2.1.2
[INFO] [stderr]    Compiling napi v2.15.2
[INFO] [stderr]    Compiling spinners v4.1.1
[INFO] [stderr]    Compiling handlebars_misc_helpers v0.15.0
[INFO] [stderr]    Compiling taro_binding v0.1.0 (/opt/rustwide/workdir/crates/native_binding)
[INFO] [stderr]    Compiling napi-derive v2.15.3
[INFO] [stderr]    Compiling tokio-util v0.7.10
[INFO] [stderr]    Compiling futures v0.3.30
[INFO] [stderr]    Compiling console v0.15.8
[INFO] [stderr]    Compiling taro_init v0.0.1 (/opt/rustwide/workdir/crates/taro_init)
[INFO] [stdout] warning: unexpected `cfg` condition value: `noop`
[INFO] [stdout]   --> crates/taro_init/src/constants.rs:85:1
[INFO] [stdout]    |
[INFO] [stdout] 85 | #[napi(string_enum)]
[INFO] [stdout]    | ^^^^^^^^^^^^^^^^^^^^
[INFO] [stdout]    |
[INFO] [stdout]    = note: no expected values for `feature`
[INFO] [stdout]    = note: using a cfg inside a attribute macro will use the cfgs from the destination crate and not the ones from the defining crate
[INFO] [stdout]    = help: try referring to `napi` crate for guidance on how handle this unexpected cfg
[INFO] [stdout]    = note: see <https://doc.rust-lang.org/nightly/rustc/check-cfg/cargo-specifics.html> for more information about checking conditional configuration
[INFO] [stdout]    = note: `#[warn(unexpected_cfgs)]` on by default
[INFO] [stdout]    = note: this warning originates in the attribute macro `napi` (in Nightly builds, run with -Z macro-backtrace for more info)
[INFO] [stdout] 
[INFO] [stdout] 
[INFO] [stdout] warning: unexpected `cfg` condition value: `used_linker`
[INFO] [stdout]   --> crates/taro_init/src/constants.rs:85:1
[INFO] [stdout]    |
[INFO] [stdout] 85 | #[napi(string_enum)]
[INFO] [stdout]    | ^^^^^^^^^^^^^^^^^^^^
[INFO] [stdout]    |
[INFO] [stdout]    = note: no expected values for `feature`
[INFO] [stdout]    = note: using a cfg inside a attribute macro will use the cfgs from the destination crate and not the ones from the defining crate
[INFO] [stdout]    = help: try referring to `napi::bindgen_prelude::ctor` crate for guidance on how handle this unexpected cfg
[INFO] [stdout]    = note: see <https://doc.rust-lang.org/nightly/rustc/check-cfg/cargo-specifics.html> for more information about checking conditional configuration
[INFO] [stdout]    = note: this warning originates in the attribute macro `napi::bindgen_prelude::ctor` (in Nightly builds, run with -Z macro-backtrace for more info)
[INFO] [stdout] 
[INFO] [stdout] 
[INFO] [stdout] warning: unexpected `cfg` condition value: `noop`
[INFO] [stdout]   --> crates/taro_init/src/constants.rs:94:1
[INFO] [stdout]    |
[INFO] [stdout] 94 | #[napi(string_enum)]
[INFO] [stdout]    | ^^^^^^^^^^^^^^^^^^^^
[INFO] [stdout]    |
[INFO] [stdout]    = note: no expected values for `feature`
[INFO] [stdout]    = note: using a cfg inside a attribute macro will use the cfgs from the destination crate and not the ones from the defining crate
[INFO] [stdout]    = help: try referring to `napi` crate for guidance on how handle this unexpected cfg
[INFO] [stdout]    = note: see <https://doc.rust-lang.org/nightly/rustc/check-cfg/cargo-specifics.html> for more information about checking conditional configuration
[INFO] [stdout]    = note: this warning originates in the attribute macro `napi` (in Nightly builds, run with -Z macro-backtrace for more info)
[INFO] [stdout] 
[INFO] [stdout] 
[INFO] [stdout] warning: unexpected `cfg` condition value: `used_linker`
[INFO] [stdout]   --> crates/taro_init/src/constants.rs:94:1
[INFO] [stdout]    |
[INFO] [stdout] 94 | #[napi(string_enum)]
[INFO] [stdout]    | ^^^^^^^^^^^^^^^^^^^^
[INFO] [stdout]    |
[INFO] [stdout]    = note: no expected values for `feature`
[INFO] [stdout]    = note: using a cfg inside a attribute macro will use the cfgs from the destination crate and not the ones from the defining crate
[INFO] [stdout]    = help: try referring to `napi::bindgen_prelude::ctor` crate for guidance on how handle this unexpected cfg
[INFO] [stdout]    = note: see <https://doc.rust-lang.org/nightly/rustc/check-cfg/cargo-specifics.html> for more information about checking conditional configuration
[INFO] [stdout]    = note: this warning originates in the attribute macro `napi::bindgen_prelude::ctor` (in Nightly builds, run with -Z macro-backtrace for more info)
[INFO] [stdout] 
[INFO] [stdout] 
[INFO] [stdout] warning: unexpected `cfg` condition value: `noop`
[INFO] [stdout]    --> crates/taro_init/src/constants.rs:103:1
[INFO] [stdout]     |
[INFO] [stdout] 103 | #[napi(string_enum)]
[INFO] [stdout]     | ^^^^^^^^^^^^^^^^^^^^
[INFO] [stdout]     |
[INFO] [stdout]     = note: no expected values for `feature`
[INFO] [stdout]     = note: using a cfg inside a attribute macro will use the cfgs from the destination crate and not the ones from the defining crate
[INFO] [stdout]     = help: try referring to `napi` crate for guidance on how handle this unexpected cfg
[INFO] [stdout]     = note: see <https://doc.rust-lang.org/nightly/rustc/check-cfg/cargo-specifics.html> for more information about checking conditional configuration
[INFO] [stdout]     = note: this warning originates in the attribute macro `napi` (in Nightly builds, run with -Z macro-backtrace for more info)
[INFO] [stdout] 
[INFO] [stdout] 
[INFO] [stdout] warning: unexpected `cfg` condition value: `used_linker`
[INFO] [stdout]    --> crates/taro_init/src/constants.rs:103:1
[INFO] [stdout]     |
[INFO] [stdout] 103 | #[napi(string_enum)]
[INFO] [stdout]     | ^^^^^^^^^^^^^^^^^^^^
[INFO] [stdout]     |
[INFO] [stdout]     = note: no expected values for `feature`
[INFO] [stdout]     = note: using a cfg inside a attribute macro will use the cfgs from the destination crate and not the ones from the defining crate
[INFO] [stdout]     = help: try referring to `napi::bindgen_prelude::ctor` crate for guidance on how handle this unexpected cfg
[INFO] [stdout]     = note: see <https://doc.rust-lang.org/nightly/rustc/check-cfg/cargo-specifics.html> for more information about checking conditional configuration
[INFO] [stdout]     = note: this warning originates in the attribute macro `napi::bindgen_prelude::ctor` (in Nightly builds, run with -Z macro-backtrace for more info)
[INFO] [stdout] 
[INFO] [stdout] 
[INFO] [stdout] warning: unexpected `cfg` condition value: `noop`
[INFO] [stdout]    --> crates/taro_init/src/constants.rs:112:1
[INFO] [stdout]     |
[INFO] [stdout] 112 | #[napi(string_enum)]
[INFO] [stdout]     | ^^^^^^^^^^^^^^^^^^^^
[INFO] [stdout]     |
[INFO] [stdout]     = note: no expected values for `feature`
[INFO] [stdout]     = note: using a cfg inside a attribute macro will use the cfgs from the destination crate and not the ones from the defining crate
[INFO] [stdout]     = help: try referring to `napi` crate for guidance on how handle this unexpected cfg
[INFO] [stdout]     = note: see <https://doc.rust-lang.org/nightly/rustc/check-cfg/cargo-specifics.html> for more information about checking conditional configuration
[INFO] [stdout]     = note: this warning originates in the attribute macro `napi` (in Nightly builds, run with -Z macro-backtrace for more info)
[INFO] [stdout] 
[INFO] [stdout] 
[INFO] [stdout] warning: unexpected `cfg` condition value: `used_linker`
[INFO] [stdout]    --> crates/taro_init/src/constants.rs:112:1
[INFO] [stdout]     |
[INFO] [stdout] 112 | #[napi(string_enum)]
[INFO] [stdout]     | ^^^^^^^^^^^^^^^^^^^^
[INFO] [stdout]     |
[INFO] [stdout]     = note: no expected values for `feature`
[INFO] [stdout]     = note: using a cfg inside a attribute macro will use the cfgs from the destination crate and not the ones from the defining crate
[INFO] [stdout]     = help: try referring to `napi::bindgen_prelude::ctor` crate for guidance on how handle this unexpected cfg
[INFO] [stdout]     = note: see <https://doc.rust-lang.org/nightly/rustc/check-cfg/cargo-specifics.html> for more information about checking conditional configuration
[INFO] [stdout]     = note: this warning originates in the attribute macro `napi::bindgen_prelude::ctor` (in Nightly builds, run with -Z macro-backtrace for more info)
[INFO] [stdout] 
[INFO] [stdout] 
[INFO] [stdout] warning: unexpected `cfg` condition value: `noop`
[INFO] [stdout]    --> crates/taro_init/src/constants.rs:120:1
[INFO] [stdout]     |
[INFO] [stdout] 120 | #[napi(string_enum)]
[INFO] [stdout]     | ^^^^^^^^^^^^^^^^^^^^
[INFO] [stdout]     |
[INFO] [stdout]     = note: no expected values for `feature`
[INFO] [stdout]     = note: using a cfg inside a attribute macro will use the cfgs from the destination crate and not the ones from the defining crate
[INFO] [stdout]     = help: try referring to `napi` crate for guidance on how handle this unexpected cfg
[INFO] [stdout]     = note: see <https://doc.rust-lang.org/nightly/rustc/check-cfg/cargo-specifics.html> for more information about checking conditional configuration
[INFO] [stdout]     = note: this warning originates in the attribute macro `napi` (in Nightly builds, run with -Z macro-backtrace for more info)
[INFO] [stdout] 
[INFO] [stdout] 
[INFO] [stdout] warning: unexpected `cfg` condition value: `used_linker`
[INFO] [stdout]    --> crates/taro_init/src/constants.rs:120:1
[INFO] [stdout]     |
[INFO] [stdout] 120 | #[napi(string_enum)]
[INFO] [stdout]     | ^^^^^^^^^^^^^^^^^^^^
[INFO] [stdout]     |
[INFO] [stdout]     = note: no expected values for `feature`
[INFO] [stdout]     = note: using a cfg inside a attribute macro will use the cfgs from the destination crate and not the ones from the defining crate
[INFO] [stdout]     = help: try referring to `napi::bindgen_prelude::ctor` crate for guidance on how handle this unexpected cfg
[INFO] [stdout]     = note: see <https://doc.rust-lang.org/nightly/rustc/check-cfg/cargo-specifics.html> for more information about checking conditional configuration
[INFO] [stdout]     = note: this warning originates in the attribute macro `napi::bindgen_prelude::ctor` (in Nightly builds, run with -Z macro-backtrace for more info)
[INFO] [stdout] 
[INFO] [stdout] 
[INFO] [stdout] warning: unexpected `cfg` condition value: `noop`
[INFO] [stdout]   --> crates/taro_init/src/creator.rs:95:1
[INFO] [stdout]    |
[INFO] [stdout] 95 | #[napi(constructor)]
[INFO] [stdout]    | ^^^^^^^^^^^^^^^^^^^^
[INFO] [stdout]    |
[INFO] [stdout]    = note: no expected values for `feature`
[INFO] [stdout]    = note: using a cfg inside a attribute macro will use the cfgs from the destination crate and not the ones from the defining crate
[INFO] [stdout]    = help: try referring to `napi` crate for guidance on how handle this unexpected cfg
[INFO] [stdout]    = note: see <https://doc.rust-lang.org/nightly/rustc/check-cfg/cargo-specifics.html> for more information about checking conditional configuration
[INFO] [stdout]    = note: this warning originates in the attribute macro `napi` (in Nightly builds, run with -Z macro-backtrace for more info)
[INFO] [stdout] 
[INFO] [stdout] 
[INFO] [stdout] warning: unexpected `cfg` condition value: `used_linker`
[INFO] [stdout]   --> crates/taro_init/src/creator.rs:95:1
[INFO] [stdout]    |
[INFO] [stdout] 95 | #[napi(constructor)]
[INFO] [stdout]    | ^^^^^^^^^^^^^^^^^^^^
[INFO] [stdout]    |
[INFO] [stdout]    = note: no expected values for `feature`
[INFO] [stdout]    = note: using a cfg inside a attribute macro will use the cfgs from the destination crate and not the ones from the defining crate
[INFO] [stdout]    = help: try referring to `napi::bindgen_prelude::ctor` crate for guidance on how handle this unexpected cfg
[INFO] [stdout]    = note: see <https://doc.rust-lang.org/nightly/rustc/check-cfg/cargo-specifics.html> for more information about checking conditional configuration
[INFO] [stdout]    = note: this warning originates in the attribute macro `napi::bindgen_prelude::ctor` (in Nightly builds, run with -Z macro-backtrace for more info)
[INFO] [stdout] 
[INFO] [stdout] 
[INFO] [stdout] warning: unexpected `cfg` condition value: `noop`
[INFO] [stdout]    --> crates/taro_init/src/creator.rs:101:1
[INFO] [stdout]     |
[INFO] [stdout] 101 | #[napi]
[INFO] [stdout]     | ^^^^^^^
[INFO] [stdout]     |
[INFO] [stdout]     = note: no expected values for `feature`
[INFO] [stdout]     = note: using a cfg inside a attribute macro will use the cfgs from the destination crate and not the ones from the defining crate
[INFO] [stdout]     = help: try referring to `napi` crate for guidance on how handle this unexpected cfg
[INFO] [stdout]     = note: see <https://doc.rust-lang.org/nightly/rustc/check-cfg/cargo-specifics.html> for more information about checking conditional configuration
[INFO] [stdout]     = note: this warning originates in the attribute macro `napi` (in Nightly builds, run with -Z macro-backtrace for more info)
[INFO] [stdout] 
[INFO] [stdout] 
[INFO] [stdout] warning: unexpected `cfg` condition value: `used_linker`
[INFO] [stdout]    --> crates/taro_init/src/creator.rs:101:1
[INFO] [stdout]     |
[INFO] [stdout] 101 | #[napi]
[INFO] [stdout]     | ^^^^^^^
[INFO] [stdout]     |
[INFO] [stdout]     = note: no expected values for `feature`
[INFO] [stdout]     = note: using a cfg inside a attribute macro will use the cfgs from the destination crate and not the ones from the defining crate
[INFO] [stdout]     = help: try referring to `napi::bindgen_prelude::ctor` crate for guidance on how handle this unexpected cfg
[INFO] [stdout]     = note: see <https://doc.rust-lang.org/nightly/rustc/check-cfg/cargo-specifics.html> for more information about checking conditional configuration
[INFO] [stdout]     = note: this warning originates in the attribute macro `napi::bindgen_prelude::ctor` (in Nightly builds, run with -Z macro-backtrace for more info)
[INFO] [stdout] 
[INFO] [stdout] 
[INFO] [stdout] warning: unexpected `cfg` condition name: `debug_assert`
[INFO] [stdout]    --> crates/taro_init/src/creator.rs:101:1
[INFO] [stdout]     |
[INFO] [stdout] 101 | #[napi]
[INFO] [stdout]     | ^^^^^^^
[INFO] [stdout]     |
[INFO] [stdout]     = note: using a cfg inside a attribute macro will use the cfgs from the destination crate and not the ones from the defining crate
[INFO] [stdout]     = help: try referring to `napi` crate for guidance on how handle this unexpected cfg
[INFO] [stdout]     = note: see <https://doc.rust-lang.org/nightly/rustc/check-cfg/cargo-specifics.html> for more information about checking conditional configuration
[INFO] [stdout]     = note: this warning originates in the attribute macro `napi` (in Nightly builds, run with -Z macro-backtrace for more info)
[INFO] [stdout] 
[INFO] [stdout] 
[INFO] [stdout] warning: unexpected `cfg` condition value: `noop`
[INFO] [stdout]   --> crates/native_binding/src/lib.rs:10:1
[INFO] [stdout]    |
[INFO] [stdout] 10 | #[napi]
[INFO] [stdout]    | ^^^^^^^
[INFO] [stdout]    |
[INFO] [stdout]    = note: no expected values for `feature`
[INFO] [stdout]    = note: using a cfg inside a attribute macro will use the cfgs from the destination crate and not the ones from the defining crate
[INFO] [stdout]    = help: try referring to `napi` crate for guidance on how handle this unexpected cfg
[INFO] [stdout]    = note: see <https://doc.rust-lang.org/nightly/rustc/check-cfg/cargo-specifics.html> for more information about checking conditional configuration
[INFO] [stdout]    = note: `#[warn(unexpected_cfgs)]` on by default
[INFO] [stdout]    = note: this warning originates in the attribute macro `napi` (in Nightly builds, run with -Z macro-backtrace for more info)
[INFO] [stdout] 
[INFO] [stdout] 
[INFO] [stdout] warning: unexpected `cfg` condition value: `used_linker`
[INFO] [stdout]   --> crates/native_binding/src/lib.rs:10:1
[INFO] [stdout]    |
[INFO] [stdout] 10 | #[napi]
[INFO] [stdout]    | ^^^^^^^
[INFO] [stdout]    |
[INFO] [stdout]    = note: no expected values for `feature`
[INFO] [stdout]    = note: using a cfg inside a attribute macro will use the cfgs from the destination crate and not the ones from the defining crate
[INFO] [stdout]    = help: try referring to `napi::bindgen_prelude::ctor` crate for guidance on how handle this unexpected cfg
[INFO] [stdout]    = note: see <https://doc.rust-lang.org/nightly/rustc/check-cfg/cargo-specifics.html> for more information about checking conditional configuration
[INFO] [stdout]    = note: this warning originates in the attribute macro `napi::bindgen_prelude::ctor` (in Nightly builds, run with -Z macro-backtrace for more info)
[INFO] [stdout] 
[INFO] [stdout] 
[INFO] [stdout] warning: unexpected `cfg` condition value: `noop`
[INFO] [stdout]   --> crates/native_binding/src/lib.rs:43:1
[INFO] [stdout]    |
[INFO] [stdout] 43 | #[napi]
[INFO] [stdout]    | ^^^^^^^
[INFO] [stdout]    |
[INFO] [stdout]    = note: no expected values for `feature`
[INFO] [stdout]    = note: using a cfg inside a attribute macro will use the cfgs from the destination crate and not the ones from the defining crate
[INFO] [stdout]    = help: try referring to `napi` crate for guidance on how handle this unexpected cfg
[INFO] [stdout]    = note: see <https://doc.rust-lang.org/nightly/rustc/check-cfg/cargo-specifics.html> for more information about checking conditional configuration
[INFO] [stdout]    = note: this warning originates in the attribute macro `napi` (in Nightly builds, run with -Z macro-backtrace for more info)
[INFO] [stdout] 
[INFO] [stdout] 
[INFO] [stdout] warning: unexpected `cfg` condition value: `used_linker`
[INFO] [stdout]   --> crates/native_binding/src/lib.rs:43:1
[INFO] [stdout]    |
[INFO] [stdout] 43 | #[napi]
[INFO] [stdout]    | ^^^^^^^
[INFO] [stdout]    |
[INFO] [stdout]    = note: no expected values for `feature`
[INFO] [stdout]    = note: using a cfg inside a attribute macro will use the cfgs from the destination crate and not the ones from the defining crate
[INFO] [stdout]    = help: try referring to `napi::bindgen_prelude::ctor` crate for guidance on how handle this unexpected cfg
[INFO] [stdout]    = note: see <https://doc.rust-lang.org/nightly/rustc/check-cfg/cargo-specifics.html> for more information about checking conditional configuration
[INFO] [stdout]    = note: this warning originates in the attribute macro `napi::bindgen_prelude::ctor` (in Nightly builds, run with -Z macro-backtrace for more info)
[INFO] [stdout] 
[INFO] [stdout] 
[INFO] [stdout] warning: unexpected `cfg` condition value: `noop`
[INFO] [stdout]   --> crates/native_binding/src/lib.rs:78:1
[INFO] [stdout]    |
[INFO] [stdout] 78 | #[napi]
[INFO] [stdout]    | ^^^^^^^
[INFO] [stdout]    |
[INFO] [stdout]    = note: no expected values for `feature`
[INFO] [stdout]    = note: using a cfg inside a attribute macro will use the cfgs from the destination crate and not the ones from the defining crate
[INFO] [stdout]    = help: try referring to `napi` crate for guidance on how handle this unexpected cfg
[INFO] [stdout]    = note: see <https://doc.rust-lang.org/nightly/rustc/check-cfg/cargo-specifics.html> for more information about checking conditional configuration
[INFO] [stdout]    = note: this warning originates in the attribute macro `napi` (in Nightly builds, run with -Z macro-backtrace for more info)
[INFO] [stdout] 
[INFO] [stdout] 
[INFO] [stdout] warning: unexpected `cfg` condition value: `used_linker`
[INFO] [stdout]   --> crates/native_binding/src/lib.rs:78:1
[INFO] [stdout]    |
[INFO] [stdout] 78 | #[napi]
[INFO] [stdout]    | ^^^^^^^
[INFO] [stdout]    |
[INFO] [stdout]    = note: no expected values for `feature`
[INFO] [stdout]    = note: using a cfg inside a attribute macro will use the cfgs from the destination crate and not the ones from the defining crate
[INFO] [stdout]    = help: try referring to `napi::bindgen_prelude::ctor` crate for guidance on how handle this unexpected cfg
[INFO] [stdout]    = note: see <https://doc.rust-lang.org/nightly/rustc/check-cfg/cargo-specifics.html> for more information about checking conditional configuration
[INFO] [stdout]    = note: this warning originates in the attribute macro `napi::bindgen_prelude::ctor` (in Nightly builds, run with -Z macro-backtrace for more info)
[INFO] [stdout] 
[INFO] [stdout] 
[INFO] [stdout] warning: unexpected `cfg` condition name: `debug_assert`
[INFO] [stdout]   --> crates/native_binding/src/lib.rs:10:1
[INFO] [stdout]    |
[INFO] [stdout] 10 | #[napi]
[INFO] [stdout]    | ^^^^^^^
[INFO] [stdout]    |
[INFO] [stdout]    = note: using a cfg inside a attribute macro will use the cfgs from the destination crate and not the ones from the defining crate
[INFO] [stdout]    = help: try referring to `napi` crate for guidance on how handle this unexpected cfg
[INFO] [stdout]    = note: see <https://doc.rust-lang.org/nightly/rustc/check-cfg/cargo-specifics.html> for more information about checking conditional configuration
[INFO] [stdout]    = note: this warning originates in the attribute macro `napi` (in Nightly builds, run with -Z macro-backtrace for more info)
[INFO] [stdout] 
[INFO] [stdout] 
[INFO] [stdout] warning: unexpected `cfg` condition name: `debug_assert`
[INFO] [stdout]   --> crates/native_binding/src/lib.rs:43:1
[INFO] [stdout]    |
[INFO] [stdout] 43 | #[napi]
[INFO] [stdout]    | ^^^^^^^
[INFO] [stdout]    |
[INFO] [stdout]    = note: using a cfg inside a attribute macro will use the cfgs from the destination crate and not the ones from the defining crate
[INFO] [stdout]    = help: try referring to `napi` crate for guidance on how handle this unexpected cfg
[INFO] [stdout]    = note: see <https://doc.rust-lang.org/nightly/rustc/check-cfg/cargo-specifics.html> for more information about checking conditional configuration
[INFO] [stdout]    = note: this warning originates in the attribute macro `napi` (in Nightly builds, run with -Z macro-backtrace for more info)
[INFO] [stdout] 
[INFO] [stdout] 
[INFO] [stdout] warning: unexpected `cfg` condition name: `debug_assert`
[INFO] [stdout]   --> crates/native_binding/src/lib.rs:78:1
[INFO] [stdout]    |
[INFO] [stdout] 78 | #[napi]
[INFO] [stdout]    | ^^^^^^^
[INFO] [stdout]    |
[INFO] [stdout]    = note: using a cfg inside a attribute macro will use the cfgs from the destination crate and not the ones from the defining crate
[INFO] [stdout]    = help: try referring to `napi` crate for guidance on how handle this unexpected cfg
[INFO] [stdout]    = note: see <https://doc.rust-lang.org/nightly/rustc/check-cfg/cargo-specifics.html> for more information about checking conditional configuration
[INFO] [stdout]    = note: this warning originates in the attribute macro `napi` (in Nightly builds, run with -Z macro-backtrace for more info)
[INFO] [stdout] 
[INFO] [stdout] 
[INFO] [stderr]    Compiling swc_ecma_visit v0.96.15
[INFO] [stderr]    Compiling swc_ecma_parser v0.141.33
[INFO] [stderr]    Compiling swc_ecma_codegen v0.146.45
[INFO] [stderr]    Compiling swc_plugin_proxy v0.39.15
[INFO] [stderr]    Compiling swc_ecma_utils v0.125.0
[INFO] [stderr]    Compiling swc_ecma_transforms_base v0.135.1
[INFO] [stderr]    Compiling swc_ecma_transforms_testing v0.138.1
[INFO] [stderr]    Compiling swc_plugin_define_config v0.2.0 (/opt/rustwide/workdir/crates/swc_plugin_define_config)
[INFO] [stderr]    Compiling swc_plugin_compile_mode v0.1.0 (/opt/rustwide/workdir/crates/swc_plugin_compile_mode)
[INFO] [stderr]     Finished `dev` profile [unoptimized + debuginfo] target(s) in 4m 21s
[INFO] running `Command { std: "docker" "inspect" "d20beb835e36a17fe1adc73abf0e1a6a1d90d22108a75cb337e374e0ddf04091", kill_on_drop: false }`
[INFO] running `Command { std: "docker" "exec" "-e" "SOURCE_DIR=/opt/rustwide/workdir" "-e" "CARGO_HOME=/opt/rustwide/cargo-home" "-e" "RUSTUP_HOME=/opt/rustwide/rustup-home" "-e" "CARGO_TARGET_DIR=/opt/rustwide/target" "-e" "CARGO_INCREMENTAL=0" "-e" "RUST_BACKTRACE=full" "-e" "RUSTFLAGS=--cap-lints=warn" "-e" "RUSTDOCFLAGS=--cap-lints=warn" "-w" "/opt/rustwide/workdir" "--user" "0:0" "d20beb835e36a17fe1adc73abf0e1a6a1d90d22108a75cb337e374e0ddf04091" "/opt/rustwide/cargo-home/bin/cargo" "+1.98.0-beta.1" "test" "--frozen" "--no-run" "--message-format=json", kill_on_drop: false }`
[INFO] [stderr]    Compiling swc_core v0.87.2
[INFO] [stdout] warning: unexpected `cfg` condition value: `noop`
[INFO] [stdout]   --> crates/taro_init/src/constants.rs:85:1
[INFO] [stdout]    |
[INFO] [stdout] 85 | #[napi(string_enum)]
[INFO] [stdout]    | ^^^^^^^^^^^^^^^^^^^^
[INFO] [stdout]    |
[INFO] [stdout]    = note: no expected values for `feature`
[INFO] [stdout]    = note: using a cfg inside a attribute macro will use the cfgs from the destination crate and not the ones from the defining crate
[INFO] [stdout]    = help: try referring to `napi` crate for guidance on how handle this unexpected cfg
[INFO] [stdout]    = note: see <https://doc.rust-lang.org/nightly/rustc/check-cfg/cargo-specifics.html> for more information about checking conditional configuration
[INFO] [stdout]    = note: `#[warn(unexpected_cfgs)]` on by default
[INFO] [stdout]    = note: this warning originates in the attribute macro `napi` (in Nightly builds, run with -Z macro-backtrace for more info)
[INFO] [stdout] 
[INFO] [stdout] 
[INFO] [stdout] warning: unexpected `cfg` condition value: `used_linker`
[INFO] [stdout]   --> crates/taro_init/src/constants.rs:85:1
[INFO] [stdout]    |
[INFO] [stdout] 85 | #[napi(string_enum)]
[INFO] [stdout]    | ^^^^^^^^^^^^^^^^^^^^
[INFO] [stdout]    |
[INFO] [stdout]    = note: no expected values for `feature`
[INFO] [stdout]    = note: using a cfg inside a attribute macro will use the cfgs from the destination crate and not the ones from the defining crate
[INFO] [stdout]    = help: try referring to `napi::bindgen_prelude::ctor` crate for guidance on how handle this unexpected cfg
[INFO] [stdout]    = note: see <https://doc.rust-lang.org/nightly/rustc/check-cfg/cargo-specifics.html> for more information about checking conditional configuration
[INFO] [stdout]    = note: this warning originates in the attribute macro `napi::bindgen_prelude::ctor` (in Nightly builds, run with -Z macro-backtrace for more info)
[INFO] [stdout] 
[INFO] [stdout] 
[INFO] [stdout] warning: unexpected `cfg` condition value: `noop`
[INFO] [stdout]   --> crates/taro_init/src/constants.rs:94:1
[INFO] [stdout]    |
[INFO] [stdout] 94 | #[napi(string_enum)]
[INFO] [stdout]    | ^^^^^^^^^^^^^^^^^^^^
[INFO] [stdout]    |
[INFO] [stdout]    = note: no expected values for `feature`
[INFO] [stdout]    = note: using a cfg inside a attribute macro will use the cfgs from the destination crate and not the ones from the defining crate
[INFO] [stdout]    = help: try referring to `napi` crate for guidance on how handle this unexpected cfg
[INFO] [stdout]    = note: see <https://doc.rust-lang.org/nightly/rustc/check-cfg/cargo-specifics.html> for more information about checking conditional configuration
[INFO] [stdout]    = note: this warning originates in the attribute macro `napi` (in Nightly builds, run with -Z macro-backtrace for more info)
[INFO] [stdout] 
[INFO] [stdout] 
[INFO] [stdout] warning: unexpected `cfg` condition value: `used_linker`
[INFO] [stdout]   --> crates/taro_init/src/constants.rs:94:1
[INFO] [stdout]    |
[INFO] [stdout] 94 | #[napi(string_enum)]
[INFO] [stdout]    | ^^^^^^^^^^^^^^^^^^^^
[INFO] [stdout]    |
[INFO] [stdout]    = note: no expected values for `feature`
[INFO] [stdout]    = note: using a cfg inside a attribute macro will use the cfgs from the destination crate and not the ones from the defining crate
[INFO] [stdout]    = help: try referring to `napi::bindgen_prelude::ctor` crate for guidance on how handle this unexpected cfg
[INFO] [stdout]    = note: see <https://doc.rust-lang.org/nightly/rustc/check-cfg/cargo-specifics.html> for more information about checking conditional configuration
[INFO] [stdout]    = note: this warning originates in the attribute macro `napi::bindgen_prelude::ctor` (in Nightly builds, run with -Z macro-backtrace for more info)
[INFO] [stdout] 
[INFO] [stdout] 
[INFO] [stdout] warning: unexpected `cfg` condition value: `noop`
[INFO] [stdout]    --> crates/taro_init/src/constants.rs:103:1
[INFO] [stdout]     |
[INFO] [stdout] 103 | #[napi(string_enum)]
[INFO] [stdout]     | ^^^^^^^^^^^^^^^^^^^^
[INFO] [stdout]     |
[INFO] [stdout]     = note: no expected values for `feature`
[INFO] [stdout]     = note: using a cfg inside a attribute macro will use the cfgs from the destination crate and not the ones from the defining crate
[INFO] [stdout]     = help: try referring to `napi` crate for guidance on how handle this unexpected cfg
[INFO] [stdout]     = note: see <https://doc.rust-lang.org/nightly/rustc/check-cfg/cargo-specifics.html> for more information about checking conditional configuration
[INFO] [stdout]     = note: this warning originates in the attribute macro `napi` (in Nightly builds, run with -Z macro-backtrace for more info)
[INFO] [stdout] 
[INFO] [stdout] 
[INFO] [stdout] warning: unexpected `cfg` condition value: `used_linker`
[INFO] [stdout]    --> crates/taro_init/src/constants.rs:103:1
[INFO] [stdout]     |
[INFO] [stdout] 103 | #[napi(string_enum)]
[INFO] [stdout]     | ^^^^^^^^^^^^^^^^^^^^
[INFO] [stdout]     |
[INFO] [stdout]     = note: no expected values for `feature`
[INFO] [stdout]     = note: using a cfg inside a attribute macro will use the cfgs from the destination crate and not the ones from the defining crate
[INFO] [stdout]     = help: try referring to `napi::bindgen_prelude::ctor` crate for guidance on how handle this unexpected cfg
[INFO] [stdout]     = note: see <https://doc.rust-lang.org/nightly/rustc/check-cfg/cargo-specifics.html> for more information about checking conditional configuration
[INFO] [stdout]     = note: this warning originates in the attribute macro `napi::bindgen_prelude::ctor` (in Nightly builds, run with -Z macro-backtrace for more info)
[INFO] [stdout] 
[INFO] [stdout] 
[INFO] [stdout] warning: unexpected `cfg` condition value: `noop`
[INFO] [stdout]    --> crates/taro_init/src/constants.rs:112:1
[INFO] [stdout]     |
[INFO] [stdout] 112 | #[napi(string_enum)]
[INFO] [stdout]     | ^^^^^^^^^^^^^^^^^^^^
[INFO] [stdout]     |
[INFO] [stdout]     = note: no expected values for `feature`
[INFO] [stdout]     = note: using a cfg inside a attribute macro will use the cfgs from the destination crate and not the ones from the defining crate
[INFO] [stdout]     = help: try referring to `napi` crate for guidance on how handle this unexpected cfg
[INFO] [stdout]     = note: see <https://doc.rust-lang.org/nightly/rustc/check-cfg/cargo-specifics.html> for more information about checking conditional configuration
[INFO] [stdout]     = note: this warning originates in the attribute macro `napi` (in Nightly builds, run with -Z macro-backtrace for more info)
[INFO] [stdout] 
[INFO] [stdout] 
[INFO] [stdout] warning: unexpected `cfg` condition value: `used_linker`
[INFO] [stdout]    --> crates/taro_init/src/constants.rs:112:1
[INFO] [stdout]     |
[INFO] [stdout] 112 | #[napi(string_enum)]
[INFO] [stdout]     | ^^^^^^^^^^^^^^^^^^^^
[INFO] [stdout]     |
[INFO] [stdout]     = note: no expected values for `feature`
[INFO] [stdout]     = note: using a cfg inside a attribute macro will use the cfgs from the destination crate and not the ones from the defining crate
[INFO] [stdout]     = help: try referring to `napi::bindgen_prelude::ctor` crate for guidance on how handle this unexpected cfg
[INFO] [stdout]     = note: see <https://doc.rust-lang.org/nightly/rustc/check-cfg/cargo-specifics.html> for more information about checking conditional configuration
[INFO] [stdout]     = note: this warning originates in the attribute macro `napi::bindgen_prelude::ctor` (in Nightly builds, run with -Z macro-backtrace for more info)
[INFO] [stdout] 
[INFO] [stdout] 
[INFO] [stdout] warning: unexpected `cfg` condition value: `noop`
[INFO] [stdout]    --> crates/taro_init/src/constants.rs:120:1
[INFO] [stdout]     |
[INFO] [stdout] 120 | #[napi(string_enum)]
[INFO] [stdout]     | ^^^^^^^^^^^^^^^^^^^^
[INFO] [stdout]     |
[INFO] [stdout]     = note: no expected values for `feature`
[INFO] [stdout]     = note: using a cfg inside a attribute macro will use the cfgs from the destination crate and not the ones from the defining crate
[INFO] [stdout]     = help: try referring to `napi` crate for guidance on how handle this unexpected cfg
[INFO] [stdout]     = note: see <https://doc.rust-lang.org/nightly/rustc/check-cfg/cargo-specifics.html> for more information about checking conditional configuration
[INFO] [stdout]     = note: this warning originates in the attribute macro `napi` (in Nightly builds, run with -Z macro-backtrace for more info)
[INFO] [stdout] 
[INFO] [stdout] 
[INFO] [stdout] warning: unexpected `cfg` condition value: `used_linker`
[INFO] [stdout]    --> crates/taro_init/src/constants.rs:120:1
[INFO] [stdout]     |
[INFO] [stdout] 120 | #[napi(string_enum)]
[INFO] [stdout]     | ^^^^^^^^^^^^^^^^^^^^
[INFO] [stdout]     |
[INFO] [stdout]     = note: no expected values for `feature`
[INFO] [stdout]     = note: using a cfg inside a attribute macro will use the cfgs from the destination crate and not the ones from the defining crate
[INFO] [stdout]     = help: try referring to `napi::bindgen_prelude::ctor` crate for guidance on how handle this unexpected cfg
[INFO] [stdout]     = note: see <https://doc.rust-lang.org/nightly/rustc/check-cfg/cargo-specifics.html> for more information about checking conditional configuration
[INFO] [stdout]     = note: this warning originates in the attribute macro `napi::bindgen_prelude::ctor` (in Nightly builds, run with -Z macro-backtrace for more info)
[INFO] [stdout] 
[INFO] [stdout] 
[INFO] [stderr]    Compiling taro_init v0.0.1 (/opt/rustwide/workdir/crates/taro_init)
[INFO] [stdout] warning: unexpected `cfg` condition value: `noop`
[INFO] [stdout]   --> crates/taro_init/src/creator.rs:95:1
[INFO] [stdout]    |
[INFO] [stdout] 95 | #[napi(constructor)]
[INFO] [stdout]    | ^^^^^^^^^^^^^^^^^^^^
[INFO] [stdout]    |
[INFO] [stdout]    = note: no expected values for `feature`
[INFO] [stdout]    = note: using a cfg inside a attribute macro will use the cfgs from the destination crate and not the ones from the defining crate
[INFO] [stdout]    = help: try referring to `napi` crate for guidance on how handle this unexpected cfg
[INFO] [stdout]    = note: see <https://doc.rust-lang.org/nightly/rustc/check-cfg/cargo-specifics.html> for more information about checking conditional configuration
[INFO] [stdout]    = note: this warning originates in the attribute macro `napi` (in Nightly builds, run with -Z macro-backtrace for more info)
[INFO] [stdout] 
[INFO] [stdout] 
[INFO] [stderr]    Compiling taro_binding v0.1.0 (/opt/rustwide/workdir/crates/native_binding)
[INFO] [stdout] warning: unexpected `cfg` condition value: `used_linker`
[INFO] [stdout]   --> crates/taro_init/src/creator.rs:95:1
[INFO] [stdout]    |
[INFO] [stdout] 95 | #[napi(constructor)]
[INFO] [stdout]    | ^^^^^^^^^^^^^^^^^^^^
[INFO] [stdout]    |
[INFO] [stdout]    = note: no expected values for `feature`
[INFO] [stdout]    = note: using a cfg inside a attribute macro will use the cfgs from the destination crate and not the ones from the defining crate
[INFO] [stdout]    = help: try referring to `napi::bindgen_prelude::ctor` crate for guidance on how handle this unexpected cfg
[INFO] [stdout]    = note: see <https://doc.rust-lang.org/nightly/rustc/check-cfg/cargo-specifics.html> for more information about checking conditional configuration
[INFO] [stdout]    = note: this warning originates in the attribute macro `napi::bindgen_prelude::ctor` (in Nightly builds, run with -Z macro-backtrace for more info)
[INFO] [stdout] 
[INFO] [stdout] 
[INFO] [stdout] warning: unexpected `cfg` condition value: `noop`
[INFO] [stdout]    --> crates/taro_init/src/creator.rs:101:1
[INFO] [stdout]     |
[INFO] [stdout] 101 | #[napi]
[INFO] [stdout]     | ^^^^^^^
[INFO] [stdout]     |
[INFO] [stdout]     = note: no expected values for `feature`
[INFO] [stdout]     = note: using a cfg inside a attribute macro will use the cfgs from the destination crate and not the ones from the defining crate
[INFO] [stdout]     = help: try referring to `napi` crate for guidance on how handle this unexpected cfg
[INFO] [stdout]     = note: see <https://doc.rust-lang.org/nightly/rustc/check-cfg/cargo-specifics.html> for more information about checking conditional configuration
[INFO] [stdout]     = note: this warning originates in the attribute macro `napi` (in Nightly builds, run with -Z macro-backtrace for more info)
[INFO] [stdout] 
[INFO] [stdout] 
[INFO] [stdout] warning: unexpected `cfg` condition value: `used_linker`
[INFO] [stdout]    --> crates/taro_init/src/creator.rs:101:1
[INFO] [stdout]     |
[INFO] [stdout] 101 | #[napi]
[INFO] [stdout]     | ^^^^^^^
[INFO] [stdout]     |
[INFO] [stdout]     = note: no expected values for `feature`
[INFO] [stdout]     = note: using a cfg inside a attribute macro will use the cfgs from the destination crate and not the ones from the defining crate
[INFO] [stdout]     = help: try referring to `napi::bindgen_prelude::ctor` crate for guidance on how handle this unexpected cfg
[INFO] [stdout]     = note: see <https://doc.rust-lang.org/nightly/rustc/check-cfg/cargo-specifics.html> for more information about checking conditional configuration
[INFO] [stdout]     = note: this warning originates in the attribute macro `napi::bindgen_prelude::ctor` (in Nightly builds, run with -Z macro-backtrace for more info)
[INFO] [stdout] 
[INFO] [stdout] 
[INFO] [stdout] warning: unexpected `cfg` condition name: `debug_assert`
[INFO] [stdout]    --> crates/taro_init/src/creator.rs:101:1
[INFO] [stdout]     |
[INFO] [stdout] 101 | #[napi]
[INFO] [stdout]     | ^^^^^^^
[INFO] [stdout]     |
[INFO] [stdout]     = note: using a cfg inside a attribute macro will use the cfgs from the destination crate and not the ones from the defining crate
[INFO] [stdout]     = help: try referring to `napi` crate for guidance on how handle this unexpected cfg
[INFO] [stdout]     = note: see <https://doc.rust-lang.org/nightly/rustc/check-cfg/cargo-specifics.html> for more information about checking conditional configuration
[INFO] [stdout]     = note: this warning originates in the attribute macro `napi` (in Nightly builds, run with -Z macro-backtrace for more info)
[INFO] [stdout] 
[INFO] [stdout] 
[INFO] [stdout] warning: unexpected `cfg` condition value: `noop`
[INFO] [stdout]   --> crates/native_binding/src/lib.rs:10:1
[INFO] [stdout]    |
[INFO] [stdout] 10 | #[napi]
[INFO] [stdout]    | ^^^^^^^
[INFO] [stdout]    |
[INFO] [stdout]    = note: no expected values for `feature`
[INFO] [stdout]    = note: using a cfg inside a attribute macro will use the cfgs from the destination crate and not the ones from the defining crate
[INFO] [stdout]    = help: try referring to `napi` crate for guidance on how handle this unexpected cfg
[INFO] [stdout]    = note: see <https://doc.rust-lang.org/nightly/rustc/check-cfg/cargo-specifics.html> for more information about checking conditional configuration
[INFO] [stdout]    = note: `#[warn(unexpected_cfgs)]` on by default
[INFO] [stdout]    = note: this warning originates in the attribute macro `napi` (in Nightly builds, run with -Z macro-backtrace for more info)
[INFO] [stdout] 
[INFO] [stdout] 
[INFO] [stdout] warning: unexpected `cfg` condition value: `noop`
[INFO] [stdout]   --> crates/native_binding/src/lib.rs:43:1
[INFO] [stdout]    |
[INFO] [stdout] 43 | #[napi]
[INFO] [stdout]    | ^^^^^^^
[INFO] [stdout]    |
[INFO] [stdout]    = note: no expected values for `feature`
[INFO] [stdout]    = note: using a cfg inside a attribute macro will use the cfgs from the destination crate and not the ones from the defining crate
[INFO] [stdout]    = help: try referring to `napi` crate for guidance on how handle this unexpected cfg
[INFO] [stdout]    = note: see <https://doc.rust-lang.org/nightly/rustc/check-cfg/cargo-specifics.html> for more information about checking conditional configuration
[INFO] [stdout]    = note: this warning originates in the attribute macro `napi` (in Nightly builds, run with -Z macro-backtrace for more info)
[INFO] [stdout] 
[INFO] [stdout] 
[INFO] [stdout] warning: unexpected `cfg` condition value: `noop`
[INFO] [stdout]   --> crates/native_binding/src/lib.rs:78:1
[INFO] [stdout]    |
[INFO] [stdout] 78 | #[napi]
[INFO] [stdout]    | ^^^^^^^
[INFO] [stdout]    |
[INFO] [stdout]    = note: no expected values for `feature`
[INFO] [stdout]    = note: using a cfg inside a attribute macro will use the cfgs from the destination crate and not the ones from the defining crate
[INFO] [stdout]    = help: try referring to `napi` crate for guidance on how handle this unexpected cfg
[INFO] [stdout]    = note: see <https://doc.rust-lang.org/nightly/rustc/check-cfg/cargo-specifics.html> for more information about checking conditional configuration
[INFO] [stdout]    = note: this warning originates in the attribute macro `napi` (in Nightly builds, run with -Z macro-backtrace for more info)
[INFO] [stdout] 
[INFO] [stdout] 
[INFO] [stdout] warning: unexpected `cfg` condition name: `debug_assert`
[INFO] [stdout]   --> crates/native_binding/src/lib.rs:10:1
[INFO] [stdout]    |
[INFO] [stdout] 10 | #[napi]
[INFO] [stdout]    | ^^^^^^^
[INFO] [stdout]    |
[INFO] [stdout]    = note: using a cfg inside a attribute macro will use the cfgs from the destination crate and not the ones from the defining crate
[INFO] [stdout]    = help: try referring to `napi` crate for guidance on how handle this unexpected cfg
[INFO] [stdout]    = note: see <https://doc.rust-lang.org/nightly/rustc/check-cfg/cargo-specifics.html> for more information about checking conditional configuration
[INFO] [stdout]    = note: this warning originates in the attribute macro `napi` (in Nightly builds, run with -Z macro-backtrace for more info)
[INFO] [stdout] 
[INFO] [stdout] 
[INFO] [stdout] warning: unexpected `cfg` condition name: `debug_assert`
[INFO] [stdout]   --> crates/native_binding/src/lib.rs:43:1
[INFO] [stdout]    |
[INFO] [stdout] 43 | #[napi]
[INFO] [stdout]    | ^^^^^^^
[INFO] [stdout]    |
[INFO] [stdout]    = note: using a cfg inside a attribute macro will use the cfgs from the destination crate and not the ones from the defining crate
[INFO] [stdout]    = help: try referring to `napi` crate for guidance on how handle this unexpected cfg
[INFO] [stdout]    = note: see <https://doc.rust-lang.org/nightly/rustc/check-cfg/cargo-specifics.html> for more information about checking conditional configuration
[INFO] [stdout]    = note: this warning originates in the attribute macro `napi` (in Nightly builds, run with -Z macro-backtrace for more info)
[INFO] [stdout] 
[INFO] [stdout] 
[INFO] [stdout] warning: unexpected `cfg` condition name: `debug_assert`
[INFO] [stdout]   --> crates/native_binding/src/lib.rs:78:1
[INFO] [stdout]    |
[INFO] [stdout] 78 | #[napi]
[INFO] [stdout]    | ^^^^^^^
[INFO] [stdout]    |
[INFO] [stdout]    = note: using a cfg inside a attribute macro will use the cfgs from the destination crate and not the ones from the defining crate
[INFO] [stdout]    = help: try referring to `napi` crate for guidance on how handle this unexpected cfg
[INFO] [stdout]    = note: see <https://doc.rust-lang.org/nightly/rustc/check-cfg/cargo-specifics.html> for more information about checking conditional configuration
[INFO] [stdout]    = note: this warning originates in the attribute macro `napi` (in Nightly builds, run with -Z macro-backtrace for more info)
[INFO] [stdout] 
[INFO] [stdout] 
[INFO] [stdout] warning: unexpected `cfg` condition value: `noop`
[INFO] [stdout]   --> crates/taro_init/src/constants.rs:85:1
[INFO] [stdout]    |
[INFO] [stdout] 85 | #[napi(string_enum)]
[INFO] [stdout]    | ^^^^^^^^^^^^^^^^^^^^
[INFO] [stdout]    |
[INFO] [stdout]    = note: no expected values for `feature`
[INFO] [stdout]    = note: using a cfg inside a attribute macro will use the cfgs from the destination crate and not the ones from the defining crate
[INFO] [stdout]    = help: try referring to `napi` crate for guidance on how handle this unexpected cfg
[INFO] [stdout]    = note: see <https://doc.rust-lang.org/nightly/rustc/check-cfg/cargo-specifics.html> for more information about checking conditional configuration
[INFO] [stdout]    = note: `#[warn(unexpected_cfgs)]` on by default
[INFO] [stdout]    = note: this warning originates in the attribute macro `napi` (in Nightly builds, run with -Z macro-backtrace for more info)
[INFO] [stdout] 
[INFO] [stdout] 
[INFO] [stdout] warning: unexpected `cfg` condition value: `noop`
[INFO] [stdout]   --> crates/taro_init/src/constants.rs:94:1
[INFO] [stdout]    |
[INFO] [stdout] 94 | #[napi(string_enum)]
[INFO] [stdout]    | ^^^^^^^^^^^^^^^^^^^^
[INFO] [stdout]    |
[INFO] [stdout]    = note: no expected values for `feature`
[INFO] [stdout]    = note: using a cfg inside a attribute macro will use the cfgs from the destination crate and not the ones from the defining crate
[INFO] [stdout]    = help: try referring to `napi` crate for guidance on how handle this unexpected cfg
[INFO] [stdout]    = note: see <https://doc.rust-lang.org/nightly/rustc/check-cfg/cargo-specifics.html> for more information about checking conditional configuration
[INFO] [stdout]    = note: this warning originates in the attribute macro `napi` (in Nightly builds, run with -Z macro-backtrace for more info)
[INFO] [stdout] 
[INFO] [stdout] 
[INFO] [stdout] warning: unexpected `cfg` condition value: `noop`
[INFO] [stdout]    --> crates/taro_init/src/constants.rs:103:1
[INFO] [stdout]     |
[INFO] [stdout] 103 | #[napi(string_enum)]
[INFO] [stdout]     | ^^^^^^^^^^^^^^^^^^^^
[INFO] [stdout]     |
[INFO] [stdout]     = note: no expected values for `feature`
[INFO] [stdout]     = note: using a cfg inside a attribute macro will use the cfgs from the destination crate and not the ones from the defining crate
[INFO] [stdout]     = help: try referring to `napi` crate for guidance on how handle this unexpected cfg
[INFO] [stdout]     = note: see <https://doc.rust-lang.org/nightly/rustc/check-cfg/cargo-specifics.html> for more information about checking conditional configuration
[INFO] [stdout]     = note: this warning originates in the attribute macro `napi` (in Nightly builds, run with -Z macro-backtrace for more info)
[INFO] [stdout] 
[INFO] [stdout] 
[INFO] [stdout] warning: unexpected `cfg` condition value: `noop`
[INFO] [stdout]    --> crates/taro_init/src/constants.rs:112:1
[INFO] [stdout]     |
[INFO] [stdout] 112 | #[napi(string_enum)]
[INFO] [stdout]     | ^^^^^^^^^^^^^^^^^^^^
[INFO] [stdout]     |
[INFO] [stdout]     = note: no expected values for `feature`
[INFO] [stdout]     = note: using a cfg inside a attribute macro will use the cfgs from the destination crate and not the ones from the defining crate
[INFO] [stdout]     = help: try referring to `napi` crate for guidance on how handle this unexpected cfg
[INFO] [stdout]     = note: see <https://doc.rust-lang.org/nightly/rustc/check-cfg/cargo-specifics.html> for more information about checking conditional configuration
[INFO] [stdout]     = note: this warning originates in the attribute macro `napi` (in Nightly builds, run with -Z macro-backtrace for more info)
[INFO] [stdout] 
[INFO] [stdout] 
[INFO] [stdout] warning: unexpected `cfg` condition value: `noop`
[INFO] [stdout]    --> crates/taro_init/src/constants.rs:120:1
[INFO] [stdout]     |
[INFO] [stdout] 120 | #[napi(string_enum)]
[INFO] [stdout]     | ^^^^^^^^^^^^^^^^^^^^
[INFO] [stdout]     |
[INFO] [stdout]     = note: no expected values for `feature`
[INFO] [stdout]     = note: using a cfg inside a attribute macro will use the cfgs from the destination crate and not the ones from the defining crate
[INFO] [stdout]     = help: try referring to `napi` crate for guidance on how handle this unexpected cfg
[INFO] [stdout]     = note: see <https://doc.rust-lang.org/nightly/rustc/check-cfg/cargo-specifics.html> for more information about checking conditional configuration
[INFO] [stdout]     = note: this warning originates in the attribute macro `napi` (in Nightly builds, run with -Z macro-backtrace for more info)
[INFO] [stdout] 
[INFO] [stdout] 
[INFO] [stdout] warning: unexpected `cfg` condition value: `noop`
[INFO] [stdout]   --> crates/taro_init/src/creator.rs:95:1
[INFO] [stdout]    |
[INFO] [stdout] 95 | #[napi(constructor)]
[INFO] [stdout]    | ^^^^^^^^^^^^^^^^^^^^
[INFO] [stdout]    |
[INFO] [stdout]    = note: no expected values for `feature`
[INFO] [stdout]    = note: using a cfg inside a attribute macro will use the cfgs from the destination crate and not the ones from the defining crate
[INFO] [stdout]    = help: try referring to `napi` crate for guidance on how handle this unexpected cfg
[INFO] [stdout]    = note: see <https://doc.rust-lang.org/nightly/rustc/check-cfg/cargo-specifics.html> for more information about checking conditional configuration
[INFO] [stdout]    = note: this warning originates in the attribute macro `napi` (in Nightly builds, run with -Z macro-backtrace for more info)
[INFO] [stdout] 
[INFO] [stdout] 
[INFO] [stdout] warning: unexpected `cfg` condition value: `noop`
[INFO] [stdout]    --> crates/taro_init/src/creator.rs:101:1
[INFO] [stdout]     |
[INFO] [stdout] 101 | #[napi]
[INFO] [stdout]     | ^^^^^^^
[INFO] [stdout]     |
[INFO] [stdout]     = note: no expected values for `feature`
[INFO] [stdout]     = note: using a cfg inside a attribute macro will use the cfgs from the destination crate and not the ones from the defining crate
[INFO] [stdout]     = help: try referring to `napi` crate for guidance on how handle this unexpected cfg
[INFO] [stdout]     = note: see <https://doc.rust-lang.org/nightly/rustc/check-cfg/cargo-specifics.html> for more information about checking conditional configuration
[INFO] [stdout]     = note: this warning originates in the attribute macro `napi` (in Nightly builds, run with -Z macro-backtrace for more info)
[INFO] [stdout] 
[INFO] [stdout] 
[INFO] [stdout] warning: unexpected `cfg` condition name: `debug_assert`
[INFO] [stdout]    --> crates/taro_init/src/creator.rs:101:1
[INFO] [stdout]     |
[INFO] [stdout] 101 | #[napi]
[INFO] [stdout]     | ^^^^^^^
[INFO] [stdout]     |
[INFO] [stdout]     = note: using a cfg inside a attribute macro will use the cfgs from the destination crate and not the ones from the defining crate
[INFO] [stdout]     = help: try referring to `napi` crate for guidance on how handle this unexpected cfg
[INFO] [stdout]     = note: see <https://doc.rust-lang.org/nightly/rustc/check-cfg/cargo-specifics.html> for more information about checking conditional configuration
[INFO] [stdout]     = note: this warning originates in the attribute macro `napi` (in Nightly builds, run with -Z macro-backtrace for more info)
[INFO] [stdout] 
[INFO] [stdout] 
[INFO] [stderr]    Compiling swc_plugin_compile_mode v0.1.0 (/opt/rustwide/workdir/crates/swc_plugin_compile_mode)
[INFO] [stderr]    Compiling swc_plugin_define_config v0.2.0 (/opt/rustwide/workdir/crates/swc_plugin_define_config)
[INFO] [stdout] error: linking with `cc` failed: exit status: 1
[INFO] [stdout]   |
[INFO] [stdout]   = note:  "cc" "-m64" "/opt/rustwide/target/debug/deps/rustcWG1B29/symbols.o" "<5 object files omitted>" "-Wl,--as-needed" "-Wl,-Bstatic" "<sysroot>/lib/rustlib/x86_64-unknown-linux-gnu/lib/{libtest-*,libgetopts-*,librustc_std_workspace_std-*}.rlib" "/opt/rustwide/target/debug/deps/{libtaro_init-01e83bf8c60abc22,libspinners-cc42975e7e18b335,libmaplit-f141af93a08d6c7e,libstrum-cce3549802565cf0,libconsole-8da1bd6d0beebb0c,libunicode_width-affb1d25ef114124,libanyhow-fce70270f04766e1,libhandlebars_misc_helpers-16e1ca2051f26091,libenquote-dda57f48ecf4d607,libserde_yaml-8a458fd3197543fe,libunsafe_libyaml-a8c6d7f3ebaa4c33,libcruet-f4cff8e22edc64ac,libregex-dd19385382b5d825,libregex_automata-afef10454e60083d,libaho_corasick-2ebf730bbd70a17f,libregex_syntax-493f5c90e53c4ba0,libtoml-18ceaa17e5def82e,libtoml_edit-f5670b6a10cc6721,libserde_spanned-11530164a52418b6,libwinnow-943f35e66180dc81,libtoml_datetime-66fc5d65d41dcd39,libindexmap-aa41d0b7e7e86d0e,libequivalent-487f93f8f6ab5e5b,libhashbrown-4d78fb2fe3afee13,libjmespath-5894f4058ee01883,liblazy_static-af860367908b8176,libattohttpc-f1afe8fd3c81275c,libwebpki_roots-da6c00699c81e448,libflate2-474421654db8a78f,libminiz_oxide-0697485f201c7561,libadler-8a8ce72c9fb247b6,libcrc32fast-b1b13fb2b4f6e9b8,libhttp-58576498a067e729,libfnv-79e2cbfbe03dcd16,liburl-6f30df90ea7bfeaa,libidna-758a2776ed16b8e7,libunicode_normalization-722b9cbf2786e917,libtinyvec-c98dfb84ce78a9e8,libtinyvec_macros-7b77ea21c73594ca,libunicode_bidi-7a255a92f016f850,libform_urlencoded-48069ad4ff13b53d,libpercent_encoding-af9df9186596bd92,librustls-c48adfb41b98959b,libsct-4507ceca623338c4,libwebpki-80869644b46ad0c9,libring-47623276c163fb13,libgetrandom-ffe911fcceb1ca4f,libcfg_if-3e7fc4e38d4a72b5,libspin-77da57a1b47d23a3,libuntrusted-b2f816886faf2178,libhandlebars-2bc5734f2a78e6b5,libpest-a40f2c84c536a0ed,libucd_trie-666022523355d16f,libthiserror-979382960903ee77,libserde_json-8bfc1d38e1c2349a,libitoa-55c9c85d80bf643d,libryu-df028aa4e33944bd,liblog-9e77c5346729da41,libserde-e0614aec6e6dbcc1,libfutures-6bedd615e55f9c31,libfutures_executor-baf395de90a4815d,libfutures_util-9036d7f1fa246b34,libmemchr-d8112fc1e1cdd527,libfutures_io-15f510aebc68962e,libslab-1d6e3276f95c46da,libfutures_channel-18ff196414649efc,libfutures_sink-bfbbbc7bce12d32f,libfutures_task-7735bb2404c6e6f3,libpin_utils-3860774ad9b215b5,libfutures_core-451bff7c303527ba,libnapi-7526af0c4be63ae0,libnapi_sys-6cdcbd3729d6fd25,libbitflags-d74e6b3e2104145d,libonce_cell-a1d7742f74efe1da,libtokio-f8bea2002488989f,libsignal_hook_registry-9e933daa45483f43,libnum_cpus-0f11ddb56741e9cb,libbytes-0cbd1c7110a1e56d,libmio-2d8c2b30b713a047,liblibc-7097ac40a5299863,libpin_project_lite-b342d85da484cd05}.rlib" "<sysroot>/lib/rustlib/x86_64-unknown-linux-gnu/lib/{libstd-*,libpanic_unwind-*,libobject-*,libmemchr-*,libaddr2line-*,libgimli-*,libcfg_if-*,librustc_demangle-*,libstd_detect-*,libhashbrown-*,librustc_std_workspace_alloc-*,libminiz_oxide-*,libadler2-*,libunwind-*,liblibc-*,librustc_std_workspace_core-*,liballoc-*,libcore-*,libcompiler_builtins-*}.rlib" "-Wl,-Bdynamic" "-lgcc_s" "-lutil" "-lrt" "-lpthread" "-lm" "-ldl" "-lc" "-L" "/opt/rustwide/target/debug/deps/rustcWG1B29/raw-dylibs" "-B<sysroot>/lib/rustlib/x86_64-unknown-linux-gnu/bin/gcc-ld" "-fuse-ld=lld" "-Wl,--eh-frame-hdr" "-Wl,-z,noexecstack" "-L" "/opt/rustwide/target/debug/build/ring-b1db0821d5d1e2c5/out" "-L" "<sysroot>/lib/rustlib/x86_64-unknown-linux-gnu/lib" "-o" "/opt/rustwide/target/debug/deps/taro_binding-5ebad69c30510511" "-Wl,--gc-sections" "-pie" "-Wl,-z,relro,-z,now" "-nodefaultlibs"
[INFO] [stdout]   = note: some arguments are omitted. use `--verbose` to show all linker arguments
[INFO] [stdout]   = note: rust-lld: error: undefined symbol: napi_create_object
[INFO] [stdout]           >>> referenced by constants.rs:85 (crates/taro_init/src/constants.rs:85)
[INFO] [stdout]           >>>               taro_init-01e83bf8c60abc22.taro_init.c9bd59e698996aa1-cgu.03.rcgu.o:(taro_init::constants::__register__enum__CSSType_callback__) in archive /opt/rustwide/target/debug/deps/libtaro_init-01e83bf8c60abc22.rlib
[INFO] [stdout]           >>> referenced by constants.rs:103 (crates/taro_init/src/constants.rs:103)
[INFO] [stdout]           >>>               taro_init-01e83bf8c60abc22.taro_init.c9bd59e698996aa1-cgu.03.rcgu.o:(taro_init::constants::__register__enum__NpmType_callback__) in archive /opt/rustwide/target/debug/deps/libtaro_init-01e83bf8c60abc22.rlib
[INFO] [stdout]           >>> referenced by constants.rs:120 (crates/taro_init/src/constants.rs:120)
[INFO] [stdout]           >>>               taro_init-01e83bf8c60abc22.taro_init.c9bd59e698996aa1-cgu.03.rcgu.o:(taro_init::constants::__register__enum__PeriodType_callback__) in archive /opt/rustwide/target/debug/deps/libtaro_init-01e83bf8c60abc22.rlib
[INFO] [stdout]           >>> referenced 2 more times
[INFO] [stdout]           
[INFO] [stdout]           rust-lld: error: undefined symbol: napi_set_named_property
[INFO] [stdout]           >>> referenced by constants.rs:85 (crates/taro_init/src/constants.rs:85)
[INFO] [stdout]           >>>               taro_init-01e83bf8c60abc22.taro_init.c9bd59e698996aa1-cgu.03.rcgu.o:(taro_init::constants::__register__enum__CSSType_callback__) in archive /opt/rustwide/target/debug/deps/libtaro_init-01e83bf8c60abc22.rlib
[INFO] [stdout]           >>> referenced by constants.rs:85 (crates/taro_init/src/constants.rs:85)
[INFO] [stdout]           >>>               taro_init-01e83bf8c60abc22.taro_init.c9bd59e698996aa1-cgu.03.rcgu.o:(taro_init::constants::__register__enum__CSSType_callback__) in archive /opt/rustwide/target/debug/deps/libtaro_init-01e83bf8c60abc22.rlib
[INFO] [stdout]           >>> referenced by constants.rs:85 (crates/taro_init/src/constants.rs:85)
[INFO] [stdout]           >>>               taro_init-01e83bf8c60abc22.taro_init.c9bd59e698996aa1-cgu.03.rcgu.o:(taro_init::constants::__register__enum__CSSType_callback__) in archive /opt/rustwide/target/debug/deps/libtaro_init-01e83bf8c60abc22.rlib
[INFO] [stdout]           >>> referenced 14 more times
[INFO] [stdout]           
[INFO] [stdout]           rust-lld: error: undefined symbol: napi_unwrap
[INFO] [stdout]           >>> referenced by callback_info.rs:259 (/opt/rustwide/cargo-home/registry/src/index.crates.io-1949cf8c6b5b557f/napi-2.15.2/src/bindgen_runtime/callback_info.rs:259)
[INFO] [stdout]           >>>               taro_init-01e83bf8c60abc22.taro_init.c9bd59e698996aa1-cgu.08.rcgu.o:(<napi::bindgen_runtime::callback_info::CallbackInfo<0>>::unwrap_raw::<taro_init::creator::Creator>) in archive /opt/rustwide/target/debug/deps/libtaro_init-01e83bf8c60abc22.rlib
[INFO] [stdout]           >>> referenced by callback_info.rs:259 (/opt/rustwide/cargo-home/registry/src/index.crates.io-1949cf8c6b5b557f/napi-2.15.2/src/bindgen_runtime/callback_info.rs:259)
[INFO] [stdout]           >>>               taro_init-01e83bf8c60abc22.taro_init.c9bd59e698996aa1-cgu.08.rcgu.o:(<napi::bindgen_runtime::callback_info::CallbackInfo<1>>::unwrap_raw::<taro_init::creator::Creator>) in archive /opt/rustwide/target/debug/deps/libtaro_init-01e83bf8c60abc22.rlib
[INFO] [stdout]           >>> referenced by callback_info.rs:259 (/opt/rustwide/cargo-home/registry/src/index.crates.io-1949cf8c6b5b557f/napi-2.15.2/src/bindgen_runtime/callback_info.rs:259)
[INFO] [stdout]           >>>               taro_init-01e83bf8c60abc22.taro_init.c9bd59e698996aa1-cgu.08.rcgu.o:(<napi::bindgen_runtime::callback_info::CallbackInfo<4>>::unwrap_raw::<taro_init::creator::Creator>) in archive /opt/rustwide/target/debug/deps/libtaro_init-01e83bf8c60abc22.rlib
[INFO] [stdout]           
[INFO] [stdout]           rust-lld: error: undefined symbol: napi_wrap
[INFO] [stdout]           >>> referenced by callback_info.rs:109 (/opt/rustwide/cargo-home/registry/src/index.crates.io-1949cf8c6b5b557f/napi-2.15.2/src/bindgen_runtime/callback_info.rs:109)
[INFO] [stdout]           >>>               taro_init-01e83bf8c60abc22.taro_init.c9bd59e698996aa1-cgu.08.rcgu.o:(<napi::bindgen_runtime::callback_info::CallbackInfo<2>>::_construct::<false, taro_init::creator::Creator>) in archive /opt/rustwide/target/debug/deps/libtaro_init-01e83bf8c60abc22.rlib
[INFO] [stdout]           
[INFO] [stdout]           rust-lld: error: undefined symbol: napi_delete_reference
[INFO] [stdout]           >>> referenced by mod.rs:62 (/opt/rustwide/cargo-home/registry/src/index.crates.io-1949cf8c6b5b557f/napi-2.15.2/src/bindgen_runtime/mod.rs:62)
[INFO] [stdout]           >>>               taro_init-01e83bf8c60abc22.taro_init.c9bd59e698996aa1-cgu.08.rcgu.o:(napi::bindgen_runtime::raw_finalize_unchecked::<taro_init::creator::Creator>) in archive /opt/rustwide/target/debug/deps/libtaro_init-01e83bf8c60abc22.rlib
[INFO] [stdout]           >>> referenced by error.rs:234 (src/error.rs:234)
[INFO] [stdout]           >>>               napi-7526af0c4be63ae0.napi.78e31c32b97a4731-cgu.10.rcgu.o:(<napi::error::JsError>::into_value) in archive /opt/rustwide/target/debug/deps/libnapi-7526af0c4be63ae0.rlib
[INFO] [stdout]           >>> referenced by value_ref.rs:61 (/opt/rustwide/cargo-home/registry/src/index.crates.io-1949cf8c6b5b557f/napi-2.15.2/src/bindgen_runtime/js_values/value_ref.rs:61)
[INFO] [stdout]           >>>               taro_init-01e83bf8c60abc22.taro_init.c9bd59e698996aa1-cgu.15.rcgu.o:(<napi::bindgen_runtime::js_values::value_ref::Reference<taro_init::creator::Creator>>::add_ref::{closure#0}) in archive /opt/rustwide/target/debug/deps/libtaro_init-01e83bf8c60abc22.rlib
[INFO] [stdout]           >>> referenced 1 more times
[INFO] [stdout]           
[INFO] [stdout]           rust-lld: error: undefined symbol: napi_reject_deferred
[INFO] [stdout]           >>> referenced by deferred.rs:229 (/opt/rustwide/cargo-home/registry/src/index.crates.io-1949cf8c6b5b557f/napi-2.15.2/src/js_values/deferred.rs:229)
[INFO] [stdout]           >>>               taro_init-01e83bf8c60abc22.taro_init.c9bd59e698996aa1-cgu.08.rcgu.o:(napi::js_values::deferred::napi_resolve_deferred::<napi::js_values::JsUnknown, napi::tokio_runtime::execute_tokio_future<(), taro_init::creator::__napi_impl_helper__Creator__0::__napi__create_file_from_template::{closure#0}::{closure#2}, taro_init::creator::__napi_impl_helper__Creator__0::__napi__create_file_from_template::{closure#0}::{closure#3}>::{closure#0}::{closure#0}>) in archive /opt/rustwide/target/debug/deps/libtaro_init-01e83bf8c60abc22.rlib
[INFO] [stdout]           >>> referenced by deferred.rs:244 (/opt/rustwide/cargo-home/registry/src/index.crates.io-1949cf8c6b5b557f/napi-2.15.2/src/js_values/deferred.rs:244)
[INFO] [stdout]           >>>               taro_init-01e83bf8c60abc22.taro_init.c9bd59e698996aa1-cgu.08.rcgu.o:(napi::js_values::deferred::napi_resolve_deferred::<napi::js_values::JsUnknown, napi::tokio_runtime::execute_tokio_future<(), taro_init::creator::__napi_impl_helper__Creator__0::__napi__create_file_from_template::{closure#0}::{closure#2}, taro_init::creator::__napi_impl_helper__Creator__0::__napi__create_file_from_template::{closure#0}::{closure#3}>::{closure#0}::{closure#0}>) in archive /opt/rustwide/target/debug/deps/libtaro_init-01e83bf8c60abc22.rlib
[INFO] [stdout]           
[INFO] [stdout]           rust-lld: error: undefined symbol: napi_create_string_utf8
[INFO] [stdout]           >>> referenced by deferred.rs:237 (/opt/rustwide/cargo-home/registry/src/index.crates.io-1949cf8c6b5b557f/napi-2.15.2/src/js_values/deferred.rs:237)
[INFO] [stdout]           >>>               taro_init-01e83bf8c60abc22.taro_init.c9bd59e698996aa1-cgu.08.rcgu.o:(napi::js_values::deferred::napi_resolve_deferred::<napi::js_values::JsUnknown, napi::tokio_runtime::execute_tokio_future<(), taro_init::creator::__napi_impl_helper__Creator__0::__napi__create_file_from_template::{closure#0}::{closure#2}, taro_init::creator::__napi_impl_helper__Creator__0::__napi__create_file_from_template::{closure#0}::{closure#3}>::{closure#0}::{closure#0}>) in archive /opt/rustwide/target/debug/deps/libtaro_init-01e83bf8c60abc22.rlib
[INFO] [stdout]           >>> referenced by deferred.rs:121 (/opt/rustwide/cargo-home/registry/src/index.crates.io-1949cf8c6b5b557f/napi-2.15.2/src/js_values/deferred.rs:121)
[INFO] [stdout]           >>>               taro_init-01e83bf8c60abc22.taro_init.c9bd59e698996aa1-cgu.08.rcgu.o:(<napi::js_values::deferred::JsDeferred<napi::js_values::JsUnknown, napi::tokio_runtime::execute_tokio_future<(), taro_init::creator::__napi_impl_helper__Creator__0::__napi__create_file_from_template::{closure#0}::{closure#2}, taro_init::creator::__napi_impl_helper__Creator__0::__napi__create_file_from_template::{closure#0}::{closure#3}>::{closure#0}::{closure#0}>>::new) in archive /opt/rustwide/target/debug/deps/libtaro_init-01e83bf8c60abc22.rlib
[INFO] [stdout]           >>> referenced by string.rs:26 (src/bindgen_runtime/js_values/string.rs:26)
[INFO] [stdout]           >>>               napi-7526af0c4be63ae0.napi.78e31c32b97a4731-cgu.14.rcgu.o:(<&alloc::string::String as napi::bindgen_runtime::js_values::ToNapiValue>::to_napi_value) in archive /opt/rustwide/target/debug/deps/libnapi-7526af0c4be63ae0.rlib
[INFO] [stdout]           >>> referenced 2 more times
[INFO] [stdout]           
[INFO] [stdout]           rust-lld: error: undefined symbol: napi_create_error
[INFO] [stdout]           >>> referenced by deferred.rs:243 (/opt/rustwide/cargo-home/registry/src/index.crates.io-1949cf8c6b5b557f/napi-2.15.2/src/js_values/deferred.rs:243)
[INFO] [stdout]           >>>               taro_init-01e83bf8c60abc22.taro_init.c9bd59e698996aa1-cgu.08.rcgu.o:(napi::js_values::deferred::napi_resolve_deferred::<napi::js_values::JsUnknown, napi::tokio_runtime::execute_tokio_future<(), taro_init::creator::__napi_impl_helper__Creator__0::__napi__create_file_from_template::{closure#0}::{closure#2}, taro_init::creator::__napi_impl_helper__Creator__0::__napi__create_file_from_template::{closure#0}::{closure#3}>::{closure#0}::{closure#0}>) in archive /opt/rustwide/target/debug/deps/libtaro_init-01e83bf8c60abc22.rlib
[INFO] [stdout]           >>> referenced by error.rs:258 (src/error.rs:258)
[INFO] [stdout]           >>>               napi-7526af0c4be63ae0.napi.78e31c32b97a4731-cgu.10.rcgu.o:(<napi::error::JsError>::into_value) in archive /opt/rustwide/target/debug/deps/libnapi-7526af0c4be63ae0.rlib
[INFO] [stdout]           
[INFO] [stdout]           rust-lld: error: undefined symbol: napi_resolve_deferred
[INFO] [stdout]           >>> referenced by deferred.rs:218 (/opt/rustwide/cargo-home/registry/src/index.crates.io-1949cf8c6b5b557f/napi-2.15.2/src/js_values/deferred.rs:218)
[INFO] [stdout]           >>>               taro_init-01e83bf8c60abc22.taro_init.c9bd59e698996aa1-cgu.08.rcgu.o:(napi::js_values::deferred::napi_resolve_deferred::<napi::js_values::JsUnknown, napi::tokio_runtime::execute_tokio_future<(), taro_init::creator::__napi_impl_helper__Creator__0::__napi__create_file_from_template::{closure#0}::{closure#2}, taro_init::creator::__napi_impl_helper__Creator__0::__napi__create_file_from_template::{closure#0}::{closure#3}>::{closure#0}::{closure#0}>::{closure#2}) in archive /opt/rustwide/target/debug/deps/libtaro_init-01e83bf8c60abc22.rlib
[INFO] [stdout]           
[INFO] [stdout]           rust-lld: error: undefined symbol: napi_get_cb_info
[INFO] [stdout]           >>> referenced by callback_info.rs:42 (/opt/rustwide/cargo-home/registry/src/index.crates.io-1949cf8c6b5b557f/napi-2.15.2/src/bindgen_runtime/callback_info.rs:42)
[INFO] [stdout]           >>>               taro_init-01e83bf8c60abc22.taro_init.c9bd59e698996aa1-cgu.08.rcgu.o:(<napi::bindgen_runtime::callback_info::CallbackInfo<0>>::new) in archive /opt/rustwide/target/debug/deps/libtaro_init-01e83bf8c60abc22.rlib
[INFO] [stdout]           >>> referenced by callback_info.rs:42 (/opt/rustwide/cargo-home/registry/src/index.crates.io-1949cf8c6b5b557f/napi-2.15.2/src/bindgen_runtime/callback_info.rs:42)
[INFO] [stdout]           >>>               taro_init-01e83bf8c60abc22.taro_init.c9bd59e698996aa1-cgu.08.rcgu.o:(<napi::bindgen_runtime::callback_info::CallbackInfo<1>>::new) in archive /opt/rustwide/target/debug/deps/libtaro_init-01e83bf8c60abc22.rlib
[INFO] [stdout]           >>> referenced by callback_info.rs:42 (/opt/rustwide/cargo-home/registry/src/index.crates.io-1949cf8c6b5b557f/napi-2.15.2/src/bindgen_runtime/callback_info.rs:42)
[INFO] [stdout]           >>>               taro_init-01e83bf8c60abc22.taro_init.c9bd59e698996aa1-cgu.08.rcgu.o:(<napi::bindgen_runtime::callback_info::CallbackInfo<2>>::new) in archive /opt/rustwide/target/debug/deps/libtaro_init-01e83bf8c60abc22.rlib
[INFO] [stdout]           >>> referenced 1 more times
[INFO] [stdout]           
[INFO] [stdout]           rust-lld: error: undefined symbol: napi_create_reference
[INFO] [stdout]           >>> referenced by callback_info.rs:70 (/opt/rustwide/cargo-home/registry/src/index.crates.io-1949cf8c6b5b557f/napi-2.15.2/src/bindgen_runtime/callback_info.rs:70)
[INFO] [stdout]           >>>               taro_init-01e83bf8c60abc22.taro_init.c9bd59e698996aa1-cgu.08.rcgu.o:(<napi::bindgen_runtime::callback_info::CallbackInfo<0>>::new) in archive /opt/rustwide/target/debug/deps/libtaro_init-01e83bf8c60abc22.rlib
[INFO] [stdout]           >>> referenced by callback_info.rs:70 (/opt/rustwide/cargo-home/registry/src/index.crates.io-1949cf8c6b5b557f/napi-2.15.2/src/bindgen_runtime/callback_info.rs:70)
[INFO] [stdout]           >>>               taro_init-01e83bf8c60abc22.taro_init.c9bd59e698996aa1-cgu.08.rcgu.o:(<napi::bindgen_runtime::callback_info::CallbackInfo<1>>::new) in archive /opt/rustwide/target/debug/deps/libtaro_init-01e83bf8c60abc22.rlib
[INFO] [stdout]           >>> referenced by callback_info.rs:70 (/opt/rustwide/cargo-home/registry/src/index.crates.io-1949cf8c6b5b557f/napi-2.15.2/src/bindgen_runtime/callback_info.rs:70)
[INFO] [stdout]           >>>               taro_init-01e83bf8c60abc22.taro_init.c9bd59e698996aa1-cgu.08.rcgu.o:(<napi::bindgen_runtime::callback_info::CallbackInfo<2>>::new) in archive /opt/rustwide/target/debug/deps/libtaro_init-01e83bf8c60abc22.rlib
[INFO] [stdout]           >>> referenced 3 more times
[INFO] [stdout]           
[INFO] [stdout]           rust-lld: error: undefined symbol: napi_create_promise
[INFO] [stdout]           >>> referenced by deferred.rs:114 (/opt/rustwide/cargo-home/registry/src/index.crates.io-1949cf8c6b5b557f/napi-2.15.2/src/js_values/deferred.rs:114)
[INFO] [stdout]           >>>               taro_init-01e83bf8c60abc22.taro_init.c9bd59e698996aa1-cgu.08.rcgu.o:(<napi::js_values::deferred::JsDeferred<napi::js_values::JsUnknown, napi::tokio_runtime::execute_tokio_future<(), taro_init::creator::__napi_impl_helper__Creator__0::__napi__create_file_from_template::{closure#0}::{closure#2}, taro_init::creator::__napi_impl_helper__Creator__0::__napi__create_file_from_template::{closure#0}::{closure#3}>::{closure#0}::{closure#0}>>::new) in archive /opt/rustwide/target/debug/deps/libtaro_init-01e83bf8c60abc22.rlib
[INFO] [stdout]           
[INFO] [stdout]           rust-lld: error: undefined symbol: napi_create_threadsafe_function
[INFO] [stdout]           >>> referenced by deferred.rs:128 (/opt/rustwide/cargo-home/registry/src/index.crates.io-1949cf8c6b5b557f/napi-2.15.2/src/js_values/deferred.rs:128)
[INFO] [stdout]           >>>               taro_init-01e83bf8c60abc22.taro_init.c9bd59e698996aa1-cgu.08.rcgu.o:(<napi::js_values::deferred::JsDeferred<napi::js_values::JsUnknown, napi::tokio_runtime::execute_tokio_future<(), taro_init::creator::__napi_impl_helper__Creator__0::__napi__create_file_from_template::{closure#0}::{closure#2}, taro_init::creator::__napi_impl_helper__Creator__0::__napi__create_file_from_template::{closure#0}::{closure#3}>::{closure#0}::{closure#0}>>::new) in archive /opt/rustwide/target/debug/deps/libtaro_init-01e83bf8c60abc22.rlib
[INFO] [stdout]           
[INFO] [stdout]           rust-lld: error: undefined symbol: napi_call_threadsafe_function
[INFO] [stdout]           >>> referenced by deferred.rs:182 (/opt/rustwide/cargo-home/registry/src/index.crates.io-1949cf8c6b5b557f/napi-2.15.2/src/js_values/deferred.rs:182)
[INFO] [stdout]           >>>               taro_init-01e83bf8c60abc22.taro_init.c9bd59e698996aa1-cgu.08.rcgu.o:(<napi::js_values::deferred::JsDeferred<napi::js_values::JsUnknown, napi::tokio_runtime::execute_tokio_future<(), taro_init::creator::__napi_impl_helper__Creator__0::__napi__create_file_from_template::{closure#0}::{closure#2}, taro_init::creator::__napi_impl_helper__Creator__0::__napi__create_file_from_template::{closure#0}::{closure#3}>::{closure#0}::{closure#0}>>::call_tsfn) in archive /opt/rustwide/target/debug/deps/libtaro_init-01e83bf8c60abc22.rlib
[INFO] [stdout]           
[INFO] [stdout]           rust-lld: error: undefined symbol: napi_release_threadsafe_function
[INFO] [stdout]           >>> referenced by deferred.rs:194 (/opt/rustwide/cargo-home/registry/src/index.crates.io-1949cf8c6b5b557f/napi-2.15.2/src/js_values/deferred.rs:194)
[INFO] [stdout]           >>>               taro_init-01e83bf8c60abc22.taro_init.c9bd59e698996aa1-cgu.08.rcgu.o:(<napi::js_values::deferred::JsDeferred<napi::js_values::JsUnknown, napi::tokio_runtime::execute_tokio_future<(), taro_init::creator::__napi_impl_helper__Creator__0::__napi__create_file_from_template::{closure#0}::{closure#2}, taro_init::creator::__napi_impl_helper__Creator__0::__napi__create_file_from_template::{closure#0}::{closure#3}>::{closure#0}::{closure#0}>>::call_tsfn) in archive /opt/rustwide/target/debug/deps/libtaro_init-01e83bf8c60abc22.rlib
[INFO] [stdout]           
[INFO] [stdout]           rust-lld: error: undefined symbol: napi_coerce_to_string
[INFO] [stdout]           >>> referenced by mod.rs:196 (src/js_values/mod.rs:196)
[INFO] [stdout]           >>>               napi-7526af0c4be63ae0.napi.78e31c32b97a4731-cgu.15.rcgu.o:(<napi::js_values::JsUnknown>::coerce_to_string) in archive /opt/rustwide/target/debug/deps/libnapi-7526af0c4be63ae0.rlib
[INFO] [stdout]           
[INFO] [stdout]           rust-lld: error: undefined symbol: napi_get_value_string_utf8
[INFO] [stdout]           >>> referenced by string.rs:49 (src/bindgen_runtime/js_values/string.rs:49)
[INFO] [stdout]           >>>               napi-7526af0c4be63ae0.napi.78e31c32b97a4731-cgu.14.rcgu.o:(<alloc::string::String as napi::bindgen_runtime::js_values::FromNapiValue>::from_napi_value) in archive /opt/rustwide/target/debug/deps/libnapi-7526af0c4be63ae0.rlib
[INFO] [stdout]           >>> referenced by string.rs:64 (src/bindgen_runtime/js_values/string.rs:64)
[INFO] [stdout]           >>>               napi-7526af0c4be63ae0.napi.78e31c32b97a4731-cgu.14.rcgu.o:(<alloc::string::String as napi::bindgen_runtime::js_values::FromNapiValue>::from_napi_value) in archive /opt/rustwide/target/debug/deps/libnapi-7526af0c4be63ae0.rlib
[INFO] [stdout]           >>> referenced by mod.rs:36 (src/js_values/string/mod.rs:36)
[INFO] [stdout]           >>>               napi-7526af0c4be63ae0.napi.78e31c32b97a4731-cgu.13.rcgu.o:(<napi::js_values::string::JsString>::utf8_len) in archive /opt/rustwide/target/debug/deps/libnapi-7526af0c4be63ae0.rlib
[INFO] [stdout]           >>> referenced 3 more times
[INFO] [stdout]           
[INFO] [stdout]           rust-lld: error: undefined symbol: napi_typeof
[INFO] [stdout]           >>> referenced by lib.rs:126 (src/lib.rs:126)
[INFO] [stdout]           >>>               napi-7526af0c4be63ae0.napi.78e31c32b97a4731-cgu.14.rcgu.o:(<alloc::string::String as napi::bindgen_runtime::js_values::FromNapiValue>::from_napi_value) in archive /opt/rustwide/target/debug/deps/libnapi-7526af0c4be63ae0.rlib
[INFO] [stdout]           >>> referenced by lib.rs:126 (src/lib.rs:126)
[INFO] [stdout]           >>>               napi-7526af0c4be63ae0.napi.78e31c32b97a4731-cgu.14.rcgu.o:(<alloc::string::String as napi::bindgen_runtime::js_values::FromNapiValue>::from_napi_value) in archive /opt/rustwide/target/debug/deps/libnapi-7526af0c4be63ae0.rlib
[INFO] [stdout]           >>> referenced by lib.rs:126 (src/lib.rs:126)
[INFO] [stdout]           >>>               napi-7526af0c4be63ae0.napi.78e31c32b97a4731-cgu.07.rcgu.o:(<&str as napi::bindgen_runtime::js_values::FromNapiValue>::from_napi_value) in archive /opt/rustwide/target/debug/deps/libnapi-7526af0c4be63ae0.rlib
[INFO] [stdout]           >>> referenced 6 more times
[INFO] [stdout]           
[INFO] [stdout]           rust-lld: error: undefined symbol: napi_get_undefined
[INFO] [stdout]           >>> referenced by nil.rs:75 (src/bindgen_runtime/js_values/nil.rs:75)
[INFO] [stdout]           >>>               napi-7526af0c4be63ae0.napi.78e31c32b97a4731-cgu.14.rcgu.o:(<() as napi::bindgen_runtime::js_values::ToNapiValue>::to_napi_value) in archive /opt/rustwide/target/debug/deps/libnapi-7526af0c4be63ae0.rlib
[INFO] [stdout]           >>> referenced by env.rs:17 (src/bindgen_runtime/env.rs:17)
[INFO] [stdout]           >>>               napi-7526af0c4be63ae0.napi.78e31c32b97a4731-cgu.04.rcgu.o:(<napi::env::Env>::get_undefined) in archive /opt/rustwide/target/debug/deps/libnapi-7526af0c4be63ae0.rlib
[INFO] [stdout]           
[INFO] [stdout]           rust-lld: error: undefined symbol: napi_call_function
[INFO] [stdout]           >>> referenced by function.rs:60 (src/js_values/function.rs:60)
[INFO] [stdout]           >>>               napi-7526af0c4be63ae0.napi.78e31c32b97a4731-cgu.12.rcgu.o:(<napi::js_values::function::JsFunction>::call::<napi::js_values::object::JsObject>) in archive /opt/rustwide/target/debug/deps/libnapi-7526af0c4be63ae0.rlib
[INFO] [stdout]           
[INFO] [stdout]           rust-lld: error: too many errors emitted, stopping now (use --error-limit=0 to see all errors)
[INFO] [stdout]           collect2: error: ld returned 1 exit status
[INFO] [stdout]           
[INFO] [stdout] 
[INFO] [stdout] 
[INFO] [stderr] error: could not compile `taro_binding` (lib test) due to 1 previous error; 6 warnings emitted
[INFO] [stderr] warning: build failed, waiting for other jobs to finish...
[INFO] running `Command { std: "docker" "inspect" "d20beb835e36a17fe1adc73abf0e1a6a1d90d22108a75cb337e374e0ddf04091", kill_on_drop: false }`
[INFO] running `Command { std: "docker" "rm" "-f" "d20beb835e36a17fe1adc73abf0e1a6a1d90d22108a75cb337e374e0ddf04091", kill_on_drop: false }`
[INFO] [stdout] d20beb835e36a17fe1adc73abf0e1a6a1d90d22108a75cb337e374e0ddf04091
