[INFO] cloning repository https://github.com/heofthetea/rusty-dominoes
[INFO] running `Command { std: "git" "-c" "credential.helper=" "-c" "credential.helper=/workspace/cargo-home/bin/git-credential-null" "clone" "--bare" "https://github.com/heofthetea/rusty-dominoes" "/workspace/cache/git-repos/https%3A%2F%2Fgithub.com%2Fheofthetea%2Frusty-dominoes", kill_on_drop: false }`
[INFO] [stderr] Cloning into bare repository '/workspace/cache/git-repos/https%3A%2F%2Fgithub.com%2Fheofthetea%2Frusty-dominoes'...
[INFO] running `Command { std: "git" "rev-parse" "HEAD", kill_on_drop: false }`
[INFO] [stdout] 12decebba37f0c06154715a309dd7c986380cc75
[INFO] testing heofthetea/rusty-dominoes against 1.98.0-beta.1 for beta-1.98-2
[INFO] running `Command { std: "git" "clone" "/workspace/cache/git-repos/https%3A%2F%2Fgithub.com%2Fheofthetea%2Frusty-dominoes" "/workspace/builds/worker-3-tc2/source", kill_on_drop: false }`
[INFO] [stderr] Cloning into '/workspace/builds/worker-3-tc2/source'...
[INFO] [stderr] done.
[INFO] started tweaking git repo https://github.com/heofthetea/rusty-dominoes
[INFO] finished tweaking git repo https://github.com/heofthetea/rusty-dominoes
[INFO] tweaked toml for git repo https://github.com/heofthetea/rusty-dominoes written to /workspace/builds/worker-3-tc2/source/Cargo.toml
[INFO] validating manifest of git repo https://github.com/heofthetea/rusty-dominoes on toolchain 1.98.0-beta.1
[INFO] running `Command { std: CARGO_HOME="/workspace/cargo-home" RUSTUP_HOME="/workspace/rustup-home" "/workspace/cargo-home/bin/cargo" "+1.98.0-beta.1" "metadata" "--manifest-path" "Cargo.toml" "--no-deps", kill_on_drop: false }`
[INFO] crate git repo https://github.com/heofthetea/rusty-dominoes already has a lockfile, it will not be regenerated
[INFO] running `Command { std: CARGO_HOME="/workspace/cargo-home" RUSTUP_HOME="/workspace/rustup-home" "/workspace/cargo-home/bin/cargo" "+1.98.0-beta.1" "fetch" "--manifest-path" "Cargo.toml", kill_on_drop: false }`
[INFO] running `Command { std: "docker" "create" "-v" "/var/lib/crater-agent-workspace/builds/worker-3-tc2/source:/opt/rustwide/workdir:ro,Z" "-v" "/var/lib/crater-agent-workspace/builds/worker-3-tc2/target:/opt/rustwide/target:rw,Z" "-v" "/var/lib/crater-agent-workspace/cargo-home:/opt/rustwide/cargo-home:ro,Z" "-v" "/var/lib/crater-agent-workspace/rustup-home:/opt/rustwide/rustup-home:ro,Z" "-m" "1610612736" "--network" "none" "ghcr.io/rust-lang/crates-build-env/linux@sha256:3d5ced03c013a94a2f102a4510f48a6e9184255caf5fd8244f58017bde7f5210" "sleep" "infinity", kill_on_drop: false }`
[INFO] [stdout] 1cbe4af61e32a666f50e17ec9e285f4a3fdc87f80b0874902019ec8227b9a3bc
[INFO] running `Command { std: "docker" "start" "1cbe4af61e32a666f50e17ec9e285f4a3fdc87f80b0874902019ec8227b9a3bc", kill_on_drop: false }`
[INFO] running `Command { std: "docker" "inspect" "1cbe4af61e32a666f50e17ec9e285f4a3fdc87f80b0874902019ec8227b9a3bc", kill_on_drop: false }`
[INFO] running `Command { std: "docker" "exec" "-e" "SOURCE_DIR=/opt/rustwide/workdir" "-e" "CARGO_HOME=/opt/rustwide/cargo-home" "-e" "RUSTUP_HOME=/opt/rustwide/rustup-home" "-e" "CARGO_TARGET_DIR=/opt/rustwide/target" "-w" "/opt/rustwide/workdir" "--user" "0:0" "1cbe4af61e32a666f50e17ec9e285f4a3fdc87f80b0874902019ec8227b9a3bc" "/opt/rustwide/cargo-home/bin/cargo" "+1.98.0-beta.1" "metadata" "--no-deps" "--format-version=1", kill_on_drop: false }`
[INFO] running `Command { std: "docker" "inspect" "1cbe4af61e32a666f50e17ec9e285f4a3fdc87f80b0874902019ec8227b9a3bc", kill_on_drop: false }`
[INFO] running `Command { std: "docker" "exec" "-e" "SOURCE_DIR=/opt/rustwide/workdir" "-e" "CARGO_HOME=/opt/rustwide/cargo-home" "-e" "RUSTUP_HOME=/opt/rustwide/rustup-home" "-e" "CARGO_TARGET_DIR=/opt/rustwide/target" "-e" "CARGO_INCREMENTAL=0" "-e" "RUST_BACKTRACE=full" "-e" "RUSTFLAGS=--cap-lints=warn" "-e" "RUSTDOCFLAGS=--cap-lints=warn" "-w" "/opt/rustwide/workdir" "--user" "0:0" "1cbe4af61e32a666f50e17ec9e285f4a3fdc87f80b0874902019ec8227b9a3bc" "/opt/rustwide/cargo-home/bin/cargo" "+1.98.0-beta.1" "build" "--frozen" "--message-format=json", kill_on_drop: false }`
[INFO] [stderr]    Compiling libc v0.2.175
[INFO] [stderr]    Compiling zerocopy v0.8.26
[INFO] [stderr]    Compiling getrandom v0.3.3
[INFO] [stderr]    Compiling rand_core v0.9.3
[INFO] [stderr]    Compiling ppv-lite86 v0.2.21
[INFO] [stderr]    Compiling rand_chacha v0.9.0
[INFO] [stderr]    Compiling rand v0.9.2
[INFO] [stderr]    Compiling domino v0.1.0 (/opt/rustwide/workdir)
[INFO] [stderr]     Finished `dev` profile [unoptimized + debuginfo] target(s) in 5.69s
[INFO] running `Command { std: "docker" "inspect" "1cbe4af61e32a666f50e17ec9e285f4a3fdc87f80b0874902019ec8227b9a3bc", kill_on_drop: false }`
[INFO] running `Command { std: "docker" "exec" "-e" "SOURCE_DIR=/opt/rustwide/workdir" "-e" "CARGO_HOME=/opt/rustwide/cargo-home" "-e" "RUSTUP_HOME=/opt/rustwide/rustup-home" "-e" "CARGO_TARGET_DIR=/opt/rustwide/target" "-e" "CARGO_INCREMENTAL=0" "-e" "RUST_BACKTRACE=full" "-e" "RUSTFLAGS=--cap-lints=warn" "-e" "RUSTDOCFLAGS=--cap-lints=warn" "-w" "/opt/rustwide/workdir" "--user" "0:0" "1cbe4af61e32a666f50e17ec9e285f4a3fdc87f80b0874902019ec8227b9a3bc" "/opt/rustwide/cargo-home/bin/cargo" "+1.98.0-beta.1" "test" "--frozen" "--no-run" "--message-format=json", kill_on_drop: false }`
[INFO] [stderr]    Compiling domino v0.1.0 (/opt/rustwide/workdir)
[INFO] [stdout] error[E0308]: mismatched types
[INFO] [stdout]   --> tests/domino_integration_tests.rs:9:34
[INFO] [stdout]    |
[INFO] [stdout]  9 |     let result = domino1.matches(domino2);
[INFO] [stdout]    |                          ------- ^^^^^^^ expected `&Domino`, found `Domino`
[INFO] [stdout]    |                          |
[INFO] [stdout]    |                          arguments to this method are incorrect
[INFO] [stdout]    |
[INFO] [stdout] note: method defined here
[INFO] [stdout]   --> src/types/domino.rs:37:12
[INFO] [stdout]    |
[INFO] [stdout] 37 |     pub fn matches(&self, other: &Domino) -> Option<Orientation> {
[INFO] [stdout]    |            ^^^^^^^
[INFO] [stdout] help: consider borrowing here
[INFO] [stdout]    |
[INFO] [stdout]  9 |     let result = domino1.matches(&domino2);
[INFO] [stdout]    |                                  +
[INFO] [stdout] 
[INFO] [stdout] 
[INFO] [stdout] error[E0308]: mismatched types
[INFO] [stdout]   --> tests/domino_integration_tests.rs:19:34
[INFO] [stdout]    |
[INFO] [stdout] 19 |     let result = domino1.matches(domino2);
[INFO] [stdout]    |                          ------- ^^^^^^^ expected `&Domino`, found `Domino`
[INFO] [stdout]    |                          |
[INFO] [stdout]    |                          arguments to this method are incorrect
[INFO] [stdout]    |
[INFO] [stdout] note: method defined here
[INFO] [stdout]   --> src/types/domino.rs:37:12
[INFO] [stdout]    |
[INFO] [stdout] 37 |     pub fn matches(&self, other: &Domino) -> Option<Orientation> {
[INFO] [stdout]    |            ^^^^^^^
[INFO] [stdout] help: consider borrowing here
[INFO] [stdout]    |
[INFO] [stdout] 19 |     let result = domino1.matches(&domino2);
[INFO] [stdout]    |                                  +
[INFO] [stdout] 
[INFO] [stdout] 
[INFO] [stdout] error[E0599]: no method named `rotate` found for struct `Domino` in the current scope
[INFO] [stdout]   --> tests/domino_integration_tests.rs:27:13
[INFO] [stdout]    |
[INFO] [stdout] 27 |     domino1.rotate(); // orientation: RIGHT, actual_right = 2
[INFO] [stdout]    |             ^^^^^^ method not found in `Domino`
[INFO] [stdout] 
[INFO] [stdout] 
[INFO] [stdout] error[E0308]: mismatched types
[INFO] [stdout]   --> tests/domino_integration_tests.rs:30:34
[INFO] [stdout]    |
[INFO] [stdout] 30 |     let result = domino1.matches(domino2);
[INFO] [stdout]    |                          ------- ^^^^^^^ expected `&Domino`, found `Domino`
[INFO] [stdout]    |                          |
[INFO] [stdout]    |                          arguments to this method are incorrect
[INFO] [stdout]    |
[INFO] [stdout] note: method defined here
[INFO] [stdout]   --> src/types/domino.rs:37:12
[INFO] [stdout]    |
[INFO] [stdout] 37 |     pub fn matches(&self, other: &Domino) -> Option<Orientation> {
[INFO] [stdout]    |            ^^^^^^^
[INFO] [stdout] help: consider borrowing here
[INFO] [stdout]    |
[INFO] [stdout] 30 |     let result = domino1.matches(&domino2);
[INFO] [stdout]    |                                  +
[INFO] [stdout] 
[INFO] [stdout] 
[INFO] [stdout] error[E0599]: no method named `rotate` found for struct `Domino` in the current scope
[INFO] [stdout]   --> tests/domino_integration_tests.rs:38:13
[INFO] [stdout]    |
[INFO] [stdout] 38 |     domino1.rotate(); // orientation: RIGHT, actual_right = 2
[INFO] [stdout]    |             ^^^^^^ method not found in `Domino`
[INFO] [stdout] 
[INFO] [stdout] 
[INFO] [stdout] error[E0308]: mismatched types
[INFO] [stdout]   --> tests/domino_integration_tests.rs:41:34
[INFO] [stdout]    |
[INFO] [stdout] 41 |     let result = domino1.matches(domino2);
[INFO] [stdout]    |                          ------- ^^^^^^^ expected `&Domino`, found `Domino`
[INFO] [stdout]    |                          |
[INFO] [stdout]    |                          arguments to this method are incorrect
[INFO] [stdout]    |
[INFO] [stdout] note: method defined here
[INFO] [stdout]   --> src/types/domino.rs:37:12
[INFO] [stdout]    |
[INFO] [stdout] 37 |     pub fn matches(&self, other: &Domino) -> Option<Orientation> {
[INFO] [stdout]    |            ^^^^^^^
[INFO] [stdout] help: consider borrowing here
[INFO] [stdout]    |
[INFO] [stdout] 41 |     let result = domino1.matches(&domino2);
[INFO] [stdout]    |                                  +
[INFO] [stdout] 
[INFO] [stdout] 
[INFO] [stdout] error[E0308]: mismatched types
[INFO] [stdout]   --> tests/domino_integration_tests.rs:51:34
[INFO] [stdout]    |
[INFO] [stdout] 51 |     let result = domino1.matches(domino2);
[INFO] [stdout]    |                          ------- ^^^^^^^ expected `&Domino`, found `Domino`
[INFO] [stdout]    |                          |
[INFO] [stdout]    |                          arguments to this method are incorrect
[INFO] [stdout]    |
[INFO] [stdout] note: method defined here
[INFO] [stdout]   --> src/types/domino.rs:37:12
[INFO] [stdout]    |
[INFO] [stdout] 37 |     pub fn matches(&self, other: &Domino) -> Option<Orientation> {
[INFO] [stdout]    |            ^^^^^^^
[INFO] [stdout] help: consider borrowing here
[INFO] [stdout]    |
[INFO] [stdout] 51 |     let result = domino1.matches(&domino2);
[INFO] [stdout]    |                                  +
[INFO] [stdout] 
[INFO] [stdout] 
[INFO] [stdout] error[E0308]: mismatched types
[INFO] [stdout]   --> tests/domino_integration_tests.rs:61:34
[INFO] [stdout]    |
[INFO] [stdout] 61 |     let result = domino1.matches(domino2);
[INFO] [stdout]    |                          ------- ^^^^^^^ expected `&Domino`, found `Domino`
[INFO] [stdout]    |                          |
[INFO] [stdout]    |                          arguments to this method are incorrect
[INFO] [stdout]    |
[INFO] [stdout] note: method defined here
[INFO] [stdout]   --> src/types/domino.rs:37:12
[INFO] [stdout]    |
[INFO] [stdout] 37 |     pub fn matches(&self, other: &Domino) -> Option<Orientation> {
[INFO] [stdout]    |            ^^^^^^^
[INFO] [stdout] help: consider borrowing here
[INFO] [stdout]    |
[INFO] [stdout] 61 |     let result = domino1.matches(&domino2);
[INFO] [stdout]    |                                  +
[INFO] [stdout] 
[INFO] [stdout] 
[INFO] [stdout] error[E0308]: mismatched types
[INFO] [stdout]   --> tests/domino_integration_tests.rs:71:34
[INFO] [stdout]    |
[INFO] [stdout] 71 |     let result = domino1.matches(domino2);
[INFO] [stdout]    |                          ------- ^^^^^^^ expected `&Domino`, found `Domino`
[INFO] [stdout]    |                          |
[INFO] [stdout]    |                          arguments to this method are incorrect
[INFO] [stdout]    |
[INFO] [stdout] note: method defined here
[INFO] [stdout]   --> src/types/domino.rs:37:12
[INFO] [stdout]    |
[INFO] [stdout] 37 |     pub fn matches(&self, other: &Domino) -> Option<Orientation> {
[INFO] [stdout]    |            ^^^^^^^
[INFO] [stdout] help: consider borrowing here
[INFO] [stdout]    |
[INFO] [stdout] 71 |     let result = domino1.matches(&domino2);
[INFO] [stdout]    |                                  +
[INFO] [stdout] 
[INFO] [stdout] 
[INFO] [stdout] error[E0308]: mismatched types
[INFO] [stdout]   --> tests/domino_integration_tests.rs:81:34
[INFO] [stdout]    |
[INFO] [stdout] 81 |     let result = domino1.matches(domino2);
[INFO] [stdout]    |                          ------- ^^^^^^^ expected `&Domino`, found `Domino`
[INFO] [stdout]    |                          |
[INFO] [stdout]    |                          arguments to this method are incorrect
[INFO] [stdout]    |
[INFO] [stdout] note: method defined here
[INFO] [stdout]   --> src/types/domino.rs:37:12
[INFO] [stdout]    |
[INFO] [stdout] 37 |     pub fn matches(&self, other: &Domino) -> Option<Orientation> {
[INFO] [stdout]    |            ^^^^^^^
[INFO] [stdout] help: consider borrowing here
[INFO] [stdout]    |
[INFO] [stdout] 81 |     let result = domino1.matches(&domino2);
[INFO] [stdout]    |                                  +
[INFO] [stdout] 
[INFO] [stdout] 
[INFO] [stdout] error[E0308]: mismatched types
[INFO] [stdout]   --> tests/domino_integration_tests.rs:91:34
[INFO] [stdout]    |
[INFO] [stdout] 91 |     let result = domino1.matches(domino2);
[INFO] [stdout]    |                          ------- ^^^^^^^ expected `&Domino`, found `Domino`
[INFO] [stdout]    |                          |
[INFO] [stdout]    |                          arguments to this method are incorrect
[INFO] [stdout]    |
[INFO] [stdout] note: method defined here
[INFO] [stdout]   --> src/types/domino.rs:37:12
[INFO] [stdout]    |
[INFO] [stdout] 37 |     pub fn matches(&self, other: &Domino) -> Option<Orientation> {
[INFO] [stdout]    |            ^^^^^^^
[INFO] [stdout] help: consider borrowing here
[INFO] [stdout]    |
[INFO] [stdout] 91 |     let result = domino1.matches(&domino2);
[INFO] [stdout]    |                                  +
[INFO] [stdout] 
[INFO] [stdout] 
[INFO] [stdout] error[E0599]: no method named `rotate` found for struct `Domino` in the current scope
[INFO] [stdout]    --> tests/domino_integration_tests.rs:101:12
[INFO] [stdout]     |
[INFO] [stdout] 101 |     domino.rotate();
[INFO] [stdout]     |            ^^^^^^ method not found in `Domino`
[INFO] [stdout] 
[INFO] [stdout] 
[INFO] [stdout] error[E0599]: no method named `rotate` found for struct `Domino` in the current scope
[INFO] [stdout]    --> tests/domino_integration_tests.rs:104:12
[INFO] [stdout]     |
[INFO] [stdout] 104 |     domino.rotate();
[INFO] [stdout]     |            ^^^^^^ method not found in `Domino`
[INFO] [stdout] 
[INFO] [stdout] 
[INFO] [stdout] error[E0308]: mismatched types
[INFO] [stdout]    --> tests/domino_integration_tests.rs:127:32
[INFO] [stdout]     |
[INFO] [stdout] 127 |     assert_eq!(domino1.matches(domino2), Some(Orientation::LEFT));
[INFO] [stdout]     |                        ------- ^^^^^^^ expected `&Domino`, found `Domino`
[INFO] [stdout]     |                        |
[INFO] [stdout]     |                        arguments to this method are incorrect
[INFO] [stdout]     |
[INFO] [stdout] note: method defined here
[INFO] [stdout]    --> src/types/domino.rs:37:12
[INFO] [stdout]     |
[INFO] [stdout]  37 |     pub fn matches(&self, other: &Domino) -> Option<Orientation> {
[INFO] [stdout]     |            ^^^^^^^
[INFO] [stdout] help: consider borrowing here
[INFO] [stdout]     |
[INFO] [stdout] 127 |     assert_eq!(domino1.matches(&domino2), Some(Orientation::LEFT));
[INFO] [stdout]     |                                +
[INFO] [stdout] 
[INFO] [stdout] 
[INFO] [stdout] error[E0308]: mismatched types
[INFO] [stdout]    --> tests/domino_integration_tests.rs:128:32
[INFO] [stdout]     |
[INFO] [stdout] 128 |     assert_eq!(domino2.matches(domino3), Some(Orientation::LEFT));
[INFO] [stdout]     |                        ------- ^^^^^^^ expected `&Domino`, found `Domino`
[INFO] [stdout]     |                        |
[INFO] [stdout]     |                        arguments to this method are incorrect
[INFO] [stdout]     |
[INFO] [stdout] note: method defined here
[INFO] [stdout]    --> src/types/domino.rs:37:12
[INFO] [stdout]     |
[INFO] [stdout]  37 |     pub fn matches(&self, other: &Domino) -> Option<Orientation> {
[INFO] [stdout]     |            ^^^^^^^
[INFO] [stdout] help: consider borrowing here
[INFO] [stdout]     |
[INFO] [stdout] 128 |     assert_eq!(domino2.matches(&domino3), Some(Orientation::LEFT));
[INFO] [stdout]     |                                +
[INFO] [stdout] 
[INFO] [stdout] 
[INFO] [stdout] error[E0308]: mismatched types
[INFO] [stdout]    --> tests/domino_integration_tests.rs:138:32
[INFO] [stdout]     |
[INFO] [stdout] 138 |     assert_eq!(domino1.matches(domino2), None);
[INFO] [stdout]     |                        ------- ^^^^^^^ expected `&Domino`, found `Domino`
[INFO] [stdout]     |                        |
[INFO] [stdout]     |                        arguments to this method are incorrect
[INFO] [stdout]     |
[INFO] [stdout] note: method defined here
[INFO] [stdout]    --> src/types/domino.rs:37:12
[INFO] [stdout]     |
[INFO] [stdout]  37 |     pub fn matches(&self, other: &Domino) -> Option<Orientation> {
[INFO] [stdout]     |            ^^^^^^^
[INFO] [stdout] help: consider borrowing here
[INFO] [stdout]     |
[INFO] [stdout] 138 |     assert_eq!(domino1.matches(&domino2), None);
[INFO] [stdout]     |                                +
[INFO] [stdout] 
[INFO] [stdout] 
[INFO] [stdout] error[E0599]: no method named `rotate` found for struct `Domino` in the current scope
[INFO] [stdout]    --> tests/domino_integration_tests.rs:141:13
[INFO] [stdout]     |
[INFO] [stdout] 141 |     domino1.rotate(); // Now domino1 is effectively (2|6), actual_right = 6
[INFO] [stdout]     |             ^^^^^^ method not found in `Domino`
[INFO] [stdout] 
[INFO] [stdout] 
[INFO] [stdout] error[E0308]: mismatched types
[INFO] [stdout]    --> tests/domino_integration_tests.rs:142:32
[INFO] [stdout]     |
[INFO] [stdout] 142 |     assert_eq!(domino1.matches(domino2), Some(Orientation::RIGHT));
[INFO] [stdout]     |                        ------- ^^^^^^^ expected `&Domino`, found `Domino`
[INFO] [stdout]     |                        |
[INFO] [stdout]     |                        arguments to this method are incorrect
[INFO] [stdout]     |
[INFO] [stdout] note: method defined here
[INFO] [stdout]    --> src/types/domino.rs:37:12
[INFO] [stdout]     |
[INFO] [stdout]  37 |     pub fn matches(&self, other: &Domino) -> Option<Orientation> {
[INFO] [stdout]     |            ^^^^^^^
[INFO] [stdout] help: consider borrowing here
[INFO] [stdout]     |
[INFO] [stdout] 142 |     assert_eq!(domino1.matches(&domino2), Some(Orientation::RIGHT));
[INFO] [stdout]     |                                +
[INFO] [stdout] 
[INFO] [stdout] 
[INFO] [stdout] error[E0308]: mismatched types
[INFO] [stdout]    --> tests/domino_integration_tests.rs:146:32
[INFO] [stdout]     |
[INFO] [stdout] 146 |     assert_eq!(domino1.matches(domino4), Some(Orientation::LEFT));
[INFO] [stdout]     |                        ------- ^^^^^^^ expected `&Domino`, found `Domino`
[INFO] [stdout]     |                        |
[INFO] [stdout]     |                        arguments to this method are incorrect
[INFO] [stdout]     |
[INFO] [stdout] note: method defined here
[INFO] [stdout]    --> src/types/domino.rs:37:12
[INFO] [stdout]     |
[INFO] [stdout]  37 |     pub fn matches(&self, other: &Domino) -> Option<Orientation> {
[INFO] [stdout]     |            ^^^^^^^
[INFO] [stdout] help: consider borrowing here
[INFO] [stdout]     |
[INFO] [stdout] 146 |     assert_eq!(domino1.matches(&domino4), Some(Orientation::LEFT));
[INFO] [stdout]     |                                +
[INFO] [stdout] 
[INFO] [stdout] 
[INFO] [stdout] error[E0599]: no method named `rotate` found for struct `Domino` in the current scope
[INFO] [stdout]    --> tests/domino_integration_tests.rs:156:20
[INFO] [stdout]     |
[INFO] [stdout] 156 |     domino_rotated.rotate();
[INFO] [stdout]     |                    ^^^^^^ method not found in `Domino`
[INFO] [stdout] 
[INFO] [stdout] 
[INFO] [stdout] Some errors have detailed explanations: E0308, E0599.
[INFO] [stdout] 
[INFO] [stdout] For more information about an error, try `rustc --explain E0308`.
[INFO] [stdout] 
[INFO] [stderr] error: could not compile `domino` (test "domino_integration_tests") due to 20 previous errors
[INFO] [stderr] warning: build failed, waiting for other jobs to finish...
[INFO] running `Command { std: "docker" "inspect" "1cbe4af61e32a666f50e17ec9e285f4a3fdc87f80b0874902019ec8227b9a3bc", kill_on_drop: false }`
[INFO] running `Command { std: "docker" "rm" "-f" "1cbe4af61e32a666f50e17ec9e285f4a3fdc87f80b0874902019ec8227b9a3bc", kill_on_drop: false }`
[INFO] [stdout] 1cbe4af61e32a666f50e17ec9e285f4a3fdc87f80b0874902019ec8227b9a3bc
