[INFO] cloning repository https://github.com/henrylrech/frota
[INFO] running `Command { std: "git" "-c" "credential.helper=" "-c" "credential.helper=/workspace/cargo-home/bin/git-credential-null" "clone" "--bare" "https://github.com/henrylrech/frota" "/workspace/cache/git-repos/https%3A%2F%2Fgithub.com%2Fhenrylrech%2Ffrota", kill_on_drop: false }`
[INFO] [stderr] Cloning into bare repository '/workspace/cache/git-repos/https%3A%2F%2Fgithub.com%2Fhenrylrech%2Ffrota'...
[INFO] running `Command { std: "git" "rev-parse" "HEAD", kill_on_drop: false }`
[INFO] [stdout] 5d1fdc21524134c022afe535c23f801dd6f3153d
[INFO] testing henrylrech/frota against 1.97.0-beta.6 for beta-1.98-2
[INFO] running `Command { std: "git" "clone" "/workspace/cache/git-repos/https%3A%2F%2Fgithub.com%2Fhenrylrech%2Ffrota" "/workspace/builds/worker-5-tc1/source", kill_on_drop: false }`
[INFO] [stderr] Cloning into '/workspace/builds/worker-5-tc1/source'...
[INFO] [stderr] done.
[INFO] started tweaking git repo https://github.com/henrylrech/frota
[INFO] finished tweaking git repo https://github.com/henrylrech/frota
[INFO] tweaked toml for git repo https://github.com/henrylrech/frota written to /workspace/builds/worker-5-tc1/source/Cargo.toml
[INFO] validating manifest of git repo https://github.com/henrylrech/frota on toolchain 1.97.0-beta.6
[INFO] running `Command { std: CARGO_HOME="/workspace/cargo-home" RUSTUP_HOME="/workspace/rustup-home" "/workspace/cargo-home/bin/cargo" "+1.97.0-beta.6" "metadata" "--manifest-path" "Cargo.toml" "--no-deps", kill_on_drop: false }`
[INFO] crate git repo https://github.com/henrylrech/frota already has a lockfile, it will not be regenerated
[INFO] running `Command { std: CARGO_HOME="/workspace/cargo-home" RUSTUP_HOME="/workspace/rustup-home" "/workspace/cargo-home/bin/cargo" "+1.97.0-beta.6" "fetch" "--manifest-path" "Cargo.toml", kill_on_drop: false }`
[INFO] [stderr]     Updating crates.io index
[INFO] [stderr]  Downloading crates ...
[INFO] [stderr]   Downloaded winreg v0.9.0
[INFO] [stderr]   Downloaded rust-ini v0.12.2
[INFO] [stderr]   Downloaded wallpaper v3.2.0
[INFO] [stderr]   Downloaded wasm-bindgen-futures v0.4.49
[INFO] [stderr]   Downloaded winres v0.1.12
[INFO] [stderr]   Downloaded hound v3.5.1
[INFO] [stderr]   Downloaded symphonia v0.5.4
[INFO] [stderr]   Downloaded enquote v1.1.0
[INFO] [stderr]   Downloaded dirs v1.0.5
[INFO] [stderr]   Downloaded symphonia-metadata v0.5.4
[INFO] [stderr]   Downloaded blake2b_simd v0.5.11
[INFO] [stderr]   Downloaded coreaudio-sys v0.2.16
[INFO] [stderr]   Downloaded redox_users v0.3.5
[INFO] [stderr]   Downloaded symphonia-bundle-mp3 v0.5.4
[INFO] [stderr]   Downloaded rust-argon2 v0.8.3
[INFO] [stderr]   Downloaded ravif v0.11.11
[INFO] [stderr]   Downloaded rodio v0.18.1
[INFO] [stderr]   Downloaded arbitrary v1.4.1
[INFO] [stderr]   Downloaded bitstream-io v2.6.0
[INFO] [stderr]   Downloaded windows-implement v0.56.0
[INFO] [stderr]   Downloaded symphonia-core v0.5.4
[INFO] [stderr]   Downloaded claxon v0.4.3
[INFO] [stderr]   Downloaded built v0.7.5
[INFO] [stderr]   Downloaded windows-interface v0.56.0
[INFO] [stderr]   Downloaded block2 v0.4.0
[INFO] [stderr]   Downloaded cc v1.2.3
[INFO] [stderr]   Downloaded image-webp v0.2.0
[INFO] [stderr]   Downloaded memmap2 v0.8.0
[INFO] [stderr]   Downloaded objc2-encode v4.0.3
[INFO] [stderr]   Downloaded xkbcommon v0.7.0
[INFO] [stderr]   Downloaded windows-core v0.56.0
[INFO] [stderr]   Downloaded enigo v0.2.1
[INFO] [stderr]   Downloaded libfuzzer-sys v0.4.8
[INFO] [stderr]   Downloaded png v0.17.15
[INFO] [stderr]   Downloaded bindgen v0.70.1
[INFO] [stderr]   Downloaded image v0.25.5
[INFO] [stderr]   Downloaded exr v1.73.0
[INFO] [stderr]   Downloaded rustix v0.38.42
[INFO] [stderr]   Downloaded icrate v0.1.2
[INFO] [stderr]   Downloaded windows v0.56.0
[INFO] running `Command { std: "docker" "create" "-v" "/var/lib/crater-agent-workspace/builds/worker-5-tc1/source:/opt/rustwide/workdir:ro,Z" "-v" "/var/lib/crater-agent-workspace/builds/worker-5-tc1/target:/opt/rustwide/target:rw,Z" "-v" "/var/lib/crater-agent-workspace/cargo-home:/opt/rustwide/cargo-home:ro,Z" "-v" "/var/lib/crater-agent-workspace/rustup-home:/opt/rustwide/rustup-home:ro,Z" "-m" "1610612736" "--network" "none" "ghcr.io/rust-lang/crates-build-env/linux@sha256:3d5ced03c013a94a2f102a4510f48a6e9184255caf5fd8244f58017bde7f5210" "sleep" "infinity", kill_on_drop: false }`
[INFO] [stdout] a2bdf22741be3c3a9389ee0514e2643b597fbd37c5ce76cdd6a3c042ae0ceaa2
[INFO] running `Command { std: "docker" "start" "a2bdf22741be3c3a9389ee0514e2643b597fbd37c5ce76cdd6a3c042ae0ceaa2", kill_on_drop: false }`
[INFO] running `Command { std: "docker" "inspect" "a2bdf22741be3c3a9389ee0514e2643b597fbd37c5ce76cdd6a3c042ae0ceaa2", kill_on_drop: false }`
[INFO] running `Command { std: "docker" "exec" "-e" "SOURCE_DIR=/opt/rustwide/workdir" "-e" "CARGO_HOME=/opt/rustwide/cargo-home" "-e" "RUSTUP_HOME=/opt/rustwide/rustup-home" "-e" "CARGO_TARGET_DIR=/opt/rustwide/target" "-w" "/opt/rustwide/workdir" "--user" "0:0" "a2bdf22741be3c3a9389ee0514e2643b597fbd37c5ce76cdd6a3c042ae0ceaa2" "/opt/rustwide/cargo-home/bin/cargo" "+1.97.0-beta.6" "metadata" "--no-deps" "--format-version=1", kill_on_drop: false }`
[INFO] running `Command { std: "docker" "inspect" "a2bdf22741be3c3a9389ee0514e2643b597fbd37c5ce76cdd6a3c042ae0ceaa2", kill_on_drop: false }`
[INFO] running `Command { std: "docker" "exec" "-e" "SOURCE_DIR=/opt/rustwide/workdir" "-e" "CARGO_HOME=/opt/rustwide/cargo-home" "-e" "RUSTUP_HOME=/opt/rustwide/rustup-home" "-e" "CARGO_TARGET_DIR=/opt/rustwide/target" "-e" "CARGO_INCREMENTAL=0" "-e" "RUST_BACKTRACE=full" "-e" "RUSTFLAGS=--cap-lints=warn" "-e" "RUSTDOCFLAGS=--cap-lints=warn" "-w" "/opt/rustwide/workdir" "--user" "0:0" "a2bdf22741be3c3a9389ee0514e2643b597fbd37c5ce76cdd6a3c042ae0ceaa2" "/opt/rustwide/cargo-home/bin/cargo" "+1.97.0-beta.6" "build" "--frozen" "--message-format=json", kill_on_drop: false }`
[INFO] [stderr]    Compiling proc-macro2 v1.0.92
[INFO] [stderr]    Compiling stable_deref_trait v1.2.0
[INFO] [stderr]    Compiling libc v0.2.168
[INFO] [stderr]    Compiling cc v1.2.3
[INFO] [stderr]    Compiling pin-project-lite v0.2.15
[INFO] [stderr]    Compiling writeable v0.5.5
[INFO] [stderr]    Compiling litemap v0.7.4
[INFO] [stderr]    Compiling bytes v1.9.0
[INFO] [stderr]    Compiling bitflags v2.6.0
[INFO] [stderr]    Compiling serde v1.0.215
[INFO] [stderr]    Compiling smallvec v1.13.2
[INFO] [stderr]    Compiling icu_locid_transform_data v1.5.0
[INFO] [stderr]    Compiling icu_properties_data v1.5.0
[INFO] [stderr]    Compiling openssl v0.10.68
[INFO] [stderr]    Compiling bytemuck v1.20.0
[INFO] [stderr]    Compiling tracing-core v0.1.33
[INFO] [stderr]    Compiling mio v1.0.3
[INFO] [stderr]    Compiling socket2 v0.5.8
[INFO] [stderr]    Compiling quote v1.0.37
[INFO] [stderr]    Compiling http v0.2.12
[INFO] [stderr]    Compiling syn v2.0.90
[INFO] [stderr]    Compiling tokio v1.42.0
[INFO] [stderr]    Compiling encoding_rs v0.8.35
[INFO] [stderr]    Compiling icu_normalizer_data v1.5.0
[INFO] [stderr]    Compiling utf16_iter v1.0.5
[INFO] [stderr]    Compiling write16 v1.0.0
[INFO] [stderr]    Compiling hashbrown v0.15.2
[INFO] [stderr]    Compiling futures-util v0.3.31
[INFO] [stderr]    Compiling openssl-sys v0.9.104
[INFO] [stderr]    Compiling indexmap v2.7.0
[INFO] [stderr]    Compiling tracing v0.1.41
[INFO] [stderr]    Compiling native-tls v0.2.12
[INFO] [stderr]    Compiling alsa-sys v0.3.1
[INFO] [stderr]    Compiling built v0.7.5
[INFO] [stderr]    Compiling rav1e v0.7.1
[INFO] [stderr]    Compiling symphonia-core v0.5.4
[INFO] [stderr]    Compiling http-body v0.4.6
[INFO] [stderr]    Compiling futures-channel v0.3.31
[INFO] [stderr]    Compiling flate2 v1.0.35
[INFO] [stderr]    Compiling maybe-rayon v0.1.1
[INFO] [stderr]    Compiling av1-grain v0.2.3
[INFO] [stderr]    Compiling toml v0.5.11
[INFO] [stderr]    Compiling simd_helpers v0.1.0
[INFO] [stderr]    Compiling bitstream-io v2.6.0
[INFO] [stderr]    Compiling symphonia-metadata v0.5.4
[INFO] [stderr]    Compiling cpal v0.15.3
[INFO] [stderr]    Compiling symphonia-bundle-mp3 v0.5.4
[INFO] [stderr]    Compiling ogg v0.8.0
[INFO] [stderr]    Compiling serde_urlencoded v0.7.1
[INFO] [stderr]    Compiling alsa v0.9.1
[INFO] [stderr]    Compiling memmap2 v0.8.0
[INFO] [stderr]    Compiling fdeflate v0.3.7
[INFO] [stderr]    Compiling rgb v0.8.50
[INFO] [stderr]    Compiling winapi v0.3.9
[INFO] [stderr]    Compiling synstructure v0.13.1
[INFO] [stderr]    Compiling winres v0.1.12
[INFO] [stderr]    Compiling dasp_sample v0.11.0
[INFO] [stderr]    Compiling xkeysym v0.2.1
[INFO] [stderr]    Compiling tokio-util v0.7.13
[INFO] [stderr]    Compiling frota v1.0.0 (/opt/rustwide/workdir)
[INFO] [stderr]    Compiling exr v1.73.0
[INFO] [stderr]    Compiling image-webp v0.2.0
[INFO] [stderr]    Compiling png v0.17.15
[INFO] [stderr]    Compiling h2 v0.3.26
[INFO] [stderr]    Compiling xkbcommon v0.7.0
[INFO] [stderr]    Compiling symphonia v0.5.4
[INFO] [stderr]    Compiling tiff v0.9.1
[INFO] [stderr]    Compiling zerofrom-derive v0.1.5
[INFO] [stderr]    Compiling yoke-derive v0.7.5
[INFO] [stderr]    Compiling zerovec-derive v0.10.3
[INFO] [stderr]    Compiling displaydoc v0.2.5
[INFO] [stderr]    Compiling icu_provider_macros v1.5.0
[INFO] [stderr]    Compiling thiserror-impl v1.0.69
[INFO] [stderr]    Compiling openssl-macros v0.1.1
[INFO] [stderr]    Compiling profiling-procmacros v1.0.16
[INFO] [stderr]    Compiling profiling v1.0.16
[INFO] [stderr]    Compiling num-derive v0.4.2
[INFO] [stderr]    Compiling arg_enum_proc_macro v0.3.4
[INFO] [stderr]    Compiling lewton v0.10.2
[INFO] [stderr]    Compiling zerofrom v0.1.5
[INFO] [stderr]    Compiling yoke v0.7.5
[INFO] [stderr]    Compiling zerovec v0.10.4
[INFO] [stderr]    Compiling qoi v0.4.1
[INFO] [stderr]    Compiling thiserror v1.0.69
[INFO] [stderr]    Compiling enquote v1.1.0
[INFO] [stderr]    Compiling hyper v0.14.31
[INFO] [stderr]    Compiling dirs v1.0.5
[INFO] [stderr]    Compiling hound v3.5.1
[INFO] [stderr]    Compiling claxon v0.4.3
[INFO] [stderr]    Compiling rust-ini v0.12.2
[INFO] [stderr]    Compiling tinystr v0.7.6
[INFO] [stderr]    Compiling icu_locid v1.5.0
[INFO] [stderr]    Compiling icu_collections v1.5.0
[INFO] [stderr]    Compiling rodio v0.18.1
[INFO] [stderr]    Compiling enigo v0.2.1
[INFO] [stderr]    Compiling icu_provider v1.5.0
[INFO] [stderr]    Compiling icu_locid_transform v1.5.0
[INFO] [stderr]    Compiling tokio-native-tls v0.3.1
[INFO] [stderr]    Compiling hyper-tls v0.5.0
[INFO] [stderr]    Compiling icu_properties v1.5.1
[INFO] [stderr]    Compiling icu_normalizer v1.5.0
[INFO] [stderr]    Compiling idna_adapter v1.2.0
[INFO] [stderr]    Compiling ravif v0.11.11
[INFO] [stderr]    Compiling idna v1.0.3
[INFO] [stderr]    Compiling url v2.5.4
[INFO] [stderr]    Compiling reqwest v0.11.27
[INFO] [stderr]    Compiling image v0.25.5
[INFO] [stderr]    Compiling wallpaper v3.2.0
[INFO] [stdout] error[E0433]: cannot find `windows` in `os`
[INFO] [stdout]  --> src/main.rs:9:14
[INFO] [stdout]   |
[INFO] [stdout] 9 | use std::os::windows::ffi::OsStrExt;
[INFO] [stdout]   |              ^^^^^^^ could not find `windows` in `os`
[INFO] [stdout]   |
[INFO] [stdout] note: found an item that was configured out
[INFO] [stdout]  --> /rustc/b2282dd5646a57d570fc86fbe8df0e8826665ef6/library/std/src/os/mod.rs:56:4
[INFO] [stdout]   |
[INFO] [stdout]   = note: the item is gated here
[INFO] [stdout] note: found an item that was configured out
[INFO] [stdout]  --> /rustc/b2282dd5646a57d570fc86fbe8df0e8826665ef6/library/std/src/os/mod.rs:120:9
[INFO] [stdout]   |
[INFO] [stdout]   = note: the item is gated here
[INFO] [stdout] 
[INFO] [stdout] 
[INFO] [stdout] error[E0433]: cannot find `um` in `winapi`
[INFO] [stdout]   --> src/main.rs:10:13
[INFO] [stdout]    |
[INFO] [stdout] 10 | use winapi::um::winuser::{
[INFO] [stdout]    |             ^^ could not find `um` in `winapi`
[INFO] [stdout] 
[INFO] [stdout] 
[INFO] [stdout] error[E0599]: no method named `encode_wide` found for reference `&OsStr` in the current scope
[INFO] [stdout]   --> src/main.rs:87:57
[INFO] [stdout]    |
[INFO] [stdout] 87 |         let wide_path: Vec<u16> = OsStr::new(&ani_path).encode_wide().chain(Some(0)).collect();
[INFO] [stdout]    |                                                         ^^^^^^^^^^^ method not found in `&OsStr`
[INFO] [stdout] 
[INFO] [stdout] 
[INFO] [stdout] Some errors have detailed explanations: E0433, E0599.
[INFO] [stdout] 
[INFO] [stdout] For more information about an error, try `rustc --explain E0433`.
[INFO] [stdout] 
[INFO] [stderr] error: could not compile `frota` (bin "frota") due to 3 previous errors
[INFO] running `Command { std: "docker" "inspect" "a2bdf22741be3c3a9389ee0514e2643b597fbd37c5ce76cdd6a3c042ae0ceaa2", kill_on_drop: false }`
[INFO] running `Command { std: "docker" "rm" "-f" "a2bdf22741be3c3a9389ee0514e2643b597fbd37c5ce76cdd6a3c042ae0ceaa2", kill_on_drop: false }`
[INFO] [stdout] a2bdf22741be3c3a9389ee0514e2643b597fbd37c5ce76cdd6a3c042ae0ceaa2
