[INFO] cloning repository https://github.com/hazayan/zjudo
[INFO] running `Command { std: "git" "-c" "credential.helper=" "-c" "credential.helper=/workspace/cargo-home/bin/git-credential-null" "clone" "--bare" "https://github.com/hazayan/zjudo" "/workspace/cache/git-repos/https%3A%2F%2Fgithub.com%2Fhazayan%2Fzjudo", kill_on_drop: false }`
[INFO] [stderr] Cloning into bare repository '/workspace/cache/git-repos/https%3A%2F%2Fgithub.com%2Fhazayan%2Fzjudo'...
[INFO] running `Command { std: "git" "rev-parse" "HEAD", kill_on_drop: false }`
[INFO] [stdout] d87a6cc3697a81b608decb857433860278c689f9
[INFO] testing hazayan/zjudo against 1.97.0-beta.6 for beta-1.98-2
[INFO] running `Command { std: "git" "clone" "/workspace/cache/git-repos/https%3A%2F%2Fgithub.com%2Fhazayan%2Fzjudo" "/workspace/builds/worker-1-tc1/source", kill_on_drop: false }`
[INFO] [stderr] Cloning into '/workspace/builds/worker-1-tc1/source'...
[INFO] [stderr] done.
[INFO] started tweaking git repo https://github.com/hazayan/zjudo
[INFO] finished tweaking git repo https://github.com/hazayan/zjudo
[INFO] tweaked toml for git repo https://github.com/hazayan/zjudo written to /workspace/builds/worker-1-tc1/source/Cargo.toml
[INFO] validating manifest of git repo https://github.com/hazayan/zjudo on toolchain 1.97.0-beta.6
[INFO] running `Command { std: CARGO_HOME="/workspace/cargo-home" RUSTUP_HOME="/workspace/rustup-home" "/workspace/cargo-home/bin/cargo" "+1.97.0-beta.6" "metadata" "--manifest-path" "Cargo.toml" "--no-deps", kill_on_drop: false }`
[INFO] crate git repo https://github.com/hazayan/zjudo already has a lockfile, it will not be regenerated
[INFO] running `Command { std: CARGO_HOME="/workspace/cargo-home" RUSTUP_HOME="/workspace/rustup-home" "/workspace/cargo-home/bin/cargo" "+1.97.0-beta.6" "fetch" "--manifest-path" "Cargo.toml", kill_on_drop: false }`
[INFO] [stderr]     Updating crates.io index
[INFO] [stderr]  Downloading crates ...
[INFO] [stderr]   Downloaded proc-macro2 v1.0.104
[INFO] [stderr]   Downloaded env_filter v0.1.4
[INFO] [stderr]   Downloaded scroll_derive v0.11.1
[INFO] [stderr]   Downloaded scroll v0.11.0
[INFO] [stderr]   Downloaded ruzstd v0.5.0
[INFO] [stderr]   Downloaded clap v4.5.54
[INFO] [stderr]   Downloaded jiff-static v0.2.17
[INFO] [stderr]   Downloaded goblin v0.7.1
[INFO] [stderr]   Downloaded portable-atomic v1.13.0
[INFO] [stderr]   Downloaded clap_builder v4.5.54
[INFO] [stderr]   Downloaded nix v0.27.1
[INFO] [stderr]   Downloaded syn v2.0.112
[INFO] [stderr]   Downloaded jiff v0.2.17
[INFO] [stderr]   Downloaded libc v0.2.179
[INFO] running `Command { std: "docker" "create" "-v" "/var/lib/crater-agent-workspace/builds/worker-1-tc1/source:/opt/rustwide/workdir:ro,Z" "-v" "/var/lib/crater-agent-workspace/builds/worker-1-tc1/target:/opt/rustwide/target:rw,Z" "-v" "/var/lib/crater-agent-workspace/cargo-home:/opt/rustwide/cargo-home:ro,Z" "-v" "/var/lib/crater-agent-workspace/rustup-home:/opt/rustwide/rustup-home:ro,Z" "-m" "1610612736" "--network" "none" "ghcr.io/rust-lang/crates-build-env/linux@sha256:3d5ced03c013a94a2f102a4510f48a6e9184255caf5fd8244f58017bde7f5210" "sleep" "infinity", kill_on_drop: false }`
[INFO] [stdout] b3c683c16adbc4c938440074ac761e6fd9908bf12a860b126b41b1f1ece778ee
[INFO] running `Command { std: "docker" "start" "b3c683c16adbc4c938440074ac761e6fd9908bf12a860b126b41b1f1ece778ee", kill_on_drop: false }`
[INFO] running `Command { std: "docker" "inspect" "b3c683c16adbc4c938440074ac761e6fd9908bf12a860b126b41b1f1ece778ee", kill_on_drop: false }`
[INFO] running `Command { std: "docker" "exec" "-e" "SOURCE_DIR=/opt/rustwide/workdir" "-e" "CARGO_HOME=/opt/rustwide/cargo-home" "-e" "RUSTUP_HOME=/opt/rustwide/rustup-home" "-e" "CARGO_TARGET_DIR=/opt/rustwide/target" "-w" "/opt/rustwide/workdir" "--user" "0:0" "b3c683c16adbc4c938440074ac761e6fd9908bf12a860b126b41b1f1ece778ee" "/opt/rustwide/cargo-home/bin/cargo" "+1.97.0-beta.6" "metadata" "--no-deps" "--format-version=1", kill_on_drop: false }`
[INFO] running `Command { std: "docker" "inspect" "b3c683c16adbc4c938440074ac761e6fd9908bf12a860b126b41b1f1ece778ee", kill_on_drop: false }`
[INFO] running `Command { std: "docker" "exec" "-e" "SOURCE_DIR=/opt/rustwide/workdir" "-e" "CARGO_HOME=/opt/rustwide/cargo-home" "-e" "RUSTUP_HOME=/opt/rustwide/rustup-home" "-e" "CARGO_TARGET_DIR=/opt/rustwide/target" "-e" "CARGO_INCREMENTAL=0" "-e" "RUST_BACKTRACE=full" "-e" "RUSTFLAGS=--cap-lints=warn" "-e" "RUSTDOCFLAGS=--cap-lints=warn" "-w" "/opt/rustwide/workdir" "--user" "0:0" "b3c683c16adbc4c938440074ac761e6fd9908bf12a860b126b41b1f1ece778ee" "/opt/rustwide/cargo-home/bin/cargo" "+1.97.0-beta.6" "build" "--frozen" "--message-format=json", kill_on_drop: false }`
[INFO] [stderr]    Compiling proc-macro2 v1.0.104
[INFO] [stderr]    Compiling libc v0.2.179
[INFO] [stderr]    Compiling simd-adler32 v0.3.8
[INFO] [stderr]    Compiling adler2 v2.0.1
[INFO] [stderr]    Compiling static_assertions v1.1.0
[INFO] [stderr]    Compiling aho-corasick v1.1.4
[INFO] [stderr]    Compiling anyhow v1.0.100
[INFO] [stderr]    Compiling byteorder v1.5.0
[INFO] [stderr]    Compiling serde v1.0.228
[INFO] [stderr]    Compiling tracing-core v0.1.36
[INFO] [stderr]    Compiling clap_builder v4.5.54
[INFO] [stderr]    Compiling jiff v0.2.17
[INFO] [stderr]    Compiling bitflags v2.10.0
[INFO] [stderr]    Compiling plain v0.2.3
[INFO] [stderr]    Compiling bytes v1.11.0
[INFO] [stderr]    Compiling twox-hash v1.6.3
[INFO] [stderr]    Compiling miniz_oxide v0.8.9
[INFO] [stderr]    Compiling flate2 v1.1.5
[INFO] [stderr]    Compiling quote v1.0.42
[INFO] [stderr]    Compiling syn v2.0.112
[INFO] [stderr]    Compiling nix v0.27.1
[INFO] [stderr]    Compiling memmap2 v0.9.9
[INFO] [stderr]    Compiling regex-automata v0.4.13
[INFO] [stderr]    Compiling regex v1.12.2
[INFO] [stderr]    Compiling env_filter v0.1.4
[INFO] [stderr]    Compiling env_logger v0.11.8
[INFO] [stderr]    Compiling derive_more v0.99.20
[INFO] [stderr]    Compiling scroll_derive v0.11.1
[INFO] [stderr]    Compiling thiserror-impl v1.0.69
[INFO] [stderr]    Compiling serde_derive v1.0.228
[INFO] [stderr]    Compiling clap_derive v4.5.49
[INFO] [stderr]    Compiling tracing-attributes v0.1.31
[INFO] [stderr]    Compiling scroll v0.11.0
[INFO] [stderr]    Compiling tracing v0.1.44
[INFO] [stderr]    Compiling thiserror v1.0.69
[INFO] [stderr]    Compiling goblin v0.7.1
[INFO] [stderr]    Compiling ruzstd v0.5.0
[INFO] [stderr]    Compiling object v0.32.2
[INFO] [stderr]    Compiling clap v4.5.54
[INFO] [stderr]    Compiling zjudo v0.1.0 (/opt/rustwide/workdir)
[INFO] [stderr]     Finished `dev` profile [unoptimized + debuginfo] target(s) in 30.61s
[INFO] running `Command { std: "docker" "inspect" "b3c683c16adbc4c938440074ac761e6fd9908bf12a860b126b41b1f1ece778ee", kill_on_drop: false }`
[INFO] running `Command { std: "docker" "exec" "-e" "SOURCE_DIR=/opt/rustwide/workdir" "-e" "CARGO_HOME=/opt/rustwide/cargo-home" "-e" "RUSTUP_HOME=/opt/rustwide/rustup-home" "-e" "CARGO_TARGET_DIR=/opt/rustwide/target" "-e" "CARGO_INCREMENTAL=0" "-e" "RUST_BACKTRACE=full" "-e" "RUSTFLAGS=--cap-lints=warn" "-e" "RUSTDOCFLAGS=--cap-lints=warn" "-w" "/opt/rustwide/workdir" "--user" "0:0" "b3c683c16adbc4c938440074ac761e6fd9908bf12a860b126b41b1f1ece778ee" "/opt/rustwide/cargo-home/bin/cargo" "+1.97.0-beta.6" "test" "--frozen" "--no-run" "--message-format=json", kill_on_drop: false }`
[INFO] [stderr]    Compiling regex-syntax v0.8.8
[INFO] [stderr]    Compiling num-traits v0.2.19
[INFO] [stderr]    Compiling normalize-line-endings v0.3.0
[INFO] [stderr]    Compiling getrandom v0.3.4
[INFO] [stderr]    Compiling nix v0.27.1
[INFO] [stderr]    Compiling wait-timeout v0.2.1
[INFO] [stderr]    Compiling tempfile v3.24.0
[INFO] [stderr]    Compiling float-cmp v0.10.0
[INFO] [stderr]    Compiling regex-automata v0.4.13
[INFO] [stderr]    Compiling regex v1.12.2
[INFO] [stderr]    Compiling bstr v1.12.1
[INFO] [stderr]    Compiling env_filter v0.1.4
[INFO] [stderr]    Compiling predicates v3.1.3
[INFO] [stderr]    Compiling env_logger v0.11.8
[INFO] [stderr]    Compiling assert_cmd v2.1.1
[INFO] [stderr]    Compiling zjudo v0.1.0 (/opt/rustwide/workdir)
[INFO] [stdout] error[E0428]: the name `tests` is defined multiple times
[INFO] [stdout]    --> src/system/sysinfo.rs:823:1
[INFO] [stdout]     |
[INFO] [stdout] 205 | mod tests {
[INFO] [stdout]     | --------- previous definition of the module `tests` here
[INFO] [stdout] ...
[INFO] [stdout] 823 | mod tests {
[INFO] [stdout]     | ^^^^^^^^^ `tests` redefined here
[INFO] [stdout]     |
[INFO] [stdout]     = note: `tests` must be defined only once in the type namespace of this module
[INFO] [stdout] 
[INFO] [stdout] 
[INFO] [stdout] error[E0063]: missing field `entropy` in initializer of `args::BootArgs`
[INFO] [stdout]     --> src/cli/commands.rs:2216:21
[INFO] [stdout]      |
[INFO] [stdout] 2216 |         let _args = BootArgs {
[INFO] [stdout]      |                     ^^^^^^^^ missing `entropy`
[INFO] [stdout] 
[INFO] [stdout] 
[INFO] [stdout] error[E0063]: missing field `efi_fb_info` in initializer of `SystemInfo`
[INFO] [stdout]   --> src/tests/integration.rs:65:20
[INFO] [stdout]    |
[INFO] [stdout] 65 |     let _sysinfo = SystemInfo {
[INFO] [stdout]    |                    ^^^^^^^^^^ missing `efi_fb_info`
[INFO] [stdout] 
[INFO] [stdout] 
[INFO] [stdout] error[E0793]: reference to field of packed struct is unaligned
[INFO] [stdout]    --> src/system/sysinfo.rs:250:9
[INFO] [stdout]     |
[INFO] [stdout] 250 |         assert_eq!(efi.addr, 0x1000);
[INFO] [stdout]     |         ^^^^^^^^^^^^^^^^^^^^^^^^^^^^
[INFO] [stdout]     |
[INFO] [stdout]     = note: this struct is 1-byte aligned, but the type of this field may require higher alignment
[INFO] [stdout]     = note: creating a misaligned reference is undefined behavior (even if that reference is never dereferenced)
[INFO] [stdout]     = help: copy the field contents to a local variable, or replace the reference with a raw pointer and use `read_unaligned`/`write_unaligned` (loads and stores via `*p` must be properly aligned even when using raw pointers)
[INFO] [stdout] 
[INFO] [stdout] 
[INFO] [stdout] error[E0793]: reference to field of packed struct is unaligned
[INFO] [stdout]    --> src/system/sysinfo.rs:251:9
[INFO] [stdout]     |
[INFO] [stdout] 251 |         assert_eq!(efi.width, 1024);
[INFO] [stdout]     |         ^^^^^^^^^^^^^^^^^^^^^^^^^^^
[INFO] [stdout]     |
[INFO] [stdout]     = note: this struct is 1-byte aligned, but the type of this field may require higher alignment
[INFO] [stdout]     = note: creating a misaligned reference is undefined behavior (even if that reference is never dereferenced)
[INFO] [stdout]     = help: copy the field contents to a local variable, or replace the reference with a raw pointer and use `read_unaligned`/`write_unaligned` (loads and stores via `*p` must be properly aligned even when using raw pointers)
[INFO] [stdout] 
[INFO] [stdout] 
[INFO] [stdout] error[E0793]: reference to field of packed struct is unaligned
[INFO] [stdout]    --> src/system/sysinfo.rs:252:9
[INFO] [stdout]     |
[INFO] [stdout] 252 |         assert_eq!(efi.height, 768);
[INFO] [stdout]     |         ^^^^^^^^^^^^^^^^^^^^^^^^^^^
[INFO] [stdout]     |
[INFO] [stdout]     = note: this struct is 1-byte aligned, but the type of this field may require higher alignment
[INFO] [stdout]     = note: creating a misaligned reference is undefined behavior (even if that reference is never dereferenced)
[INFO] [stdout]     = help: copy the field contents to a local variable, or replace the reference with a raw pointer and use `read_unaligned`/`write_unaligned` (loads and stores via `*p` must be properly aligned even when using raw pointers)
[INFO] [stdout] 
[INFO] [stdout] 
[INFO] [stdout] error[E0793]: reference to field of packed struct is unaligned
[INFO] [stdout]    --> src/system/sysinfo.rs:253:9
[INFO] [stdout]     |
[INFO] [stdout] 253 |         assert_eq!(efi.stride, 1024);
[INFO] [stdout]     |         ^^^^^^^^^^^^^^^^^^^^^^^^^^^^
[INFO] [stdout]     |
[INFO] [stdout]     = note: this struct is 1-byte aligned, but the type of this field may require higher alignment
[INFO] [stdout]     = note: creating a misaligned reference is undefined behavior (even if that reference is never dereferenced)
[INFO] [stdout]     = help: copy the field contents to a local variable, or replace the reference with a raw pointer and use `read_unaligned`/`write_unaligned` (loads and stores via `*p` must be properly aligned even when using raw pointers)
[INFO] [stdout] 
[INFO] [stdout] 
[INFO] [stdout] error[E0793]: reference to field of packed struct is unaligned
[INFO] [stdout]    --> src/system/sysinfo.rs:254:9
[INFO] [stdout]     |
[INFO] [stdout] 254 |         assert_eq!(efi.size, fb.size as u64);
[INFO] [stdout]     |         ^^^^^^^^^^^^^^^^^^^^^^^^^^^^^^^^^^^^
[INFO] [stdout]     |
[INFO] [stdout]     = note: this struct is 1-byte aligned, but the type of this field may require higher alignment
[INFO] [stdout]     = note: creating a misaligned reference is undefined behavior (even if that reference is never dereferenced)
[INFO] [stdout]     = help: copy the field contents to a local variable, or replace the reference with a raw pointer and use `read_unaligned`/`write_unaligned` (loads and stores via `*p` must be properly aligned even when using raw pointers)
[INFO] [stdout] 
[INFO] [stdout] 
[INFO] [stdout] Some errors have detailed explanations: E0063, E0428, E0793.
[INFO] [stdout] 
[INFO] [stdout] For more information about an error, try `rustc --explain E0063`.
[INFO] [stdout] 
[INFO] [stderr] error: could not compile `zjudo` (lib test) due to 8 previous errors
[INFO] [stderr] warning: build failed, waiting for other jobs to finish...
[INFO] running `Command { std: "docker" "inspect" "b3c683c16adbc4c938440074ac761e6fd9908bf12a860b126b41b1f1ece778ee", kill_on_drop: false }`
[INFO] running `Command { std: "docker" "rm" "-f" "b3c683c16adbc4c938440074ac761e6fd9908bf12a860b126b41b1f1ece778ee", kill_on_drop: false }`
[INFO] [stdout] b3c683c16adbc4c938440074ac761e6fd9908bf12a860b126b41b1f1ece778ee
