[INFO] cloning repository https://github.com/haxllo/sch
[INFO] running `Command { std: "git" "-c" "credential.helper=" "-c" "credential.helper=/workspace/cargo-home/bin/git-credential-null" "clone" "--bare" "https://github.com/haxllo/sch" "/workspace/cache/git-repos/https%3A%2F%2Fgithub.com%2Fhaxllo%2Fsch", kill_on_drop: false }`
[INFO] [stderr] Cloning into bare repository '/workspace/cache/git-repos/https%3A%2F%2Fgithub.com%2Fhaxllo%2Fsch'...
[INFO] running `Command { std: "git" "rev-parse" "HEAD", kill_on_drop: false }`
[INFO] [stdout] 85dff7dc489eda4e46f1d8fe6076c9393d167a4e
[INFO] testing haxllo/sch against 1.97.0-beta.6 for beta-1.98-2
[INFO] running `Command { std: "git" "clone" "/workspace/cache/git-repos/https%3A%2F%2Fgithub.com%2Fhaxllo%2Fsch" "/workspace/builds/worker-2-tc1/source", kill_on_drop: false }`
[INFO] [stderr] Cloning into '/workspace/builds/worker-2-tc1/source'...
[INFO] [stderr] done.
[INFO] started tweaking git repo https://github.com/haxllo/sch
[INFO] finished tweaking git repo https://github.com/haxllo/sch
[INFO] tweaked toml for git repo https://github.com/haxllo/sch written to /workspace/builds/worker-2-tc1/source/Cargo.toml
[INFO] validating manifest of git repo https://github.com/haxllo/sch on toolchain 1.97.0-beta.6
[INFO] running `Command { std: CARGO_HOME="/workspace/cargo-home" RUSTUP_HOME="/workspace/rustup-home" "/workspace/cargo-home/bin/cargo" "+1.97.0-beta.6" "metadata" "--manifest-path" "Cargo.toml" "--no-deps", kill_on_drop: false }`
[INFO] crate git repo https://github.com/haxllo/sch already has a lockfile, it will not be regenerated
[INFO] running `Command { std: CARGO_HOME="/workspace/cargo-home" RUSTUP_HOME="/workspace/rustup-home" "/workspace/cargo-home/bin/cargo" "+1.97.0-beta.6" "fetch" "--manifest-path" "Cargo.toml", kill_on_drop: false }`
[INFO] [stderr]     Updating crates.io index
[INFO] [stderr]  Downloading crates ...
[INFO] [stderr]   Downloaded web_atoms v0.2.4
[INFO] [stderr]   Downloaded typetag-impl v0.2.22
[INFO] [stderr]   Downloaded murmurhash32 v0.3.1
[INFO] [stderr]   Downloaded measure_time v0.9.0
[INFO] [stderr]   Downloaded inventory v0.3.24
[INFO] [stderr]   Downloaded uuid v1.23.2
[INFO] [stderr]   Downloaded typetag v0.2.22
[INFO] [stderr]   Downloaded tantivy-bitpacker v0.10.0
[INFO] [stderr]   Downloaded fastdivide v0.4.2
[INFO] [stderr]   Downloaded utf8-ranges v1.0.5
[INFO] [stderr]   Downloaded census v0.4.2
[INFO] [stderr]   Downloaded tantivy-common v0.11.0
[INFO] [stderr]   Downloaded tantivy-query-grammar v0.26.0
[INFO] [stderr]   Downloaded fs4 v0.13.1
[INFO] [stderr]   Downloaded tantivy-tokenizer-api v0.7.0
[INFO] [stderr]   Downloaded ownedbytes v0.9.0
[INFO] [stderr]   Downloaded sketches-ddsketch v0.4.0
[INFO] [stderr]   Downloaded levenshtein_automata v0.2.1
[INFO] [stderr]   Downloaded tantivy-sstable v0.7.0
[INFO] [stderr]   Downloaded bitpacking v0.9.3
[INFO] [stderr]   Downloaded oneshot v0.1.13
[INFO] [stderr]   Downloaded tantivy-stacker v0.7.0
[INFO] [stderr]   Downloaded htmlescape v0.3.1
[INFO] [stderr]   Downloaded bon-macros v3.9.1
[INFO] [stderr]   Downloaded datasketches v0.2.0
[INFO] [stderr]   Downloaded tantivy-columnar v0.7.0
[INFO] [stderr]   Downloaded rayon v1.12.0
[INFO] [stderr]   Downloaded tantivy v0.26.1
[INFO] [stderr]   Downloaded window-vibrancy v0.7.1
[INFO] [stderr]   Downloaded tantivy-fst v0.5.0
[INFO] [stderr]   Downloaded bon v3.9.1
[INFO] running `Command { std: "docker" "create" "-v" "/var/lib/crater-agent-workspace/builds/worker-2-tc1/source:/opt/rustwide/workdir:ro,Z" "-v" "/var/lib/crater-agent-workspace/builds/worker-2-tc1/target:/opt/rustwide/target:rw,Z" "-v" "/var/lib/crater-agent-workspace/cargo-home:/opt/rustwide/cargo-home:ro,Z" "-v" "/var/lib/crater-agent-workspace/rustup-home:/opt/rustwide/rustup-home:ro,Z" "-m" "1610612736" "--network" "none" "ghcr.io/rust-lang/crates-build-env/linux@sha256:3d5ced03c013a94a2f102a4510f48a6e9184255caf5fd8244f58017bde7f5210" "sleep" "infinity", kill_on_drop: false }`
[INFO] [stdout] bd17bb6012cef0cbc8a89d5cd1d7e0df5487d9a96d806a4a85ee0d8e4c736bdf
[INFO] running `Command { std: "docker" "start" "bd17bb6012cef0cbc8a89d5cd1d7e0df5487d9a96d806a4a85ee0d8e4c736bdf", kill_on_drop: false }`
[INFO] running `Command { std: "docker" "inspect" "bd17bb6012cef0cbc8a89d5cd1d7e0df5487d9a96d806a4a85ee0d8e4c736bdf", kill_on_drop: false }`
[INFO] running `Command { std: "docker" "exec" "-e" "SOURCE_DIR=/opt/rustwide/workdir" "-e" "CARGO_HOME=/opt/rustwide/cargo-home" "-e" "RUSTUP_HOME=/opt/rustwide/rustup-home" "-e" "CARGO_TARGET_DIR=/opt/rustwide/target" "-w" "/opt/rustwide/workdir" "--user" "0:0" "bd17bb6012cef0cbc8a89d5cd1d7e0df5487d9a96d806a4a85ee0d8e4c736bdf" "/opt/rustwide/cargo-home/bin/cargo" "+1.97.0-beta.6" "metadata" "--no-deps" "--format-version=1", kill_on_drop: false }`
[INFO] running `Command { std: "docker" "inspect" "bd17bb6012cef0cbc8a89d5cd1d7e0df5487d9a96d806a4a85ee0d8e4c736bdf", kill_on_drop: false }`
[INFO] running `Command { std: "docker" "exec" "-e" "SOURCE_DIR=/opt/rustwide/workdir" "-e" "CARGO_HOME=/opt/rustwide/cargo-home" "-e" "RUSTUP_HOME=/opt/rustwide/rustup-home" "-e" "CARGO_TARGET_DIR=/opt/rustwide/target" "-e" "CARGO_INCREMENTAL=0" "-e" "RUST_BACKTRACE=full" "-e" "RUSTFLAGS=--cap-lints=warn" "-e" "RUSTDOCFLAGS=--cap-lints=warn" "-w" "/opt/rustwide/workdir" "--user" "0:0" "bd17bb6012cef0cbc8a89d5cd1d7e0df5487d9a96d806a4a85ee0d8e4c736bdf" "/opt/rustwide/cargo-home/bin/cargo" "+1.97.0-beta.6" "build" "--frozen" "--message-format=json", kill_on_drop: false }`
[INFO] [stderr]    Compiling unicode-ident v1.0.23
[INFO] [stderr]    Compiling crunchy v0.2.4
[INFO] [stderr]    Compiling serde_core v1.0.228
[INFO] [stderr]    Compiling num-conv v0.2.2
[INFO] [stderr]    Compiling num-traits v0.2.19
[INFO] [stderr]    Compiling serde v1.0.228
[INFO] [stderr]    Compiling ownedbytes v0.9.0
[INFO] [stderr]    Compiling either v1.16.0
[INFO] [stderr]    Compiling getrandom v0.4.2
[INFO] [stderr]    Compiling rustix v1.1.4
[INFO] [stderr]    Compiling prettyplease v0.2.37
[INFO] [stderr]    Compiling zmij v1.0.20
[INFO] [stderr]    Compiling cc v1.2.55
[INFO] [stderr]    Compiling erased-serde v0.4.10
[INFO] [stderr]    Compiling linux-raw-sys v0.12.1
[INFO] [stderr]    Compiling futures-core v0.3.32
[INFO] [stderr]    Compiling utf8-ranges v1.0.5
[INFO] [stderr]    Compiling proc-macro2 v1.0.106
[INFO] [stderr]    Compiling bitpacking v0.9.3
[INFO] [stderr]    Compiling tantivy-fst v0.5.0
[INFO] [stderr]    Compiling itertools v0.14.0
[INFO] [stderr]    Compiling murmurhash32 v0.3.1
[INFO] [stderr]    Compiling typetag v0.2.22
[INFO] [stderr]    Compiling time v0.3.47
[INFO] [stderr]    Compiling quote v1.0.44
[INFO] [stderr]    Compiling indexmap v2.13.0
[INFO] [stderr]    Compiling regex-automata v0.4.14
[INFO] [stderr]    Compiling tantivy-bitpacker v0.10.0
[INFO] [stderr]    Compiling serde_json v1.0.149
[INFO] [stderr]    Compiling log v0.4.30
[INFO] [stderr]    Compiling fastdivide v0.4.2
[INFO] [stderr]    Compiling syn v2.0.114
[INFO] [stderr]    Compiling inventory v0.3.24
[INFO] [stderr]    Compiling winnow v0.7.14
[INFO] [stderr]    Compiling measure_time v0.9.0
[INFO] [stderr]    Compiling rayon v1.12.0
[INFO] [stderr]    Compiling uuid v1.23.2
[INFO] [stderr]    Compiling arc-swap v1.9.1
[INFO] [stderr]    Compiling memmap2 v0.9.10
[INFO] [stderr]    Compiling ordered-float v5.3.0
[INFO] [stderr]    Compiling crossbeam-channel v0.5.15
[INFO] [stderr]    Compiling lru v0.16.4
[INFO] [stderr]    Compiling oneshot v0.1.13
[INFO] [stderr]    Compiling levenshtein_automata v0.2.1
[INFO] [stderr]    Compiling census v0.4.2
[INFO] [stderr]    Compiling htmlescape v0.3.1
[INFO] [stderr]    Compiling regex v1.12.3
[INFO] [stderr]    Compiling rustc-hash v2.1.2
[INFO] [stderr]    Compiling datasketches v0.2.0
[INFO] [stderr]    Compiling libsqlite3-sys v0.35.0
[INFO] [stderr]    Compiling tempfile v3.27.0
[INFO] [stderr]    Compiling fs4 v0.13.1
[INFO] [stderr]    Compiling toml v0.5.11
[INFO] [stderr]    Compiling darling_core v0.23.0
[INFO] [stderr]    Compiling pest_generator v2.8.6
[INFO] [stderr]    Compiling serde_derive v1.0.228
[INFO] [stderr]    Compiling async-trait v0.1.89
[INFO] [stderr]    Compiling futures-macro v0.3.32
[INFO] [stderr]    Compiling thiserror-impl v2.0.18
[INFO] [stderr]    Compiling typetag-impl v0.2.22
[INFO] [stderr]    Compiling pest_derive v2.8.6
[INFO] [stderr]    Compiling futures-util v0.3.32
[INFO] [stderr]    Compiling winres v0.1.12
[INFO] [stderr]    Compiling thiserror v2.0.18
[INFO] [stderr]    Compiling nex v2.4.2 (/opt/rustwide/workdir/apps/core)
[INFO] [stderr]    Compiling darling_macro v0.23.0
[INFO] [stderr]    Compiling darling v0.23.0
[INFO] [stderr]    Compiling bon-macros v3.9.1
[INFO] [stderr]    Compiling tantivy-common v0.11.0
[INFO] [stderr]    Compiling toml_datetime v0.6.11
[INFO] [stderr]    Compiling serde_spanned v0.6.9
[INFO] [stderr]    Compiling sketches-ddsketch v0.4.0
[INFO] [stderr]    Compiling tantivy-tokenizer-api v0.7.0
[INFO] [stderr]    Compiling tantivy-query-grammar v0.26.0
[INFO] [stderr]    Compiling json5 v0.4.1
[INFO] [stderr]    Compiling toml_edit v0.22.27
[INFO] [stderr]    Compiling tantivy-stacker v0.7.0
[INFO] [stderr]    Compiling tantivy-sstable v0.7.0
[INFO] [stderr]    Compiling tantivy-columnar v0.7.0
[INFO] [stderr]    Compiling bon v3.9.1
[INFO] [stderr]    Compiling toml v0.8.23
[INFO] [stderr]    Compiling tantivy v0.26.1
[INFO] [stderr]    Compiling rusqlite v0.37.0
[INFO] [stdout] error[E0432]: unresolved import `crate::runtime_overlay_rows`
[INFO] [stdout]   --> apps/core/src/runtime_actions.rs:16:12
[INFO] [stdout]    |
[INFO] [stdout] 16 | use crate::runtime_overlay_rows::{
[INFO] [stdout]    |            ^^^^^^^^^^^^^^^^^^^^ could not find `runtime_overlay_rows` in the crate root
[INFO] [stdout]    |
[INFO] [stdout] note: found an item that was configured out
[INFO] [stdout]   --> apps/core/src/lib.rs:34:16
[INFO] [stdout]    |
[INFO] [stdout] 33 | #[cfg(target_os = "windows")]
[INFO] [stdout]    |       --------------------- the item is gated behind the `windows` feature
[INFO] [stdout] 34 | pub(crate) mod runtime_overlay_rows;
[INFO] [stdout]    |                ^^^^^^^^^^^^^^^^^^^^
[INFO] [stdout] 
[INFO] [stdout] 
[INFO] [stdout] error[E0432]: unresolved import `crate::runtime_overlay_rows`
[INFO] [stdout]   --> apps/core/src/runtime_index.rs:10:12
[INFO] [stdout]    |
[INFO] [stdout] 10 | use crate::runtime_overlay_rows::PendingUninstallConfirmation;
[INFO] [stdout]    |            ^^^^^^^^^^^^^^^^^^^^ could not find `runtime_overlay_rows` in the crate root
[INFO] [stdout]    |
[INFO] [stdout] note: found an item that was configured out
[INFO] [stdout]   --> apps/core/src/lib.rs:34:16
[INFO] [stdout]    |
[INFO] [stdout] 33 | #[cfg(target_os = "windows")]
[INFO] [stdout]    |       --------------------- the item is gated behind the `windows` feature
[INFO] [stdout] 34 | pub(crate) mod runtime_overlay_rows;
[INFO] [stdout]    |                ^^^^^^^^^^^^^^^^^^^^
[INFO] [stdout] 
[INFO] [stdout] 
[INFO] [stdout] error[E0433]: cannot find `overlay` in `crate`
[INFO] [stdout]   --> apps/core/src/search_worker.rs:11:12
[INFO] [stdout]    |
[INFO] [stdout] 11 | use crate::overlay::model::OverlayEvent;
[INFO] [stdout]    |            ^^^^^^^ could not find `overlay` in the crate root
[INFO] [stdout]    |
[INFO] [stdout] note: found an item that was configured out
[INFO] [stdout]   --> apps/core/src/lib.rs:46:16
[INFO] [stdout]    |
[INFO] [stdout] 45 | #[cfg(target_os = "windows")]
[INFO] [stdout]    |       --------------------- the item is gated behind the `windows` feature
[INFO] [stdout] 46 | pub(crate) mod overlay;
[INFO] [stdout]    |                ^^^^^^^
[INFO] [stdout] 
[INFO] [stdout] 
[INFO] [stdout] error[E0432]: unresolved import `crossbeam_channel`
[INFO] [stdout]  --> apps/core/src/search_worker.rs:6:5
[INFO] [stdout]   |
[INFO] [stdout] 6 | use crossbeam_channel::Sender;
[INFO] [stdout]   |     ^^^^^^^^^^^^^^^^^ use of unresolved module or unlinked crate `crossbeam_channel`
[INFO] [stdout]   |
[INFO] [stdout]   = help: if you wanted to use a crate named `crossbeam_channel`, use `cargo add crossbeam_channel` to add it to your `Cargo.toml`
[INFO] [stdout] 
[INFO] [stdout] 
[INFO] [stdout] error[E0433]: cannot find `file_watcher_consumer` in `crate`
[INFO] [stdout]    --> apps/core/src/core_service.rs:876:62
[INFO] [stdout]     |
[INFO] [stdout] 876 |     pub(crate) fn take_file_watchers(&self) -> Option<crate::file_watcher_consumer::FileWatcherHandle> {
[INFO] [stdout]     |                                                              ^^^^^^^^^^^^^^^^^^^^^ could not find `file_watcher_consumer` in the crate root
[INFO] [stdout]     |
[INFO] [stdout] note: found an item that was configured out
[INFO] [stdout]    --> apps/core/src/lib.rs:16:16
[INFO] [stdout]     |
[INFO] [stdout]  15 | #[cfg(target_os = "windows")]
[INFO] [stdout]     |       --------------------- the item is gated behind the `windows` feature
[INFO] [stdout]  16 | pub(crate) mod file_watcher_consumer;
[INFO] [stdout]     |                ^^^^^^^^^^^^^^^^^^^^^
[INFO] [stdout] 
[INFO] [stdout] 
[INFO] [stdout] error[E0425]: cannot find function `runtime_mode` in this scope
[INFO] [stdout]    --> apps/core/src/runtime.rs:237:9
[INFO] [stdout]     |
[INFO] [stdout] 237 |         runtime_mode(),
[INFO] [stdout]     |         ^^^^^^^^^^^^ not found in this scope
[INFO] [stdout]     |
[INFO] [stdout] help: consider importing this function
[INFO] [stdout]     |
[INFO] [stdout]   1 + use crate::runtime_process::runtime_mode;
[INFO] [stdout]     |
[INFO] [stdout] 
[INFO] [stdout] 
[INFO] [stdout] warning: unused import: `log_warn`
[INFO] [stdout]   --> apps/core/src/runtime_actions.rs:15:32
[INFO] [stdout]    |
[INFO] [stdout] 15 | use crate::runtime::{log_info, log_warn};
[INFO] [stdout]    |                                ^^^^^^^^
[INFO] [stdout]    |
[INFO] [stdout]    = note: `#[warn(unused_imports)]` (part of `#[warn(unused)]`) on by default
[INFO] [stdout] 
[INFO] [stdout] 
[INFO] [stdout] warning: unused imports: `load_query_profile_status_report`, `load_status_diagnostics_snapshot`, and `log_warn`
[INFO] [stdout]  --> apps/core/src/runtime_commands.rs:3:5
[INFO] [stdout]   |
[INFO] [stdout] 3 |     load_query_profile_status_report, load_status_diagnostics_snapshot, log_info, log_warn,
[INFO] [stdout]   |     ^^^^^^^^^^^^^^^^^^^^^^^^^^^^^^^^  ^^^^^^^^^^^^^^^^^^^^^^^^^^^^^^^^            ^^^^^^^^
[INFO] [stdout] 
[INFO] [stdout] 
[INFO] [stdout] warning: unused imports: `Config` and `self`
[INFO] [stdout]  --> apps/core/src/runtime_hotkey.rs:1:21
[INFO] [stdout]   |
[INFO] [stdout] 1 | use crate::config::{self, Config};
[INFO] [stdout]   |                     ^^^^  ^^^^^^
[INFO] [stdout] 
[INFO] [stdout] 
[INFO] [stdout] warning: unused import: `crate::runtime::log_info`
[INFO] [stdout]  --> apps/core/src/runtime_hotkey.rs:2:5
[INFO] [stdout]   |
[INFO] [stdout] 2 | use crate::runtime::log_info;
[INFO] [stdout]   |     ^^^^^^^^^^^^^^^^^^^^^^^^
[INFO] [stdout] 
[INFO] [stdout] 
[INFO] [stdout] warning: unused import: `crate::runtime::log_warn`
[INFO] [stdout]  --> apps/core/src/runtime_hotkey.rs:3:5
[INFO] [stdout]   |
[INFO] [stdout] 3 | use crate::runtime::log_warn;
[INFO] [stdout]   |     ^^^^^^^^^^^^^^^^^^^^^^^^
[INFO] [stdout] 
[INFO] [stdout] 
[INFO] [stdout] warning: unused imports: `AtomicBool` and `Ordering`
[INFO] [stdout]  --> apps/core/src/runtime_index.rs:1:25
[INFO] [stdout]   |
[INFO] [stdout] 1 | use std::sync::atomic::{AtomicBool, Ordering};
[INFO] [stdout]   |                         ^^^^^^^^^^  ^^^^^^^^
[INFO] [stdout] 
[INFO] [stdout] 
[INFO] [stdout] warning: unused imports: `Arc` and `Mutex`
[INFO] [stdout]  --> apps/core/src/runtime_index.rs:2:17
[INFO] [stdout]   |
[INFO] [stdout] 2 | use std::sync::{Arc, Mutex};
[INFO] [stdout]   |                 ^^^  ^^^^^
[INFO] [stdout] 
[INFO] [stdout] 
[INFO] [stdout] warning: unused imports: `Duration` and `SystemTime`
[INFO] [stdout]  --> apps/core/src/runtime_index.rs:3:17
[INFO] [stdout]   |
[INFO] [stdout] 3 | use std::time::{Duration, Instant, SystemTime};
[INFO] [stdout]   |                 ^^^^^^^^           ^^^^^^^^^^
[INFO] [stdout] 
[INFO] [stdout] 
[INFO] [stdout] warning: unused imports: `Config` and `self`
[INFO] [stdout]  --> apps/core/src/runtime_index.rs:5:21
[INFO] [stdout]   |
[INFO] [stdout] 5 | use crate::config::{self, Config};
[INFO] [stdout]   |                     ^^^^  ^^^^^^
[INFO] [stdout] 
[INFO] [stdout] 
[INFO] [stdout] warning: unused import: `crate::core_service::CoreService`
[INFO] [stdout]  --> apps/core/src/runtime_index.rs:6:5
[INFO] [stdout]   |
[INFO] [stdout] 6 | use crate::core_service::CoreService;
[INFO] [stdout]   |     ^^^^^^^^^^^^^^^^^^^^^^^^^^^^^^^^
[INFO] [stdout] 
[INFO] [stdout] 
[INFO] [stdout] warning: unused import: `crate::plugin_sdk::PluginRegistry`
[INFO] [stdout]  --> apps/core/src/runtime_index.rs:7:5
[INFO] [stdout]   |
[INFO] [stdout] 7 | use crate::plugin_sdk::PluginRegistry;
[INFO] [stdout]   |     ^^^^^^^^^^^^^^^^^^^^^^^^^^^^^^^^^
[INFO] [stdout] 
[INFO] [stdout] 
[INFO] [stdout] warning: unused import: `crate::runtime::log_info`
[INFO] [stdout]  --> apps/core/src/runtime_index.rs:8:5
[INFO] [stdout]   |
[INFO] [stdout] 8 | use crate::runtime::log_info;
[INFO] [stdout]   |     ^^^^^^^^^^^^^^^^^^^^^^^^
[INFO] [stdout] 
[INFO] [stdout] 
[INFO] [stdout] warning: unused import: `crate::runtime::log_warn`
[INFO] [stdout]  --> apps/core/src/runtime_index.rs:9:5
[INFO] [stdout]   |
[INFO] [stdout] 9 | use crate::runtime::log_warn;
[INFO] [stdout]   |     ^^^^^^^^^^^^^^^^^^^^^^^^
[INFO] [stdout] 
[INFO] [stdout] 
[INFO] [stdout] warning: unused import: `crate::runtime_search_session::OverlaySearchSession`
[INFO] [stdout]   --> apps/core/src/runtime_index.rs:11:5
[INFO] [stdout]    |
[INFO] [stdout] 11 | use crate::runtime_search_session::OverlaySearchSession;
[INFO] [stdout]    |     ^^^^^^^^^^^^^^^^^^^^^^^^^^^^^^^^^^^^^^^^^^^^^^^^^^^
[INFO] [stdout] 
[INFO] [stdout] 
[INFO] [stdout] warning: unused import: `RuntimeError`
[INFO] [stdout]  --> apps/core/src/runtime_process.rs:1:32
[INFO] [stdout]   |
[INFO] [stdout] 1 | use crate::runtime::{log_info, RuntimeError};
[INFO] [stdout]   |                                ^^^^^^^^^^^^
[INFO] [stdout] 
[INFO] [stdout] 
[INFO] [stdout] error[E0609]: no field `file_watchers` on type `&CoreService`
[INFO] [stdout]    --> apps/core/src/core_service.rs:877:35
[INFO] [stdout]     |
[INFO] [stdout] 877 |         let mut slot = match self.file_watchers.lock() {
[INFO] [stdout]     |                                   ^^^^^^^^^^^^^ unknown field
[INFO] [stdout]     |
[INFO] [stdout]     = note: available fields are: `config`, `db`, `providers`, `cached_items`, `cached_app_items` ... and 9 others
[INFO] [stdout] 
[INFO] [stdout] 
[INFO] [stdout] error[E0599]: no method named `creation_flags` found for mutable reference `&mut Command` in the current scope
[INFO] [stdout]    --> apps/core/src/runtime_actions.rs:191:18
[INFO] [stdout]     |
[INFO] [stdout] 189 | /             std::process::Command::new(command)
[INFO] [stdout] 190 | |                 .args(args)
[INFO] [stdout] 191 | |                 .creation_flags(0x08000000) // CREATE_NO_WINDOW
[INFO] [stdout]     | |                 -^^^^^^^^^^^^^^ method not found in `&mut Command`
[INFO] [stdout]     | |_________________|
[INFO] [stdout]     |
[INFO] [stdout] 
[INFO] [stdout] 
[INFO] [stdout] warning: unused variable: `data`
[INFO] [stdout]    --> apps/core/src/clipboard_history.rs:219:22
[INFO] [stdout]     |
[INFO] [stdout] 219 | fn dpapi_try_decrypt(data: &[u8]) -> Option<Vec<u8>> {
[INFO] [stdout]     |                      ^^^^ help: if this is intentional, prefix it with an underscore: `_data`
[INFO] [stdout]     |
[INFO] [stdout]     = note: `#[warn(unused_variables)]` (part of `#[warn(unused)]`) on by default
[INFO] [stdout] 
[INFO] [stdout] 
[INFO] [stdout] Some errors have detailed explanations: E0425, E0432, E0433, E0599, E0609.
[INFO] [stdout] 
[INFO] [stdout] For more information about an error, try `rustc --explain E0425`.
[INFO] [stdout] 
[INFO] [stderr] error: could not compile `nex` (lib) due to 8 previous errors; 16 warnings emitted
[INFO] [stderr] warning: build failed, waiting for other jobs to finish...
[INFO] running `Command { std: "docker" "inspect" "bd17bb6012cef0cbc8a89d5cd1d7e0df5487d9a96d806a4a85ee0d8e4c736bdf", kill_on_drop: false }`
[INFO] running `Command { std: "docker" "rm" "-f" "bd17bb6012cef0cbc8a89d5cd1d7e0df5487d9a96d806a4a85ee0d8e4c736bdf", kill_on_drop: false }`
[INFO] [stdout] bd17bb6012cef0cbc8a89d5cd1d7e0df5487d9a96d806a4a85ee0d8e4c736bdf
