[INFO] cloning repository https://github.com/havarnov/QuickJsWasm.Net
[INFO] running `Command { std: "git" "-c" "credential.helper=" "-c" "credential.helper=/workspace/cargo-home/bin/git-credential-null" "clone" "--bare" "https://github.com/havarnov/QuickJsWasm.Net" "/workspace/cache/git-repos/https%3A%2F%2Fgithub.com%2Fhavarnov%2FQuickJsWasm.Net", kill_on_drop: false }`
[INFO] [stderr] Cloning into bare repository '/workspace/cache/git-repos/https%3A%2F%2Fgithub.com%2Fhavarnov%2FQuickJsWasm.Net'...
[INFO] running `Command { std: "git" "rev-parse" "HEAD", kill_on_drop: false }`
[INFO] [stdout] 78ec1a77a1db0dec19d74f62a379d5fb0d5f3870
[INFO] testing havarnov/QuickJsWasm.Net against 1.98.0-beta.1 for beta-1.98-2
[INFO] running `Command { std: "git" "clone" "/workspace/cache/git-repos/https%3A%2F%2Fgithub.com%2Fhavarnov%2FQuickJsWasm.Net" "/workspace/builds/worker-3-tc2/source", kill_on_drop: false }`
[INFO] [stderr] Cloning into '/workspace/builds/worker-3-tc2/source'...
[INFO] [stderr] done.
[INFO] started tweaking git repo https://github.com/havarnov/QuickJsWasm.Net
[INFO] finished tweaking git repo https://github.com/havarnov/QuickJsWasm.Net
[INFO] tweaked toml for git repo https://github.com/havarnov/QuickJsWasm.Net written to /workspace/builds/worker-3-tc2/source/Cargo.toml
[INFO] validating manifest of git repo https://github.com/havarnov/QuickJsWasm.Net on toolchain 1.98.0-beta.1
[INFO] running `Command { std: CARGO_HOME="/workspace/cargo-home" RUSTUP_HOME="/workspace/rustup-home" "/workspace/cargo-home/bin/cargo" "+1.98.0-beta.1" "metadata" "--manifest-path" "Cargo.toml" "--no-deps", kill_on_drop: false }`
[INFO] crate git repo https://github.com/havarnov/QuickJsWasm.Net already has a lockfile, it will not be regenerated
[INFO] running `Command { std: CARGO_HOME="/workspace/cargo-home" RUSTUP_HOME="/workspace/rustup-home" "/workspace/cargo-home/bin/cargo" "+1.98.0-beta.1" "fetch" "--manifest-path" "Cargo.toml", kill_on_drop: false }`
[INFO] [stderr]     Blocking waiting for file lock on package cache
[INFO] [stderr]     Blocking waiting for file lock on package cache
[ERROR] error running command: no output for 300 seconds
[INFO] testing havarnov/QuickJsWasm.Net against 1.98.0-beta.1 for beta-1.98-2
[INFO] running `Command { std: "git" "clone" "/workspace/cache/git-repos/https%3A%2F%2Fgithub.com%2Fhavarnov%2FQuickJsWasm.Net" "/workspace/builds/worker-3-tc2/source", kill_on_drop: false }`
[INFO] [stderr] Cloning into '/workspace/builds/worker-3-tc2/source'...
[INFO] [stderr] done.
[INFO] started tweaking git repo https://github.com/havarnov/QuickJsWasm.Net
[INFO] finished tweaking git repo https://github.com/havarnov/QuickJsWasm.Net
[INFO] tweaked toml for git repo https://github.com/havarnov/QuickJsWasm.Net written to /workspace/builds/worker-3-tc2/source/Cargo.toml
[INFO] validating manifest of git repo https://github.com/havarnov/QuickJsWasm.Net on toolchain 1.98.0-beta.1
[INFO] running `Command { std: CARGO_HOME="/workspace/cargo-home" RUSTUP_HOME="/workspace/rustup-home" "/workspace/cargo-home/bin/cargo" "+1.98.0-beta.1" "metadata" "--manifest-path" "Cargo.toml" "--no-deps", kill_on_drop: false }`
[INFO] crate git repo https://github.com/havarnov/QuickJsWasm.Net already has a lockfile, it will not be regenerated
[INFO] running `Command { std: CARGO_HOME="/workspace/cargo-home" RUSTUP_HOME="/workspace/rustup-home" "/workspace/cargo-home/bin/cargo" "+1.98.0-beta.1" "fetch" "--manifest-path" "Cargo.toml", kill_on_drop: false }`
[INFO] [stderr]     Blocking waiting for file lock on package cache
[INFO] [stderr]     Blocking waiting for file lock on package cache
[ERROR] error running command: no output for 300 seconds
[INFO] testing havarnov/QuickJsWasm.Net against 1.98.0-beta.1 for beta-1.98-2
[INFO] running `Command { std: "git" "clone" "/workspace/cache/git-repos/https%3A%2F%2Fgithub.com%2Fhavarnov%2FQuickJsWasm.Net" "/workspace/builds/worker-3-tc2/source", kill_on_drop: false }`
[INFO] [stderr] Cloning into '/workspace/builds/worker-3-tc2/source'...
[INFO] [stderr] done.
[INFO] started tweaking git repo https://github.com/havarnov/QuickJsWasm.Net
[INFO] finished tweaking git repo https://github.com/havarnov/QuickJsWasm.Net
[INFO] tweaked toml for git repo https://github.com/havarnov/QuickJsWasm.Net written to /workspace/builds/worker-3-tc2/source/Cargo.toml
[INFO] validating manifest of git repo https://github.com/havarnov/QuickJsWasm.Net on toolchain 1.98.0-beta.1
[INFO] running `Command { std: CARGO_HOME="/workspace/cargo-home" RUSTUP_HOME="/workspace/rustup-home" "/workspace/cargo-home/bin/cargo" "+1.98.0-beta.1" "metadata" "--manifest-path" "Cargo.toml" "--no-deps", kill_on_drop: false }`
[INFO] crate git repo https://github.com/havarnov/QuickJsWasm.Net already has a lockfile, it will not be regenerated
[INFO] running `Command { std: CARGO_HOME="/workspace/cargo-home" RUSTUP_HOME="/workspace/rustup-home" "/workspace/cargo-home/bin/cargo" "+1.98.0-beta.1" "fetch" "--manifest-path" "Cargo.toml", kill_on_drop: false }`
[INFO] [stderr]     Blocking waiting for file lock on package cache
[INFO] [stderr]     Blocking waiting for file lock on package cache
[ERROR] error running command: no output for 300 seconds
[INFO] testing havarnov/QuickJsWasm.Net against 1.98.0-beta.1 for beta-1.98-2
[INFO] running `Command { std: "git" "clone" "/workspace/cache/git-repos/https%3A%2F%2Fgithub.com%2Fhavarnov%2FQuickJsWasm.Net" "/workspace/builds/worker-3-tc2/source", kill_on_drop: false }`
[INFO] [stderr] Cloning into '/workspace/builds/worker-3-tc2/source'...
[INFO] [stderr] done.
[INFO] started tweaking git repo https://github.com/havarnov/QuickJsWasm.Net
[INFO] finished tweaking git repo https://github.com/havarnov/QuickJsWasm.Net
[INFO] tweaked toml for git repo https://github.com/havarnov/QuickJsWasm.Net written to /workspace/builds/worker-3-tc2/source/Cargo.toml
[INFO] validating manifest of git repo https://github.com/havarnov/QuickJsWasm.Net on toolchain 1.98.0-beta.1
[INFO] running `Command { std: CARGO_HOME="/workspace/cargo-home" RUSTUP_HOME="/workspace/rustup-home" "/workspace/cargo-home/bin/cargo" "+1.98.0-beta.1" "metadata" "--manifest-path" "Cargo.toml" "--no-deps", kill_on_drop: false }`
[INFO] crate git repo https://github.com/havarnov/QuickJsWasm.Net already has a lockfile, it will not be regenerated
[INFO] running `Command { std: CARGO_HOME="/workspace/cargo-home" RUSTUP_HOME="/workspace/rustup-home" "/workspace/cargo-home/bin/cargo" "+1.98.0-beta.1" "fetch" "--manifest-path" "Cargo.toml", kill_on_drop: false }`
[INFO] [stderr]     Blocking waiting for file lock on package cache
[INFO] [stderr]     Blocking waiting for file lock on package cache
[ERROR] error running command: no output for 300 seconds
[INFO] testing havarnov/QuickJsWasm.Net against 1.98.0-beta.1 for beta-1.98-2
[INFO] running `Command { std: "git" "clone" "/workspace/cache/git-repos/https%3A%2F%2Fgithub.com%2Fhavarnov%2FQuickJsWasm.Net" "/workspace/builds/worker-3-tc2/source", kill_on_drop: false }`
[INFO] [stderr] Cloning into '/workspace/builds/worker-3-tc2/source'...
[INFO] [stderr] done.
[INFO] started tweaking git repo https://github.com/havarnov/QuickJsWasm.Net
[INFO] finished tweaking git repo https://github.com/havarnov/QuickJsWasm.Net
[INFO] tweaked toml for git repo https://github.com/havarnov/QuickJsWasm.Net written to /workspace/builds/worker-3-tc2/source/Cargo.toml
[INFO] validating manifest of git repo https://github.com/havarnov/QuickJsWasm.Net on toolchain 1.98.0-beta.1
[INFO] running `Command { std: CARGO_HOME="/workspace/cargo-home" RUSTUP_HOME="/workspace/rustup-home" "/workspace/cargo-home/bin/cargo" "+1.98.0-beta.1" "metadata" "--manifest-path" "Cargo.toml" "--no-deps", kill_on_drop: false }`
[INFO] crate git repo https://github.com/havarnov/QuickJsWasm.Net already has a lockfile, it will not be regenerated
[INFO] running `Command { std: CARGO_HOME="/workspace/cargo-home" RUSTUP_HOME="/workspace/rustup-home" "/workspace/cargo-home/bin/cargo" "+1.98.0-beta.1" "fetch" "--manifest-path" "Cargo.toml", kill_on_drop: false }`
[INFO] [stderr]     Blocking waiting for file lock on package cache
[INFO] [stderr]     Blocking waiting for file lock on package cache
[INFO] [stderr]  Downloading crates ...
[INFO] [stderr]   Downloaded wit-bindgen v0.30.0
[INFO] [stderr]   Downloaded wit-bindgen-rust-macro v0.30.0
[INFO] [stderr]   Downloaded wit-parser v0.215.0
[INFO] [stderr]   Downloaded wit-bindgen-rust v0.30.0
[INFO] [stderr]   Downloaded cranelift-codegen-shared v0.128.4
[INFO] [stderr]   Downloaded wiggle v41.0.4
[INFO] [stderr]   Downloaded toml_writer v1.1.1+spec-1.1.0
[INFO] [stderr]   Downloaded witx v0.9.1
[INFO] [stderr]   Downloaded wat v1.247.0
[INFO] [stderr]   Downloaded wasmtime-internal-component-util v41.0.4
[INFO] [stderr]   Downloaded wasmtime-internal-jit-icache-coherence v41.0.4
[INFO] [stderr]   Downloaded leb128 v0.2.6
[INFO] [stderr]   Downloaded wit-bindgen-rt v0.30.0
[INFO] [stderr]   Downloaded cranelift-bitset v0.128.4
[INFO] [stderr]   Downloaded cranelift-srcgen v0.128.4
[INFO] [stderr]   Downloaded wasmtime-internal-jit-debug v41.0.4
[INFO] [stderr]   Downloaded pulley-macros v41.0.4
[INFO] [stderr]   Downloaded wasmtime-internal-versioned-export-macros v41.0.4
[INFO] [stderr]   Downloaded cranelift-native v0.128.4
[INFO] [stderr]   Downloaded wasm-metadata v0.215.0
[INFO] [stderr]   Downloaded cranelift-control v0.128.4
[INFO] [stderr]   Downloaded wasmtime-internal-slab v41.0.4
[INFO] [stderr]   Downloaded serde_spanned v1.1.1
[INFO] [stderr]   Downloaded rquickjs v0.11.0
[INFO] [stderr]   Downloaded wiggle-macro v41.0.4
[INFO] [stderr]   Downloaded wasmtime-internal-winch v41.0.4
[INFO] [stderr]   Downloaded wasmtime-internal-math v41.0.4
[INFO] [stderr]   Downloaded cranelift-assembler-x64 v0.128.4
[INFO] [stderr]   Downloaded cranelift-bforest v0.128.4
[INFO] [stderr]   Downloaded wasmtime-internal-fiber v41.0.4
[INFO] [stderr]   Downloaded ittapi v0.4.0
[INFO] [stderr]   Downloaded cranelift-assembler-x64-meta v0.128.4
[INFO] [stderr]   Downloaded wit-bindgen-core v0.30.0
[INFO] [stderr]   Downloaded wiggle-generate v41.0.4
[INFO] [stderr]   Downloaded cranelift-entity v0.128.4
[INFO] [stderr]   Downloaded wasmtime-internal-cache v41.0.4
[INFO] [stderr]   Downloaded relative-path v2.0.1
[INFO] [stderr]   Downloaded wasmprinter v0.243.0
[INFO] [stderr]   Downloaded wasmtime-internal-wit-bindgen v41.0.4
[INFO] [stderr]   Downloaded wasmtime-wasi-io v41.0.4
[INFO] [stderr]   Downloaded wasmtime-internal-unwinder v41.0.4
[INFO] [stderr]   Downloaded fxprof-processed-profile v0.8.1
[INFO] [stderr]   Downloaded pulley-interpreter v41.0.4
[INFO] [stderr]   Downloaded wasm-encoder v0.215.0
[INFO] [stderr]   Downloaded wast v35.0.2
[INFO] [stderr]   Downloaded cranelift-isle v0.128.4
[INFO] [stderr]   Downloaded cranelift-frontend v0.128.4
[INFO] [stderr]   Downloaded wasm-compose v0.243.0
[INFO] [stderr]   Downloaded wit-component v0.215.0
[INFO] [stderr]   Downloaded cc v1.2.61
[INFO] [stderr]   Downloaded cranelift-codegen-meta v0.128.4
[INFO] [stderr]   Downloaded winx v0.36.4
[INFO] [stderr]   Downloaded rquickjs-core v0.11.0
[INFO] [stderr]   Downloaded regalloc2 v0.13.5
[INFO] [stderr]   Downloaded wit-parser v0.243.0
[INFO] [stderr]   Downloaded system-interface v0.27.3
[INFO] [stderr]   Downloaded cap-time-ext v3.4.5
[INFO] [stderr]   Downloaded winch-codegen v41.0.4
[INFO] [stderr]   Downloaded io-lifetimes v2.0.4
[INFO] [stderr]   Downloaded ittapi-sys v0.4.0
[INFO] [stderr]   Downloaded io-extras v0.18.4
[INFO] [stderr]   Downloaded maybe-owned v0.3.4
[INFO] [stderr]   Downloaded fs-set-times v0.20.3
[INFO] [stderr]   Downloaded ambient-authority v0.0.2
[INFO] [stderr]   Downloaded cap-fs-ext v3.4.5
[INFO] [stderr]   Downloaded wast v247.0.0
[INFO] [stderr]   Downloaded cap-rand v3.4.5
[INFO] [stderr]   Downloaded im-rc v15.1.0
[INFO] [stderr]   Downloaded cap-std v3.4.5
[INFO] [stderr]   Downloaded rustix-linux-procfs v0.1.1
[INFO] [stderr]   Downloaded wasmtime-wasi v41.0.4
[INFO] [stderr]   Downloaded winnow v1.0.2
[INFO] [stderr]   Downloaded cap-primitives v3.4.5
[INFO] [stderr]   Downloaded wasmparser v0.215.0
[INFO] [stderr]   Downloaded cap-net-ext v3.4.5
[INFO] [stderr]   Downloaded wasmtime-internal-cranelift v41.0.4
[INFO] [stderr]   Downloaded wasmtime-environ v41.0.4
[INFO] [stderr]   Downloaded wasmtime-internal-component-macro v41.0.4
[INFO] [stderr]   Downloaded csbindgen v1.9.7
[INFO] [stderr]   Downloaded rquickjs-sys v0.11.0
[INFO] [stderr]   Downloaded spdx v0.10.9
[INFO] [stderr]   Downloaded wasmtime v41.0.4
[INFO] [stderr]   Downloaded cranelift-codegen v0.128.4
[INFO] running `Command { std: "docker" "create" "-v" "/var/lib/crater-agent-workspace/builds/worker-3-tc2/source:/opt/rustwide/workdir:ro,Z" "-v" "/var/lib/crater-agent-workspace/builds/worker-3-tc2/target:/opt/rustwide/target:rw,Z" "-v" "/var/lib/crater-agent-workspace/cargo-home:/opt/rustwide/cargo-home:ro,Z" "-v" "/var/lib/crater-agent-workspace/rustup-home:/opt/rustwide/rustup-home:ro,Z" "-m" "1610612736" "--network" "none" "ghcr.io/rust-lang/crates-build-env/linux@sha256:3d5ced03c013a94a2f102a4510f48a6e9184255caf5fd8244f58017bde7f5210" "sleep" "infinity", kill_on_drop: false }`
[INFO] [stdout] f8a34798bbc98ab84f00cff63677b52b932d496deb96eac5890064ee0a02abae
[INFO] running `Command { std: "docker" "start" "f8a34798bbc98ab84f00cff63677b52b932d496deb96eac5890064ee0a02abae", kill_on_drop: false }`
[INFO] running `Command { std: "docker" "inspect" "f8a34798bbc98ab84f00cff63677b52b932d496deb96eac5890064ee0a02abae", kill_on_drop: false }`
[INFO] running `Command { std: "docker" "exec" "-e" "SOURCE_DIR=/opt/rustwide/workdir" "-e" "CARGO_HOME=/opt/rustwide/cargo-home" "-e" "RUSTUP_HOME=/opt/rustwide/rustup-home" "-e" "CARGO_TARGET_DIR=/opt/rustwide/target" "-w" "/opt/rustwide/workdir" "--user" "0:0" "f8a34798bbc98ab84f00cff63677b52b932d496deb96eac5890064ee0a02abae" "/opt/rustwide/cargo-home/bin/cargo" "+1.98.0-beta.1" "metadata" "--no-deps" "--format-version=1", kill_on_drop: false }`
[INFO] running `Command { std: "docker" "inspect" "f8a34798bbc98ab84f00cff63677b52b932d496deb96eac5890064ee0a02abae", kill_on_drop: false }`
[INFO] running `Command { std: "docker" "exec" "-e" "SOURCE_DIR=/opt/rustwide/workdir" "-e" "CARGO_HOME=/opt/rustwide/cargo-home" "-e" "RUSTUP_HOME=/opt/rustwide/rustup-home" "-e" "CARGO_TARGET_DIR=/opt/rustwide/target" "-e" "CARGO_INCREMENTAL=0" "-e" "RUST_BACKTRACE=full" "-e" "RUSTFLAGS=--cap-lints=warn" "-e" "RUSTDOCFLAGS=--cap-lints=warn" "-w" "/opt/rustwide/workdir" "--user" "0:0" "f8a34798bbc98ab84f00cff63677b52b932d496deb96eac5890064ee0a02abae" "/opt/rustwide/cargo-home/bin/cargo" "+1.98.0-beta.1" "build" "--frozen" "--message-format=json", kill_on_drop: false }`
[INFO] [stderr]    Compiling hashbrown v0.17.0
[INFO] [stderr]    Compiling bitflags v2.11.1
[INFO] [stderr]    Compiling jobserver v0.1.34
[INFO] [stderr]    Compiling heck v0.5.0
[INFO] [stderr]    Compiling serde v1.0.228
[INFO] [stderr]    Compiling rustix v1.1.4
[INFO] [stderr]    Compiling linux-raw-sys v0.12.1
[INFO] [stderr]    Compiling cc v1.2.61
[INFO] [stderr]    Compiling semver v1.0.28
[INFO] [stderr]    Compiling cranelift-srcgen v0.128.4
[INFO] [stderr]    Compiling hashbrown v0.15.5
[INFO] [stderr]    Compiling serde_json v1.0.149
[INFO] [stderr]    Compiling smallvec v1.15.1
[INFO] [stderr]    Compiling cranelift-bitset v0.128.4
[INFO] [stderr]    Compiling indexmap v2.14.0
[INFO] [stderr]    Compiling cranelift-assembler-x64-meta v0.128.4
[INFO] [stderr]    Compiling pulley-macros v41.0.4
[INFO] [stderr]    Compiling target-lexicon v0.13.5
[INFO] [stderr]    Compiling id-arena v2.3.0
[INFO] [stderr]    Compiling leb128fmt v0.1.0
[INFO] [stderr]    Compiling wasmparser v0.243.0
[INFO] [stderr]    Compiling cranelift-entity v0.128.4
[INFO] [stderr]    Compiling bumpalo v3.20.2
[INFO] [stderr]    Compiling wasmtime-internal-versioned-export-macros v41.0.4
[INFO] [stderr]    Compiling leb128 v0.2.6
[INFO] [stderr]    Compiling crc32fast v1.5.0
[INFO] [stderr]    Compiling cranelift-isle v0.128.4
[INFO] [stderr]    Compiling pulley-interpreter v41.0.4
[INFO] [stderr]    Compiling gimli v0.32.3
[INFO] [stderr]    Compiling ahash v0.8.12
[INFO] [stderr]    Compiling object v0.37.3
[INFO] [stderr]    Compiling cranelift-codegen-shared v0.128.4
[INFO] [stderr]    Compiling wasm-encoder v0.243.0
[INFO] [stderr]    Compiling getrandom v0.2.17
[INFO] [stderr]    Compiling io-lifetimes v2.0.4
[INFO] [stderr]    Compiling cpp_demangle v0.4.5
[INFO] [stderr]    Compiling rustc-hash v2.1.2
[INFO] [stderr]    Compiling once_cell v1.21.4
[INFO] [stderr]    Compiling zstd-sys v2.0.16+zstd.1.5.7
[INFO] [stderr]    Compiling cranelift-assembler-x64 v0.128.4
[INFO] [stderr]    Compiling rand_core v0.6.4
[INFO] [stderr]    Compiling wasmtime-internal-math v41.0.4
[INFO] [stderr]    Compiling cobs v0.3.0
[INFO] [stderr]    Compiling termcolor v1.4.1
[INFO] [stderr]    Compiling arbitrary v1.4.2
[INFO] [stderr]    Compiling wasmtime-internal-component-util v41.0.4
[INFO] [stderr]    Compiling cranelift-codegen-meta v0.128.4
[INFO] [stderr]    Compiling crossbeam-utils v0.8.21
[INFO] [stderr]    Compiling postcard v1.1.3
[INFO] [stderr]    Compiling cranelift-control v0.128.4
[INFO] [stderr] error: could not compile `wasmparser` (lib)
[INFO] [stderr] 
[INFO] [stderr] Caused by:
[INFO] [stderr]   process didn't exit successfully: `/opt/rustwide/rustup-home/toolchains/1.98.0-beta.1-x86_64-unknown-linux-gnu/bin/rustc --crate-name wasmparser --edition=2021 /opt/rustwide/cargo-home/registry/src/index.crates.io-1949cf8c6b5b557f/wasmparser-0.243.0/src/lib.rs --error-format=json --json=diagnostic-rendered-ansi,artifacts,future-incompat --crate-type lib --emit=dep-info,metadata,link -C embed-bitcode=no -C debuginfo=2 '--allow=clippy::all' --warn=unused_import_braces --warn=unused_extern_crates --warn=unused-macro-rules --warn=unused-lifetimes --warn=unstable_features --deny=unsafe_code --warn=unsafe-op-in-unsafe-fn --warn=unsafe-attr-outside-unsafe '--warn=clippy::unnecessary_to_owned' '--warn=clippy::unnecessary_mut_passed' '--warn=clippy::unnecessary_fallible_conversions' '--warn=clippy::unnecessary_cast' '--warn=clippy::uninlined_format_args' --warn=unexpected_cfgs --warn=rust-2024-prelude-collisions --warn=rust-2024-incompatible-pat --warn=rust-2024-guarded-string-incompatible-syntax --warn=missing-unsafe-on-extern '--warn=clippy::map_clone' '--warn=clippy::manual_strip' --warn=keyword_idents_2024 --warn=deprecated-safe-2024 '--warn=clippy::clone_on_copy' '--warn=clippy::allow_attributes_without_reason' --check-cfg 'cfg(fuzzing)' --cfg 'feature="component-model"' --cfg 'feature="features"' --cfg 'feature="serde"' --cfg 'feature="simd"' --cfg 'feature="std"' --cfg 'feature="validate"' --check-cfg 'cfg(docsrs,test)' --check-cfg 'cfg(feature, values("component-model", "default", "features", "hash-collections", "prefer-btree-collections", "serde", "simd", "std", "validate"))' -C metadata=7faec599a9cc8498 -C extra-filename=-5b757bcdc609e58f --out-dir /opt/rustwide/target/debug/deps -L dependency=/opt/rustwide/target/debug/deps --extern bitflags=/opt/rustwide/target/debug/deps/libbitflags-db7b9c0337a7ee76.rmeta --extern semver=/opt/rustwide/target/debug/deps/libsemver-b561e2691c1149cc.rmeta --extern serde=/opt/rustwide/target/debug/deps/libserde-243f950081e30d70.rmeta --cap-lints allow --cap-lints=warn --cfg core_error --check-cfg 'cfg(core_error)'` (signal: 9, SIGKILL: kill)
[INFO] [stderr] warning: build failed, waiting for other jobs to finish...
[INFO] [stderr] error: could not compile `rustix` (lib)
[INFO] [stderr] 
[INFO] [stderr] Caused by:
[INFO] [stderr]   process didn't exit successfully: `/opt/rustwide/rustup-home/toolchains/1.98.0-beta.1-x86_64-unknown-linux-gnu/bin/rustc --crate-name rustix --edition=2021 /opt/rustwide/cargo-home/registry/src/index.crates.io-1949cf8c6b5b557f/rustix-1.1.4/src/lib.rs --error-format=json --json=diagnostic-rendered-ansi,artifacts,future-incompat --crate-type lib --emit=dep-info,metadata,link -C embed-bitcode=no -C debuginfo=2 --warn=unexpected_cfgs --check-cfg 'cfg(alloc_c_string)' --check-cfg 'cfg(alloc_ffi)' --check-cfg 'cfg(apple)' --check-cfg 'cfg(asm_experimental_arch)' --check-cfg 'cfg(bsd)' --check-cfg 'cfg(core_c_str)' --check-cfg 'cfg(core_ffi_c)' --check-cfg 'cfg(core_intrinsics)' --check-cfg 'cfg(criterion)' --check-cfg 'cfg(document_experimental_runtime_api)' --check-cfg 'cfg(error_in_core)' --check-cfg 'cfg(fix_y2038)' --check-cfg 'cfg(freebsdlike)' --check-cfg 'cfg(libc)' --check-cfg 'cfg(linux_kernel)' --check-cfg 'cfg(linux_like)' --check-cfg 'cfg(linux_raw)' --check-cfg 'cfg(linux_raw_dep)' --check-cfg 'cfg(lower_upper_exp_for_non_zero)' --check-cfg 'cfg(sanitize_memory)' --check-cfg 'cfg(netbsdlike)' --check-cfg 'cfg(rustc_attrs)' --check-cfg 'cfg(rustc_diagnostics)' --check-cfg 'cfg(solarish)' --check-cfg 'cfg(staged_api)' --check-cfg 'cfg(static_assertions)' --check-cfg 'cfg(thumb_mode)' --check-cfg 'cfg(wasi)' --check-cfg 'cfg(wasi_ext)' --check-cfg 'cfg(wasip2)' --check-cfg 'cfg(target_arch, values("xtensa"))' --check-cfg 'cfg(target_os, values("cygwin"))' --cfg 'feature="alloc"' --cfg 'feature="default"' --cfg 'feature="event"' --cfg 'feature="fs"' --cfg 'feature="mm"' --cfg 'feature="net"' --cfg 'feature="param"' --cfg 'feature="process"' --cfg 'feature="std"' --cfg 'feature="termios"' --cfg 'feature="thread"' --cfg 'feature="time"' --check-cfg 'cfg(docsrs,test)' --check-cfg 'cfg(feature, values("all-apis", "alloc", "core", "default", "event", "fs", "io_uring", "libc", "libc_errno", "linux_4_11", "linux_5_1", "linux_5_11", "linux_latest", "mm", "mount", "net", "param", "pipe", "process", "pty", "rand", "runtime", "rustc-dep-of-std", "rustc-std-workspace-alloc", "shm", "std", "stdio", "system", "termios", "thread", "time", "try_close", "use-explicitly-provided-auxv", "use-libc", "use-libc-auxv"))' -C metadata=9c70dc83d5bb75df -C extra-filename=-d8ff8a65e79b0aa4 --out-dir /opt/rustwide/target/debug/deps -L dependency=/opt/rustwide/target/debug/deps --extern bitflags=/opt/rustwide/target/debug/deps/libbitflags-db7b9c0337a7ee76.rmeta --extern linux_raw_sys=/opt/rustwide/target/debug/deps/liblinux_raw_sys-164df98bd2f562d8.rmeta --cap-lints allow --cap-lints=warn --cfg static_assertions --cfg lower_upper_exp_for_non_zero --cfg rustc_diagnostics --cfg linux_raw_dep --cfg linux_raw --cfg linux_like --cfg linux_kernel` (signal: 9, SIGKILL: kill)
[INFO] running `Command { std: "docker" "inspect" "f8a34798bbc98ab84f00cff63677b52b932d496deb96eac5890064ee0a02abae", kill_on_drop: false }`
[INFO] running `Command { std: "docker" "rm" "-f" "f8a34798bbc98ab84f00cff63677b52b932d496deb96eac5890064ee0a02abae", kill_on_drop: false }`
[INFO] [stdout] f8a34798bbc98ab84f00cff63677b52b932d496deb96eac5890064ee0a02abae
