[INFO] cloning repository https://github.com/hatlabs/HALPI2-firmware
[INFO] running `Command { std: "git" "-c" "credential.helper=" "-c" "credential.helper=/workspace/cargo-home/bin/git-credential-null" "clone" "--bare" "https://github.com/hatlabs/HALPI2-firmware" "/workspace/cache/git-repos/https%3A%2F%2Fgithub.com%2Fhatlabs%2FHALPI2-firmware", kill_on_drop: false }`
[INFO] [stderr] Cloning into bare repository '/workspace/cache/git-repos/https%3A%2F%2Fgithub.com%2Fhatlabs%2FHALPI2-firmware'...
[INFO] running `Command { std: "git" "rev-parse" "HEAD", kill_on_drop: false }`
[INFO] [stdout] be8d172875a238d39450a01c4f45c225ff6e8c1e
[INFO] testing hatlabs/HALPI2-firmware against 1.98.0-beta.1 for beta-1.98-2
[INFO] running `Command { std: "git" "clone" "/workspace/cache/git-repos/https%3A%2F%2Fgithub.com%2Fhatlabs%2FHALPI2-firmware" "/workspace/builds/worker-3-tc2/source", kill_on_drop: false }`
[INFO] [stderr] Cloning into '/workspace/builds/worker-3-tc2/source'...
[INFO] [stderr] done.
[INFO] removed /workspace/builds/worker-3-tc2/source/.cargo/config.toml
[INFO] started tweaking git repo https://github.com/hatlabs/HALPI2-firmware
[INFO] finished tweaking git repo https://github.com/hatlabs/HALPI2-firmware
[INFO] tweaked toml for git repo https://github.com/hatlabs/HALPI2-firmware written to /workspace/builds/worker-3-tc2/source/Cargo.toml
[INFO] validating manifest of git repo https://github.com/hatlabs/HALPI2-firmware on toolchain 1.98.0-beta.1
[INFO] running `Command { std: CARGO_HOME="/workspace/cargo-home" RUSTUP_HOME="/workspace/rustup-home" "/workspace/cargo-home/bin/cargo" "+1.98.0-beta.1" "metadata" "--manifest-path" "Cargo.toml" "--no-deps", kill_on_drop: false }`
[INFO] crate git repo https://github.com/hatlabs/HALPI2-firmware already has a lockfile, it will not be regenerated
[INFO] running `Command { std: CARGO_HOME="/workspace/cargo-home" RUSTUP_HOME="/workspace/rustup-home" "/workspace/cargo-home/bin/cargo" "+1.98.0-beta.1" "fetch" "--manifest-path" "Cargo.toml", kill_on_drop: false }`
[INFO] running `Command { std: "docker" "create" "-v" "/var/lib/crater-agent-workspace/builds/worker-3-tc2/source:/opt/rustwide/workdir:ro,Z" "-v" "/var/lib/crater-agent-workspace/builds/worker-3-tc2/target:/opt/rustwide/target:rw,Z" "-v" "/var/lib/crater-agent-workspace/cargo-home:/opt/rustwide/cargo-home:ro,Z" "-v" "/var/lib/crater-agent-workspace/rustup-home:/opt/rustwide/rustup-home:ro,Z" "-m" "1610612736" "--network" "none" "ghcr.io/rust-lang/crates-build-env/linux@sha256:3d5ced03c013a94a2f102a4510f48a6e9184255caf5fd8244f58017bde7f5210" "sleep" "infinity", kill_on_drop: false }`
[INFO] [stdout] 5c1604178f981dc559824d8843e0111794e18bc7234859e7cd13e622cf88f6af
[INFO] running `Command { std: "docker" "start" "5c1604178f981dc559824d8843e0111794e18bc7234859e7cd13e622cf88f6af", kill_on_drop: false }`
[INFO] running `Command { std: "docker" "inspect" "5c1604178f981dc559824d8843e0111794e18bc7234859e7cd13e622cf88f6af", kill_on_drop: false }`
[INFO] running `Command { std: "docker" "exec" "-e" "SOURCE_DIR=/opt/rustwide/workdir" "-e" "CARGO_HOME=/opt/rustwide/cargo-home" "-e" "RUSTUP_HOME=/opt/rustwide/rustup-home" "-e" "CARGO_TARGET_DIR=/opt/rustwide/target" "-w" "/opt/rustwide/workdir" "--user" "0:0" "5c1604178f981dc559824d8843e0111794e18bc7234859e7cd13e622cf88f6af" "/opt/rustwide/cargo-home/bin/cargo" "+1.98.0-beta.1" "metadata" "--no-deps" "--format-version=1", kill_on_drop: false }`
[INFO] running `Command { std: "docker" "inspect" "5c1604178f981dc559824d8843e0111794e18bc7234859e7cd13e622cf88f6af", kill_on_drop: false }`
[INFO] running `Command { std: "docker" "exec" "-e" "SOURCE_DIR=/opt/rustwide/workdir" "-e" "CARGO_HOME=/opt/rustwide/cargo-home" "-e" "RUSTUP_HOME=/opt/rustwide/rustup-home" "-e" "CARGO_TARGET_DIR=/opt/rustwide/target" "-e" "CARGO_INCREMENTAL=0" "-e" "RUST_BACKTRACE=full" "-e" "RUSTFLAGS=--cap-lints=warn" "-e" "RUSTDOCFLAGS=--cap-lints=warn" "-w" "/opt/rustwide/workdir" "--user" "0:0" "5c1604178f981dc559824d8843e0111794e18bc7234859e7cd13e622cf88f6af" "/opt/rustwide/cargo-home/bin/cargo" "+1.98.0-beta.1" "build" "--frozen" "--message-format=json", kill_on_drop: false }`
[INFO] [stderr]    Compiling proc-macro2 v1.0.97
[INFO] [stderr]    Compiling unicode-ident v1.0.18
[INFO] [stderr]    Compiling typenum v1.18.0
[INFO] [stderr]    Compiling version_check v0.9.5
[INFO] [stderr]    Compiling defmt v1.0.1
[INFO] [stderr]    Compiling autocfg v1.5.0
[INFO] [stderr]    Compiling cortex-m v0.7.7
[INFO] [stderr]    Compiling libc v0.2.175
[INFO] [stderr]    Compiling thiserror v2.0.14
[INFO] [stderr]    Compiling defmt-macros v1.0.1
[INFO] [stderr]    Compiling rustversion v1.0.22
[INFO] [stderr]    Compiling semver-parser v0.7.0
[INFO] [stderr]    Compiling nb v1.1.0
[INFO] [stderr]    Compiling critical-section v1.2.0
[INFO] [stderr]    Compiling bitflags v1.3.2
[INFO] [stderr]    Compiling memchr v2.7.5
[INFO] [stderr]    Compiling nb v0.1.3
[INFO] [stderr]    Compiling parking_lot_core v0.9.11
[INFO] [stderr]    Compiling void v1.0.2
[INFO] [stderr]    Compiling regex-syntax v0.8.5
[INFO] [stderr]    Compiling embedded-hal v0.2.7
[INFO] [stderr]    Compiling scopeguard v1.2.0
[INFO] [stderr]    Compiling vcell v0.1.3
[INFO] [stderr]    Compiling smallvec v1.15.1
[INFO] [stderr]    Compiling cfg-if v1.0.1
[INFO] [stderr]    Compiling volatile-register v0.2.2
[INFO] [stderr]    Compiling hashbrown v0.15.5
[INFO] [stderr]    Compiling bitfield v0.13.2
[INFO] [stderr]    Compiling semver v0.9.0
[INFO] [stderr]    Compiling siphasher v1.0.1
[INFO] [stderr]    Compiling equivalent v1.0.2
[INFO] [stderr]    Compiling new_debug_unreachable v1.0.6
[INFO] [stderr]    Compiling either v1.15.0
[INFO] [stderr]    Compiling phf_shared v0.11.3
[INFO] [stderr]    Compiling same-file v1.0.6
[INFO] [stderr]    Compiling litrs v0.4.2
[INFO] [stderr]    Compiling cortex-m-rt v0.7.5
[INFO] [stderr]    Compiling lock_api v0.4.13
[INFO] [stderr]    Compiling term v1.1.0
[INFO] [stderr]    Compiling fixedbitset v0.5.7
[INFO] [stderr]    Compiling keccak v0.1.5
[INFO] [stderr]    Compiling rustc_version v0.2.3
[INFO] [stderr]    Compiling generic-array v0.14.7
[INFO] [stderr]    Compiling paste v1.0.15
[INFO] [stderr]    Compiling precomputed-hash v0.1.1
[INFO] [stderr]    Compiling log v0.4.27
[INFO] [stderr]    Compiling bit-vec v0.8.0
[INFO] [stderr]    Compiling bare-metal v0.2.5
[INFO] [stderr]    Compiling ena v0.14.3
[INFO] [stderr]    Compiling itertools v0.14.0
[INFO] [stderr]    Compiling walkdir v2.5.0
[INFO] [stderr]    Compiling aho-corasick v1.1.3
[INFO] [stderr]    Compiling quote v1.0.40
[INFO] [stderr]    Compiling ascii-canvas v4.0.0
[INFO] [stderr]    Compiling document-features v0.2.11
[INFO] [stderr]    Compiling bit-set v0.8.0
[INFO] [stderr]    Compiling strsim v0.11.1
[INFO] [stderr]    Compiling ident_case v1.0.1
[INFO] [stderr]    Compiling pico-args v0.5.0
[INFO] [stderr]    Compiling syn v2.0.105
[INFO] [stderr]    Compiling heapless v0.8.0
[INFO] [stderr]    Compiling fnv v1.0.7
[INFO] [stderr]    Compiling unicode-width v0.1.14
[INFO] [stderr]    Compiling byteorder v1.5.0
[INFO] [stderr]    Compiling proc-macro-error-attr2 v2.0.0
[INFO] [stderr]    Compiling indexmap v2.10.0
[INFO] [stderr]    Compiling embedded-io-async v0.6.1
[INFO] [stderr]    Compiling unicode-xid v0.2.6
[INFO] [stderr]    Compiling embassy-time-driver v0.2.0 (https://github.com/embassy-rs/embassy?rev=c637ee7d79552d9b9bfa0c0f4199372975acc343#c637ee7d)
[INFO] [stderr]    Compiling hash32 v0.3.1
[INFO] [stderr]    Compiling num-traits v0.2.19
[INFO] [stderr]    Compiling futures-core v0.3.31
[INFO] [stderr]    Compiling pin-project-lite v0.2.16
[INFO] [stderr]    Compiling pin-utils v0.1.0
[INFO] [stderr]    Compiling parking_lot v0.12.4
[INFO] [stderr]    Compiling embedded-hal-async v1.0.0
[INFO] [stderr]    Compiling futures-task v0.3.31
[INFO] [stderr]    Compiling embedded-hal v1.0.0
[INFO] [stderr]    Compiling embedded-io v0.6.1
[INFO] [stderr]    Compiling stable_deref_trait v1.2.0
[INFO] [stderr]    Compiling bytemuck v1.23.2
[INFO] [stderr]    Compiling debug-helper v0.3.13
[INFO] [stderr]    Compiling futures-util v0.3.31
[INFO] [stderr]    Compiling arrayvec v0.7.6
[INFO] [stderr]    Compiling embedded-storage v0.3.1
[INFO] [stderr]    Compiling embassy-hal-internal v0.2.0 (https://github.com/embassy-rs/embassy?rev=c637ee7d79552d9b9bfa0c0f4199372975acc343#c637ee7d)
[INFO] [stderr]    Compiling embassy-sync v0.7.0 (https://github.com/embassy-rs/embassy?rev=c637ee7d79552d9b9bfa0c0f4199372975acc343#c637ee7d)
[INFO] [stderr]    Compiling embedded-storage-async v0.4.1
[INFO] [stderr]    Compiling crc-any v2.5.0
[INFO] [stderr]    Compiling string_cache v0.8.9
[INFO] [stderr]    Compiling az v1.2.1
[INFO] [stderr]    Compiling termcolor v1.4.1
[INFO] [stderr]    Compiling syn v1.0.109
[INFO] [stderr]    Compiling embassy-time-queue-utils v0.1.0 (https://github.com/embassy-rs/embassy?rev=c637ee7d79552d9b9bfa0c0f4199372975acc343#c637ee7d)
[INFO] [stderr]    Compiling futures-sink v0.3.31
[INFO] [stderr]    Compiling embassy-executor v0.7.0 (https://github.com/embassy-rs/embassy?rev=c637ee7d79552d9b9bfa0c0f4199372975acc343#c637ee7d)
[INFO] [stderr]    Compiling rp2040-boot2 v0.3.0
[INFO] [stderr]    Compiling rgb v0.8.52
[INFO] [stderr]    Compiling petgraph v0.7.1
[INFO] [stderr]    Compiling fixed v1.29.0
[INFO] [stderr]    Compiling atomic-polyfill v1.0.3
[INFO] [stderr]    Compiling rp-pac v7.0.0
[INFO] [stderr]    Compiling codespan-reporting v0.11.1
[INFO] [stderr]    Compiling embassy-futures v0.1.1 (https://github.com/embassy-rs/embassy?rev=c637ee7d79552d9b9bfa0c0f4199372975acc343#c637ee7d)
[INFO] [stderr]    Compiling crypto-common v0.1.6
[INFO] [stderr]    Compiling block-buffer v0.10.4
[INFO] [stderr]    Compiling regex-automata v0.4.9
[INFO] [stderr]    Compiling digest v0.10.7
[INFO] [stderr]    Compiling half v2.6.0
[INFO] [stderr]    Compiling portable-atomic v1.11.1
[INFO] [stderr]    Compiling base64 v0.13.1
[INFO] [stderr]    Compiling embassy-rp v0.4.0 (https://github.com/embassy-rs/embassy?rev=c637ee7d79552d9b9bfa0c0f4199372975acc343#c637ee7d)
[INFO] [stderr]    Compiling sha3 v0.10.8
[INFO] [stderr]    Compiling smart-leds-trait v0.3.1
[INFO] [stderr]    Compiling embedded-hal-nb v1.0.0
[INFO] [stderr]    Compiling sha2-const-stable v0.1.0
[INFO] [stderr]    Compiling smart-leds v0.4.0
[INFO] [stderr]    Compiling panic-probe v1.0.0
[INFO] [stderr]    Compiling defmt-rtt v1.0.0
[INFO] [stderr]    Compiling rand_core v0.6.4
[INFO] [stderr]    Compiling const-default v1.0.0
[INFO] [stderr]    Compiling signature v2.2.0
[INFO] [stderr]    Compiling serde v1.0.219
[INFO] [stderr]    Compiling embassy-boot-rp v0.5.0 (https://github.com/embassy-rs/embassy?rev=c637ee7d79552d9b9bfa0c0f4199372975acc343#c637ee7d)
[INFO] [stderr]    Compiling rand_core v0.9.3
[INFO] [stderr]    Compiling crc-catalog v2.4.0
[INFO] [stderr]    Compiling halpi2-rs-firmware v3.3.1 (/opt/rustwide/workdir/firmware)
[INFO] [stderr]    Compiling linked_list_allocator v0.10.5
[INFO] [stderr]    Compiling sequential-storage v4.0.3
[INFO] [stderr]    Compiling assign-resources v0.5.0
[INFO] [stderr]    Compiling crc v3.3.0
[INFO] [stderr]    Compiling static_cell v2.1.1
[INFO] [stderr]    Compiling svgbobdoc v0.3.0
[INFO] [stderr]    Compiling rlsf v0.2.1
[INFO] [stderr]    Compiling regex v1.11.1
[INFO] [stderr]    Compiling lalrpop-util v0.22.2
[INFO] [stderr]    Compiling embedded-alloc v0.6.0
[INFO] [stderr]    Compiling lalrpop v0.22.2
[INFO] [stderr]    Compiling proc-macro-error2 v2.0.1
[INFO] [stderr]    Compiling darling_core v0.20.11
[INFO] [stderr]    Compiling thiserror-impl v2.0.14
[INFO] [stderr]    Compiling num_enum_derive v0.7.4
[INFO] [stderr]    Compiling cortex-m-rt-macros v0.7.5
[INFO] [stderr]    Compiling serde_derive v1.0.219
[INFO] [stderr]    Compiling statig_macro v0.4.0 (https://github.com/mdeloof/statig?rev=cc0b4c8bedb80ca4728884812e07b880ba0010a0#cc0b4c8b)
[INFO] [stderr]    Compiling num_enum v0.7.4
[INFO] [stderr]    Compiling pio-core v0.3.0
[INFO] [stderr]    Compiling defmt-parser v1.0.0
[INFO] [stderr]    Compiling statig v0.4.0 (https://github.com/mdeloof/statig?rev=cc0b4c8bedb80ca4728884812e07b880ba0010a0#cc0b4c8b)
[INFO] [stderr]    Compiling darling_macro v0.20.11
[INFO] [stderr]    Compiling darling v0.20.11
[INFO] [stderr]    Compiling embassy-executor-macros v0.6.2 (https://github.com/embassy-rs/embassy?rev=c637ee7d79552d9b9bfa0c0f4199372975acc343#c637ee7d)
[INFO] [stderr]    Compiling embassy-time v0.4.0 (https://github.com/embassy-rs/embassy?rev=c637ee7d79552d9b9bfa0c0f4199372975acc343#c637ee7d)
[INFO] [stderr]    Compiling embassy-usb-driver v0.1.0 (https://github.com/embassy-rs/embassy?rev=c637ee7d79552d9b9bfa0c0f4199372975acc343#c637ee7d)
[INFO] [stderr]    Compiling embassy-embedded-hal v0.3.0 (https://github.com/embassy-rs/embassy?rev=c637ee7d79552d9b9bfa0c0f4199372975acc343#c637ee7d)
[INFO] [stderr]    Compiling embassy-boot v0.4.0 (https://github.com/embassy-rs/embassy?rev=c637ee7d79552d9b9bfa0c0f4199372975acc343#c637ee7d)
[INFO] [stderr]    Compiling pio-parser v0.3.0
[INFO] [stderr]    Compiling pio-proc v0.3.0
[INFO] [stderr]    Compiling pio v0.3.0
[INFO] [stdout] error: `#[panic_handler]` function required, but not found
[INFO] [stdout] 
[INFO] [stdout] 
[INFO] [stdout] error: unwinding panics are not supported without std
[INFO] [stdout]   |
[INFO] [stdout]   = help: using nightly cargo, use -Zbuild-std with panic="abort" to avoid unwinding
[INFO] [stdout]   = note: since the core library is usually precompiled with panic="unwind", rebuilding your crate with panic="abort" may not be enough to fix the problem
[INFO] [stdout] 
[INFO] [stdout] 
[INFO] [stdout] error[E0599]: no associated function or constant named `from_linkerfile` found for struct `FirmwareUpdaterConfig<DFU, STATE>` in the current scope
[INFO] [stdout]    --> firmware/src/tasks/flash_writer.rs:135:41
[INFO] [stdout]     |
[INFO] [stdout] 135 |     let config = FirmwareUpdaterConfig::from_linkerfile(flash, flash);
[INFO] [stdout]     |                                         ^^^^^^^^^^^^^^^ associated function or constant not found in `FirmwareUpdaterConfig<_, _>`
[INFO] [stdout] 
[INFO] [stdout] 
[INFO] [stdout] error[E0599]: no associated function or constant named `from_linkerfile` found for struct `FirmwareUpdaterConfig<DFU, STATE>` in the current scope
[INFO] [stdout]    --> firmware/src/tasks/flash_writer.rs:194:41
[INFO] [stdout]     |
[INFO] [stdout] 194 |     let config = FirmwareUpdaterConfig::from_linkerfile(flash, flash);
[INFO] [stdout]     |                                         ^^^^^^^^^^^^^^^ associated function or constant not found in `FirmwareUpdaterConfig<_, _>`
[INFO] [stdout] 
[INFO] [stdout] 
[INFO] [stdout] error[E0599]: no associated function or constant named `from_linkerfile` found for struct `FirmwareUpdaterConfig<DFU, STATE>` in the current scope
[INFO] [stdout]   --> firmware/src/tasks/flash_writer.rs:73:41
[INFO] [stdout]    |
[INFO] [stdout] 73 |     let config = FirmwareUpdaterConfig::from_linkerfile(flash, flash);
[INFO] [stdout]    |                                         ^^^^^^^^^^^^^^^ associated function or constant not found in `FirmwareUpdaterConfig<_, _>`
[INFO] [stdout] 
[INFO] [stdout] 
[INFO] [stdout] error[E0599]: no associated function or constant named `from_linkerfile` found for struct `FirmwareUpdaterConfig<DFU, STATE>` in the current scope
[INFO] [stdout]   --> firmware/src/tasks/mark_firmware_booted.rs:19:58
[INFO] [stdout]    |
[INFO] [stdout] 19 |     let config = embassy_boot_rp::FirmwareUpdaterConfig::from_linkerfile(flash, flash);
[INFO] [stdout]    |                                                          ^^^^^^^^^^^^^^^ associated function or constant not found in `FirmwareUpdaterConfig<_, _>`
[INFO] [stdout] 
[INFO] [stdout] 
[INFO] [stdout] For more information about this error, try `rustc --explain E0599`.
[INFO] [stdout] 
[INFO] [stderr] error: could not compile `halpi2-rs-firmware` (bin "halpi2-rs-firmware") due to 6 previous errors
[INFO] running `Command { std: "docker" "inspect" "5c1604178f981dc559824d8843e0111794e18bc7234859e7cd13e622cf88f6af", kill_on_drop: false }`
[INFO] running `Command { std: "docker" "rm" "-f" "5c1604178f981dc559824d8843e0111794e18bc7234859e7cd13e622cf88f6af", kill_on_drop: false }`
[INFO] [stdout] 5c1604178f981dc559824d8843e0111794e18bc7234859e7cd13e622cf88f6af
