[INFO] cloning repository https://github.com/hargoniX/mumble-rs
[INFO] running `Command { std: "git" "-c" "credential.helper=" "-c" "credential.helper=/workspace/cargo-home/bin/git-credential-null" "clone" "--bare" "https://github.com/hargoniX/mumble-rs" "/workspace/cache/git-repos/https%3A%2F%2Fgithub.com%2FhargoniX%2Fmumble-rs", kill_on_drop: false }`
[INFO] [stderr] Cloning into bare repository '/workspace/cache/git-repos/https%3A%2F%2Fgithub.com%2FhargoniX%2Fmumble-rs'...
[INFO] running `Command { std: "git" "rev-parse" "HEAD", kill_on_drop: false }`
[INFO] [stdout] 572a19eef92a2d5e604114ffcc749ba47a3aa27b
[INFO] testing hargoniX/mumble-rs against 1.98.0-beta.1 for beta-1.98-2
[INFO] running `Command { std: "git" "clone" "/workspace/cache/git-repos/https%3A%2F%2Fgithub.com%2FhargoniX%2Fmumble-rs" "/workspace/builds/worker-2-tc2/source", kill_on_drop: false }`
[INFO] [stderr] Cloning into '/workspace/builds/worker-2-tc2/source'...
[INFO] [stderr] done.
[INFO] started tweaking git repo https://github.com/hargoniX/mumble-rs
[INFO] finished tweaking git repo https://github.com/hargoniX/mumble-rs
[INFO] tweaked toml for git repo https://github.com/hargoniX/mumble-rs written to /workspace/builds/worker-2-tc2/source/Cargo.toml
[INFO] validating manifest of git repo https://github.com/hargoniX/mumble-rs on toolchain 1.98.0-beta.1
[INFO] running `Command { std: CARGO_HOME="/workspace/cargo-home" RUSTUP_HOME="/workspace/rustup-home" "/workspace/cargo-home/bin/cargo" "+1.98.0-beta.1" "metadata" "--manifest-path" "Cargo.toml" "--no-deps", kill_on_drop: false }`
[INFO] crate git repo https://github.com/hargoniX/mumble-rs already has a lockfile, it will not be regenerated
[INFO] running `Command { std: CARGO_HOME="/workspace/cargo-home" RUSTUP_HOME="/workspace/rustup-home" "/workspace/cargo-home/bin/cargo" "+1.98.0-beta.1" "fetch" "--manifest-path" "Cargo.toml", kill_on_drop: false }`
[INFO] running `Command { std: "docker" "create" "-v" "/var/lib/crater-agent-workspace/builds/worker-2-tc2/source:/opt/rustwide/workdir:ro,Z" "-v" "/var/lib/crater-agent-workspace/builds/worker-2-tc2/target:/opt/rustwide/target:rw,Z" "-v" "/var/lib/crater-agent-workspace/cargo-home:/opt/rustwide/cargo-home:ro,Z" "-v" "/var/lib/crater-agent-workspace/rustup-home:/opt/rustwide/rustup-home:ro,Z" "-m" "1610612736" "--network" "none" "ghcr.io/rust-lang/crates-build-env/linux@sha256:3d5ced03c013a94a2f102a4510f48a6e9184255caf5fd8244f58017bde7f5210" "sleep" "infinity", kill_on_drop: false }`
[INFO] [stdout] c57e0f1bbdf49841a1f01d49af8e738d9cf23ad5378f36d2cd249038a7ba97ea
[INFO] running `Command { std: "docker" "start" "c57e0f1bbdf49841a1f01d49af8e738d9cf23ad5378f36d2cd249038a7ba97ea", kill_on_drop: false }`
[INFO] running `Command { std: "docker" "inspect" "c57e0f1bbdf49841a1f01d49af8e738d9cf23ad5378f36d2cd249038a7ba97ea", kill_on_drop: false }`
[INFO] running `Command { std: "docker" "exec" "-e" "SOURCE_DIR=/opt/rustwide/workdir" "-e" "CARGO_HOME=/opt/rustwide/cargo-home" "-e" "RUSTUP_HOME=/opt/rustwide/rustup-home" "-e" "CARGO_TARGET_DIR=/opt/rustwide/target" "-w" "/opt/rustwide/workdir" "--user" "0:0" "c57e0f1bbdf49841a1f01d49af8e738d9cf23ad5378f36d2cd249038a7ba97ea" "/opt/rustwide/cargo-home/bin/cargo" "+1.98.0-beta.1" "metadata" "--no-deps" "--format-version=1", kill_on_drop: false }`
[INFO] running `Command { std: "docker" "inspect" "c57e0f1bbdf49841a1f01d49af8e738d9cf23ad5378f36d2cd249038a7ba97ea", kill_on_drop: false }`
[INFO] running `Command { std: "docker" "exec" "-e" "SOURCE_DIR=/opt/rustwide/workdir" "-e" "CARGO_HOME=/opt/rustwide/cargo-home" "-e" "RUSTUP_HOME=/opt/rustwide/rustup-home" "-e" "CARGO_TARGET_DIR=/opt/rustwide/target" "-e" "CARGO_INCREMENTAL=0" "-e" "RUST_BACKTRACE=full" "-e" "RUSTFLAGS=--cap-lints=warn" "-e" "RUSTDOCFLAGS=--cap-lints=warn" "-w" "/opt/rustwide/workdir" "--user" "0:0" "c57e0f1bbdf49841a1f01d49af8e738d9cf23ad5378f36d2cd249038a7ba97ea" "/opt/rustwide/cargo-home/bin/cargo" "+1.98.0-beta.1" "build" "--frozen" "--message-format=json", kill_on_drop: false }`
[INFO] [stderr]    Compiling libc v0.2.69
[INFO] [stderr]    Compiling proc-macro2 v1.0.12
[INFO] [stderr]    Compiling unicode-xid v0.2.0
[INFO] [stderr]    Compiling syn v1.0.18
[INFO] [stderr]    Compiling log v0.4.8
[INFO] [stderr]    Compiling cc v1.0.52
[INFO] [stderr]    Compiling memchr v2.3.3
[INFO] [stderr]    Compiling autocfg v1.0.0
[INFO] [stderr]    Compiling pkg-config v0.3.17
[INFO] [stderr]    Compiling slab v0.4.2
[INFO] [stderr]    Compiling futures-core v0.3.4
[INFO] [stderr]    Compiling protobuf v2.14.0
[INFO] [stderr]    Compiling lazy_static v1.4.0
[INFO] [stderr]    Compiling futures-sink v0.3.4
[INFO] [stderr]    Compiling bitflags v1.2.1
[INFO] [stderr]    Compiling openssl v0.10.29
[INFO] [stderr]    Compiling foreign-types-shared v0.1.1
[INFO] [stderr]    Compiling proc-macro-nested v0.1.4
[INFO] [stderr]    Compiling arc-swap v0.4.6
[INFO] [stderr]    Compiling foreign-types v0.3.2
[INFO] [stderr]    Compiling proc-macro-hack v0.5.15
[INFO] [stderr]    Compiling pin-project-lite v0.1.4
[INFO] [stderr]    Compiling quote v1.0.4
[INFO] [stderr]    Compiling net2 v0.2.34
[INFO] [stderr]    Compiling iovec v0.1.4
[INFO] [stderr]    Compiling num_cpus v1.13.0
[INFO] [stderr]    Compiling signal-hook-registry v1.2.0
[INFO] [stderr]    Compiling mio v0.6.22
[INFO] [stderr]    Compiling bytes v0.5.4
[INFO] [stderr]    Compiling openssl-sys v0.9.55
[INFO] [stderr]    Compiling fnv v1.0.6
[INFO] [stderr]    Compiling futures-channel v0.3.4
[INFO] [stderr]    Compiling native-tls v0.2.4
[INFO] [stderr]    Compiling futures-task v0.3.4
[INFO] [stderr] warning: openssl-sys@0.9.55: build/expando.c:4:24: error: pasting "RUST_VERSION_OPENSSL_" and "(" does not give a valid preprocessing token
[INFO] [stderr] warning: openssl-sys@0.9.55:     4 | #define VERSION2(n, v) RUST_VERSION_##n##_##v
[INFO] [stderr] warning: openssl-sys@0.9.55:       |                        ^~~~~~~~~~~~~
[INFO] [stderr] warning: openssl-sys@0.9.55: build/expando.c:5:23: note: in expansion of macro 'VERSION2'
[INFO] [stderr] warning: openssl-sys@0.9.55:     5 | #define VERSION(n, v) VERSION2(n, v)
[INFO] [stderr] warning: openssl-sys@0.9.55:       |                       ^~~~~~~~
[INFO] [stderr] warning: openssl-sys@0.9.55: build/expando.c:10:1: note: in expansion of macro 'VERSION'
[INFO] [stderr] warning: openssl-sys@0.9.55:    10 | VERSION(OPENSSL, OPENSSL_VERSION_NUMBER)
[INFO] [stderr] warning: openssl-sys@0.9.55:       | ^~~~~~~
[INFO] [stderr] error: failed to run custom build command for `openssl-sys v0.9.55`
[INFO] [stderr] note: To improve backtraces for build dependencies, set the CARGO_PROFILE_DEV_BUILD_OVERRIDE_DEBUG=true environment variable to enable debug information generation.
[INFO] [stderr] 
[INFO] [stderr] Caused by:
[INFO] [stderr]   process didn't exit successfully: `/opt/rustwide/target/debug/build/openssl-sys-e18f24fbbd86ba25/build-script-main` (exit status: 101)
[INFO] [stderr]   --- stdout
[INFO] [stderr]   cargo:rustc-cfg=const_fn
[INFO] [stderr]   cargo:rerun-if-env-changed=X86_64_UNKNOWN_LINUX_GNU_OPENSSL_LIB_DIR
[INFO] [stderr]   X86_64_UNKNOWN_LINUX_GNU_OPENSSL_LIB_DIR unset
[INFO] [stderr]   cargo:rerun-if-env-changed=OPENSSL_LIB_DIR
[INFO] [stderr]   OPENSSL_LIB_DIR unset
[INFO] [stderr]   cargo:rerun-if-env-changed=X86_64_UNKNOWN_LINUX_GNU_OPENSSL_INCLUDE_DIR
[INFO] [stderr]   X86_64_UNKNOWN_LINUX_GNU_OPENSSL_INCLUDE_DIR unset
[INFO] [stderr]   cargo:rerun-if-env-changed=OPENSSL_INCLUDE_DIR
[INFO] [stderr]   OPENSSL_INCLUDE_DIR unset
[INFO] [stderr]   cargo:rerun-if-env-changed=X86_64_UNKNOWN_LINUX_GNU_OPENSSL_DIR
[INFO] [stderr]   X86_64_UNKNOWN_LINUX_GNU_OPENSSL_DIR unset
[INFO] [stderr]   cargo:rerun-if-env-changed=OPENSSL_DIR
[INFO] [stderr]   OPENSSL_DIR unset
[INFO] [stderr]   cargo:rustc-link-lib=ssl
[INFO] [stderr]   cargo:rustc-link-lib=crypto
[INFO] [stderr]   OPT_LEVEL = Some("0")
[INFO] [stderr]   TARGET = Some("x86_64-unknown-linux-gnu")
[INFO] [stderr]   HOST = Some("x86_64-unknown-linux-gnu")
[INFO] [stderr]   CC_x86_64-unknown-linux-gnu = None
[INFO] [stderr]   CC_x86_64_unknown_linux_gnu = None
[INFO] [stderr]   HOST_CC = None
[INFO] [stderr]   CC = None
[INFO] [stderr]   CFLAGS_x86_64-unknown-linux-gnu = None
[INFO] [stderr]   CFLAGS_x86_64_unknown_linux_gnu = None
[INFO] [stderr]   HOST_CFLAGS = None
[INFO] [stderr]   CFLAGS = None
[INFO] [stderr]   CRATE_CC_NO_DEFAULTS = None
[INFO] [stderr]   DEBUG = Some("true")
[INFO] [stderr]   CARGO_CFG_TARGET_FEATURE = Some("fxsr,sse,sse2")
[INFO] [stderr]   running: "cc" "-O0" "-ffunction-sections" "-fdata-sections" "-fPIC" "-g" "-fno-omit-frame-pointer" "-m64" "-I" "/usr/include" "-Wall" "-Wextra" "-E" "build/expando.c"
[INFO] [stderr]   cargo:warning=build/expando.c:4:24: error: pasting "RUST_VERSION_OPENSSL_" and "(" does not give a valid preprocessing token
[INFO] [stderr]   cargo:warning=    4 | #define VERSION2(n, v) RUST_VERSION_##n##_##v
[INFO] [stderr]   cargo:warning=      |                        ^~~~~~~~~~~~~
[INFO] [stderr]   cargo:warning=build/expando.c:5:23: note: in expansion of macro 'VERSION2'
[INFO] [stderr]   cargo:warning=    5 | #define VERSION(n, v) VERSION2(n, v)
[INFO] [stderr]   cargo:warning=      |                       ^~~~~~~~
[INFO] [stderr]   cargo:warning=build/expando.c:10:1: note: in expansion of macro 'VERSION'
[INFO] [stderr]   cargo:warning=   10 | VERSION(OPENSSL, OPENSSL_VERSION_NUMBER)
[INFO] [stderr]   cargo:warning=      | ^~~~~~~
[INFO] [stderr]   exit status: 1
[INFO] [stderr] 
[INFO] [stderr]   --- stderr
[INFO] [stderr] 
[INFO] [stderr]   thread 'main' (550) panicked at /opt/rustwide/cargo-home/registry/src/index.crates.io-1949cf8c6b5b557f/openssl-sys-0.9.55/build/main.rs:138:13:
[INFO] [stderr] 
[INFO] [stderr]   Header expansion error:
[INFO] [stderr]   Error { kind: ToolExecError, message: "Command \"cc\" \"-O0\" \"-ffunction-sections\" \"-fdata-sections\" \"-fPIC\" \"-g\" \"-fno-omit-frame-pointer\" \"-m64\" \"-I\" \"/usr/include\" \"-Wall\" \"-Wextra\" \"-E\" \"build/expando.c\" with args \"cc\" did not execute successfully (status code exit status: 1)." }
[INFO] [stderr] 
[INFO] [stderr]   Failed to find OpenSSL development headers.
[INFO] [stderr] 
[INFO] [stderr]   You can try fixing this setting the `OPENSSL_DIR` environment variable
[INFO] [stderr]   pointing to your OpenSSL installation or installing OpenSSL headers package
[INFO] [stderr]   specific to your distribution:
[INFO] [stderr] 
[INFO] [stderr]       # On Ubuntu
[INFO] [stderr]       sudo apt-get install libssl-dev
[INFO] [stderr]       # On Arch Linux
[INFO] [stderr]       sudo pacman -S openssl
[INFO] [stderr]       # On Fedora
[INFO] [stderr]       sudo dnf install openssl-devel
[INFO] [stderr] 
[INFO] [stderr]   See rust-openssl README for more information:
[INFO] [stderr] 
[INFO] [stderr]       https://github.com/sfackler/rust-openssl#linux
[INFO] [stderr] 
[INFO] [stderr]   stack backtrace:
[INFO] [stderr]      0:     0x631c2df6e221 - std[73adb7dc35730857]::backtrace_rs::backtrace::libunwind::trace
[INFO] [stderr]                                  at /rustc/6b3fa26749ab40e159b2dd5cf577acaaf5902772/library/std/src/../../backtrace/src/backtrace/libunwind.rs:117:9
[INFO] [stderr]      1:     0x631c2df6e221 - std[73adb7dc35730857]::backtrace_rs::backtrace::trace_unsynchronized::<std[73adb7dc35730857]::sys::backtrace::_print_fmt::{closure#1}>
[INFO] [stderr]                                  at /rustc/6b3fa26749ab40e159b2dd5cf577acaaf5902772/library/std/src/../../backtrace/src/backtrace/mod.rs:66:14
[INFO] [stderr]      2:     0x631c2df6e221 - std[73adb7dc35730857]::sys::backtrace::_print_fmt
[INFO] [stderr]                                  at /rustc/6b3fa26749ab40e159b2dd5cf577acaaf5902772/library/std/src/sys/backtrace.rs:74:9
[INFO] [stderr]      3:     0x631c2df6e221 - <<std[73adb7dc35730857]::sys::backtrace::BacktraceLock>::print::DisplayBacktrace as core[6883ba1bc0fe4ed1]::fmt::Display>::fmt
[INFO] [stderr]                                  at /rustc/6b3fa26749ab40e159b2dd5cf577acaaf5902772/library/std/src/sys/backtrace.rs:44:26
[INFO] [stderr]      4:     0x631c2df8244a - <core[6883ba1bc0fe4ed1]::fmt::rt::Argument>::fmt
[INFO] [stderr]                                  at /rustc/6b3fa26749ab40e159b2dd5cf577acaaf5902772/library/core/src/fmt/rt.rs:152:76
[INFO] [stderr]      5:     0x631c2df8244a - core[6883ba1bc0fe4ed1]::fmt::write
[INFO] [stderr]      6:     0x631c2df73fcc - std[73adb7dc35730857]::io::default_write_fmt::<std[73adb7dc35730857]::sys::stdio::unix::Stderr>
[INFO] [stderr]                                  at /rustc/6b3fa26749ab40e159b2dd5cf577acaaf5902772/library/std/src/io/mod.rs:626:11
[INFO] [stderr]      7:     0x631c2df73fcc - <std[73adb7dc35730857]::sys::stdio::unix::Stderr as std[73adb7dc35730857]::io::Write>::write_fmt
[INFO] [stderr]                                  at /rustc/6b3fa26749ab40e159b2dd5cf577acaaf5902772/library/std/src/io/mod.rs:1730:13
[INFO] [stderr]      8:     0x631c2df4fb46 - <std[73adb7dc35730857]::sys::backtrace::BacktraceLock>::print
[INFO] [stderr]                                  at /rustc/6b3fa26749ab40e159b2dd5cf577acaaf5902772/library/std/src/sys/backtrace.rs:47:9
[INFO] [stderr]      9:     0x631c2df4fb46 - std[73adb7dc35730857]::panicking::default_hook::{closure#0}
[INFO] [stderr]                                  at /rustc/6b3fa26749ab40e159b2dd5cf577acaaf5902772/library/std/src/panicking.rs:292:27
[INFO] [stderr]     10:     0x631c2df68ac1 - std[73adb7dc35730857]::panicking::default_hook
[INFO] [stderr]                                  at /rustc/6b3fa26749ab40e159b2dd5cf577acaaf5902772/library/std/src/panicking.rs:319:9
[INFO] [stderr]     11:     0x631c2df68c7b - std[73adb7dc35730857]::panicking::panic_with_hook
[INFO] [stderr]                                  at /rustc/6b3fa26749ab40e159b2dd5cf577acaaf5902772/library/std/src/panicking.rs:815:13
[INFO] [stderr]     12:     0x631c2df4fbf2 - std[73adb7dc35730857]::panicking::panic_handler::{closure#0}
[INFO] [stderr]                                  at /rustc/6b3fa26749ab40e159b2dd5cf577acaaf5902772/library/std/src/panicking.rs:688:13
[INFO] [stderr]     13:     0x631c2df47249 - std[73adb7dc35730857]::sys::backtrace::__rust_end_short_backtrace::<std[73adb7dc35730857]::panicking::panic_handler::{closure#0}, !>
[INFO] [stderr]                                  at /rustc/6b3fa26749ab40e159b2dd5cf577acaaf5902772/library/std/src/sys/backtrace.rs:182:18
[INFO] [stderr]     14:     0x631c2df5048d - __rustc[a7b7b02e776dd976]::rust_begin_unwind
[INFO] [stderr]                                  at /rustc/6b3fa26749ab40e159b2dd5cf577acaaf5902772/library/std/src/panicking.rs:679:5
[INFO] [stderr]     15:     0x631c2df82c1c - core[6883ba1bc0fe4ed1]::panicking::panic_fmt
[INFO] [stderr]                                  at /rustc/6b3fa26749ab40e159b2dd5cf577acaaf5902772/library/core/src/panicking.rs:80:14
[INFO] [stderr]     16:     0x631c2deda986 - build_script_main[4e3caa3853368c2b]::validate_headers
[INFO] [stderr]     17:     0x631c2deddd03 - build_script_main[4e3caa3853368c2b]::find_normal::try_pkg_config
[INFO] [stderr]     18:     0x631c2dede0c8 - build_script_main[4e3caa3853368c2b]::find_normal::find_openssl_dir
[INFO] [stderr]     19:     0x631c2ded8d57 - build_script_main[4e3caa3853368c2b]::find_normal::get_openssl::{closure#0}
[INFO] [stderr]     20:     0x631c2ded6d10 - <core[6883ba1bc0fe4ed1]::option::Option<std[73adb7dc35730857]::ffi::os_str::OsString>>::unwrap_or_else::<build_script_main[4e3caa3853368c2b]::find_normal::get_openssl::{closure#0}>
[INFO] [stderr]     21:     0x631c2dedd5ff - build_script_main[4e3caa3853368c2b]::find_normal::get_openssl
[INFO] [stderr]     22:     0x631c2ded8e2d - build_script_main[4e3caa3853368c2b]::find_openssl
[INFO] [stderr]     23:     0x631c2dedaf99 - build_script_main[4e3caa3853368c2b]::main
[INFO] [stderr]     24:     0x631c2dee0de3 - <fn() as core[6883ba1bc0fe4ed1]::ops::function::FnOnce<()>>::call_once
[INFO] [stderr]     25:     0x631c2ded7876 - std[73adb7dc35730857]::sys::backtrace::__rust_begin_short_backtrace::<fn(), ()>
[INFO] [stderr]     26:     0x631c2dee3589 - std[73adb7dc35730857]::rt::lang_start::<()>::{closure#0}
[INFO] [stderr]     27:     0x631c2df67de7 - <&dyn core[6883ba1bc0fe4ed1]::ops::function::Fn<(), Output = i32> + core[6883ba1bc0fe4ed1]::panic::unwind_safe::RefUnwindSafe + core[6883ba1bc0fe4ed1]::marker::Sync as core[6883ba1bc0fe4ed1]::ops::function::FnOnce<()>>::call_once
[INFO] [stderr]                                  at /rustc/6b3fa26749ab40e159b2dd5cf577acaaf5902772/library/core/src/ops/function.rs:287:21
[INFO] [stderr]     28:     0x631c2df67de7 - std[73adb7dc35730857]::panicking::catch_unwind::do_call::<&dyn core[6883ba1bc0fe4ed1]::ops::function::Fn<(), Output = i32> + core[6883ba1bc0fe4ed1]::panic::unwind_safe::RefUnwindSafe + core[6883ba1bc0fe4ed1]::marker::Sync, i32>
[INFO] [stderr]                                  at /rustc/6b3fa26749ab40e159b2dd5cf577acaaf5902772/library/std/src/panicking.rs:576:43
[INFO] [stderr]     29:     0x631c2df67de7 - std[73adb7dc35730857]::panicking::catch_unwind::<i32, &dyn core[6883ba1bc0fe4ed1]::ops::function::Fn<(), Output = i32> + core[6883ba1bc0fe4ed1]::panic::unwind_safe::RefUnwindSafe + core[6883ba1bc0fe4ed1]::marker::Sync>
[INFO] [stderr]                                  at /rustc/6b3fa26749ab40e159b2dd5cf577acaaf5902772/library/std/src/panicking.rs:544:19
[INFO] [stderr]     30:     0x631c2df67de7 - std[73adb7dc35730857]::panic::catch_unwind::<&dyn core[6883ba1bc0fe4ed1]::ops::function::Fn<(), Output = i32> + core[6883ba1bc0fe4ed1]::panic::unwind_safe::RefUnwindSafe + core[6883ba1bc0fe4ed1]::marker::Sync, i32>
[INFO] [stderr]                                  at /rustc/6b3fa26749ab40e159b2dd5cf577acaaf5902772/library/std/src/panic.rs:359:14
[INFO] [stderr]     31:     0x631c2df67de7 - std[73adb7dc35730857]::rt::lang_start_internal::{closure#0}
[INFO] [stderr]                                  at /rustc/6b3fa26749ab40e159b2dd5cf577acaaf5902772/library/std/src/rt.rs:175:24
[INFO] [stderr]     32:     0x631c2df67de7 - std[73adb7dc35730857]::panicking::catch_unwind::do_call::<std[73adb7dc35730857]::rt::lang_start_internal::{closure#0}, isize>
[INFO] [stderr]                                  at /rustc/6b3fa26749ab40e159b2dd5cf577acaaf5902772/library/std/src/panicking.rs:576:43
[INFO] [stderr]     33:     0x631c2df67de7 - std[73adb7dc35730857]::panicking::catch_unwind::<isize, std[73adb7dc35730857]::rt::lang_start_internal::{closure#0}>
[INFO] [stderr]                                  at /rustc/6b3fa26749ab40e159b2dd5cf577acaaf5902772/library/std/src/panicking.rs:544:19
[INFO] [stderr]     34:     0x631c2df67de7 - std[73adb7dc35730857]::panic::catch_unwind::<std[73adb7dc35730857]::rt::lang_start_internal::{closure#0}, isize>
[INFO] [stderr]                                  at /rustc/6b3fa26749ab40e159b2dd5cf577acaaf5902772/library/std/src/panic.rs:359:14
[INFO] [stderr]     35:     0x631c2df67de7 - std[73adb7dc35730857]::rt::lang_start_internal
[INFO] [stderr]                                  at /rustc/6b3fa26749ab40e159b2dd5cf577acaaf5902772/library/std/src/rt.rs:171:5
[INFO] [stderr]     36:     0x631c2dee3401 - std[73adb7dc35730857]::rt::lang_start::<()>
[INFO] [stderr]     37:     0x631c2dee1025 - main
[INFO] [stderr]     38:     0x722dc20f21ca - <unknown>
[INFO] [stderr]     39:     0x722dc20f228b - __libc_start_main
[INFO] [stderr]     40:     0x631c2ded6995 - _start
[INFO] [stderr]     41:                0x0 - <unknown>
[INFO] [stderr] warning: build failed, waiting for other jobs to finish...
[INFO] running `Command { std: "docker" "inspect" "c57e0f1bbdf49841a1f01d49af8e738d9cf23ad5378f36d2cd249038a7ba97ea", kill_on_drop: false }`
[INFO] running `Command { std: "docker" "rm" "-f" "c57e0f1bbdf49841a1f01d49af8e738d9cf23ad5378f36d2cd249038a7ba97ea", kill_on_drop: false }`
[INFO] [stdout] c57e0f1bbdf49841a1f01d49af8e738d9cf23ad5378f36d2cd249038a7ba97ea
