[INFO] cloning repository https://github.com/hardliner66/spinny
[INFO] running `Command { std: "git" "-c" "credential.helper=" "-c" "credential.helper=/workspace/cargo-home/bin/git-credential-null" "clone" "--bare" "https://github.com/hardliner66/spinny" "/workspace/cache/git-repos/https%3A%2F%2Fgithub.com%2Fhardliner66%2Fspinny", kill_on_drop: false }`
[INFO] [stderr] Cloning into bare repository '/workspace/cache/git-repos/https%3A%2F%2Fgithub.com%2Fhardliner66%2Fspinny'...
[INFO] running `Command { std: "git" "rev-parse" "HEAD", kill_on_drop: false }`
[INFO] [stdout] 7b0de57b312753513529a18e362892ccec375e87
[INFO] testing hardliner66/spinny against 1.97.0-beta.6 for beta-1.98-2
[INFO] running `Command { std: "git" "clone" "/workspace/cache/git-repos/https%3A%2F%2Fgithub.com%2Fhardliner66%2Fspinny" "/workspace/builds/worker-2-tc1/source", kill_on_drop: false }`
[INFO] [stderr] Cloning into '/workspace/builds/worker-2-tc1/source'...
[INFO] [stderr] done.
[INFO] started tweaking git repo https://github.com/hardliner66/spinny
[INFO] finished tweaking git repo https://github.com/hardliner66/spinny
[INFO] tweaked toml for git repo https://github.com/hardliner66/spinny written to /workspace/builds/worker-2-tc1/source/Cargo.toml
[INFO] validating manifest of git repo https://github.com/hardliner66/spinny on toolchain 1.97.0-beta.6
[INFO] running `Command { std: CARGO_HOME="/workspace/cargo-home" RUSTUP_HOME="/workspace/rustup-home" "/workspace/cargo-home/bin/cargo" "+1.97.0-beta.6" "metadata" "--manifest-path" "Cargo.toml" "--no-deps", kill_on_drop: false }`
[INFO] crate git repo https://github.com/hardliner66/spinny already has a lockfile, it will not be regenerated
[INFO] running `Command { std: CARGO_HOME="/workspace/cargo-home" RUSTUP_HOME="/workspace/rustup-home" "/workspace/cargo-home/bin/cargo" "+1.97.0-beta.6" "fetch" "--manifest-path" "Cargo.toml", kill_on_drop: false }`
[INFO] [stderr]     Updating crates.io index
[INFO] [stderr]  Downloading crates ...
[INFO] [stderr]   Downloaded parking_lot_core v0.9.8
[INFO] [stderr]   Downloaded notan_text v0.9.5
[INFO] [stderr]   Downloaded notan_utils v0.9.5
[INFO] [stderr]   Downloaded fastrand v2.0.0
[INFO] [stderr]   Downloaded byte-tools v0.2.0
[INFO] [stderr]   Downloaded fake-simd v0.1.2
[INFO] [stderr]   Downloaded notan_math v0.9.5
[INFO] [stderr]   Downloaded block-buffer v0.3.3
[INFO] [stderr]   Downloaded errno v0.3.2
[INFO] [stderr]   Downloaded digest v0.7.6
[INFO] [stderr]   Downloaded glsl-layout-derive v0.4.0
[INFO] [stderr]   Downloaded notan_input v0.9.5
[INFO] [stderr]   Downloaded glsl-layout v0.5.0
[INFO] [stderr]   Downloaded num v0.4.1
[INFO] [stderr]   Downloaded notan_glyph v0.9.5
[INFO] [stderr]   Downloaded notan_core v0.9.5
[INFO] [stderr]   Downloaded notan_macro v0.9.5
[INFO] [stderr]   Downloaded generic-array v0.9.1
[INFO] [stderr]   Downloaded platter2 v0.1.6
[INFO] [stderr]   Downloaded rand_pcg v0.3.1
[INFO] [stderr]   Downloaded fdeflate v0.3.0
[INFO] [stderr]   Downloaded ordered-float v3.9.1
[INFO] [stderr]   Downloaded notan_random v0.9.5
[INFO] [stderr]   Downloaded notan_log v0.9.5
[INFO] [stderr]   Downloaded deranged v0.3.8
[INFO] [stderr]   Downloaded lyon v1.0.1
[INFO] [stderr]   Downloaded lock_api v0.4.10
[INFO] [stderr]   Downloaded num-complex v0.4.4
[INFO] [stderr]   Downloaded sha2 v0.7.1
[INFO] [stderr]   Downloaded notan_app v0.9.5
[INFO] [stderr]   Downloaded thiserror-impl v1.0.47
[INFO] [stderr]   Downloaded notan_graphics v0.9.5
[INFO] [stderr]   Downloaded cmake v0.1.50
[INFO] [stderr]   Downloaded float_next_after v0.1.5
[INFO] [stderr]   Downloaded notan_backend v0.9.5
[INFO] [stderr]   Downloaded notan_winit v0.9.5
[INFO] [stderr]   Downloaded raw-window-handle v0.4.3
[INFO] [stderr]   Downloaded core-graphics-types v0.1.2
[INFO] [stderr]   Downloaded cocoa-foundation v0.1.1
[INFO] [stderr]   Downloaded ndk-glue v0.7.0
[INFO] [stderr]   Downloaded smallvec v1.11.0
[INFO] [stderr]   Downloaded colored v1.9.4
[INFO] [stderr]   Downloaded notan_draw v0.9.5
[INFO] [stderr]   Downloaded time-macros v0.2.13
[INFO] [stderr]   Downloaded thiserror v1.0.47
[INFO] [stderr]   Downloaded servo-fontconfig v0.5.1
[INFO] [stderr]   Downloaded percent-encoding v2.3.0
[INFO] [stderr]   Downloaded ndk-macro v0.3.0
[INFO] [stderr]   Downloaded notan_glow v0.9.5
[INFO] [stderr]   Downloaded glutin-winit v0.2.2
[INFO] [stderr]   Downloaded tempfile v3.8.0
[INFO] [stderr]   Downloaded lyon_algorithms v1.0.3
[INFO] [stderr]   Downloaded notan_web v0.9.5
[INFO] [stderr]   Downloaded libloading v0.8.0
[INFO] [stderr]   Downloaded sctk-adwaita v0.4.3
[INFO] [stderr]   Downloaded crossfont v0.5.1
[INFO] [stderr]   Downloaded dwrote v0.11.0
[INFO] [stderr]   Downloaded core-text v19.2.0
[INFO] [stderr]   Downloaded num-traits v0.2.16
[INFO] [stderr]   Downloaded glyph_brush v0.7.7
[INFO] [stderr]   Downloaded lyon_path v1.0.4
[INFO] [stderr]   Downloaded syn v2.0.29
[INFO] [stderr]   Downloaded lyon_geom v1.0.4
[INFO] [stderr]   Downloaded tiny-skia-path v0.7.0
[INFO] [stderr]   Downloaded serde v1.0.188
[INFO] [stderr]   Downloaded serde_derive v1.0.188
[INFO] [stderr]   Downloaded euclid v0.22.9
[INFO] [stderr]   Downloaded xml-rs v0.8.16
[INFO] [stderr]   Downloaded indexmap v2.0.0
[INFO] [stderr]   Downloaded flate2 v1.0.27
[INFO] [stderr]   Downloaded safe_arch v0.5.2
[INFO] [stderr]   Downloaded glyph_brush_draw_cache v0.1.5
[INFO] [stderr]   Downloaded toml_edit v0.19.14
[INFO] [stderr]   Downloaded time v0.3.27
[INFO] [stderr]   Downloaded freetype-rs v0.26.0
[INFO] [stderr]   Downloaded hashbrown v0.14.0
[INFO] [stderr]   Downloaded serde_json v1.0.105
[INFO] [stderr]   Downloaded winnow v0.5.15
[INFO] [stderr]   Downloaded glow v0.11.2
[INFO] [stderr]   Downloaded lyon_tessellation v1.0.10
[INFO] [stderr]   Downloaded tiny-skia v0.7.0
[INFO] [stderr]   Downloaded fern v0.6.2
[INFO] [stderr]   Downloaded rustix v0.38.9
[INFO] [stderr]   Downloaded winit v0.27.5
[INFO] [stderr]   Downloaded expat-sys v2.1.6
[INFO] [stderr]   Downloaded notan v0.9.5
[INFO] [stderr]   Downloaded windows_aarch64_msvc v0.36.1
[INFO] [stderr]   Downloaded windows_x86_64_msvc v0.36.1
[INFO] [stderr]   Downloaded windows_i686_msvc v0.36.1
[INFO] [stderr]   Downloaded windows_x86_64_gnu v0.36.1
[INFO] [stderr]   Downloaded windows_i686_gnu v0.36.1
[INFO] [stderr]   Downloaded servo-fontconfig-sys v5.1.0
[INFO] [stderr]   Downloaded freetype-sys v0.13.1
[INFO] [stderr]   Downloaded windows-sys v0.36.1
[INFO] [stderr]   Downloaded glsl-to-spirv v0.1.7
[INFO] running `Command { std: "docker" "create" "-v" "/var/lib/crater-agent-workspace/builds/worker-2-tc1/source:/opt/rustwide/workdir:ro,Z" "-v" "/var/lib/crater-agent-workspace/builds/worker-2-tc1/target:/opt/rustwide/target:rw,Z" "-v" "/var/lib/crater-agent-workspace/cargo-home:/opt/rustwide/cargo-home:ro,Z" "-v" "/var/lib/crater-agent-workspace/rustup-home:/opt/rustwide/rustup-home:ro,Z" "-m" "1610612736" "--network" "none" "ghcr.io/rust-lang/crates-build-env/linux@sha256:3d5ced03c013a94a2f102a4510f48a6e9184255caf5fd8244f58017bde7f5210" "sleep" "infinity", kill_on_drop: false }`
[INFO] [stdout] 6d973cd857276fc05aa1c26417e6fb5604804f02a7157a6f809f75bcc723209f
[INFO] running `Command { std: "docker" "start" "6d973cd857276fc05aa1c26417e6fb5604804f02a7157a6f809f75bcc723209f", kill_on_drop: false }`
[INFO] running `Command { std: "docker" "inspect" "6d973cd857276fc05aa1c26417e6fb5604804f02a7157a6f809f75bcc723209f", kill_on_drop: false }`
[INFO] running `Command { std: "docker" "exec" "-e" "SOURCE_DIR=/opt/rustwide/workdir" "-e" "CARGO_HOME=/opt/rustwide/cargo-home" "-e" "RUSTUP_HOME=/opt/rustwide/rustup-home" "-e" "CARGO_TARGET_DIR=/opt/rustwide/target" "-w" "/opt/rustwide/workdir" "--user" "0:0" "6d973cd857276fc05aa1c26417e6fb5604804f02a7157a6f809f75bcc723209f" "/opt/rustwide/cargo-home/bin/cargo" "+1.97.0-beta.6" "metadata" "--no-deps" "--format-version=1", kill_on_drop: false }`
[INFO] running `Command { std: "docker" "inspect" "6d973cd857276fc05aa1c26417e6fb5604804f02a7157a6f809f75bcc723209f", kill_on_drop: false }`
[INFO] running `Command { std: "docker" "exec" "-e" "SOURCE_DIR=/opt/rustwide/workdir" "-e" "CARGO_HOME=/opt/rustwide/cargo-home" "-e" "RUSTUP_HOME=/opt/rustwide/rustup-home" "-e" "CARGO_TARGET_DIR=/opt/rustwide/target" "-e" "CARGO_INCREMENTAL=0" "-e" "RUST_BACKTRACE=full" "-e" "RUSTFLAGS=--cap-lints=warn" "-e" "RUSTDOCFLAGS=--cap-lints=warn" "-w" "/opt/rustwide/workdir" "--user" "0:0" "6d973cd857276fc05aa1c26417e6fb5604804f02a7157a6f809f75bcc723209f" "/opt/rustwide/cargo-home/bin/cargo" "+1.97.0-beta.6" "build" "--frozen" "--message-format=json", kill_on_drop: false }`
[INFO] [stderr]    Compiling pkg-config v0.3.27
[INFO] [stderr]    Compiling libc v0.2.147
[INFO] [stderr]    Compiling libm v0.2.7
[INFO] [stderr]    Compiling num-traits v0.2.16
[INFO] [stderr]    Compiling xml-rs v0.8.16
[INFO] [stderr]    Compiling once_cell v1.18.0
[INFO] [stderr]    Compiling log v0.4.20
[INFO] [stderr]    Compiling memchr v2.5.0
[INFO] [stderr]    Compiling bytemuck v1.13.1
[INFO] [stderr]    Compiling smallvec v1.11.0
[INFO] [stderr]    Compiling typenum v1.16.0
[INFO] [stderr]    Compiling simd-adler32 v0.3.7
[INFO] [stderr]    Compiling syn v2.0.29
[INFO] [stderr]    Compiling num-integer v0.1.45
[INFO] [stderr]    Compiling byte-tools v0.2.0
[INFO] [stderr]    Compiling miniz_oxide v0.7.1
[INFO] [stderr]    Compiling fdeflate v0.3.0
[INFO] [stderr]    Compiling block-buffer v0.3.3
[INFO] [stderr]    Compiling libloading v0.8.0
[INFO] [stderr]    Compiling lock_api v0.4.10
[INFO] [stderr]    Compiling num-bigint v0.4.4
[INFO] [stderr]    Compiling parking_lot_core v0.9.8
[INFO] [stderr]    Compiling syn v1.0.109
[INFO] [stderr]    Compiling fake-simd v0.1.2
[INFO] [stderr]    Compiling rustix v0.38.9
[INFO] [stderr]    Compiling futures-core v0.3.28
[INFO] [stderr]    Compiling dlib v0.5.2
[INFO] [stderr]    Compiling num-iter v0.1.43
[INFO] [stderr]    Compiling slab v0.4.9
[INFO] [stderr]    Compiling num-rational v0.4.1
[INFO] [stderr]    Compiling khronos_api v3.1.0
[INFO] [stderr]    Compiling futures-task v0.3.28
[INFO] [stderr]    Compiling futures-channel v0.3.28
[INFO] [stderr]    Compiling wayland-sys v0.29.5
[INFO] [stderr]    Compiling flate2 v1.0.27
[INFO] [stderr]    Compiling wayland-scanner v0.29.5
[INFO] [stderr]    Compiling glam v0.22.0
[INFO] [stderr]    Compiling ahash v0.8.3
[INFO] [stderr]    Compiling thiserror v1.0.47
[INFO] [stderr]    Compiling futures-sink v0.3.28
[INFO] [stderr]    Compiling fastrand v2.0.0
[INFO] [stderr]    Compiling jobserver v0.1.26
[INFO] [stderr]    Compiling crossbeam-utils v0.8.16
[INFO] [stderr]    Compiling futures-util v0.3.28
[INFO] [stderr]    Compiling generic-array v0.9.1
[INFO] [stderr]    Compiling png v0.17.10
[INFO] [stderr]    Compiling cc v1.0.83
[INFO] [stderr]    Compiling parking_lot v0.12.1
[INFO] [stderr]    Compiling notan_macro v0.9.5
[INFO] [stderr]    Compiling memoffset v0.9.0
[INFO] [stderr]    Compiling pin-project-lite v0.2.13
[INFO] [stderr]    Compiling futures-io v0.3.28
[INFO] [stderr]    Compiling digest v0.7.6
[INFO] [stderr]    Compiling getrandom v0.2.10
[INFO] [stderr]    Compiling sha2 v0.7.1
[INFO] [stderr]    Compiling num-complex v0.4.4
[INFO] [stderr]    Compiling gl_generator v0.14.0
[INFO] [stderr]    Compiling crossbeam-epoch v0.9.15
[INFO] [stderr]    Compiling jpeg-decoder v0.3.0
[INFO] [stderr]    Compiling rand_core v0.6.4
[INFO] [stderr]    Compiling hashbrown v0.13.2
[INFO] [stderr]    Compiling wayland-commons v0.29.5
[INFO] [stderr]    Compiling wayland-client v0.29.5
[INFO] [stderr]    Compiling cmake v0.1.50
[INFO] [stderr]    Compiling notan_utils v0.9.5
[INFO] [stderr]    Compiling servo-fontconfig-sys v5.1.0
[INFO] [stderr]    Compiling indexmap v1.9.3
[INFO] [stderr]    Compiling nom v7.1.3
[INFO] [stderr]    Compiling wayland-protocols v0.29.5
[INFO] [stderr]    Compiling x11-dl v2.21.0
[INFO] [stderr]    Compiling notan_core v0.9.5
[INFO] [stderr]    Compiling rayon-core v1.11.0
[INFO] [stderr]    Compiling rand_chacha v0.3.1
[INFO] [stderr]    Compiling image v0.24.7
[INFO] [stderr]    Compiling notan_math v0.9.5
[INFO] [stderr]    Compiling crossbeam-deque v0.8.3
[INFO] [stderr]    Compiling notan_input v0.9.5
[INFO] [stderr]    Compiling crossbeam-channel v0.5.8
[INFO] [stderr]    Compiling crossfont v0.5.1
[INFO] [stderr]    Compiling freetype-sys v0.13.1
[INFO] [stderr]    Compiling glsl-to-spirv v0.1.7
[INFO] [stderr]    Compiling spirv_cross v0.23.1
[INFO] [stderr]    Compiling expat-sys v2.1.6
[INFO] [stderr]    Compiling tempfile v3.8.0
[INFO] [stderr]    Compiling smithay-client-toolkit v0.16.0
[INFO] [stderr]    Compiling num_cpus v1.16.0
[INFO] [stderr]    Compiling foreign-types-shared v0.3.1
[INFO] [stderr]    Compiling freetype-rs v0.26.0
[INFO] [stderr]    Compiling servo-fontconfig v0.5.1
[INFO] [stderr]    Compiling rand v0.8.5
[INFO] [stderr]    Compiling glutin_glx_sys v0.4.0
[INFO] [stderr]    Compiling glutin_egl_sys v0.5.1
[INFO] [stderr]    Compiling euclid v0.22.9
[INFO] [stderr]    Compiling wayland-sys v0.30.1
[INFO] [stderr]    Compiling tiny-skia-path v0.7.0
[INFO] [stderr]    Compiling safe_arch v0.5.2
[INFO] [stderr]    Compiling num v0.4.1
[INFO] [stderr]    Compiling xcursor v0.3.4
[INFO] [stderr]    Compiling either v1.9.0
[INFO] [stderr]    Compiling arrayvec v0.5.2
[INFO] [stderr]    Compiling arrayvec v0.7.4
[INFO] [stderr]    Compiling rayon v1.7.0
[INFO] [stderr]    Compiling wayland-cursor v0.29.5
[INFO] [stderr]    Compiling tiny-skia v0.7.0
[INFO] [stderr]    Compiling lyon_geom v1.0.4
[INFO] [stderr]    Compiling approx v0.5.1
[INFO] [stderr]    Compiling glutin v0.30.10
[INFO] [stderr]    Compiling xi-unicode v0.3.0
[INFO] [stderr]    Compiling raw-window-handle v0.4.3
[INFO] [stderr]    Compiling glyph_brush_layout v0.2.3
[INFO] [stderr]    Compiling twox-hash v1.6.3
[INFO] [stderr]    Compiling futures-macro v0.3.28
[INFO] [stderr]    Compiling thiserror-impl v1.0.47
[INFO] [stderr]    Compiling foreign-types-macros v0.2.3
[INFO] [stderr]    Compiling ordered-float v3.9.1
[INFO] [stderr]    Compiling lyon_path v1.0.4
[INFO] [stderr]    Compiling mio v0.8.8
[INFO] [stderr]    Compiling foreign-types v0.5.0
[INFO] [stderr]    Compiling glutin-winit v0.2.2
[INFO] [stderr]    Compiling libloading v0.7.4
[INFO] [stderr]    Compiling serde v1.0.188
[INFO] [stderr]    Compiling itoa v1.0.9
[INFO] [stderr]    Compiling percent-encoding v2.3.0
[INFO] [stderr]    Compiling serde_derive v1.0.188
[INFO] [stderr]    Compiling float_next_after v0.1.5
[INFO] [stderr]    Compiling glow v0.11.2
[INFO] [stderr]    Compiling serde_json v1.0.105
[INFO] [stderr]    Compiling lyon_algorithms v1.0.3
[INFO] [stderr]    Compiling is-terminal v0.4.9
[INFO] [stderr]    Compiling calloop v0.10.6
[INFO] [stderr]    Compiling glyph_brush_draw_cache v0.1.5
[INFO] [stderr]    Compiling colored v1.9.4
[INFO] [stderr]    Compiling lyon_tessellation v1.0.10
[INFO] [stderr]    Compiling time-core v0.1.1
[INFO] [stderr]    Compiling deranged v0.3.8
[INFO] [stderr]    Compiling glyph_brush v0.7.7
[INFO] [stderr]    Compiling ryu v1.0.15
[INFO] [stderr]    Compiling num_threads v0.1.6
[INFO] [stderr]    Compiling fern v0.6.2
[INFO] [stderr]    Compiling rand_pcg v0.3.1
[INFO] [stderr]    Compiling notan_random v0.9.5
[INFO] [stderr]    Compiling lyon v1.0.1
[INFO] [stderr]    Compiling glsl-layout-derive v0.4.0
[INFO] [stderr]    Compiling time v0.3.27
[INFO] [stderr]    Compiling glsl-layout v0.5.0
[INFO] [stdout] error[E0282]: type annotations needed for `Box<_>`
[INFO] [stdout]   --> /opt/rustwide/cargo-home/registry/src/index.crates.io-1949cf8c6b5b557f/time-0.3.27/src/format_description/parse/mod.rs:83:9
[INFO] [stdout]    |
[INFO] [stdout] 83 |     let items = format_items
[INFO] [stdout]    |         ^^^^^
[INFO] [stdout] ...
[INFO] [stdout] 86 |     Ok(items.into())
[INFO] [stdout]    |        ----- type must be known at this point
[INFO] [stdout]    |
[INFO] [stdout] help: consider giving `items` an explicit type, where the placeholder `_` is specified
[INFO] [stdout]    |
[INFO] [stdout] 83 |     let items: Box<_> = format_items
[INFO] [stdout]    |              ++++++++
[INFO] [stdout] 
[INFO] [stdout] 
[INFO] [stdout] For more information about this error, try `rustc --explain E0282`.
[INFO] [stdout] 
[INFO] [stderr] error: could not compile `time` (lib) due to 1 previous error
[INFO] [stderr] warning: build failed, waiting for other jobs to finish...
[INFO] [stderr] error: could not compile `x11-dl` (lib)
[INFO] [stderr] 
[INFO] [stderr] Caused by:
[INFO] [stderr]   process didn't exit successfully: `/opt/rustwide/rustup-home/toolchains/1.97.0-beta.6-x86_64-unknown-linux-gnu/bin/rustc --crate-name x11_dl --edition=2021 /opt/rustwide/cargo-home/registry/src/index.crates.io-1949cf8c6b5b557f/x11-dl-2.21.0/src/lib.rs --error-format=json --json=diagnostic-rendered-ansi,artifacts,future-incompat --crate-type lib --emit=dep-info,metadata,link -C embed-bitcode=no -C debuginfo=2 --check-cfg 'cfg(docsrs,test)' --check-cfg 'cfg(feature, values())' -C metadata=7ff45bee7fd709ad -C extra-filename=-bb91ad006a16987c --out-dir /opt/rustwide/target/debug/deps -L dependency=/opt/rustwide/target/debug/deps --extern libc=/opt/rustwide/target/debug/deps/liblibc-5f1ed63ef6d7e5fd.rmeta --extern once_cell=/opt/rustwide/target/debug/deps/libonce_cell-a142ebc82bf510c5.rmeta --cap-lints allow --cap-lints=warn -l dl` (signal: 9, SIGKILL: kill)
[INFO] [stderr] error: could not compile `serde_derive` (lib)
[INFO] [stderr] 
[INFO] [stderr] Caused by:
[INFO] [stderr]   process didn't exit successfully: `/opt/rustwide/rustup-home/toolchains/1.97.0-beta.6-x86_64-unknown-linux-gnu/bin/rustc --crate-name serde_derive --edition=2015 /opt/rustwide/cargo-home/registry/src/index.crates.io-1949cf8c6b5b557f/serde_derive-1.0.188/src/lib.rs --error-format=json --json=diagnostic-rendered-ansi,artifacts,future-incompat --crate-type proc-macro --emit=dep-info,link -C prefer-dynamic -C embed-bitcode=no --cfg 'feature="default"' --check-cfg 'cfg(docsrs,test)' --check-cfg 'cfg(feature, values("default", "deserialize_in_place"))' -C metadata=8f8a334448ff8c23 -C extra-filename=-55e864a0e8536a1c --out-dir /opt/rustwide/target/debug/deps -L dependency=/opt/rustwide/target/debug/deps --extern proc_macro2=/opt/rustwide/target/debug/deps/libproc_macro2-8ad7a7c201edc096.rlib --extern quote=/opt/rustwide/target/debug/deps/libquote-90c191310d2ac794.rlib --extern syn=/opt/rustwide/target/debug/deps/libsyn-819b6db62289e929.rlib --extern proc_macro --cap-lints allow --cap-lints=warn` (signal: 9, SIGKILL: kill)
[INFO] [stderr] error: could not compile `futures-util` (lib)
[INFO] [stderr] 
[INFO] [stderr] Caused by:
[INFO] [stderr]   process didn't exit successfully: `/opt/rustwide/rustup-home/toolchains/1.97.0-beta.6-x86_64-unknown-linux-gnu/bin/rustc --crate-name futures_util --edition=2018 /opt/rustwide/cargo-home/registry/src/index.crates.io-1949cf8c6b5b557f/futures-util-0.3.28/src/lib.rs --error-format=json --json=diagnostic-rendered-ansi,artifacts,future-incompat --crate-type lib --emit=dep-info,metadata,link -C embed-bitcode=no -C debuginfo=2 --cfg 'feature="alloc"' --cfg 'feature="async-await"' --cfg 'feature="async-await-macro"' --cfg 'feature="channel"' --cfg 'feature="futures-channel"' --cfg 'feature="futures-io"' --cfg 'feature="futures-macro"' --cfg 'feature="futures-sink"' --cfg 'feature="io"' --cfg 'feature="memchr"' --cfg 'feature="sink"' --cfg 'feature="slab"' --cfg 'feature="std"' --check-cfg 'cfg(docsrs,test)' --check-cfg 'cfg(feature, values("alloc", "async-await", "async-await-macro", "bilock", "cfg-target-has-atomic", "channel", "compat", "default", "futures-channel", "futures-io", "futures-macro", "futures-sink", "futures_01", "io", "io-compat", "memchr", "portable-atomic", "sink", "slab", "std", "tokio-io", "unstable", "write-all-vectored"))' -C metadata=03b8fb860f110c6e -C extra-filename=-a9b522978fe52b47 --out-dir /opt/rustwide/target/debug/deps -L dependency=/opt/rustwide/target/debug/deps --extern futures_channel=/opt/rustwide/target/debug/deps/libfutures_channel-7572b8c5c7f310e9.rmeta --extern futures_core=/opt/rustwide/target/debug/deps/libfutures_core-8f823d626bc2b03f.rmeta --extern futures_io=/opt/rustwide/target/debug/deps/libfutures_io-133b37a282e7da53.rmeta --extern futures_macro=/opt/rustwide/target/debug/deps/libfutures_macro-6b918405b136b83c.so --extern futures_sink=/opt/rustwide/target/debug/deps/libfutures_sink-d9dd0328e83666c7.rmeta --extern futures_task=/opt/rustwide/target/debug/deps/libfutures_task-5467fa52aaf0a8e7.rmeta --extern memchr=/opt/rustwide/target/debug/deps/libmemchr-3d0ec59241a02054.rmeta --extern pin_project_lite=/opt/rustwide/target/debug/deps/libpin_project_lite-b342d85da484cd05.rmeta --extern pin_utils=/opt/rustwide/target/debug/deps/libpin_utils-3860774ad9b215b5.rmeta --extern slab=/opt/rustwide/target/debug/deps/libslab-1d6e3276f95c46da.rmeta --cap-lints allow --cap-lints=warn` (signal: 9, SIGKILL: kill)
[INFO] [stderr] warning: spirv_cross@0.23.1: c++: fatal error: Killed signal terminated program cc1plus
[INFO] [stderr] warning: spirv_cross@0.23.1: compilation terminated.
[INFO] [stderr] warning: spirv_cross@0.23.1: ToolExecError: Command "c++" "-O0" "-ffunction-sections" "-fdata-sections" "-fPIC" "-m64" "-Wall" "-Wextra" "-DSPIRV_CROSS_EXCEPTIONS_TO_ASSERTIONS" "-DSPIRV_CROSS_WRAPPER_NO_EXCEPTIONS" "-DSPIRV_CROSS_WRAPPER_GLSL" "-std=c++14" "-o" "/opt/rustwide/target/debug/build/spirv_cross-a5b93cc8c9e261fd/out/src/vendor/SPIRV-Cross/spirv_glsl.o" "-c" "src/vendor/SPIRV-Cross/spirv_glsl.cpp" with args "c++" did not execute successfully (status code exit status: 1).
[INFO] [stderr] error: failed to run custom build command for `spirv_cross v0.23.1`
[INFO] [stderr] note: To improve backtraces for build dependencies, set the CARGO_PROFILE_DEV_BUILD_OVERRIDE_DEBUG=true environment variable to enable debug information generation.
[INFO] [stderr] 
[INFO] [stderr] Caused by:
[INFO] [stderr]   process didn't exit successfully: `/opt/rustwide/target/debug/build/spirv_cross-75880b111d57ffcb/build-script-build` (exit status: 1)
[INFO] [stderr]   --- stdout
[INFO] [stderr]   OPT_LEVEL = Some("0")
[INFO] [stderr]   TARGET = Some("x86_64-unknown-linux-gnu")
[INFO] [stderr]   HOST = Some("x86_64-unknown-linux-gnu")
[INFO] [stderr]   cargo:rerun-if-env-changed=CXX_x86_64-unknown-linux-gnu
[INFO] [stderr]   CXX_x86_64-unknown-linux-gnu = None
[INFO] [stderr]   cargo:rerun-if-env-changed=CXX_x86_64_unknown_linux_gnu
[INFO] [stderr]   CXX_x86_64_unknown_linux_gnu = None
[INFO] [stderr]   cargo:rerun-if-env-changed=HOST_CXX
[INFO] [stderr]   HOST_CXX = None
[INFO] [stderr]   cargo:rerun-if-env-changed=CXX
[INFO] [stderr]   CXX = None
[INFO] [stderr]   cargo:rerun-if-env-changed=CRATE_CC_NO_DEFAULTS
[INFO] [stderr]   CRATE_CC_NO_DEFAULTS = None
[INFO] [stderr]   DEBUG = Some("false")
[INFO] [stderr]   CARGO_CFG_TARGET_FEATURE = Some("fxsr,sse,sse2")
[INFO] [stderr]   cargo:rerun-if-env-changed=CXXFLAGS_x86_64-unknown-linux-gnu
[INFO] [stderr]   CXXFLAGS_x86_64-unknown-linux-gnu = None
[INFO] [stderr]   cargo:rerun-if-env-changed=CXXFLAGS_x86_64_unknown_linux_gnu
[INFO] [stderr]   CXXFLAGS_x86_64_unknown_linux_gnu = None
[INFO] [stderr]   cargo:rerun-if-env-changed=HOST_CXXFLAGS
[INFO] [stderr]   HOST_CXXFLAGS = None
[INFO] [stderr]   cargo:rerun-if-env-changed=CXXFLAGS
[INFO] [stderr]   CXXFLAGS = None
[INFO] [stderr]   cargo:rerun-if-env-changed=CXX_x86_64-unknown-linux-gnu
[INFO] [stderr]   CXX_x86_64-unknown-linux-gnu = None
[INFO] [stderr]   cargo:rerun-if-env-changed=CXX_x86_64_unknown_linux_gnu
[INFO] [stderr]   CXX_x86_64_unknown_linux_gnu = None
[INFO] [stderr]   cargo:rerun-if-env-changed=HOST_CXX
[INFO] [stderr]   HOST_CXX = None
[INFO] [stderr]   cargo:rerun-if-env-changed=CXX
[INFO] [stderr]   CXX = None
[INFO] [stderr]   cargo:rerun-if-env-changed=CRATE_CC_NO_DEFAULTS
[INFO] [stderr]   CRATE_CC_NO_DEFAULTS = None
[INFO] [stderr]   CARGO_CFG_TARGET_FEATURE = Some("fxsr,sse,sse2")
[INFO] [stderr]   cargo:rerun-if-env-changed=CXXFLAGS_x86_64-unknown-linux-gnu
[INFO] [stderr]   CXXFLAGS_x86_64-unknown-linux-gnu = None
[INFO] [stderr]   cargo:rerun-if-env-changed=CXXFLAGS_x86_64_unknown_linux_gnu
[INFO] [stderr]   CXXFLAGS_x86_64_unknown_linux_gnu = None
[INFO] [stderr]   cargo:rerun-if-env-changed=HOST_CXXFLAGS
[INFO] [stderr]   HOST_CXXFLAGS = None
[INFO] [stderr]   cargo:rerun-if-env-changed=CXXFLAGS
[INFO] [stderr]   CXXFLAGS = None
[INFO] [stderr]   running: "c++" "-O0" "-ffunction-sections" "-fdata-sections" "-fPIC" "-m64" "-Wall" "-Wextra" "-DSPIRV_CROSS_EXCEPTIONS_TO_ASSERTIONS" "-DSPIRV_CROSS_WRAPPER_NO_EXCEPTIONS" "-DSPIRV_CROSS_WRAPPER_GLSL" "-std=c++14" "-o" "/opt/rustwide/target/debug/build/spirv_cross-a5b93cc8c9e261fd/out/src/wrapper.o" "-c" "src/wrapper.cpp"
[INFO] [stderr]   running: "c++" "-O0" "-ffunction-sections" "-fdata-sections" "-fPIC" "-m64" "-Wall" "-Wextra" "-DSPIRV_CROSS_EXCEPTIONS_TO_ASSERTIONS" "-DSPIRV_CROSS_WRAPPER_NO_EXCEPTIONS" "-DSPIRV_CROSS_WRAPPER_GLSL" "-std=c++14" "-o" "/opt/rustwide/target/debug/build/spirv_cross-a5b93cc8c9e261fd/out/src/vendor/SPIRV-Cross/spirv_cfg.o" "-c" "src/vendor/SPIRV-Cross/spirv_cfg.cpp"
[INFO] [stderr]   running: "c++" "-O0" "-ffunction-sections" "-fdata-sections" "-fPIC" "-m64" "-Wall" "-Wextra" "-DSPIRV_CROSS_EXCEPTIONS_TO_ASSERTIONS" "-DSPIRV_CROSS_WRAPPER_NO_EXCEPTIONS" "-DSPIRV_CROSS_WRAPPER_GLSL" "-std=c++14" "-o" "/opt/rustwide/target/debug/build/spirv_cross-a5b93cc8c9e261fd/out/src/vendor/SPIRV-Cross/spirv_cross.o" "-c" "src/vendor/SPIRV-Cross/spirv_cross.cpp"
[INFO] [stderr]   running: "c++" "-O0" "-ffunction-sections" "-fdata-sections" "-fPIC" "-m64" "-Wall" "-Wextra" "-DSPIRV_CROSS_EXCEPTIONS_TO_ASSERTIONS" "-DSPIRV_CROSS_WRAPPER_NO_EXCEPTIONS" "-DSPIRV_CROSS_WRAPPER_GLSL" "-std=c++14" "-o" "/opt/rustwide/target/debug/build/spirv_cross-a5b93cc8c9e261fd/out/src/vendor/SPIRV-Cross/spirv_cross_parsed_ir.o" "-c" "src/vendor/SPIRV-Cross/spirv_cross_parsed_ir.cpp"
[INFO] [stderr]   running: "c++" "-O0" "-ffunction-sections" "-fdata-sections" "-fPIC" "-m64" "-Wall" "-Wextra" "-DSPIRV_CROSS_EXCEPTIONS_TO_ASSERTIONS" "-DSPIRV_CROSS_WRAPPER_NO_EXCEPTIONS" "-DSPIRV_CROSS_WRAPPER_GLSL" "-std=c++14" "-o" "/opt/rustwide/target/debug/build/spirv_cross-a5b93cc8c9e261fd/out/src/vendor/SPIRV-Cross/spirv_parser.o" "-c" "src/vendor/SPIRV-Cross/spirv_parser.cpp"
[INFO] [stderr]   running: "c++" "-O0" "-ffunction-sections" "-fdata-sections" "-fPIC" "-m64" "-Wall" "-Wextra" "-DSPIRV_CROSS_EXCEPTIONS_TO_ASSERTIONS" "-DSPIRV_CROSS_WRAPPER_NO_EXCEPTIONS" "-DSPIRV_CROSS_WRAPPER_GLSL" "-std=c++14" "-o" "/opt/rustwide/target/debug/build/spirv_cross-a5b93cc8c9e261fd/out/src/vendor/SPIRV-Cross/spirv_cross_util.o" "-c" "src/vendor/SPIRV-Cross/spirv_cross_util.cpp"
[INFO] [stderr]   running: "c++" "-O0" "-ffunction-sections" "-fdata-sections" "-fPIC" "-m64" "-Wall" "-Wextra" "-DSPIRV_CROSS_EXCEPTIONS_TO_ASSERTIONS" "-DSPIRV_CROSS_WRAPPER_NO_EXCEPTIONS" "-DSPIRV_CROSS_WRAPPER_GLSL" "-std=c++14" "-o" "/opt/rustwide/target/debug/build/spirv_cross-a5b93cc8c9e261fd/out/src/vendor/SPIRV-Cross/spirv_glsl.o" "-c" "src/vendor/SPIRV-Cross/spirv_glsl.cpp"
[INFO] [stderr]   cargo:warning=c++: fatal error: Killed signal terminated program cc1plus
[INFO] [stderr] 
[INFO] [stderr]   cargo:warning=compilation terminated.
[INFO] [stderr] 
[INFO] [stderr]   exit status: 0
[INFO] [stderr]   exit status: 0
[INFO] [stderr]   exit status: 0
[INFO] [stderr]   exit status: 0
[INFO] [stderr]   exit status: 0
[INFO] [stderr]   exit status: 0
[INFO] [stderr]   exit status: 1
[INFO] [stderr]   cargo:warning=ToolExecError: Command "c++" "-O0" "-ffunction-sections" "-fdata-sections" "-fPIC" "-m64" "-Wall" "-Wextra" "-DSPIRV_CROSS_EXCEPTIONS_TO_ASSERTIONS" "-DSPIRV_CROSS_WRAPPER_NO_EXCEPTIONS" "-DSPIRV_CROSS_WRAPPER_GLSL" "-std=c++14" "-o" "/opt/rustwide/target/debug/build/spirv_cross-a5b93cc8c9e261fd/out/src/vendor/SPIRV-Cross/spirv_glsl.o" "-c" "src/vendor/SPIRV-Cross/spirv_glsl.cpp" with args "c++" did not execute successfully (status code exit status: 1).
[INFO] [stderr] 
[INFO] [stderr]   --- stderr
[INFO] [stderr] 
[INFO] [stderr] 
[INFO] [stderr]   error occurred: Command "c++" "-O0" "-ffunction-sections" "-fdata-sections" "-fPIC" "-m64" "-Wall" "-Wextra" "-DSPIRV_CROSS_EXCEPTIONS_TO_ASSERTIONS" "-DSPIRV_CROSS_WRAPPER_NO_EXCEPTIONS" "-DSPIRV_CROSS_WRAPPER_GLSL" "-std=c++14" "-o" "/opt/rustwide/target/debug/build/spirv_cross-a5b93cc8c9e261fd/out/src/vendor/SPIRV-Cross/spirv_glsl.o" "-c" "src/vendor/SPIRV-Cross/spirv_glsl.cpp" with args "c++" did not execute successfully (status code exit status: 1).
[INFO] [stderr] 
[INFO] [stderr] 
[INFO] [stderr] error: failed to run custom build command for `glsl-to-spirv v0.1.7`
[INFO] [stderr] note: To improve backtraces for build dependencies, set the CARGO_PROFILE_DEV_BUILD_OVERRIDE_DEBUG=true environment variable to enable debug information generation.
[INFO] [stderr] 
[INFO] [stderr] Caused by:
[INFO] [stderr]   process didn't exit successfully: `/opt/rustwide/target/debug/build/glsl-to-spirv-0a71d8f3849954ff/build-script-build` (exit status: 101)
[INFO] [stderr]   --- stdout
[INFO] [stderr]   cargo:rerun-if-changed=build/glslangValidator.exe
[INFO] [stderr]   CMAKE_TOOLCHAIN_FILE_x86_64-unknown-linux-gnu = None
[INFO] [stderr]   CMAKE_TOOLCHAIN_FILE_x86_64_unknown_linux_gnu = None
[INFO] [stderr]   HOST_CMAKE_TOOLCHAIN_FILE = None
[INFO] [stderr]   CMAKE_TOOLCHAIN_FILE = None
[INFO] [stderr]   CMAKE_GENERATOR_x86_64-unknown-linux-gnu = None
[INFO] [stderr]   CMAKE_GENERATOR_x86_64_unknown_linux_gnu = None
[INFO] [stderr]   HOST_CMAKE_GENERATOR = None
[INFO] [stderr]   CMAKE_GENERATOR = None
[INFO] [stderr]   CMAKE_PREFIX_PATH_x86_64-unknown-linux-gnu = None
[INFO] [stderr]   CMAKE_PREFIX_PATH_x86_64_unknown_linux_gnu = None
[INFO] [stderr]   HOST_CMAKE_PREFIX_PATH = None
[INFO] [stderr]   CMAKE_PREFIX_PATH = None
[INFO] [stderr]   CMAKE_x86_64-unknown-linux-gnu = None
[INFO] [stderr]   CMAKE_x86_64_unknown_linux_gnu = None
[INFO] [stderr]   HOST_CMAKE = None
[INFO] [stderr]   CMAKE = None
[INFO] [stderr]   running: cd "/opt/rustwide/target/debug/build/glsl-to-spirv-44d9fdff82b4f562/out/build" && CMAKE_PREFIX_PATH="" "cmake" "/opt/rustwide/cargo-home/registry/src/index.crates.io-1949cf8c6b5b557f/glsl-to-spirv-0.1.7/glslang" "-DCMAKE_INSTALL_PREFIX=/opt/rustwide/target/debug/build/glsl-to-spirv-44d9fdff82b4f562/out" "-DCMAKE_C_FLAGS= -ffunction-sections -fdata-sections -fPIC -m64" "-DCMAKE_C_COMPILER=/usr/bin/cc" "-DCMAKE_CXX_FLAGS= -ffunction-sections -fdata-sections -fPIC -m64" "-DCMAKE_CXX_COMPILER=/usr/bin/c++" "-DCMAKE_ASM_FLAGS= -ffunction-sections -fdata-sections -fPIC -m64" "-DCMAKE_ASM_COMPILER=/usr/bin/cc" "-DCMAKE_BUILD_TYPE=Debug"
[INFO] [stderr]   -- The C compiler identification is GNU 13.3.0
[INFO] [stderr]   -- The CXX compiler identification is GNU 13.3.0
[INFO] [stderr]   -- Detecting C compiler ABI info
[INFO] [stderr]   -- Detecting C compiler ABI info - done
[INFO] [stderr]   -- Check for working C compiler: /usr/bin/cc - skipped
[INFO] [stderr]   -- Detecting C compile features
[INFO] [stderr]   -- Detecting C compile features - done
[INFO] [stderr]   -- Detecting CXX compiler ABI info
[INFO] [stderr]   -- Detecting CXX compiler ABI info - done
[INFO] [stderr]   -- Check for working CXX compiler: /usr/bin/c++ - skipped
[INFO] [stderr]   -- Detecting CXX compile features
[INFO] [stderr]   -- Detecting CXX compile features - done
[INFO] [stderr]   -- Google Mock was not found - tests based on that will not build
[INFO] [stderr]   -- Configuring done (3.6s)
[INFO] [stderr]   -- Generating done (0.5s)
[INFO] [stderr]   -- Build files have been written to: /opt/rustwide/target/debug/build/glsl-to-spirv-44d9fdff82b4f562/out/build
[INFO] [stderr]   running: cd "/opt/rustwide/target/debug/build/glsl-to-spirv-44d9fdff82b4f562/out/build" && MAKEFLAGS="-j --jobserver-fds=4,5 --jobserver-auth=4,5" "cmake" "--build" "." "--target" "install" "--config" "Debug"
[INFO] [stderr]   [  1%] Building CXX object hlsl/CMakeFiles/HLSL.dir/hlslAttributes.cpp.o
[INFO] [stderr]   [  3%] Building CXX object hlsl/CMakeFiles/HLSL.dir/hlslParseHelper.cpp.o
[INFO] [stderr]   [  5%] Building CXX object glslang/OSDependent/Unix/CMakeFiles/OSDependent.dir/ossource.cpp.o
[INFO] [stderr]   [  7%] Building CXX object hlsl/CMakeFiles/HLSL.dir/hlslScanContext.cpp.o
[INFO] [stderr]   [  8%] Linking CXX static library libOSDependent.a
[INFO] [stderr]   [  8%] Built target OSDependent
[INFO] [stderr]   [ 10%] Building CXX object OGLCompilersDLL/CMakeFiles/OGLCompiler.dir/InitializeDll.cpp.o
[INFO] [stderr]   [ 12%] Building CXX object hlsl/CMakeFiles/HLSL.dir/hlslOpMap.cpp.o
[INFO] [stderr]   [ 14%] Building CXX object StandAlone/CMakeFiles/glslang-default-resource-limits.dir/ResourceLimits.cpp.o
[INFO] [stderr]   [ 15%] Linking CXX static library libOGLCompiler.a
[INFO] [stderr]   [ 15%] Built target OGLCompiler
[INFO] [stderr]   [ 17%] Building CXX object hlsl/CMakeFiles/HLSL.dir/hlslTokenStream.cpp.o
[INFO] [stderr]   [ 19%] Linking CXX static library libglslang-default-resource-limits.a
[INFO] [stderr]   [ 21%] Building CXX object hlsl/CMakeFiles/HLSL.dir/hlslGrammar.cpp.o
[INFO] [stderr]   [ 21%] Built target glslang-default-resource-limits
[INFO] [stderr]   [ 22%] Building CXX object hlsl/CMakeFiles/HLSL.dir/hlslParseables.cpp.o
[INFO] [stderr]   [ 24%] Building CXX object SPIRV/CMakeFiles/SPVRemapper.dir/SPVRemapper.cpp.o
[INFO] [stderr]   [ 26%] Building CXX object SPIRV/CMakeFiles/SPVRemapper.dir/doc.cpp.o
[INFO] [stderr]   [ 28%] Linking CXX static library libSPVRemapper.a
[INFO] [stderr]   [ 28%] Built target SPVRemapper
[INFO] [stderr]   [ 29%] Linking CXX static library libHLSL.a
[INFO] [stderr]   [ 29%] Built target HLSL
[INFO] [stderr]   [ 31%] Building CXX object glslang/CMakeFiles/glslang.dir/MachineIndependent/glslang_tab.cpp.o
[INFO] [stderr]   [ 33%] Building CXX object glslang/CMakeFiles/glslang.dir/MachineIndependent/ParseContextBase.cpp.o
[INFO] [stderr]   [ 35%] Building CXX object glslang/CMakeFiles/glslang.dir/MachineIndependent/Intermediate.cpp.o
[INFO] [stderr]   [ 38%] Building CXX object glslang/CMakeFiles/glslang.dir/MachineIndependent/Scan.cpp.o
[INFO] [stderr]   [ 38%] Building CXX object glslang/CMakeFiles/glslang.dir/MachineIndependent/IntermTraverse.cpp.o
[INFO] [stderr]   [ 42%] Building CXX object glslang/CMakeFiles/glslang.dir/MachineIndependent/SymbolTable.cpp.o
[INFO] [stderr]   [ 43%] Building CXX object glslang/CMakeFiles/glslang.dir/MachineIndependent/ShaderLang.cpp.o
[INFO] [stderr]   [ 40%] Building CXX object glslang/CMakeFiles/glslang.dir/MachineIndependent/Constant.cpp.o
[INFO] [stderr]   [ 45%] Building CXX object glslang/CMakeFiles/glslang.dir/MachineIndependent/InfoSink.cpp.o
[INFO] [stderr]   [ 47%] Building CXX object glslang/CMakeFiles/glslang.dir/MachineIndependent/PoolAlloc.cpp.o
[INFO] [stderr]   [ 50%] Building CXX object glslang/CMakeFiles/glslang.dir/MachineIndependent/Initialize.cpp.o
[INFO] [stderr]   [ 49%] Building CXX object glslang/CMakeFiles/glslang.dir/MachineIndependent/ParseHelper.cpp.o
[INFO] [stderr]   [ 52%] Building CXX object glslang/CMakeFiles/glslang.dir/MachineIndependent/RemoveTree.cpp.o
[INFO] [stderr]   [ 54%] Building CXX object glslang/CMakeFiles/glslang.dir/MachineIndependent/iomapper.cpp.o
[INFO] [stderr]   [ 56%] Building CXX object glslang/CMakeFiles/glslang.dir/MachineIndependent/Versions.cpp.o
[INFO] [stderr]   [ 59%] Building CXX object glslang/CMakeFiles/glslang.dir/MachineIndependent/limits.cpp.o
[INFO] [stderr]   [ 57%] Building CXX object glslang/CMakeFiles/glslang.dir/MachineIndependent/intermOut.cpp.o
[INFO] [stderr]   [ 61%] Building CXX object glslang/CMakeFiles/glslang.dir/MachineIndependent/linkValidate.cpp.o
[INFO] [stderr]   [ 63%] Building CXX object glslang/CMakeFiles/glslang.dir/MachineIndependent/parseConst.cpp.o
[INFO] [stderr]   [ 64%] Building CXX object glslang/CMakeFiles/glslang.dir/MachineIndependent/reflection.cpp.o
[INFO] [stderr] 
[INFO] [stderr]   --- stderr
[INFO] [stderr]   fatal: not a git repository (or any parent up to mount point /opt/rustwide)
[INFO] [stderr]   Stopping at filesystem boundary (GIT_DISCOVERY_ACROSS_FILESYSTEM not set).
[INFO] [stderr]   CMake Deprecation Warning at CMakeLists.txt:3 (cmake_minimum_required):
[INFO] [stderr]     Compatibility with CMake < 3.5 will be removed from a future version of
[INFO] [stderr]     CMake.
[INFO] [stderr] 
[INFO] [stderr]     Update the VERSION argument <min> value or use a ...<max> suffix to tell
[INFO] [stderr]     CMake that the project does not need compatibility with older versions.
[INFO] [stderr] 
[INFO] [stderr] 
[INFO] [stderr]   CMake Warning (dev) at /usr/share/cmake-3.28/Modules/GNUInstallDirs.cmake:243 (message):
[INFO] [stderr]     Unable to determine default CMAKE_INSTALL_LIBDIR directory because no
[INFO] [stderr]     target architecture is known.  Please enable at least one language before
[INFO] [stderr]     including GNUInstallDirs.
[INFO] [stderr]   Call Stack (most recent call first):
[INFO] [stderr]     CMakeLists.txt:7 (include)
[INFO] [stderr]   This warning is for project developers.  Use -Wno-dev to suppress it.
[INFO] [stderr] 
[INFO] [stderr]   CMake Warning:
[INFO] [stderr]     Manually-specified variables were not used by the project:
[INFO] [stderr] 
[INFO] [stderr]       CMAKE_ASM_COMPILER
[INFO] [stderr]       CMAKE_ASM_FLAGS
[INFO] [stderr] 
[INFO] [stderr] 
[INFO] [stderr]   c++: fatal error: Killed signal terminated program cc1plus
[INFO] [stderr]   compilation terminated.
[INFO] [stderr]   gmake[2]: *** [glslang/CMakeFiles/glslang.dir/build.make:76: glslang/CMakeFiles/glslang.dir/MachineIndependent/glslang_tab.cpp.o] Error 1
[INFO] [stderr]   gmake[2]: *** Waiting for unfinished jobs....
[INFO] [stderr]   c++: fatal error: Killed signal terminated program cc1plus
[INFO] [stderr]   compilation terminated.
[INFO] [stderr]   gmake[2]: *** [glslang/CMakeFiles/glslang.dir/build.make:244: glslang/CMakeFiles/glslang.dir/MachineIndependent/ShaderLang.cpp.o] Error 1
[INFO] [stderr]   gmake[1]: *** [CMakeFiles/Makefile2:987: glslang/CMakeFiles/glslang.dir/all] Error 2
[INFO] [stderr]   gmake: *** [Makefile:146: all] Error 2
[INFO] [stderr] 
[INFO] [stderr]   thread 'main' (2262) panicked at /opt/rustwide/cargo-home/registry/src/index.crates.io-1949cf8c6b5b557f/cmake-0.1.50/src/lib.rs:1098:5:
[INFO] [stderr] 
[INFO] [stderr]   command did not execute successfully, got: exit status: 2
[INFO] [stderr] 
[INFO] [stderr]   build script failed, must exit now
[INFO] [stderr]   stack backtrace:
[INFO] [stderr]      0:     0x59c3664ec428 - std[10d71ac2c42b111e]::backtrace_rs::backtrace::libunwind::trace
[INFO] [stderr]                                  at /rustc/b2282dd5646a57d570fc86fbe8df0e8826665ef6/library/std/src/../../backtrace/src/backtrace/libunwind.rs:117:9
[INFO] [stderr]      1:     0x59c3664ec428 - std[10d71ac2c42b111e]::backtrace_rs::backtrace::trace_unsynchronized::<std[10d71ac2c42b111e]::sys::backtrace::_print_fmt::{closure#1}>
[INFO] [stderr]                                  at /rustc/b2282dd5646a57d570fc86fbe8df0e8826665ef6/library/std/src/../../backtrace/src/backtrace/mod.rs:66:14
[INFO] [stderr]      2:     0x59c3664ec428 - std[10d71ac2c42b111e]::sys::backtrace::_print_fmt
[INFO] [stderr]                                  at /rustc/b2282dd5646a57d570fc86fbe8df0e8826665ef6/library/std/src/sys/backtrace.rs:74:9
[INFO] [stderr]      3:     0x59c3664ec428 - <<std[10d71ac2c42b111e]::sys::backtrace::BacktraceLock>::print::DisplayBacktrace as core[8fb95b77d25ab6c8]::fmt::Display>::fmt
[INFO] [stderr]                                  at /rustc/b2282dd5646a57d570fc86fbe8df0e8826665ef6/library/std/src/sys/backtrace.rs:44:26
[INFO] [stderr]      4:     0x59c3665006fa - <core[8fb95b77d25ab6c8]::fmt::rt::Argument>::fmt
[INFO] [stderr]                                  at /rustc/b2282dd5646a57d570fc86fbe8df0e8826665ef6/library/core/src/fmt/rt.rs:152:76
[INFO] [stderr]      5:     0x59c3665006fa - core[8fb95b77d25ab6c8]::fmt::write
[INFO] [stderr]      6:     0x59c3664f2312 - std[10d71ac2c42b111e]::io::default_write_fmt::<std[10d71ac2c42b111e]::sys::stdio::unix::Stderr>
[INFO] [stderr]                                  at /rustc/b2282dd5646a57d570fc86fbe8df0e8826665ef6/library/std/src/io/mod.rs:622:11
[INFO] [stderr]      7:     0x59c3664f2312 - <std[10d71ac2c42b111e]::sys::stdio::unix::Stderr as std[10d71ac2c42b111e]::io::Write>::write_fmt
[INFO] [stderr]                                  at /rustc/b2282dd5646a57d570fc86fbe8df0e8826665ef6/library/std/src/io/mod.rs:1977:13
[INFO] [stderr]      8:     0x59c3664cc7b6 - <std[10d71ac2c42b111e]::sys::backtrace::BacktraceLock>::print
[INFO] [stderr]                                  at /rustc/b2282dd5646a57d570fc86fbe8df0e8826665ef6/library/std/src/sys/backtrace.rs:47:9
[INFO] [stderr]      9:     0x59c3664cc7b6 - std[10d71ac2c42b111e]::panicking::default_hook::{closure#0}
[INFO] [stderr]                                  at /rustc/b2282dd5646a57d570fc86fbe8df0e8826665ef6/library/std/src/panicking.rs:292:27
[INFO] [stderr]     10:     0x59c3664e5c91 - std[10d71ac2c42b111e]::panicking::default_hook
[INFO] [stderr]                                  at /rustc/b2282dd5646a57d570fc86fbe8df0e8826665ef6/library/std/src/panicking.rs:319:9
[INFO] [stderr]     11:     0x59c3664e5e4b - std[10d71ac2c42b111e]::panicking::panic_with_hook
[INFO] [stderr]                                  at /rustc/b2282dd5646a57d570fc86fbe8df0e8826665ef6/library/std/src/panicking.rs:825:13
[INFO] [stderr]     12:     0x59c3664cc872 - std[10d71ac2c42b111e]::panicking::panic_handler::{closure#0}
[INFO] [stderr]                                  at /rustc/b2282dd5646a57d570fc86fbe8df0e8826665ef6/library/std/src/panicking.rs:698:13
[INFO] [stderr]     13:     0x59c3664c1819 - std[10d71ac2c42b111e]::sys::backtrace::__rust_end_short_backtrace::<std[10d71ac2c42b111e]::panicking::panic_handler::{closure#0}, !>
[INFO] [stderr]                                  at /rustc/b2282dd5646a57d570fc86fbe8df0e8826665ef6/library/std/src/sys/backtrace.rs:182:18
[INFO] [stderr]     14:     0x59c3664cd1dd - __rustc[3be9ba60078d4c86]::rust_begin_unwind
[INFO] [stderr]                                  at /rustc/b2282dd5646a57d570fc86fbe8df0e8826665ef6/library/std/src/panicking.rs:689:5
[INFO] [stderr]     15:     0x59c366500e2c - core[8fb95b77d25ab6c8]::panicking::panic_fmt
[INFO] [stderr]                                  at /rustc/b2282dd5646a57d570fc86fbe8df0e8826665ef6/library/core/src/panicking.rs:80:14
[INFO] [stderr]     16:     0x59c366471797 - cmake[41835e3c8107279b]::fail
[INFO] [stderr]     17:     0x59c366471451 - cmake[41835e3c8107279b]::run
[INFO] [stderr]     18:     0x59c366477131 - <cmake[41835e3c8107279b]::Config>::build
[INFO] [stderr]     19:     0x59c366457e8f - cmake[41835e3c8107279b]::build::<&str>
[INFO] [stderr]     20:     0x59c3664595d7 - build_script_build[c38f4024198fcce3]::main
[INFO] [stderr]     21:     0x59c36645b4b3 - <fn() as core[8fb95b77d25ab6c8]::ops::function::FnOnce<()>>::call_once
[INFO] [stderr]     22:     0x59c366459096 - std[10d71ac2c42b111e]::sys::backtrace::__rust_begin_short_backtrace::<fn(), ()>
[INFO] [stderr]     23:     0x59c3664590e9 - std[10d71ac2c42b111e]::rt::lang_start::<()>::{closure#0}
[INFO] [stderr]     24:     0x59c3664e4df7 - <&dyn core[8fb95b77d25ab6c8]::ops::function::Fn<(), Output = i32> + core[8fb95b77d25ab6c8]::panic::unwind_safe::RefUnwindSafe + core[8fb95b77d25ab6c8]::marker::Sync as core[8fb95b77d25ab6c8]::ops::function::FnOnce<()>>::call_once
[INFO] [stderr]                                  at /rustc/b2282dd5646a57d570fc86fbe8df0e8826665ef6/library/core/src/ops/function.rs:287:21
[INFO] [stderr]     25:     0x59c3664e4df7 - std[10d71ac2c42b111e]::panicking::catch_unwind::do_call::<&dyn core[8fb95b77d25ab6c8]::ops::function::Fn<(), Output = i32> + core[8fb95b77d25ab6c8]::panic::unwind_safe::RefUnwindSafe + core[8fb95b77d25ab6c8]::marker::Sync, i32>
[INFO] [stderr]                                  at /rustc/b2282dd5646a57d570fc86fbe8df0e8826665ef6/library/std/src/panicking.rs:581:40
[INFO] [stderr]     26:     0x59c3664e4df7 - std[10d71ac2c42b111e]::panicking::catch_unwind::<i32, &dyn core[8fb95b77d25ab6c8]::ops::function::Fn<(), Output = i32> + core[8fb95b77d25ab6c8]::panic::unwind_safe::RefUnwindSafe + core[8fb95b77d25ab6c8]::marker::Sync>
[INFO] [stderr]                                  at /rustc/b2282dd5646a57d570fc86fbe8df0e8826665ef6/library/std/src/panicking.rs:544:19
[INFO] [stderr]     27:     0x59c3664e4df7 - std[10d71ac2c42b111e]::panic::catch_unwind::<&dyn core[8fb95b77d25ab6c8]::ops::function::Fn<(), Output = i32> + core[8fb95b77d25ab6c8]::panic::unwind_safe::RefUnwindSafe + core[8fb95b77d25ab6c8]::marker::Sync, i32>
[INFO] [stderr]                                  at /rustc/b2282dd5646a57d570fc86fbe8df0e8826665ef6/library/std/src/panic.rs:359:14
[INFO] [stderr]     28:     0x59c3664e4df7 - std[10d71ac2c42b111e]::rt::lang_start_internal::{closure#0}
[INFO] [stderr]                                  at /rustc/b2282dd5646a57d570fc86fbe8df0e8826665ef6/library/std/src/rt.rs:175:24
[INFO] [stderr]     29:     0x59c3664e4df7 - std[10d71ac2c42b111e]::panicking::catch_unwind::do_call::<std[10d71ac2c42b111e]::rt::lang_start_internal::{closure#0}, isize>
[INFO] [stderr]                                  at /rustc/b2282dd5646a57d570fc86fbe8df0e8826665ef6/library/std/src/panicking.rs:581:40
[INFO] [stderr]     30:     0x59c3664e4df7 - std[10d71ac2c42b111e]::panicking::catch_unwind::<isize, std[10d71ac2c42b111e]::rt::lang_start_internal::{closure#0}>
[INFO] [stderr]                                  at /rustc/b2282dd5646a57d570fc86fbe8df0e8826665ef6/library/std/src/panicking.rs:544:19
[INFO] [stderr]     31:     0x59c3664e4df7 - std[10d71ac2c42b111e]::panic::catch_unwind::<std[10d71ac2c42b111e]::rt::lang_start_internal::{closure#0}, isize>
[INFO] [stderr]                                  at /rustc/b2282dd5646a57d570fc86fbe8df0e8826665ef6/library/std/src/panic.rs:359:14
[INFO] [stderr]     32:     0x59c3664e4df7 - std[10d71ac2c42b111e]::rt::lang_start_internal
[INFO] [stderr]                                  at /rustc/b2282dd5646a57d570fc86fbe8df0e8826665ef6/library/std/src/rt.rs:171:5
[INFO] [stderr]     33:     0x59c366458b91 - std[10d71ac2c42b111e]::rt::lang_start::<()>
[INFO] [stderr]     34:     0x59c36645b615 - main
[INFO] [stderr]     35:     0x7c26f2c551ca - <unknown>
[INFO] [stderr]     36:     0x7c26f2c5528b - __libc_start_main
[INFO] [stderr]     37:     0x59c366457d45 - _start
[INFO] [stderr]     38:                0x0 - <unknown>
[INFO] running `Command { std: "docker" "inspect" "6d973cd857276fc05aa1c26417e6fb5604804f02a7157a6f809f75bcc723209f", kill_on_drop: false }`
[INFO] running `Command { std: "docker" "rm" "-f" "6d973cd857276fc05aa1c26417e6fb5604804f02a7157a6f809f75bcc723209f", kill_on_drop: false }`
[INFO] [stdout] 6d973cd857276fc05aa1c26417e6fb5604804f02a7157a6f809f75bcc723209f
