[INFO] cloning repository https://github.com/dhruv8sh/dodo
[INFO] running `Command { std: "git" "-c" "credential.helper=" "-c" "credential.helper=/workspace/cargo-home/bin/git-credential-null" "clone" "--bare" "https://github.com/dhruv8sh/dodo" "/workspace/cache/git-repos/https%3A%2F%2Fgithub.com%2Fdhruv8sh%2Fdodo", kill_on_drop: false }`
[INFO] [stderr] Cloning into bare repository '/workspace/cache/git-repos/https%3A%2F%2Fgithub.com%2Fdhruv8sh%2Fdodo'...
[INFO] running `Command { std: "git" "rev-parse" "HEAD", kill_on_drop: false }`
[INFO] [stdout] 23286a8aba05920c22f85cc25884bfc74420537b
[INFO] testing dhruv8sh/dodo against 1.97.0-beta.6 for beta-1.98-2
[INFO] running `Command { std: "git" "clone" "/workspace/cache/git-repos/https%3A%2F%2Fgithub.com%2Fdhruv8sh%2Fdodo" "/workspace/builds/worker-1-tc1/source", kill_on_drop: false }`
[INFO] [stderr] Cloning into '/workspace/builds/worker-1-tc1/source'...
[INFO] [stderr] done.
[INFO] started tweaking git repo https://github.com/dhruv8sh/dodo
[INFO] finished tweaking git repo https://github.com/dhruv8sh/dodo
[INFO] tweaked toml for git repo https://github.com/dhruv8sh/dodo written to /workspace/builds/worker-1-tc1/source/Cargo.toml
[INFO] validating manifest of git repo https://github.com/dhruv8sh/dodo on toolchain 1.97.0-beta.6
[INFO] running `Command { std: CARGO_HOME="/workspace/cargo-home" RUSTUP_HOME="/workspace/rustup-home" "/workspace/cargo-home/bin/cargo" "+1.97.0-beta.6" "metadata" "--manifest-path" "Cargo.toml" "--no-deps", kill_on_drop: false }`
[INFO] crate git repo https://github.com/dhruv8sh/dodo already has a lockfile, it will not be regenerated
[INFO] running `Command { std: CARGO_HOME="/workspace/cargo-home" RUSTUP_HOME="/workspace/rustup-home" "/workspace/cargo-home/bin/cargo" "+1.97.0-beta.6" "fetch" "--manifest-path" "Cargo.toml", kill_on_drop: false }`
[INFO] [stderr]     Updating crates.io index
[INFO] [stderr]  Downloading crates ...
[INFO] [stderr]   Downloaded wasm-bindgen-macro-support v0.2.122
[INFO] [stderr]   Downloaded wasm-bindgen-macro v0.2.122
[INFO] [stderr]   Downloaded utoipa-scalar v0.3.0
[INFO] [stderr]   Downloaded wasm-bindgen-shared v0.2.122
[INFO] [stderr]   Downloaded bytestring v1.5.1
[INFO] [stderr]   Downloaded wasm-bindgen v0.2.122
[INFO] [stderr]   Downloaded bitflags v2.12.1
[INFO] [stderr]   Downloaded actix-router v0.5.4
[INFO] [stderr]   Downloaded log v0.4.31
[INFO] [stderr]   Downloaded etcetera v0.11.0
[INFO] [stderr]   Downloaded wasm-bindgen-futures v0.4.72
[INFO] [stderr]   Downloaded sqlx-macros v0.9.0
[INFO] [stderr]   Downloaded utoipa v5.5.0
[INFO] [stderr]   Downloaded sqlx-sqlite v0.9.0
[INFO] [stderr]   Downloaded js-sys v0.3.99
[INFO] [stderr]   Downloaded flume v0.12.0
[INFO] [stderr]   Downloaded sqlx-macros-core v0.9.0
[INFO] [stderr]   Downloaded sqlx-mysql v0.9.0
[INFO] [stderr]   Downloaded utoipa-gen v5.5.0
[INFO] [stderr]   Downloaded actix-http v3.12.1
[INFO] [stderr]   Downloaded sqlx-postgres v0.9.0
[INFO] [stderr]   Downloaded sqlx-core v0.9.0
[INFO] [stderr]   Downloaded hkdf v0.13.0
[INFO] [stderr]   Downloaded sqlx v0.9.0
[INFO] [stderr]   Downloaded actix-web v4.13.0
[INFO] [stderr]   Downloaded web-sys v0.3.99
[INFO] running `Command { std: "docker" "create" "-v" "/var/lib/crater-agent-workspace/builds/worker-1-tc1/source:/opt/rustwide/workdir:ro,Z" "-v" "/var/lib/crater-agent-workspace/builds/worker-1-tc1/target:/opt/rustwide/target:rw,Z" "-v" "/var/lib/crater-agent-workspace/cargo-home:/opt/rustwide/cargo-home:ro,Z" "-v" "/var/lib/crater-agent-workspace/rustup-home:/opt/rustwide/rustup-home:ro,Z" "-m" "1610612736" "--network" "none" "ghcr.io/rust-lang/crates-build-env/linux@sha256:3d5ced03c013a94a2f102a4510f48a6e9184255caf5fd8244f58017bde7f5210" "sleep" "infinity", kill_on_drop: false }`
[INFO] [stdout] 2c6e20126d3468f85ef1ef1af28f4916e05d50ba4b6203746796efdcbd1555c3
[INFO] running `Command { std: "docker" "start" "2c6e20126d3468f85ef1ef1af28f4916e05d50ba4b6203746796efdcbd1555c3", kill_on_drop: false }`
[INFO] running `Command { std: "docker" "inspect" "2c6e20126d3468f85ef1ef1af28f4916e05d50ba4b6203746796efdcbd1555c3", kill_on_drop: false }`
[INFO] running `Command { std: "docker" "exec" "-e" "SOURCE_DIR=/opt/rustwide/workdir" "-e" "CARGO_HOME=/opt/rustwide/cargo-home" "-e" "RUSTUP_HOME=/opt/rustwide/rustup-home" "-e" "CARGO_TARGET_DIR=/opt/rustwide/target" "-w" "/opt/rustwide/workdir" "--user" "0:0" "2c6e20126d3468f85ef1ef1af28f4916e05d50ba4b6203746796efdcbd1555c3" "/opt/rustwide/cargo-home/bin/cargo" "+1.97.0-beta.6" "metadata" "--no-deps" "--format-version=1", kill_on_drop: false }`
[INFO] running `Command { std: "docker" "inspect" "2c6e20126d3468f85ef1ef1af28f4916e05d50ba4b6203746796efdcbd1555c3", kill_on_drop: false }`
[INFO] running `Command { std: "docker" "exec" "-e" "SOURCE_DIR=/opt/rustwide/workdir" "-e" "CARGO_HOME=/opt/rustwide/cargo-home" "-e" "RUSTUP_HOME=/opt/rustwide/rustup-home" "-e" "CARGO_TARGET_DIR=/opt/rustwide/target" "-e" "CARGO_INCREMENTAL=0" "-e" "RUST_BACKTRACE=full" "-e" "RUSTFLAGS=--cap-lints=warn" "-e" "RUSTDOCFLAGS=--cap-lints=warn" "-w" "/opt/rustwide/workdir" "--user" "0:0" "2c6e20126d3468f85ef1ef1af28f4916e05d50ba4b6203746796efdcbd1555c3" "/opt/rustwide/cargo-home/bin/cargo" "+1.97.0-beta.6" "build" "--frozen" "--message-format=json", kill_on_drop: false }`
[INFO] [stderr]    Compiling syn v2.0.117
[INFO] [stderr]    Compiling libc v0.2.186
[INFO] [stderr]    Compiling serde_core v1.0.228
[INFO] [stderr]    Compiling shlex v2.0.1
[INFO] [stderr]    Compiling typenum v1.20.1
[INFO] [stderr]    Compiling memchr v2.8.1
[INFO] [stderr]    Compiling log v0.4.31
[INFO] [stderr]    Compiling writeable v0.6.3
[INFO] [stderr]    Compiling litemap v0.8.2
[INFO] [stderr]    Compiling icu_normalizer_data v2.2.0
[INFO] [stderr]    Compiling icu_properties_data v2.2.0
[INFO] [stderr]    Compiling cmov v0.5.4
[INFO] [stderr]    Compiling futures-task v0.3.32
[INFO] [stderr]    Compiling rustls-pki-types v1.14.1
[INFO] [stderr]    Compiling hashbrown v0.17.1
[INFO] [stderr]    Compiling rand_core v0.10.1
[INFO] [stderr]    Compiling getrandom v0.4.2
[INFO] [stderr]    Compiling serde_json v1.0.150
[INFO] [stderr]    Compiling autocfg v1.5.1
[INFO] [stderr]    Compiling aws-lc-rs v1.17.0
[INFO] [stderr]    Compiling bitflags v2.12.1
[INFO] [stderr]    Compiling const-oid v0.10.2
[INFO] [stderr]    Compiling chacha20 v0.10.0
[INFO] [stderr]    Compiling tracing-core v0.1.36
[INFO] [stderr]    Compiling ctutils v0.4.2
[INFO] [stderr]    Compiling iana-time-zone v0.1.65
[INFO] [stderr]    Compiling rustls v0.23.40
[INFO] [stderr]    Compiling concurrent-queue v2.5.0
[INFO] [stderr]    Compiling crc-catalog v2.5.0
[INFO] [stderr]    Compiling tinyvec v1.11.0
[INFO] [stderr]    Compiling futures-util v0.3.32
[INFO] [stderr]    Compiling aho-corasick v1.1.4
[INFO] [stderr]    Compiling crc v3.4.0
[INFO] [stderr]    Compiling webpki-roots v1.0.7
[INFO] [stderr]    Compiling hashlink v0.11.0
[INFO] [stderr]    Compiling num-traits v0.2.19
[INFO] [stderr]    Compiling event-listener v5.4.1
[INFO] [stderr]    Compiling crossbeam-queue v0.3.12
[INFO] [stderr]    Compiling http v1.4.1
[INFO] [stderr]    Compiling thiserror v2.0.18
[INFO] [stderr]    Compiling futures-sink v0.3.32
[INFO] [stderr]    Compiling futures-channel v0.3.32
[INFO] [stderr]    Compiling form_urlencoded v1.2.2
[INFO] [stderr]    Compiling bytestring v1.5.1
[INFO] [stderr]    Compiling slab v0.4.12
[INFO] [stderr]    Compiling unicode-segmentation v1.13.3
[INFO] [stderr]    Compiling unicode-properties v0.1.4
[INFO] [stderr]    Compiling unicode-bidi v0.3.18
[INFO] [stderr]    Compiling unicode-normalization v0.1.25
[INFO] [stderr]    Compiling http v0.2.12
[INFO] [stderr]    Compiling indexmap v2.14.0
[INFO] [stderr]    Compiling whoami v2.1.2
[INFO] [stderr]    Compiling hybrid-array v0.4.12
[INFO] [stderr]    Compiling generic-array v0.14.7
[INFO] [stderr]    Compiling http-body v1.0.1
[INFO] [stderr]    Compiling convert_case v0.10.0
[INFO] [stderr]    Compiling byteorder v1.5.0
[INFO] [stderr]    Compiling simd-adler32 v0.3.9
[INFO] [stderr]    Compiling chrono v0.4.44
[INFO] [stderr]    Compiling atoi v2.0.0
[INFO] [stderr]    Compiling jobserver v0.1.34
[INFO] [stderr]    Compiling socket2 v0.6.4
[INFO] [stderr]    Compiling errno v0.3.14
[INFO] [stderr]    Compiling mio v1.2.1
[INFO] [stderr]    Compiling crypto-common v0.2.2
[INFO] [stderr]    Compiling block-buffer v0.12.0
[INFO] [stderr]    Compiling getrandom v0.2.17
[INFO] [stderr]    Compiling signal-hook-registry v1.4.8
[INFO] [stderr]    Compiling cc v1.2.63
[INFO] [stderr]    Compiling stringprep v0.1.5
[INFO] [stderr]    Compiling block-buffer v0.10.4
[INFO] [stderr]    Compiling crypto-common v0.1.7
[INFO] [stderr]    Compiling regex-automata v0.4.14
[INFO] [stderr]    Compiling digest v0.10.7
[INFO] [stderr]    Compiling rand v0.10.1
[INFO] [stderr]    Compiling tokio v1.52.3
[INFO] [stderr]    Compiling sha2 v0.10.9
[INFO] [stderr]    Compiling num-conv v0.2.2
[INFO] [stderr]    Compiling base64 v0.22.1
[INFO] [stderr]    Compiling dotenvy v0.15.7
[INFO] [stderr]    Compiling deranged v0.5.8
[INFO] [stderr]    Compiling time-macros v0.2.27
[INFO] [stderr]    Compiling digest v0.11.3
[INFO] [stderr]    Compiling cmake v0.1.58
[INFO] [stderr]    Compiling hmac v0.13.0
[INFO] [stderr]    Compiling sha2 v0.11.0
[INFO] [stderr]    Compiling hkdf v0.13.0
[INFO] [stderr]    Compiling md-5 v0.11.0
[INFO] [stderr]    Compiling miniz_oxide v0.8.9
[INFO] [stderr]    Compiling brotli-decompressor v5.0.1
[INFO] [stderr]    Compiling ring v0.17.14
[INFO] [stderr]    Compiling aws-lc-sys v0.41.0
[INFO] [stderr]    Compiling zstd-sys v2.0.16+zstd.1.5.7
[INFO] [stderr]    Compiling uuid v1.23.2
[INFO] [stderr]    Compiling actix-utils v3.0.1
[INFO] [stderr]    Compiling actix-service v2.0.3
[INFO] [stderr]    Compiling time v0.3.47
[INFO] [stderr]    Compiling brotli v8.0.3
[INFO] [stderr]    Compiling flate2 v1.1.9
[INFO] [stderr]    Compiling sha1 v0.11.0
[INFO] [stderr]    Compiling synstructure v0.13.2
[INFO] [stderr]    Compiling socket2 v0.5.10
[INFO] [stderr]    Compiling local-channel v0.1.5
[INFO] [stderr]    Compiling sync_wrapper v1.0.2
[INFO] [stderr]    Compiling ipnet v2.12.0
[INFO] [stderr]    Compiling language-tags v0.3.2
[INFO] [stderr]    Compiling foldhash v0.1.5
[INFO] [stderr]    Compiling rustls-native-certs v0.8.4
[INFO] [stderr]    Compiling http-body-util v0.1.3
[INFO] [stderr]    Compiling tracing-log v0.2.0
[INFO] [stderr]    Compiling unsafe-libyaml v0.2.11
[INFO] [stderr]    Compiling regex v1.12.3
[INFO] [stderr]    Compiling matchers v0.2.0
[INFO] [stderr]    Compiling serde_derive v1.0.228
[INFO] [stderr]    Compiling zerofrom-derive v0.1.7
[INFO] [stderr]    Compiling yoke-derive v0.8.2
[INFO] [stderr]    Compiling zerovec-derive v0.11.3
[INFO] [stderr]    Compiling displaydoc v0.2.6
[INFO] [stderr]    Compiling tracing-attributes v0.1.31
[INFO] [stderr]    Compiling tokio-macros v2.7.0
[INFO] [stderr]    Compiling thiserror-impl v2.0.18
[INFO] [stderr]    Compiling tokio-stream v0.1.18
[INFO] [stderr]    Compiling derive_more-impl v2.1.1
[INFO] [stderr]    Compiling zerofrom v0.1.8
[INFO] [stderr]    Compiling cookie v0.16.2
[INFO] [stderr]    Compiling yoke v0.8.3
[INFO] [stderr]    Compiling actix-macros v0.2.4
[INFO] [stderr]    Compiling async-trait v0.1.89
[INFO] [stderr]    Compiling zerovec v0.11.6
[INFO] [stderr]    Compiling zerotrie v0.2.4
[INFO] [stderr]    Compiling utoipa-gen v5.5.0
[INFO] [stderr]    Compiling tracing v0.1.44
[INFO] [stderr]    Compiling rustls-webpki v0.103.13
[INFO] [stderr]    Compiling tinystr v0.8.3
[INFO] [stderr]    Compiling potential_utf v0.1.5
[INFO] [stderr]    Compiling serde v1.0.228
[INFO] [stderr]    Compiling icu_collections v2.2.0
[INFO] [stderr]    Compiling icu_locale_core v2.2.0
[INFO] [stderr]    Compiling smallvec v1.15.1
[INFO] [stderr]    Compiling either v1.16.0
[INFO] [stderr]    Compiling actix-router v0.5.4
[INFO] [stderr]    Compiling derive_more v2.1.1
[INFO] [stderr]    Compiling parking_lot_core v0.9.12
[INFO] [stderr]    Compiling serde_urlencoded v0.7.1
[INFO] [stderr]    Compiling tracing-subscriber v0.3.23
[INFO] [stderr]    Compiling serde_yaml v0.9.34+deprecated
[INFO] [stderr]    Compiling parking_lot v0.12.5
[INFO] [stderr]    Compiling icu_provider v2.2.0
[INFO] [stderr]    Compiling futures-intrusive v0.5.0
[INFO] [stderr]    Compiling icu_properties v2.2.0
[INFO] [stderr]    Compiling icu_normalizer v2.2.0
[INFO] [stderr]    Compiling zstd-safe v7.2.4
[INFO] [stderr]    Compiling actix-web-codegen v4.3.0
[INFO] [stderr]    Compiling zstd v0.13.3
[INFO] [stderr]    Compiling idna_adapter v1.2.2
[INFO] [stderr]    Compiling idna v1.1.0
[INFO] [stderr]    Compiling url v2.5.8
[INFO] [stderr]    Compiling sqlx-core v0.9.0
[INFO] [stderr]    Compiling utoipa v5.5.0
[INFO] [stderr]    Compiling tokio-util v0.7.18
[INFO] [stderr]    Compiling actix-rt v2.11.0
[INFO] [stderr]    Compiling hyper v1.10.1
[INFO] [stderr]    Compiling tower v0.5.3
[INFO] [stderr]    Compiling tower-http v0.6.11
[INFO] [stderr]    Compiling actix-server v2.6.0
[INFO] [stderr]    Compiling actix-codec v0.5.2
[INFO] [stderr]    Compiling h2 v0.3.27
[INFO] [stderr]    Compiling sqlx-postgres v0.9.0
[INFO] [stderr]    Compiling hyper-util v0.1.20
[INFO] [stderr]    Compiling actix-http v3.12.1
[INFO] [stderr]    Compiling sqlx-macros-core v0.9.0
[INFO] [stderr]    Compiling sqlx-macros v0.9.0
[INFO] [stderr]    Compiling actix-web v4.13.0
[INFO] [stderr]    Compiling tokio-rustls v0.26.4
[INFO] [stderr]    Compiling rustls-platform-verifier v0.7.0
[INFO] [stderr]    Compiling hyper-rustls v0.27.9
[INFO] [stderr]    Compiling reqwest v0.13.4
[INFO] [stderr]    Compiling utoipa-scalar v0.3.0
[INFO] [stderr]    Compiling sqlx v0.9.0
[INFO] [stderr]    Compiling invoice-service v0.1.0 (/opt/rustwide/workdir)
[INFO] [stdout] error: error communicating with database: Connection refused (os error 111)
[INFO] [stdout]   --> src/auth.rs:32:31
[INFO] [stdout]    |
[INFO] [stdout] 32 |               let business_id = sqlx::query_scalar!(
[INFO] [stdout]    |  _______________________________^
[INFO] [stdout] 33 | |                 "SELECT business_id FROM api_keys WHERE key_hash = $1 AND revoked_at IS NULL",
[INFO] [stdout] 34 | |                 &hash
[INFO] [stdout] 35 | |             )
[INFO] [stdout]    | |_____________^
[INFO] [stdout]    |
[INFO] [stdout]    = note: this error originates in the macro `$crate::sqlx_macros::expand_query` which comes from the expansion of the macro `sqlx::query_scalar` (in Nightly builds, run with -Z macro-backtrace for more info)
[INFO] [stdout] 
[INFO] [stdout] 
[INFO] [stdout] error: error communicating with database: Connection refused (os error 111)
[INFO] [stdout]    --> src/handlers/admin.rs:155:33
[INFO] [stdout]     |
[INFO] [stdout] 155 |           let business_id: Uuid = sqlx::query_scalar!(
[INFO] [stdout]     |  _________________________________^
[INFO] [stdout] 156 | |             "INSERT INTO businesses (name) VALUES ($1) RETURNING id",
[INFO] [stdout] 157 | |             body.name.trim(),
[INFO] [stdout] 158 | |         )
[INFO] [stdout]     | |_________^
[INFO] [stdout]     |
[INFO] [stdout]     = note: this error originates in the macro `$crate::sqlx_macros::expand_query` which comes from the expansion of the macro `sqlx::query_scalar` (in Nightly builds, run with -Z macro-backtrace for more info)
[INFO] [stdout] 
[INFO] [stdout] 
[INFO] [stdout] error: error communicating with database: Connection refused (os error 111)
[INFO] [stdout]    --> src/handlers/admin.rs:162:9
[INFO] [stdout]     |
[INFO] [stdout] 162 | /         sqlx::query!(
[INFO] [stdout] 163 | |             "INSERT INTO api_keys (business_id, key_prefix, key_hash) VALUES ($1, $2, $3)",
[INFO] [stdout] 164 | |             business_id,
[INFO] [stdout] 165 | |             key_prefix,
[INFO] [stdout] 166 | |             key_hash,
[INFO] [stdout] 167 | |         )
[INFO] [stdout]     | |_________^
[INFO] [stdout]     |
[INFO] [stdout]     = note: this error originates in the macro `$crate::sqlx_macros::expand_query` which comes from the expansion of the macro `sqlx::query` (in Nightly builds, run with -Z macro-backtrace for more info)
[INFO] [stdout] 
[INFO] [stdout] 
[INFO] [stdout] error: error communicating with database: Connection refused (os error 111)
[INFO] [stdout]   --> src/repository/postgres.rs:37:9
[INFO] [stdout]    |
[INFO] [stdout] 37 | /         sqlx::query_as!(
[INFO] [stdout] 38 | |             Customer,
[INFO] [stdout] 39 | |             "INSERT INTO customers (business_id, name, email)
[INFO] [stdout] 40 | |              VALUES ($1, $2, $3)
[INFO] [stdout] ...  |
[INFO] [stdout] 44 | |             email,
[INFO] [stdout] 45 | |         )
[INFO] [stdout]    | |_________^
[INFO] [stdout]    |
[INFO] [stdout]    = note: this error originates in the macro `$crate::sqlx_macros::expand_query` which comes from the expansion of the macro `sqlx::query_as` (in Nightly builds, run with -Z macro-backtrace for more info)
[INFO] [stdout] 
[INFO] [stdout] 
[INFO] [stdout] error: error communicating with database: Connection refused (os error 111)
[INFO] [stdout]   --> src/repository/postgres.rs:63:9
[INFO] [stdout]    |
[INFO] [stdout] 63 | /         sqlx::query_as!(
[INFO] [stdout] 64 | |             Customer,
[INFO] [stdout] 65 | |             "SELECT id, business_id, name, email, created_at
[INFO] [stdout] 66 | |              FROM customers WHERE id = $1 AND business_id = $2",
[INFO] [stdout] 67 | |             id,
[INFO] [stdout] 68 | |             business_id,
[INFO] [stdout] 69 | |         )
[INFO] [stdout]    | |_________^
[INFO] [stdout]    |
[INFO] [stdout]    = note: this error originates in the macro `$crate::sqlx_macros::expand_query` which comes from the expansion of the macro `sqlx::query_as` (in Nightly builds, run with -Z macro-backtrace for more info)
[INFO] [stdout] 
[INFO] [stdout] 
[INFO] [stdout] error: error communicating with database: Connection refused (os error 111)
[INFO] [stdout]   --> src/repository/postgres.rs:81:9
[INFO] [stdout]    |
[INFO] [stdout] 81 | /         sqlx::query_as!(
[INFO] [stdout] 82 | |             Customer,
[INFO] [stdout] 83 | |             "SELECT id, business_id, name, email, created_at
[INFO] [stdout] 84 | |              FROM customers
[INFO] [stdout] ...  |
[INFO] [stdout] 90 | |             offset,
[INFO] [stdout] 91 | |         )
[INFO] [stdout]    | |_________^
[INFO] [stdout]    |
[INFO] [stdout]    = note: this error originates in the macro `$crate::sqlx_macros::expand_query` which comes from the expansion of the macro `sqlx::query_as` (in Nightly builds, run with -Z macro-backtrace for more info)
[INFO] [stdout] 
[INFO] [stdout] 
[INFO] [stdout] error: error communicating with database: Connection refused (os error 111)
[INFO] [stdout]    --> src/repository/postgres.rs:105:9
[INFO] [stdout]     |
[INFO] [stdout] 105 | /         sqlx::query_scalar!(
[INFO] [stdout] 106 | |             "SELECT EXISTS(SELECT 1 FROM customers WHERE id = $1 AND business_id = $2)",
[INFO] [stdout] 107 | |             customer_id,
[INFO] [stdout] 108 | |             business_id,
[INFO] [stdout] 109 | |         )
[INFO] [stdout]     | |_________^
[INFO] [stdout]     |
[INFO] [stdout]     = note: this error originates in the macro `$crate::sqlx_macros::expand_query` which comes from the expansion of the macro `sqlx::query_scalar` (in Nightly builds, run with -Z macro-backtrace for more info)
[INFO] [stdout] 
[INFO] [stdout] 
[INFO] [stdout] error: error communicating with database: Connection refused (os error 111)
[INFO] [stdout]    --> src/repository/postgres.rs:130:23
[INFO] [stdout]     |
[INFO] [stdout] 130 |           let invoice = sqlx::query_as!(
[INFO] [stdout]     |  _______________________^
[INFO] [stdout] 131 | |             Invoice,
[INFO] [stdout] 132 | |             r#"INSERT INTO invoices (business_id, customer_id, total_cents, due_date)
[INFO] [stdout] 133 | |                VALUES ($1, $2, $3, $4)
[INFO] [stdout] ...   |
[INFO] [stdout] 140 | |             due_date,
[INFO] [stdout] 141 | |         )
[INFO] [stdout]     | |_________^
[INFO] [stdout]     |
[INFO] [stdout]     = note: this error originates in the macro `$crate::sqlx_macros::expand_query` which comes from the expansion of the macro `sqlx::query_as` (in Nightly builds, run with -Z macro-backtrace for more info)
[INFO] [stdout] 
[INFO] [stdout] 
[INFO] [stdout] error: error communicating with database: Connection refused (os error 111)
[INFO] [stdout]    --> src/repository/postgres.rs:149:22
[INFO] [stdout]     |
[INFO] [stdout] 149 |               let li = sqlx::query_as!(
[INFO] [stdout]     |  ______________________^
[INFO] [stdout] 150 | |                 LineItem,
[INFO] [stdout] 151 | |                 "INSERT INTO invoice_line_items
[INFO] [stdout] 152 | |                  (invoice_id, description, quantity, unit_amount_cents, amount_cents)
[INFO] [stdout] ...   |
[INFO] [stdout] 160 | |                 amount_cents,
[INFO] [stdout] 161 | |             )
[INFO] [stdout]     | |_____________^
[INFO] [stdout]     |
[INFO] [stdout]     = note: this error originates in the macro `$crate::sqlx_macros::expand_query` which comes from the expansion of the macro `sqlx::query_as` (in Nightly builds, run with -Z macro-backtrace for more info)
[INFO] [stdout] 
[INFO] [stdout] 
[INFO] [stdout] error: error communicating with database: Connection refused (os error 111)
[INFO] [stdout]    --> src/repository/postgres.rs:178:9
[INFO] [stdout]     |
[INFO] [stdout] 178 | /         sqlx::query_as!(
[INFO] [stdout] 179 | |             Invoice,
[INFO] [stdout] 180 | |             r#"SELECT id, business_id, customer_id,
[INFO] [stdout] 181 | |                       state as "state: InvoiceState",
[INFO] [stdout] ...   |
[INFO] [stdout] 186 | |             business_id,
[INFO] [stdout] 187 | |         )
[INFO] [stdout]     | |_________^
[INFO] [stdout]     |
[INFO] [stdout]     = note: this error originates in the macro `$crate::sqlx_macros::expand_query` which comes from the expansion of the macro `sqlx::query_as` (in Nightly builds, run with -Z macro-backtrace for more info)
[INFO] [stdout] 
[INFO] [stdout] 
[INFO] [stdout] error: error communicating with database: Connection refused (os error 111)
[INFO] [stdout]    --> src/repository/postgres.rs:202:26
[INFO] [stdout]     |
[INFO] [stdout] 202 |           let line_items = sqlx::query_as!(
[INFO] [stdout]     |  __________________________^
[INFO] [stdout] 203 | |             LineItem,
[INFO] [stdout] 204 | |             "SELECT id, invoice_id, description, quantity,
[INFO] [stdout] 205 | |                     unit_amount_cents, amount_cents, created_at
[INFO] [stdout] ...   |
[INFO] [stdout] 209 | |             invoice.id,
[INFO] [stdout] 210 | |         )
[INFO] [stdout]     | |_________^
[INFO] [stdout]     |
[INFO] [stdout]     = note: this error originates in the macro `$crate::sqlx_macros::expand_query` which comes from the expansion of the macro `sqlx::query_as` (in Nightly builds, run with -Z macro-backtrace for more info)
[INFO] [stdout] 
[INFO] [stdout] 
[INFO] [stdout] error: error communicating with database: Connection refused (os error 111)
[INFO] [stdout]    --> src/repository/postgres.rs:229:13
[INFO] [stdout]     |
[INFO] [stdout] 229 | /             sqlx::query_as!(
[INFO] [stdout] 230 | |                 Invoice,
[INFO] [stdout] 231 | |                 r#"SELECT id, business_id, customer_id,
[INFO] [stdout] 232 | |                           state as "state: InvoiceState",
[INFO] [stdout] ...   |
[INFO] [stdout] 241 | |                 offset,
[INFO] [stdout] 242 | |             )
[INFO] [stdout]     | |_____________^
[INFO] [stdout]     |
[INFO] [stdout]     = note: this error originates in the macro `$crate::sqlx_macros::expand_query` which comes from the expansion of the macro `sqlx::query_as` (in Nightly builds, run with -Z macro-backtrace for more info)
[INFO] [stdout] 
[INFO] [stdout] 
[INFO] [stdout] error: error communicating with database: Connection refused (os error 111)
[INFO] [stdout]    --> src/repository/postgres.rs:247:13
[INFO] [stdout]     |
[INFO] [stdout] 247 | /             sqlx::query_as!(
[INFO] [stdout] 248 | |                 Invoice,
[INFO] [stdout] 249 | |                 r#"SELECT id, business_id, customer_id,
[INFO] [stdout] 250 | |                           state as "state: InvoiceState",
[INFO] [stdout] ...   |
[INFO] [stdout] 258 | |                 offset,
[INFO] [stdout] 259 | |             )
[INFO] [stdout]     | |_____________^
[INFO] [stdout]     |
[INFO] [stdout]     = note: this error originates in the macro `$crate::sqlx_macros::expand_query` which comes from the expansion of the macro `sqlx::query_as` (in Nightly builds, run with -Z macro-backtrace for more info)
[INFO] [stdout] 
[INFO] [stdout] 
[INFO] [stdout] error: error communicating with database: Connection refused (os error 111)
[INFO] [stdout]    --> src/repository/postgres.rs:278:23
[INFO] [stdout]     |
[INFO] [stdout] 278 |           let invoice = sqlx::query_as!(
[INFO] [stdout]     |  _______________________^
[INFO] [stdout] 279 | |             Invoice,
[INFO] [stdout] 280 | |             r#"SELECT id, business_id, customer_id,
[INFO] [stdout] 281 | |                       state as "state: InvoiceState",
[INFO] [stdout] ...   |
[INFO] [stdout] 287 | |             business_id,
[INFO] [stdout] 288 | |         )
[INFO] [stdout]     | |_________^
[INFO] [stdout]     |
[INFO] [stdout]     = note: this error originates in the macro `$crate::sqlx_macros::expand_query` which comes from the expansion of the macro `sqlx::query_as` (in Nightly builds, run with -Z macro-backtrace for more info)
[INFO] [stdout] 
[INFO] [stdout] 
[INFO] [stdout] error: error communicating with database: Connection refused (os error 111)
[INFO] [stdout]    --> src/repository/postgres.rs:301:23
[INFO] [stdout]     |
[INFO] [stdout] 301 |           let updated = sqlx::query_as!(
[INFO] [stdout]     |  _______________________^
[INFO] [stdout] 302 | |             Invoice,
[INFO] [stdout] 303 | |             r#"UPDATE invoices
[INFO] [stdout] 304 | |                SET state = $1::invoice_state, updated_at = NOW()
[INFO] [stdout] ...   |
[INFO] [stdout] 310 | |             id,
[INFO] [stdout] 311 | |         )
[INFO] [stdout]     | |_________^
[INFO] [stdout]     |
[INFO] [stdout]     = note: this error originates in the macro `$crate::sqlx_macros::expand_query` which comes from the expansion of the macro `sqlx::query_as` (in Nightly builds, run with -Z macro-backtrace for more info)
[INFO] [stdout] 
[INFO] [stdout] 
[INFO] [stdout] error: error communicating with database: Connection refused (os error 111)
[INFO] [stdout]    --> src/repository/postgres.rs:344:23
[INFO] [stdout]     |
[INFO] [stdout] 344 |           let invoice = sqlx::query_as!(
[INFO] [stdout]     |  _______________________^
[INFO] [stdout] 345 | |             LockedInvoiceRow,
[INFO] [stdout] 346 | |             r#"SELECT state as "state: InvoiceState", total_cents
[INFO] [stdout] 347 | |                FROM invoices
[INFO] [stdout] ...   |
[INFO] [stdout] 351 | |             business_id,
[INFO] [stdout] 352 | |         )
[INFO] [stdout]     | |_________^
[INFO] [stdout]     |
[INFO] [stdout]     = note: this error originates in the macro `$crate::sqlx_macros::expand_query` which comes from the expansion of the macro `sqlx::query_as` (in Nightly builds, run with -Z macro-backtrace for more info)
[INFO] [stdout] 
[INFO] [stdout] 
[INFO] [stdout] error: error communicating with database: Connection refused (os error 111)
[INFO] [stdout]    --> src/repository/postgres.rs:358:24
[INFO] [stdout]     |
[INFO] [stdout] 358 |           let existing = sqlx::query_as!(
[INFO] [stdout]     |  ________________________^
[INFO] [stdout] 359 | |             PaymentAttempt,
[INFO] [stdout] 360 | |             r#"SELECT id, invoice_id, idempotency_key, card_token,
[INFO] [stdout] 361 | |                       status as "status: PaymentStatus",
[INFO] [stdout] ...   |
[INFO] [stdout] 366 | |             idempotency_key,
[INFO] [stdout] 367 | |         )
[INFO] [stdout]     | |_________^
[INFO] [stdout]     |
[INFO] [stdout]     = note: this error originates in the macro `$crate::sqlx_macros::expand_query` which comes from the expansion of the macro `sqlx::query_as` (in Nightly builds, run with -Z macro-backtrace for more info)
[INFO] [stdout] 
[INFO] [stdout] 
[INFO] [stdout] error: error communicating with database: Connection refused (os error 111)
[INFO] [stdout]    --> src/repository/postgres.rs:389:30
[INFO] [stdout]     |
[INFO] [stdout] 389 |           let pending_exists = sqlx::query_scalar!(
[INFO] [stdout]     |  ______________________________^
[INFO] [stdout] 390 | |             "SELECT EXISTS(
[INFO] [stdout] 391 | |                  SELECT 1 FROM payment_attempts
[INFO] [stdout] 392 | |                  WHERE invoice_id = $1 AND status = 'pending'
[INFO] [stdout] 393 | |              )",
[INFO] [stdout] 394 | |             invoice_id,
[INFO] [stdout] 395 | |         )
[INFO] [stdout]     | |_________^
[INFO] [stdout]     |
[INFO] [stdout]     = note: this error originates in the macro `$crate::sqlx_macros::expand_query` which comes from the expansion of the macro `sqlx::query_scalar` (in Nightly builds, run with -Z macro-backtrace for more info)
[INFO] [stdout] 
[INFO] [stdout] 
[INFO] [stdout] error: error communicating with database: Connection refused (os error 111)
[INFO] [stdout]    --> src/repository/postgres.rs:407:23
[INFO] [stdout]     |
[INFO] [stdout] 407 |           let attempt = sqlx::query_as!(
[INFO] [stdout]     |  _______________________^
[INFO] [stdout] 408 | |             PaymentAttempt,
[INFO] [stdout] 409 | |             r#"INSERT INTO payment_attempts
[INFO] [stdout] 410 | |                (invoice_id, idempotency_key, card_token, status)
[INFO] [stdout] ...   |
[INFO] [stdout] 417 | |             card_token.as_str(),
[INFO] [stdout] 418 | |         )
[INFO] [stdout]     | |_________^
[INFO] [stdout]     |
[INFO] [stdout]     = note: this error originates in the macro `$crate::sqlx_macros::expand_query` which comes from the expansion of the macro `sqlx::query_as` (in Nightly builds, run with -Z macro-backtrace for more info)
[INFO] [stdout] 
[INFO] [stdout] 
[INFO] [stdout] error: error communicating with database: Connection refused (os error 111)
[INFO] [stdout]    --> src/repository/postgres.rs:439:9
[INFO] [stdout]     |
[INFO] [stdout] 439 | /         sqlx::query!(
[INFO] [stdout] 440 | |             "UPDATE invoices
[INFO] [stdout] 441 | |              SET state = 'paid', updated_at = NOW()
[INFO] [stdout] 442 | |              WHERE id = $1 AND state = 'open'",
[INFO] [stdout] 443 | |             invoice_id,
[INFO] [stdout] 444 | |         )
[INFO] [stdout]     | |_________^
[INFO] [stdout]     |
[INFO] [stdout]     = note: this error originates in the macro `$crate::sqlx_macros::expand_query` which comes from the expansion of the macro `sqlx::query` (in Nightly builds, run with -Z macro-backtrace for more info)
[INFO] [stdout] 
[INFO] [stdout] 
[INFO] [stdout] error: error communicating with database: Connection refused (os error 111)
[INFO] [stdout]    --> src/repository/postgres.rs:449:9
[INFO] [stdout]     |
[INFO] [stdout] 449 | /         sqlx::query_as!(
[INFO] [stdout] 450 | |             PaymentAttempt,
[INFO] [stdout] 451 | |             r#"UPDATE payment_attempts
[INFO] [stdout] 452 | |                SET status = 'succeeded', psp_ref = $1, updated_at = NOW()
[INFO] [stdout] ...   |
[INFO] [stdout] 458 | |             attempt_id,
[INFO] [stdout] 459 | |         )
[INFO] [stdout]     | |_________^
[INFO] [stdout]     |
[INFO] [stdout]     = note: this error originates in the macro `$crate::sqlx_macros::expand_query` which comes from the expansion of the macro `sqlx::query_as` (in Nightly builds, run with -Z macro-backtrace for more info)
[INFO] [stdout] 
[INFO] [stdout] 
[INFO] [stdout] error: error communicating with database: Connection refused (os error 111)
[INFO] [stdout]    --> src/repository/postgres.rs:470:9
[INFO] [stdout]     |
[INFO] [stdout] 470 | /         sqlx::query_as!(
[INFO] [stdout] 471 | |             PaymentAttempt,
[INFO] [stdout] 472 | |             r#"UPDATE payment_attempts
[INFO] [stdout] 473 | |                SET status = 'failed', failure_code = $1, updated_at = NOW()
[INFO] [stdout] ...   |
[INFO] [stdout] 479 | |             attempt_id,
[INFO] [stdout] 480 | |         )
[INFO] [stdout]     | |_________^
[INFO] [stdout]     |
[INFO] [stdout]     = note: this error originates in the macro `$crate::sqlx_macros::expand_query` which comes from the expansion of the macro `sqlx::query_as` (in Nightly builds, run with -Z macro-backtrace for more info)
[INFO] [stdout] 
[INFO] [stdout] 
[INFO] [stdout] error: error communicating with database: Connection refused (os error 111)
[INFO] [stdout]    --> src/repository/postgres.rs:501:19
[INFO] [stdout]     |
[INFO] [stdout] 501 |           let row = sqlx::query_as!(
[INFO] [stdout]     |  ___________________^
[INFO] [stdout] 502 | |             Row,
[INFO] [stdout] 503 | |             "INSERT INTO webhook_endpoints (business_id, url, secret)
[INFO] [stdout] 504 | |              VALUES ($1, $2, $3)
[INFO] [stdout] ...   |
[INFO] [stdout] 508 | |             secret,
[INFO] [stdout] 509 | |         )
[INFO] [stdout]     | |_________^
[INFO] [stdout]     |
[INFO] [stdout]     = note: this error originates in the macro `$crate::sqlx_macros::expand_query` which comes from the expansion of the macro `sqlx::query_as` (in Nightly builds, run with -Z macro-backtrace for more info)
[INFO] [stdout] 
[INFO] [stdout] 
[INFO] [stdout] error: error communicating with database: Connection refused (os error 111)
[INFO] [stdout]    --> src/repository/postgres.rs:521:9
[INFO] [stdout]     |
[INFO] [stdout] 521 | /         sqlx::query_as!(
[INFO] [stdout] 522 | |             WebhookEndpoint,
[INFO] [stdout] 523 | |             "SELECT id, business_id, url, created_at
[INFO] [stdout] 524 | |              FROM webhook_endpoints
[INFO] [stdout] ...   |
[INFO] [stdout] 527 | |             business_id,
[INFO] [stdout] 528 | |         )
[INFO] [stdout]     | |_________^
[INFO] [stdout]     |
[INFO] [stdout]     = note: this error originates in the macro `$crate::sqlx_macros::expand_query` which comes from the expansion of the macro `sqlx::query_as` (in Nightly builds, run with -Z macro-backtrace for more info)
[INFO] [stdout] 
[INFO] [stdout] 
[INFO] [stdout] error: error communicating with database: Connection refused (os error 111)
[INFO] [stdout]    --> src/repository/postgres.rs:535:20
[INFO] [stdout]     |
[INFO] [stdout] 535 |           let rows = sqlx::query!(
[INFO] [stdout]     |  ____________________^
[INFO] [stdout] 536 | |             "UPDATE webhook_endpoints
[INFO] [stdout] 537 | |              SET deleted_at = NOW()
[INFO] [stdout] 538 | |              WHERE id = $1 AND business_id = $2 AND deleted_at IS NULL",
[INFO] [stdout] 539 | |             id,
[INFO] [stdout] 540 | |             business_id,
[INFO] [stdout] 541 | |         )
[INFO] [stdout]     | |_________^
[INFO] [stdout]     |
[INFO] [stdout]     = note: this error originates in the macro `$crate::sqlx_macros::expand_query` which comes from the expansion of the macro `sqlx::query` (in Nightly builds, run with -Z macro-backtrace for more info)
[INFO] [stdout] 
[INFO] [stdout] 
[INFO] [stdout] error: error communicating with database: Connection refused (os error 111)
[INFO] [stdout]    --> src/repository/postgres.rs:556:20
[INFO] [stdout]     |
[INFO] [stdout] 556 |           let rows = sqlx::query_as!(
[INFO] [stdout]     |  ____________________^
[INFO] [stdout] 557 | |             Row,
[INFO] [stdout] 558 | |             "SELECT id
[INFO] [stdout] 559 | |              FROM webhook_endpoints
[INFO] [stdout] 560 | |              WHERE business_id = $1 AND deleted_at IS NULL",
[INFO] [stdout] 561 | |             business_id,
[INFO] [stdout] 562 | |         )
[INFO] [stdout]     | |_________^
[INFO] [stdout]     |
[INFO] [stdout]     = note: this error originates in the macro `$crate::sqlx_macros::expand_query` which comes from the expansion of the macro `sqlx::query_as` (in Nightly builds, run with -Z macro-backtrace for more info)
[INFO] [stdout] 
[INFO] [stdout] 
[INFO] [stdout] error: error communicating with database: Connection refused (os error 111)
[INFO] [stdout]   --> src/webhook_worker.rs:71:17
[INFO] [stdout]    |
[INFO] [stdout] 71 |           let _ = sqlx::query!(
[INFO] [stdout]    |  _________________^
[INFO] [stdout] 72 | |             "INSERT INTO webhook_deliveries
[INFO] [stdout] 73 | |              (endpoint_id, event_type, payload, next_retry_at)
[INFO] [stdout] 74 | |              VALUES ($1, $2, $3, NOW())",
[INFO] [stdout] ...  |
[INFO] [stdout] 77 | |             &payload,
[INFO] [stdout] 78 | |         )
[INFO] [stdout]    | |_________^
[INFO] [stdout]    |
[INFO] [stdout]    = note: this error originates in the macro `$crate::sqlx_macros::expand_query` which comes from the expansion of the macro `sqlx::query` (in Nightly builds, run with -Z macro-backtrace for more info)
[INFO] [stdout] 
[INFO] [stdout] 
[INFO] [stdout] error: error communicating with database: Connection refused (os error 111)
[INFO] [stdout]   --> src/webhook_worker.rs:88:22
[INFO] [stdout]    |
[INFO] [stdout] 88 |       let rows = match sqlx::query_as!(
[INFO] [stdout]    |  ______________________^
[INFO] [stdout] 89 | |         PendingDelivery,
[INFO] [stdout] 90 | |         "SELECT wd.id, wd.payload, wd.attempt_count, we.url, we.secret
[INFO] [stdout] 91 | |          FROM webhook_deliveries wd
[INFO] [stdout] ...  |
[INFO] [stdout] 97 | |          FOR UPDATE OF wd SKIP LOCKED",
[INFO] [stdout] 98 | |     )
[INFO] [stdout]    | |_____^
[INFO] [stdout]    |
[INFO] [stdout]    = note: this error originates in the macro `$crate::sqlx_macros::expand_query` which comes from the expansion of the macro `sqlx::query_as` (in Nightly builds, run with -Z macro-backtrace for more info)
[INFO] [stdout] 
[INFO] [stdout] 
[INFO] [stdout] error: error communicating with database: Connection refused (os error 111)
[INFO] [stdout]    --> src/webhook_worker.rs:134:21
[INFO] [stdout]     |
[INFO] [stdout] 134 |               let _ = sqlx::query!(
[INFO] [stdout]     |  _____________________^
[INFO] [stdout] 135 | |                 "UPDATE webhook_deliveries
[INFO] [stdout] 136 | |                  SET status = 'succeeded', attempt_count = $1,
[INFO] [stdout] 137 | |                      last_response_code = $2, updated_at = NOW()
[INFO] [stdout] ...   |
[INFO] [stdout] 141 | |                 row.id,
[INFO] [stdout] 142 | |             )
[INFO] [stdout]     | |_____________^
[INFO] [stdout]     |
[INFO] [stdout]     = note: this error originates in the macro `$crate::sqlx_macros::expand_query` which comes from the expansion of the macro `sqlx::query` (in Nightly builds, run with -Z macro-backtrace for more info)
[INFO] [stdout] 
[INFO] [stdout] 
[INFO] [stdout] error: error communicating with database: Connection refused (os error 111)
[INFO] [stdout]    --> src/webhook_worker.rs:147:21
[INFO] [stdout]     |
[INFO] [stdout] 147 |               let _ = sqlx::query!(
[INFO] [stdout]     |  _____________________^
[INFO] [stdout] 148 | |                 "UPDATE webhook_deliveries
[INFO] [stdout] 149 | |                  SET status = 'exhausted', attempt_count = $1,
[INFO] [stdout] 150 | |                      last_response_code = $2, last_error = $3, updated_at = NOW()
[INFO] [stdout] ...   |
[INFO] [stdout] 155 | |                 row.id,
[INFO] [stdout] 156 | |             )
[INFO] [stdout]     | |_____________^
[INFO] [stdout]     |
[INFO] [stdout]     = note: this error originates in the macro `$crate::sqlx_macros::expand_query` which comes from the expansion of the macro `sqlx::query` (in Nightly builds, run with -Z macro-backtrace for more info)
[INFO] [stdout] 
[INFO] [stdout] 
[INFO] [stdout] error: error communicating with database: Connection refused (os error 111)
[INFO] [stdout]    --> src/webhook_worker.rs:165:21
[INFO] [stdout]     |
[INFO] [stdout] 165 |               let _ = sqlx::query!(
[INFO] [stdout]     |  _____________________^
[INFO] [stdout] 166 | |                 "UPDATE webhook_deliveries
[INFO] [stdout] 167 | |                  SET status = 'pending', attempt_count = $1, next_retry_at = $2,
[INFO] [stdout] 168 | |                      last_response_code = $3, last_error = $4, updated_at = NOW()
[INFO] [stdout] ...   |
[INFO] [stdout] 174 | |                 row.id,
[INFO] [stdout] 175 | |             )
[INFO] [stdout]     | |_____________^
[INFO] [stdout]     |
[INFO] [stdout]     = note: this error originates in the macro `$crate::sqlx_macros::expand_query` which comes from the expansion of the macro `sqlx::query` (in Nightly builds, run with -Z macro-backtrace for more info)
[INFO] [stdout] 
[INFO] [stdout] 
[INFO] [stderr] error: could not compile `invoice-service` (lib) due to 31 previous errors
[INFO] [stderr] warning: build failed, waiting for other jobs to finish...
[INFO] running `Command { std: "docker" "inspect" "2c6e20126d3468f85ef1ef1af28f4916e05d50ba4b6203746796efdcbd1555c3", kill_on_drop: false }`
[INFO] running `Command { std: "docker" "rm" "-f" "2c6e20126d3468f85ef1ef1af28f4916e05d50ba4b6203746796efdcbd1555c3", kill_on_drop: false }`
[INFO] [stdout] 2c6e20126d3468f85ef1ef1af28f4916e05d50ba4b6203746796efdcbd1555c3
