[INFO] cloning repository https://github.com/SyahrulBhudiF/Rusuh
[INFO] running `Command { std: "git" "-c" "credential.helper=" "-c" "credential.helper=/workspace/cargo-home/bin/git-credential-null" "clone" "--bare" "https://github.com/SyahrulBhudiF/Rusuh" "/workspace/cache/git-repos/https%3A%2F%2Fgithub.com%2FSyahrulBhudiF%2FRusuh", kill_on_drop: false }`
[INFO] [stderr] Cloning into bare repository '/workspace/cache/git-repos/https%3A%2F%2Fgithub.com%2FSyahrulBhudiF%2FRusuh'...
[INFO] running `Command { std: "git" "rev-parse" "HEAD", kill_on_drop: false }`
[INFO] [stdout] b907cd9c69c6b69c31e84d58cb6c1a65f96a576f
[INFO] testing SyahrulBhudiF/Rusuh against 1.98.0-beta.1 for beta-1.98-2
[INFO] running `Command { std: "git" "clone" "/workspace/cache/git-repos/https%3A%2F%2Fgithub.com%2FSyahrulBhudiF%2FRusuh" "/workspace/builds/worker-7-tc2/source", kill_on_drop: false }`
[INFO] [stderr] Cloning into '/workspace/builds/worker-7-tc2/source'...
[INFO] [stderr] done.
[INFO] started tweaking git repo https://github.com/SyahrulBhudiF/Rusuh
[INFO] finished tweaking git repo https://github.com/SyahrulBhudiF/Rusuh
[INFO] tweaked toml for git repo https://github.com/SyahrulBhudiF/Rusuh written to /workspace/builds/worker-7-tc2/source/Cargo.toml
[INFO] validating manifest of git repo https://github.com/SyahrulBhudiF/Rusuh on toolchain 1.98.0-beta.1
[INFO] running `Command { std: CARGO_HOME="/workspace/cargo-home" RUSTUP_HOME="/workspace/rustup-home" "/workspace/cargo-home/bin/cargo" "+1.98.0-beta.1" "metadata" "--manifest-path" "Cargo.toml" "--no-deps", kill_on_drop: false }`
[INFO] crate git repo https://github.com/SyahrulBhudiF/Rusuh already has a lockfile, it will not be regenerated
[INFO] running `Command { std: CARGO_HOME="/workspace/cargo-home" RUSTUP_HOME="/workspace/rustup-home" "/workspace/cargo-home/bin/cargo" "+1.98.0-beta.1" "fetch" "--manifest-path" "Cargo.toml", kill_on_drop: false }`
[INFO] running `Command { std: "docker" "create" "-v" "/var/lib/crater-agent-workspace/builds/worker-7-tc2/source:/opt/rustwide/workdir:ro,Z" "-v" "/var/lib/crater-agent-workspace/builds/worker-7-tc2/target:/opt/rustwide/target:rw,Z" "-v" "/var/lib/crater-agent-workspace/cargo-home:/opt/rustwide/cargo-home:ro,Z" "-v" "/var/lib/crater-agent-workspace/rustup-home:/opt/rustwide/rustup-home:ro,Z" "-m" "1610612736" "--network" "none" "ghcr.io/rust-lang/crates-build-env/linux@sha256:3d5ced03c013a94a2f102a4510f48a6e9184255caf5fd8244f58017bde7f5210" "sleep" "infinity", kill_on_drop: false }`
[INFO] [stdout] abc6a8084e7c0ecb6c0cbfb224528792f01bc631fdb69b0e3336f4223b18ba36
[INFO] running `Command { std: "docker" "start" "abc6a8084e7c0ecb6c0cbfb224528792f01bc631fdb69b0e3336f4223b18ba36", kill_on_drop: false }`
[INFO] running `Command { std: "docker" "inspect" "abc6a8084e7c0ecb6c0cbfb224528792f01bc631fdb69b0e3336f4223b18ba36", kill_on_drop: false }`
[INFO] running `Command { std: "docker" "exec" "-e" "SOURCE_DIR=/opt/rustwide/workdir" "-e" "CARGO_HOME=/opt/rustwide/cargo-home" "-e" "RUSTUP_HOME=/opt/rustwide/rustup-home" "-e" "CARGO_TARGET_DIR=/opt/rustwide/target" "-w" "/opt/rustwide/workdir" "--user" "0:0" "abc6a8084e7c0ecb6c0cbfb224528792f01bc631fdb69b0e3336f4223b18ba36" "/opt/rustwide/cargo-home/bin/cargo" "+1.98.0-beta.1" "metadata" "--no-deps" "--format-version=1", kill_on_drop: false }`
[INFO] running `Command { std: "docker" "inspect" "abc6a8084e7c0ecb6c0cbfb224528792f01bc631fdb69b0e3336f4223b18ba36", kill_on_drop: false }`
[INFO] running `Command { std: "docker" "exec" "-e" "SOURCE_DIR=/opt/rustwide/workdir" "-e" "CARGO_HOME=/opt/rustwide/cargo-home" "-e" "RUSTUP_HOME=/opt/rustwide/rustup-home" "-e" "CARGO_TARGET_DIR=/opt/rustwide/target" "-e" "CARGO_INCREMENTAL=0" "-e" "RUST_BACKTRACE=full" "-e" "RUSTFLAGS=--cap-lints=warn" "-e" "RUSTDOCFLAGS=--cap-lints=warn" "-w" "/opt/rustwide/workdir" "--user" "0:0" "abc6a8084e7c0ecb6c0cbfb224528792f01bc631fdb69b0e3336f4223b18ba36" "/opt/rustwide/cargo-home/bin/cargo" "+1.98.0-beta.1" "build" "--frozen" "--message-format=json", kill_on_drop: false }`
[INFO] [stderr]    Compiling unicode-ident v1.0.24
[INFO] [stderr]    Compiling serde_core v1.0.228
[INFO] [stderr]    Compiling itoa v1.0.17
[INFO] [stderr]    Compiling const-oid v0.9.6
[INFO] [stderr]    Compiling zerocopy v0.8.42
[INFO] [stderr]    Compiling serde v1.0.228
[INFO] [stderr]    Compiling aws-lc-rs v1.16.1
[INFO] [stderr]    Compiling parking_lot_core v0.9.12
[INFO] [stderr]    Compiling mio v1.1.1
[INFO] [stderr]    Compiling crunchy v0.2.4
[INFO] [stderr]    Compiling proc-macro2 v1.0.106
[INFO] [stderr]    Compiling cc v1.2.57
[INFO] [stderr]    Compiling libm v0.2.16
[INFO] [stderr]    Compiling tiny-keccak v2.0.2
[INFO] [stderr]    Compiling num-traits v0.2.19
[INFO] [stderr]    Compiling getrandom v0.2.17
[INFO] [stderr]    Compiling base64ct v1.8.3
[INFO] [stderr]    Compiling http v1.4.0
[INFO] [stderr]    Compiling ucd-trie v0.1.7
[INFO] [stderr]    Compiling digest v0.10.7
[INFO] [stderr]    Compiling parking_lot v0.12.5
[INFO] [stderr]    Compiling rustls v0.23.37
[INFO] [stderr]    Compiling once_cell v1.21.4
[INFO] [stderr]    Compiling typeid v1.0.3
[INFO] [stderr]    Compiling rand_core v0.10.0
[INFO] [stderr]    Compiling getrandom v0.4.2
[INFO] [stderr]    Compiling pest v2.8.6
[INFO] [stderr]    Compiling lazy_static v1.5.0
[INFO] [stderr]    Compiling utf8parse v0.2.2
[INFO] [stderr]    Compiling erased-serde v0.4.10
[INFO] [stderr]    Compiling pem-rfc7468 v0.7.0
[INFO] [stderr]    Compiling anstyle-parse v1.0.0
[INFO] [stderr]    Compiling const-random-macro v0.1.16
[INFO] [stderr]    Compiling hashbrown v0.15.5
[INFO] [stderr]    Compiling sha1 v0.10.6
[INFO] [stderr]    Compiling anstyle-query v1.1.5
[INFO] [stderr]    Compiling winnow v0.7.15
[INFO] [stderr]    Compiling der v0.7.10
[INFO] [stderr]    Compiling portable-atomic v1.13.1
[INFO] [stderr]    Compiling hashbrown v0.14.5
[INFO] [stderr]    Compiling const-random v0.1.18
[INFO] [stderr]    Compiling is_terminal_polyfill v1.70.2
[INFO] [stderr]    Compiling dlv-list v0.5.2
[INFO] [stderr]    Compiling quote v1.0.45
[INFO] [stderr]    Compiling num-bigint-dig v0.8.6
[INFO] [stderr]    Compiling anstyle v1.0.14
[INFO] [stderr]    Compiling http-body v1.0.1
[INFO] [stderr]    Compiling syn v2.0.117
[INFO] [stderr]    Compiling http-body-util v0.1.3
[INFO] [stderr]    Compiling colorchoice v1.0.5
[INFO] [stderr]    Compiling is-docker v0.2.0
[INFO] [stderr]    Compiling hashlink v0.10.0
[INFO] [stderr]    Compiling arraydeque v0.5.1
[INFO] [stderr]    Compiling anstream v1.0.0
[INFO] [stderr]    Compiling iri-string v0.7.10
[INFO] [stderr]    Compiling clap_lex v1.1.0
[INFO] [stderr]    Compiling cpufeatures v0.3.0
[INFO] [stderr]    Compiling pathdiff v0.2.3
[INFO] [stderr]    Compiling unicode-segmentation v1.12.0
[INFO] [stderr]    Compiling yaml-rust2 v0.10.4
[INFO] [stderr]    Compiling ordered-multimap v0.7.3
[INFO] [stderr]    Compiling cmake v0.1.57
[INFO] [stderr]    Compiling clap_builder v4.6.0
[INFO] [stderr]    Compiling dirs-sys v0.5.0
[INFO] [stderr]    Compiling rust-ini v0.21.3
[INFO] [stderr]    Compiling convert_case v0.6.0
[INFO] [stderr]    Compiling chacha20 v0.10.0
[INFO] [stderr]    Compiling is-wsl v0.4.0
[INFO] [stderr]    Compiling pest_meta v2.8.6
[INFO] [stderr]    Compiling spki v0.7.3
[INFO] [stderr]    Compiling uuid v1.22.0
[INFO] [stderr]    Compiling aws-lc-sys v0.38.0
[INFO] [stderr]    Compiling crossbeam-epoch v0.9.18
[INFO] [stderr]    Compiling num-integer v0.1.46
[INFO] [stderr]    Compiling pkcs8 v0.10.2
[INFO] [stderr]    Compiling sharded-slab v0.1.7
[INFO] [stderr]    Compiling pkcs1 v0.7.5
[INFO] [stderr]    Compiling num-iter v0.1.45
[INFO] [stderr]    Compiling signature v2.2.0
[INFO] [stderr]    Compiling matchit v0.8.4
[INFO] [stderr]    Compiling tagptr v0.2.0
[INFO] [stderr]    Compiling rand v0.10.0
[INFO] [stderr]    Compiling open v5.3.3
[INFO] [stderr]    Compiling dirs v6.0.0
[INFO] [stderr]    Compiling moka v0.12.15
[INFO] [stderr]    Compiling sha2 v0.10.9
[INFO] [stderr]    Compiling urlencoding v2.1.3
[INFO] [stderr]    Compiling toml_parser v1.0.9+spec-1.1.0
[INFO] [stderr]    Compiling bitflags v2.11.0
[INFO] [stderr]    Compiling serde_json v1.0.149
[INFO] [stderr]    Compiling toml_datetime v1.0.0+spec-1.1.0
[INFO] [stderr]    Compiling serde_spanned v1.0.4
[INFO] [stderr]    Compiling serde_path_to_error v0.1.20
[INFO] [stderr]    Compiling toml v1.0.6+spec-1.1.0
[INFO] [stderr]    Compiling serde-untagged v0.1.9
[INFO] [stderr]    Compiling ppv-lite86 v0.2.21
[INFO] [stderr]    Compiling synstructure v0.13.2
[INFO] [stderr]    Compiling pest_generator v2.8.6
[INFO] [stderr]    Compiling rand_chacha v0.9.0
[INFO] [stderr]    Compiling rand_chacha v0.3.1
[INFO] [stderr]    Compiling rand v0.8.5
[INFO] [stderr]    Compiling rand v0.9.2
[INFO] [stderr]    Compiling zerofrom-derive v0.1.6
[INFO] [stderr]    Compiling yoke-derive v0.8.1
[INFO] [stderr]    Compiling tokio-macros v2.6.1
[INFO] [stderr]    Compiling zerovec-derive v0.11.2
[INFO] [stderr]    Compiling displaydoc v0.2.5
[INFO] [stderr]    Compiling tracing-attributes v0.1.31
[INFO] [stderr]    Compiling futures-macro v0.3.32
[INFO] [stderr]    Compiling serde_derive v1.0.228
[INFO] [stderr]    Compiling thiserror-impl v2.0.18
[INFO] [stderr]    Compiling pest_derive v2.8.6
[INFO] [stderr]    Compiling clap_derive v4.6.0
[INFO] [stderr]    Compiling async-stream-impl v0.3.6
[INFO] [stderr]    Compiling async-trait v0.1.89
[INFO] [stderr]    Compiling rsa v0.9.10
[INFO] [stderr]    Compiling futures-util v0.3.32
[INFO] [stderr]    Compiling tokio v1.50.0
[INFO] [stderr]    Compiling async-stream v0.3.6
[INFO] [stderr]    Compiling tracing v0.1.44
[INFO] [stderr]    Compiling thiserror v2.0.18
[INFO] [stderr]    Compiling zerofrom v0.1.6
[INFO] [stderr]    Compiling tungstenite v0.28.0
[INFO] [stderr]    Compiling yoke v0.8.1
[INFO] [stderr]    Compiling axum-core v0.5.6
[INFO] [stderr]    Compiling tracing-subscriber v0.3.23
[INFO] [stderr]    Compiling zerovec v0.11.5
[INFO] [stderr]    Compiling zerotrie v0.2.3
[INFO] [stderr]    Compiling clap v4.6.0
[INFO] [stderr]    Compiling tinystr v0.8.2
[INFO] [stderr]    Compiling potential_utf v0.1.4
[INFO] [stderr]    Compiling icu_collections v2.1.1
[INFO] [stderr]    Compiling icu_locale_core v2.1.1
[INFO] [stderr]    Compiling icu_provider v2.1.1
[INFO] [stderr]    Compiling icu_normalizer v2.1.1
[INFO] [stderr]    Compiling icu_properties v2.1.2
[INFO] [stderr]    Compiling futures-executor v0.3.32
[INFO] [stderr]    Compiling futures v0.3.32
[INFO] [stderr]    Compiling serde_urlencoded v0.7.1
[INFO] [stderr]    Compiling json5 v0.4.1
[INFO] [stderr]    Compiling ron v0.12.0
[INFO] [stderr]    Compiling chrono v0.4.44
[INFO] [stderr]    Compiling serde_yaml v0.9.34+deprecated
[INFO] [stderr]    Compiling idna_adapter v1.2.1
[INFO] [stderr]    Compiling idna v1.1.0
[INFO] [stderr]    Compiling url v2.5.8
[INFO] [stderr]    Compiling config v0.15.21
[INFO] [stderr]    Compiling tokio-util v0.7.18
[INFO] [stderr]    Compiling tower v0.5.3
[INFO] [stderr]    Compiling tokio-tungstenite v0.28.0
[INFO] [stderr]    Compiling tokio-stream v0.1.18
[INFO] [stderr]    Compiling h2 v0.4.13
[INFO] [stderr]    Compiling tower-http v0.6.8
[INFO] [stderr]    Compiling rustls-webpki v0.103.9
[INFO] [stderr]    Compiling hyper v1.8.1
[INFO] [stderr]    Compiling hyper-util v0.1.20
[INFO] [stderr]    Compiling tokio-rustls v0.26.4
[INFO] [stderr]    Compiling rustls-platform-verifier v0.6.2
[INFO] [stderr]    Compiling hyper-rustls v0.27.7
[INFO] [stderr]    Compiling axum v0.8.8
[INFO] [stderr]    Compiling reqwest v0.13.2
[INFO] [stderr]    Compiling rusuh v0.1.3 (/opt/rustwide/workdir)
[INFO] [stderr]     Finished `dev` profile [unoptimized + debuginfo] target(s) in 2m 24s
[INFO] running `Command { std: "docker" "inspect" "abc6a8084e7c0ecb6c0cbfb224528792f01bc631fdb69b0e3336f4223b18ba36", kill_on_drop: false }`
[INFO] running `Command { std: "docker" "exec" "-e" "SOURCE_DIR=/opt/rustwide/workdir" "-e" "CARGO_HOME=/opt/rustwide/cargo-home" "-e" "RUSTUP_HOME=/opt/rustwide/rustup-home" "-e" "CARGO_TARGET_DIR=/opt/rustwide/target" "-e" "CARGO_INCREMENTAL=0" "-e" "RUST_BACKTRACE=full" "-e" "RUSTFLAGS=--cap-lints=warn" "-e" "RUSTDOCFLAGS=--cap-lints=warn" "-w" "/opt/rustwide/workdir" "--user" "0:0" "abc6a8084e7c0ecb6c0cbfb224528792f01bc631fdb69b0e3336f4223b18ba36" "/opt/rustwide/cargo-home/bin/cargo" "+1.98.0-beta.1" "test" "--frozen" "--no-run" "--message-format=json", kill_on_drop: false }`
[INFO] [stderr]    Compiling bitflags v2.11.0
[INFO] [stderr]    Compiling fastrand v2.3.0
[INFO] [stderr]    Compiling ron v0.12.0
[INFO] [stderr]    Compiling tower-http v0.6.8
[INFO] [stderr]    Compiling rustix v1.1.4
[INFO] [stderr]    Compiling reqwest v0.13.2
[INFO] [stderr]    Compiling config v0.15.21
[INFO] [stderr]    Compiling tempfile v3.27.0
[INFO] [stderr]    Compiling rusuh v0.1.3 (/opt/rustwide/workdir)
[INFO] [stderr] error: could not compile `rusuh` (test "kiro_usage_checker")
[INFO] [stderr] 
[INFO] [stderr] Caused by:
[INFO] [stderr]   process didn't exit successfully: `/opt/rustwide/rustup-home/toolchains/1.98.0-beta.1-x86_64-unknown-linux-gnu/bin/rustc --crate-name kiro_usage_checker --edition=2021 tests/kiro_usage_checker.rs --error-format=json --json=diagnostic-rendered-ansi,artifacts,future-incompat --emit=dep-info,link -C embed-bitcode=no -C debuginfo=2 --test --check-cfg 'cfg(docsrs,test)' --check-cfg 'cfg(feature, values())' -C metadata=c470bb2b8813792f -C extra-filename=-976745798cf554c7 --out-dir /opt/rustwide/target/debug/deps -L dependency=/opt/rustwide/target/debug/deps --extern anyhow=/opt/rustwide/target/debug/deps/libanyhow-9e4c44ac98d8e4ea.rlib --extern async_stream=/opt/rustwide/target/debug/deps/libasync_stream-52f800d5f8035961.rlib --extern async_trait=/opt/rustwide/target/debug/deps/libasync_trait-73233385153773ca.so --extern axum=/opt/rustwide/target/debug/deps/libaxum-d75614034b77b6ea.rlib --extern base64=/opt/rustwide/target/debug/deps/libbase64-32787b0325ea6df8.rlib --extern bytes=/opt/rustwide/target/debug/deps/libbytes-2ed9460101f17bbf.rlib --extern chrono=/opt/rustwide/target/debug/deps/libchrono-addbdf28bc335158.rlib --extern clap=/opt/rustwide/target/debug/deps/libclap-1831595fd056b8d2.rlib --extern config=/opt/rustwide/target/debug/deps/libconfig-a942fb66e617c4e3.rlib --extern dirs=/opt/rustwide/target/debug/deps/libdirs-72b28658b329f3b2.rlib --extern dotenvy=/opt/rustwide/target/debug/deps/libdotenvy-6d8015f91495fe74.rlib --extern futures=/opt/rustwide/target/debug/deps/libfutures-48e778a4dc6199be.rlib --extern http_body_util=/opt/rustwide/target/debug/deps/libhttp_body_util-435c3d9885c1d0aa.rlib --extern hyper=/opt/rustwide/target/debug/deps/libhyper-7f1ff06252f352d6.rlib --extern moka=/opt/rustwide/target/debug/deps/libmoka-ffa936165d9a44a2.rlib --extern once_cell=/opt/rustwide/target/debug/deps/libonce_cell-b5bdc597ed9676b3.rlib --extern open=/opt/rustwide/target/debug/deps/libopen-5cebf76e7d3957bd.rlib --extern rand=/opt/rustwide/target/debug/deps/librand-2855c165c68048a9.rlib --extern regex=/opt/rustwide/target/debug/deps/libregex-1342197ac76a7579.rlib --extern reqwest=/opt/rustwide/target/debug/deps/libreqwest-1db27ad5c37e34c9.rlib --extern rsa=/opt/rustwide/target/debug/deps/librsa-2eb5a5876465b127.rlib --extern rusuh=/opt/rustwide/target/debug/deps/librusuh-89ea9f9542affb47.rlib --extern serde=/opt/rustwide/target/debug/deps/libserde-ffa0ef1b5d6cea8a.rlib --extern serde_json=/opt/rustwide/target/debug/deps/libserde_json-a2f3f20671d63279.rlib --extern serde_urlencoded=/opt/rustwide/target/debug/deps/libserde_urlencoded-3b400e8bd90eb7b5.rlib --extern serde_yaml=/opt/rustwide/target/debug/deps/libserde_yaml-dc4e84195bb8b6ce.rlib --extern sha2=/opt/rustwide/target/debug/deps/libsha2-e37ac46757ea7f68.rlib --extern tempfile=/opt/rustwide/target/debug/deps/libtempfile-a9cee0dea0e9b585.rlib --extern thiserror=/opt/rustwide/target/debug/deps/libthiserror-2f78684f1f4365b0.rlib --extern tokio=/opt/rustwide/target/debug/deps/libtokio-9250e965090357f8.rlib --extern tokio_stream=/opt/rustwide/target/debug/deps/libtokio_stream-422a737615cedd63.rlib --extern tokio_util=/opt/rustwide/target/debug/deps/libtokio_util-b9bbf6eb8242cd10.rlib --extern tower=/opt/rustwide/target/debug/deps/libtower-9a3ea82de9c4997b.rlib --extern tower_http=/opt/rustwide/target/debug/deps/libtower_http-f6242e3fd7e28266.rlib --extern tracing=/opt/rustwide/target/debug/deps/libtracing-fa7ecabdfa6d9dc5.rlib --extern tracing_subscriber=/opt/rustwide/target/debug/deps/libtracing_subscriber-fc6c08d57dd8e31b.rlib --extern url=/opt/rustwide/target/debug/deps/liburl-b31f276cab0e4b14.rlib --extern urlencoding=/opt/rustwide/target/debug/deps/liburlencoding-061758bc6028ea3e.rlib --extern uuid=/opt/rustwide/target/debug/deps/libuuid-f5401b03c7852869.rlib --cap-lints=warn -L native=/opt/rustwide/target/debug/build/aws-lc-sys-3390dfe71d639e46/out` (signal: 9, SIGKILL: kill)
[INFO] [stderr] warning: build failed, waiting for other jobs to finish...
[INFO] [stderr] error: could not compile `rusuh` (test "github_copilot_auth")
[INFO] [stderr] 
[INFO] [stderr] Caused by:
[INFO] [stderr]   process didn't exit successfully: `/opt/rustwide/rustup-home/toolchains/1.98.0-beta.1-x86_64-unknown-linux-gnu/bin/rustc --crate-name github_copilot_auth --edition=2021 tests/github_copilot_auth.rs --error-format=json --json=diagnostic-rendered-ansi,artifacts,future-incompat --emit=dep-info,link -C embed-bitcode=no -C debuginfo=2 --test --check-cfg 'cfg(docsrs,test)' --check-cfg 'cfg(feature, values())' -C metadata=06c17d1dd54432bc -C extra-filename=-59e6410435b5e3d9 --out-dir /opt/rustwide/target/debug/deps -L dependency=/opt/rustwide/target/debug/deps --extern anyhow=/opt/rustwide/target/debug/deps/libanyhow-9e4c44ac98d8e4ea.rlib --extern async_stream=/opt/rustwide/target/debug/deps/libasync_stream-52f800d5f8035961.rlib --extern async_trait=/opt/rustwide/target/debug/deps/libasync_trait-73233385153773ca.so --extern axum=/opt/rustwide/target/debug/deps/libaxum-d75614034b77b6ea.rlib --extern base64=/opt/rustwide/target/debug/deps/libbase64-32787b0325ea6df8.rlib --extern bytes=/opt/rustwide/target/debug/deps/libbytes-2ed9460101f17bbf.rlib --extern chrono=/opt/rustwide/target/debug/deps/libchrono-addbdf28bc335158.rlib --extern clap=/opt/rustwide/target/debug/deps/libclap-1831595fd056b8d2.rlib --extern config=/opt/rustwide/target/debug/deps/libconfig-a942fb66e617c4e3.rlib --extern dirs=/opt/rustwide/target/debug/deps/libdirs-72b28658b329f3b2.rlib --extern dotenvy=/opt/rustwide/target/debug/deps/libdotenvy-6d8015f91495fe74.rlib --extern futures=/opt/rustwide/target/debug/deps/libfutures-48e778a4dc6199be.rlib --extern http_body_util=/opt/rustwide/target/debug/deps/libhttp_body_util-435c3d9885c1d0aa.rlib --extern hyper=/opt/rustwide/target/debug/deps/libhyper-7f1ff06252f352d6.rlib --extern moka=/opt/rustwide/target/debug/deps/libmoka-ffa936165d9a44a2.rlib --extern once_cell=/opt/rustwide/target/debug/deps/libonce_cell-b5bdc597ed9676b3.rlib --extern open=/opt/rustwide/target/debug/deps/libopen-5cebf76e7d3957bd.rlib --extern rand=/opt/rustwide/target/debug/deps/librand-2855c165c68048a9.rlib --extern regex=/opt/rustwide/target/debug/deps/libregex-1342197ac76a7579.rlib --extern reqwest=/opt/rustwide/target/debug/deps/libreqwest-1db27ad5c37e34c9.rlib --extern rsa=/opt/rustwide/target/debug/deps/librsa-2eb5a5876465b127.rlib --extern rusuh=/opt/rustwide/target/debug/deps/librusuh-89ea9f9542affb47.rlib --extern serde=/opt/rustwide/target/debug/deps/libserde-ffa0ef1b5d6cea8a.rlib --extern serde_json=/opt/rustwide/target/debug/deps/libserde_json-a2f3f20671d63279.rlib --extern serde_urlencoded=/opt/rustwide/target/debug/deps/libserde_urlencoded-3b400e8bd90eb7b5.rlib --extern serde_yaml=/opt/rustwide/target/debug/deps/libserde_yaml-dc4e84195bb8b6ce.rlib --extern sha2=/opt/rustwide/target/debug/deps/libsha2-e37ac46757ea7f68.rlib --extern tempfile=/opt/rustwide/target/debug/deps/libtempfile-a9cee0dea0e9b585.rlib --extern thiserror=/opt/rustwide/target/debug/deps/libthiserror-2f78684f1f4365b0.rlib --extern tokio=/opt/rustwide/target/debug/deps/libtokio-9250e965090357f8.rlib --extern tokio_stream=/opt/rustwide/target/debug/deps/libtokio_stream-422a737615cedd63.rlib --extern tokio_util=/opt/rustwide/target/debug/deps/libtokio_util-b9bbf6eb8242cd10.rlib --extern tower=/opt/rustwide/target/debug/deps/libtower-9a3ea82de9c4997b.rlib --extern tower_http=/opt/rustwide/target/debug/deps/libtower_http-f6242e3fd7e28266.rlib --extern tracing=/opt/rustwide/target/debug/deps/libtracing-fa7ecabdfa6d9dc5.rlib --extern tracing_subscriber=/opt/rustwide/target/debug/deps/libtracing_subscriber-fc6c08d57dd8e31b.rlib --extern url=/opt/rustwide/target/debug/deps/liburl-b31f276cab0e4b14.rlib --extern urlencoding=/opt/rustwide/target/debug/deps/liburlencoding-061758bc6028ea3e.rlib --extern uuid=/opt/rustwide/target/debug/deps/libuuid-f5401b03c7852869.rlib --cap-lints=warn -L native=/opt/rustwide/target/debug/build/aws-lc-sys-3390dfe71d639e46/out` (signal: 9, SIGKILL: kill)
[INFO] [stderr] error: could not compile `rusuh` (bin "rusuh" test)
[INFO] [stderr] 
[INFO] [stderr] Caused by:
[INFO] [stderr]   process didn't exit successfully: `/opt/rustwide/rustup-home/toolchains/1.98.0-beta.1-x86_64-unknown-linux-gnu/bin/rustc --crate-name rusuh --edition=2021 src/main.rs --error-format=json --json=diagnostic-rendered-ansi,artifacts,future-incompat --emit=dep-info,link -C embed-bitcode=no -C debuginfo=2 --test --check-cfg 'cfg(docsrs,test)' --check-cfg 'cfg(feature, values())' -C metadata=57c3e9b8ff39937a -C extra-filename=-15f1e7a686749dde --out-dir /opt/rustwide/target/debug/deps -L dependency=/opt/rustwide/target/debug/deps --extern anyhow=/opt/rustwide/target/debug/deps/libanyhow-9e4c44ac98d8e4ea.rlib --extern async_stream=/opt/rustwide/target/debug/deps/libasync_stream-52f800d5f8035961.rlib --extern async_trait=/opt/rustwide/target/debug/deps/libasync_trait-73233385153773ca.so --extern axum=/opt/rustwide/target/debug/deps/libaxum-d75614034b77b6ea.rlib --extern base64=/opt/rustwide/target/debug/deps/libbase64-32787b0325ea6df8.rlib --extern bytes=/opt/rustwide/target/debug/deps/libbytes-2ed9460101f17bbf.rlib --extern chrono=/opt/rustwide/target/debug/deps/libchrono-addbdf28bc335158.rlib --extern clap=/opt/rustwide/target/debug/deps/libclap-1831595fd056b8d2.rlib --extern config=/opt/rustwide/target/debug/deps/libconfig-a942fb66e617c4e3.rlib --extern dirs=/opt/rustwide/target/debug/deps/libdirs-72b28658b329f3b2.rlib --extern dotenvy=/opt/rustwide/target/debug/deps/libdotenvy-6d8015f91495fe74.rlib --extern futures=/opt/rustwide/target/debug/deps/libfutures-48e778a4dc6199be.rlib --extern http_body_util=/opt/rustwide/target/debug/deps/libhttp_body_util-435c3d9885c1d0aa.rlib --extern hyper=/opt/rustwide/target/debug/deps/libhyper-7f1ff06252f352d6.rlib --extern moka=/opt/rustwide/target/debug/deps/libmoka-ffa936165d9a44a2.rlib --extern once_cell=/opt/rustwide/target/debug/deps/libonce_cell-b5bdc597ed9676b3.rlib --extern open=/opt/rustwide/target/debug/deps/libopen-5cebf76e7d3957bd.rlib --extern rand=/opt/rustwide/target/debug/deps/librand-2855c165c68048a9.rlib --extern regex=/opt/rustwide/target/debug/deps/libregex-1342197ac76a7579.rlib --extern reqwest=/opt/rustwide/target/debug/deps/libreqwest-1db27ad5c37e34c9.rlib --extern rsa=/opt/rustwide/target/debug/deps/librsa-2eb5a5876465b127.rlib --extern rusuh=/opt/rustwide/target/debug/deps/librusuh-89ea9f9542affb47.rlib --extern serde=/opt/rustwide/target/debug/deps/libserde-ffa0ef1b5d6cea8a.rlib --extern serde_json=/opt/rustwide/target/debug/deps/libserde_json-a2f3f20671d63279.rlib --extern serde_urlencoded=/opt/rustwide/target/debug/deps/libserde_urlencoded-3b400e8bd90eb7b5.rlib --extern serde_yaml=/opt/rustwide/target/debug/deps/libserde_yaml-dc4e84195bb8b6ce.rlib --extern sha2=/opt/rustwide/target/debug/deps/libsha2-e37ac46757ea7f68.rlib --extern tempfile=/opt/rustwide/target/debug/deps/libtempfile-a9cee0dea0e9b585.rlib --extern thiserror=/opt/rustwide/target/debug/deps/libthiserror-2f78684f1f4365b0.rlib --extern tokio=/opt/rustwide/target/debug/deps/libtokio-9250e965090357f8.rlib --extern tokio_stream=/opt/rustwide/target/debug/deps/libtokio_stream-422a737615cedd63.rlib --extern tokio_util=/opt/rustwide/target/debug/deps/libtokio_util-b9bbf6eb8242cd10.rlib --extern tower=/opt/rustwide/target/debug/deps/libtower-9a3ea82de9c4997b.rlib --extern tower_http=/opt/rustwide/target/debug/deps/libtower_http-f6242e3fd7e28266.rlib --extern tracing=/opt/rustwide/target/debug/deps/libtracing-fa7ecabdfa6d9dc5.rlib --extern tracing_subscriber=/opt/rustwide/target/debug/deps/libtracing_subscriber-fc6c08d57dd8e31b.rlib --extern url=/opt/rustwide/target/debug/deps/liburl-b31f276cab0e4b14.rlib --extern urlencoding=/opt/rustwide/target/debug/deps/liburlencoding-061758bc6028ea3e.rlib --extern uuid=/opt/rustwide/target/debug/deps/libuuid-f5401b03c7852869.rlib --cap-lints=warn -L native=/opt/rustwide/target/debug/build/aws-lc-sys-3390dfe71d639e46/out` (signal: 9, SIGKILL: kill)
[INFO] [stderr] error: could not compile `rusuh` (bin "rusuh")
[INFO] [stderr] 
[INFO] [stderr] Caused by:
[INFO] [stderr]   process didn't exit successfully: `/opt/rustwide/rustup-home/toolchains/1.98.0-beta.1-x86_64-unknown-linux-gnu/bin/rustc --crate-name rusuh --edition=2021 src/main.rs --error-format=json --json=diagnostic-rendered-ansi,artifacts,future-incompat --crate-type bin --emit=dep-info,link -C embed-bitcode=no -C debuginfo=2 --check-cfg 'cfg(docsrs,test)' --check-cfg 'cfg(feature, values())' -C metadata=e93b870c70f91a3a -C extra-filename=-8fe3275493ab2e53 --out-dir /opt/rustwide/target/debug/deps -L dependency=/opt/rustwide/target/debug/deps --extern anyhow=/opt/rustwide/target/debug/deps/libanyhow-9e4c44ac98d8e4ea.rlib --extern async_stream=/opt/rustwide/target/debug/deps/libasync_stream-52f800d5f8035961.rlib --extern async_trait=/opt/rustwide/target/debug/deps/libasync_trait-73233385153773ca.so --extern axum=/opt/rustwide/target/debug/deps/libaxum-d75614034b77b6ea.rlib --extern base64=/opt/rustwide/target/debug/deps/libbase64-32787b0325ea6df8.rlib --extern bytes=/opt/rustwide/target/debug/deps/libbytes-2ed9460101f17bbf.rlib --extern chrono=/opt/rustwide/target/debug/deps/libchrono-addbdf28bc335158.rlib --extern clap=/opt/rustwide/target/debug/deps/libclap-1831595fd056b8d2.rlib --extern config=/opt/rustwide/target/debug/deps/libconfig-a942fb66e617c4e3.rlib --extern dirs=/opt/rustwide/target/debug/deps/libdirs-72b28658b329f3b2.rlib --extern dotenvy=/opt/rustwide/target/debug/deps/libdotenvy-6d8015f91495fe74.rlib --extern futures=/opt/rustwide/target/debug/deps/libfutures-48e778a4dc6199be.rlib --extern hyper=/opt/rustwide/target/debug/deps/libhyper-7f1ff06252f352d6.rlib --extern moka=/opt/rustwide/target/debug/deps/libmoka-ffa936165d9a44a2.rlib --extern once_cell=/opt/rustwide/target/debug/deps/libonce_cell-b5bdc597ed9676b3.rlib --extern open=/opt/rustwide/target/debug/deps/libopen-5cebf76e7d3957bd.rlib --extern rand=/opt/rustwide/target/debug/deps/librand-2855c165c68048a9.rlib --extern regex=/opt/rustwide/target/debug/deps/libregex-1342197ac76a7579.rlib --extern reqwest=/opt/rustwide/target/debug/deps/libreqwest-1db27ad5c37e34c9.rlib --extern rsa=/opt/rustwide/target/debug/deps/librsa-2eb5a5876465b127.rlib --extern rusuh=/opt/rustwide/target/debug/deps/librusuh-89ea9f9542affb47.rlib --extern serde=/opt/rustwide/target/debug/deps/libserde-ffa0ef1b5d6cea8a.rlib --extern serde_json=/opt/rustwide/target/debug/deps/libserde_json-a2f3f20671d63279.rlib --extern serde_urlencoded=/opt/rustwide/target/debug/deps/libserde_urlencoded-3b400e8bd90eb7b5.rlib --extern serde_yaml=/opt/rustwide/target/debug/deps/libserde_yaml-dc4e84195bb8b6ce.rlib --extern sha2=/opt/rustwide/target/debug/deps/libsha2-e37ac46757ea7f68.rlib --extern thiserror=/opt/rustwide/target/debug/deps/libthiserror-2f78684f1f4365b0.rlib --extern tokio=/opt/rustwide/target/debug/deps/libtokio-9250e965090357f8.rlib --extern tokio_stream=/opt/rustwide/target/debug/deps/libtokio_stream-422a737615cedd63.rlib --extern tokio_util=/opt/rustwide/target/debug/deps/libtokio_util-b9bbf6eb8242cd10.rlib --extern tower=/opt/rustwide/target/debug/deps/libtower-9a3ea82de9c4997b.rlib --extern tower_http=/opt/rustwide/target/debug/deps/libtower_http-f6242e3fd7e28266.rlib --extern tracing=/opt/rustwide/target/debug/deps/libtracing-fa7ecabdfa6d9dc5.rlib --extern tracing_subscriber=/opt/rustwide/target/debug/deps/libtracing_subscriber-fc6c08d57dd8e31b.rlib --extern url=/opt/rustwide/target/debug/deps/liburl-b31f276cab0e4b14.rlib --extern urlencoding=/opt/rustwide/target/debug/deps/liburlencoding-061758bc6028ea3e.rlib --extern uuid=/opt/rustwide/target/debug/deps/libuuid-f5401b03c7852869.rlib --cap-lints=warn -L native=/opt/rustwide/target/debug/build/aws-lc-sys-3390dfe71d639e46/out` (signal: 9, SIGKILL: kill)
[INFO] [stderr] error: could not compile `rusuh` (test "github_copilot_management")
[INFO] [stderr] 
[INFO] [stderr] Caused by:
[INFO] [stderr]   process didn't exit successfully: `/opt/rustwide/rustup-home/toolchains/1.98.0-beta.1-x86_64-unknown-linux-gnu/bin/rustc --crate-name github_copilot_management --edition=2021 tests/github_copilot_management.rs --error-format=json --json=diagnostic-rendered-ansi,artifacts,future-incompat --emit=dep-info,link -C embed-bitcode=no -C debuginfo=2 --test --check-cfg 'cfg(docsrs,test)' --check-cfg 'cfg(feature, values())' -C metadata=b8a46ba62febfcfd -C extra-filename=-0cb79d79b7fdf6a2 --out-dir /opt/rustwide/target/debug/deps -L dependency=/opt/rustwide/target/debug/deps --extern anyhow=/opt/rustwide/target/debug/deps/libanyhow-9e4c44ac98d8e4ea.rlib --extern async_stream=/opt/rustwide/target/debug/deps/libasync_stream-52f800d5f8035961.rlib --extern async_trait=/opt/rustwide/target/debug/deps/libasync_trait-73233385153773ca.so --extern axum=/opt/rustwide/target/debug/deps/libaxum-d75614034b77b6ea.rlib --extern base64=/opt/rustwide/target/debug/deps/libbase64-32787b0325ea6df8.rlib --extern bytes=/opt/rustwide/target/debug/deps/libbytes-2ed9460101f17bbf.rlib --extern chrono=/opt/rustwide/target/debug/deps/libchrono-addbdf28bc335158.rlib --extern clap=/opt/rustwide/target/debug/deps/libclap-1831595fd056b8d2.rlib --extern config=/opt/rustwide/target/debug/deps/libconfig-a942fb66e617c4e3.rlib --extern dirs=/opt/rustwide/target/debug/deps/libdirs-72b28658b329f3b2.rlib --extern dotenvy=/opt/rustwide/target/debug/deps/libdotenvy-6d8015f91495fe74.rlib --extern futures=/opt/rustwide/target/debug/deps/libfutures-48e778a4dc6199be.rlib --extern http_body_util=/opt/rustwide/target/debug/deps/libhttp_body_util-435c3d9885c1d0aa.rlib --extern hyper=/opt/rustwide/target/debug/deps/libhyper-7f1ff06252f352d6.rlib --extern moka=/opt/rustwide/target/debug/deps/libmoka-ffa936165d9a44a2.rlib --extern once_cell=/opt/rustwide/target/debug/deps/libonce_cell-b5bdc597ed9676b3.rlib --extern open=/opt/rustwide/target/debug/deps/libopen-5cebf76e7d3957bd.rlib --extern rand=/opt/rustwide/target/debug/deps/librand-2855c165c68048a9.rlib --extern regex=/opt/rustwide/target/debug/deps/libregex-1342197ac76a7579.rlib --extern reqwest=/opt/rustwide/target/debug/deps/libreqwest-1db27ad5c37e34c9.rlib --extern rsa=/opt/rustwide/target/debug/deps/librsa-2eb5a5876465b127.rlib --extern rusuh=/opt/rustwide/target/debug/deps/librusuh-89ea9f9542affb47.rlib --extern serde=/opt/rustwide/target/debug/deps/libserde-ffa0ef1b5d6cea8a.rlib --extern serde_json=/opt/rustwide/target/debug/deps/libserde_json-a2f3f20671d63279.rlib --extern serde_urlencoded=/opt/rustwide/target/debug/deps/libserde_urlencoded-3b400e8bd90eb7b5.rlib --extern serde_yaml=/opt/rustwide/target/debug/deps/libserde_yaml-dc4e84195bb8b6ce.rlib --extern sha2=/opt/rustwide/target/debug/deps/libsha2-e37ac46757ea7f68.rlib --extern tempfile=/opt/rustwide/target/debug/deps/libtempfile-a9cee0dea0e9b585.rlib --extern thiserror=/opt/rustwide/target/debug/deps/libthiserror-2f78684f1f4365b0.rlib --extern tokio=/opt/rustwide/target/debug/deps/libtokio-9250e965090357f8.rlib --extern tokio_stream=/opt/rustwide/target/debug/deps/libtokio_stream-422a737615cedd63.rlib --extern tokio_util=/opt/rustwide/target/debug/deps/libtokio_util-b9bbf6eb8242cd10.rlib --extern tower=/opt/rustwide/target/debug/deps/libtower-9a3ea82de9c4997b.rlib --extern tower_http=/opt/rustwide/target/debug/deps/libtower_http-f6242e3fd7e28266.rlib --extern tracing=/opt/rustwide/target/debug/deps/libtracing-fa7ecabdfa6d9dc5.rlib --extern tracing_subscriber=/opt/rustwide/target/debug/deps/libtracing_subscriber-fc6c08d57dd8e31b.rlib --extern url=/opt/rustwide/target/debug/deps/liburl-b31f276cab0e4b14.rlib --extern urlencoding=/opt/rustwide/target/debug/deps/liburlencoding-061758bc6028ea3e.rlib --extern uuid=/opt/rustwide/target/debug/deps/libuuid-f5401b03c7852869.rlib --cap-lints=warn -L native=/opt/rustwide/target/debug/build/aws-lc-sys-3390dfe71d639e46/out` (signal: 9, SIGKILL: kill)
[INFO] [stderr] error: could not compile `rusuh` (test "codex_jwt") due to 1 previous error
[INFO] [stdout] error: linking with `cc` failed: exit status: 1
[INFO] [stdout]   |
[INFO] [stdout]   = note:  "cc" "-m64" "/opt/rustwide/target/debug/deps/rustcoSCQSw/symbols.o" "<2 object files omitted>" "-Wl,--as-needed" "-Wl,-Bstatic" "<sysroot>/lib/rustlib/x86_64-unknown-linux-gnu/lib/{libtest-*,libgetopts-*,librustc_std_workspace_std-*}.rlib" "/opt/rustwide/target/debug/deps/{librusuh-89ea9f9542affb47,libconfig-a942fb66e617c4e3,libjson5-59df20709e75f1c2,libpest-afd3cb3b02364b8b,libucd_trie-64e35acb102f3b4d,libserde_untagged-1616fbd70533ed68,liberased_serde-4be914b5bfba6ada,libron-792c8b7bd4d430f0,libtypeid-f817466d1cfd48b6,libunicode_ident-1996c11fff15f062,libtoml-eb2a5942e0971d0e,libtoml_parser-68fdec5a12492998,libserde_spanned-05809caffe7b4e42,libtoml_datetime-0bbe869c706a09e8,libwinnow-88e6acd6e2987984,libini-b1dcbd0eb97c3587,libordered_multimap-47deea3e62f37f60,libhashbrown-d952ad0946629507,libdlv_list-2791a928fdca5388,libyaml_rust2-8a61424eff08776b,libencoding_rs-c7a67ac351c2b19f,libarraydeque-113b06ef7681d200,libhashlink-2e976e08e9e3b634,libhashbrown-8da8fd0b7703f558,libfoldhash-07f233db1c671507,libconvert_case-38f39321ace21c2d,libunicode_segmentation-421de088ab714999,libserde_yaml-dc4e84195bb8b6ce,libunsafe_libyaml-d3127b66fe569cc5,liburlencoding-061758bc6028ea3e,libopen-5cebf76e7d3957bd,libpathdiff-3903ede7ad100cac,libis_wsl-024f368077693904,libis_docker-92000f889fbde0e8,libasync_stream-52f800d5f8035961,libmoka-ffa936165d9a44a2,libportable_atomic-b2c3e87a13df7d23,libtagptr-17baaf534c9c3f80,libcrossbeam_epoch-2c19d130e745537c,libcrossbeam_channel-c975edaf87631b25,libcrossbeam_utils-f696a08ab1e94e7a,libfutures-48e778a4dc6199be,libfutures_executor-53d62b0cac3d77d0,librsa-2eb5a5876465b127,libpkcs1-9134e8fbf9bc43da,libpkcs8-470b58cefc9cdf9f,libspki-bc92a942e2b17e04,libder-12e39d39dee0011c,libpem_rfc7468-68a26afe4db4273c,libbase64ct-050420b1c69ac317,libsignature-5b35dd3c1fc5ebc7,libnum_bigint_dig-f58a9058a1f25aad,libnum_iter-fe0f729061c8db16,librand-92aa7c0535ceb14b,librand_chacha-24412a180b0ca541,librand_core-d3604a144f1290be,libgetrandom-23d8bf2e7269f879,libnum_integer-1e5d5881fe5f5cbd,liblazy_static-c8a1c7184ffedcfe,libspin-77da57a1b47d23a3,libanyhow-9e4c44ac98d8e4ea,libuuid-f5401b03c7852869,libaxum-d75614034b77b6ea,libserde_path_to_error-358001114065975c,libmatchit-9aa922efa503b546,libtokio_tungstenite-4997b01df8e2c7b2,libtungstenite-aaca94698f2aa4c5,libdata_encoding-4b0fc7d26697af29,librand-280ad43bf8543881,librand_chacha-f02b6cb9146ea33d,libppv_lite86-f71f66a5f0b2c41c,libzerocopy-f356ca4a4615f711,librand_core-59d009e429ded565,libgetrandom-c27f5d9907cbefd0,libutf8-f4341c3c7568480d,libthiserror-2f78684f1f4365b0,libsha1-15e3debb946b5711,libaxum_core-f55d34d60b0c00c7,librand-2855c165c68048a9,libgetrandom-78f21951e69058a1,libchacha20-82fd443d327e1971,libcpufeatures-6c1f78f4142e3013,librand_core-0c7241369648ce5c,libreqwest-1db27ad5c37e34c9,libserde_urlencoded-3b400e8bd90eb7b5,libryu-1f4f40e4352371e5,librustls_platform_verifier-870368beeabe477f,librustls_native_certs-465b2aa2129aa72f,libopenssl_probe-6b1b371432012237,libhyper_rustls-39959333aace57e1,libtokio_rustls-62c05412c2ff91d6,librustls-bba43c465cf712fa,libsubtle-2ae6a7038b9a0630,libwebpki-60909c92c652d3e7,libuntrusted-b2f816886faf2178,libaws_lc_rs-c5c366604a8ce827,libaws_lc_sys-671c69aa20e8d734,librustls_pki_types-a1ff9279e609de76,libzeroize-7f213bea776ca5b6,libtower_http-f6242e3fd7e28266,libmime_guess-96fc0112437da5c5,libunicase-14ef8cc0d70eefb8,libmime-0188e0814ca7ddbf,libhttp_range_header-2c1927e1cc51b209,libbitflags-3e3210e4c342a09f,libiri_string-7980c6545d934b56,libtower-9a3ea82de9c4997b,libtower_layer-d908dd771b239ecd,libhyper_util-6b2ceac4b158ccdb,libipnet-61ca7a5e1c2863d4,libtower_service-3fb88d28c2218805,libhyper-7f1ff06252f352d6,libwant-7a6260b9c50f1479,libtry_lock-8fa2f6971035be84,libhttparse-8c9b827b8f345444,libh2-98e3c84fee7734de,libindexmap-f006485b143d2676,libequivalent-6a754676e6af62ae,libhashbrown-25abce2d85979e8d,libfnv-79e2cbfbe03dcd16,libpin_utils-3860774ad9b215b5,libatomic_waker-06950c8c08d2b8fa,libhttpdate-331798cefc82cc7e,libfutures_util-2b52f2c70eef4f9e,libfutures_io-a8805bd12b2ab705,libslab-0582d648e59ab406,libfutures_channel-04b287164a72dbf0,libfutures_task-36f327cfab86eddc,libtokio_util-b9bbf6eb8242cd10,libfutures_sink-3971bde37bb30e19,libhttp_body_util-435c3d9885c1d0aa,libhttp_body-55146306285889c1,liburl-b31f276cab0e4b14,libidna-271784d572e776dd,libutf8_iter-51566bbad89f3a68,libidna_adapter-ea59fccc41283297,libicu_properties-86c5f755d2ee308d,libicu_properties_data-b217809bf575558a,libicu_normalizer-429ac1aee2397e9a,libicu_normalizer_data-ab8997d7cbbb3306,libicu_collections-00e552cefe35eb08,libpotential_utf-932a284378e9504e,libicu_provider-4417cba4528cda65,libicu_locale_core-64670a530af6b241,libtinystr-501da78f494faff4,liblitemap-cd9b5b2aa04e2018,libwriteable-4f74a67d38fff78e,libzerovec-7d833d96372c9223,libzerotrie-c64606a4e8b10557,libyoke-9481815fd574ddb4,libstable_deref_trait-63cbf3f3d3f94e56,libzerofrom-af2389da7632269c,libform_urlencoded-58b0f0edb59b40d2,libpercent_encoding-fa055ecaa1e57cfa,libhttp-621951be98ec0f6f,libsync_wrapper-6bdfbc29c4269203,libfutures_core-1121ff913ed87f93,libsha2-e37ac46757ea7f68,libcpufeatures-e04321643d03190d,libdigest-1f9059afdb40d256,libconst_oid-2aadc73a32842898,libblock_buffer-ceb5bfb4b62e5dc4,libcrypto_common-56b940ef3ee0385e,libgeneric_array-3399f74876fb1fa9,libtypenum-973adb5204d6e560,libchrono-addbdf28bc335158,libiana_time_zone-bcd81aefedc374a6,libnum_traits-b590a34f7568828d,liblibm-24398d5f7d3c709c,libclap-1831595fd056b8d2,libclap_builder-04fcc109377776a2,libstrsim-4d1ed08a123238dc,libanstream-14b271bd294f0187,libanstyle_query-635080b1d6343734,libis_terminal_polyfill-3ca4268cb2568267,libcolorchoice-33c0bd1745dd5ace,libanstyle_parse-88399b635fc44f8e,libutf8parse-92d0158219063202,libclap_lex-2acbcd0288e51058,libanstyle-9beaeb754742faae,libtracing-fa7ecabdfa6d9dc5,liblog-b262261d47bd2eba,libtracing_core-d26029c784af5925,libonce_cell-b5bdc597ed9676b3,libtokio-9250e965090357f8,libsignal_hook_registry-0370c074c4bef323,liberrno-1d9457f3d77a0a23,libsocket2-050091baf38e5996,libbytes-2ed9460101f17bbf,libmio-b3d300bcba2dd5a7,libparking_lot-3ffc45ac74faea53,libparking_lot_core-5da3b68e7b565456,liblibc-585253b8e2aa2651,libcfg_if-83060ec5685761ae,libsmallvec-bc3128fdd57228fc,liblock_api-16d46fed645f7bff,libscopeguard-7ec2214574194454,libpin_project_lite-0a15d51c77964692,libserde_json-a2f3f20671d63279,libmemchr-5cfa70d22cb32987,libitoa-f3a70a1441f7f89b,libzmij-ef63f1da73704b4c,libserde-ffa0ef1b5d6cea8a,libserde_core-9c6a4a1faf3c1a34,libbase64-32787b0325ea6df8}.rlib" "<sysroot>/lib/rustlib/x86_64-unknown-linux-gnu/lib/{libstd-*,libpanic_unwind-*,libobject-*,libmemchr-*,libaddr2line-*,libgimli-*,libcfg_if-*,librustc_demangle-*,libstd_detect-*,libhashbrown-*,librustc_std_workspace_alloc-*,libminiz_oxide-*,libadler2-*,libunwind-*,liblibc-*,librustc_std_workspace_core-*,liballoc-*,libcore-*,libcompiler_builtins-*}.rlib" "-Wl,-Bdynamic" "-lgcc_s" "-lutil" "-lrt" "-lpthread" "-lm" "-ldl" "-lc" "-L" "/opt/rustwide/target/debug/deps/rustcoSCQSw/raw-dylibs" "-B<sysroot>/lib/rustlib/x86_64-unknown-linux-gnu/bin/gcc-ld" "-fuse-ld=lld" "-Wl,--eh-frame-hdr" "-Wl,-z,noexecstack" "-L" "/opt/rustwide/target/debug/build/aws-lc-sys-3390dfe71d639e46/out" "-L" "<sysroot>/lib/rustlib/x86_64-unknown-linux-gnu/lib" "-o" "/opt/rustwide/target/debug/deps/codex_jwt-a392f08f2d4c1c8d" "-Wl,--gc-sections" "-pie" "-Wl,-z,relro,-z,now" "-nodefaultlibs"
[INFO] [stdout]   = note: some arguments are omitted. use `--verbose` to show all linker arguments
[INFO] [stdout]   = note: collect2: fatal error: ld terminated with signal 9 [Killed]
[INFO] [stdout]           compilation terminated.
[INFO] [stdout]           
[INFO] [stdout] 
[INFO] [stdout] 
[INFO] [stdout] error: linking with `cc` failed: exit status: 1
[INFO] [stdout]   |
[INFO] [stdout]   = note:  "cc" "-m64" "/opt/rustwide/target/debug/deps/rustcwshunr/symbols.o" "<2 object files omitted>" "-Wl,--as-needed" "-Wl,-Bstatic" "<sysroot>/lib/rustlib/x86_64-unknown-linux-gnu/lib/{libtest-*,libgetopts-*,librustc_std_workspace_std-*}.rlib" "/opt/rustwide/target/debug/deps/{libtempfile-a9cee0dea0e9b585,libfastrand-751bcde24b8aa073,librustix-d380ab68c31ccc14,liblinux_raw_sys-0b6cde911e9a3109,librusuh-89ea9f9542affb47,libconfig-a942fb66e617c4e3,libjson5-59df20709e75f1c2,libpest-afd3cb3b02364b8b,libucd_trie-64e35acb102f3b4d,libserde_untagged-1616fbd70533ed68,liberased_serde-4be914b5bfba6ada,libron-792c8b7bd4d430f0,libtypeid-f817466d1cfd48b6,libunicode_ident-1996c11fff15f062,libtoml-eb2a5942e0971d0e,libtoml_parser-68fdec5a12492998,libserde_spanned-05809caffe7b4e42,libtoml_datetime-0bbe869c706a09e8,libwinnow-88e6acd6e2987984,libini-b1dcbd0eb97c3587,libordered_multimap-47deea3e62f37f60,libhashbrown-d952ad0946629507,libdlv_list-2791a928fdca5388,libyaml_rust2-8a61424eff08776b,libencoding_rs-c7a67ac351c2b19f,libarraydeque-113b06ef7681d200,libhashlink-2e976e08e9e3b634,libhashbrown-8da8fd0b7703f558,libfoldhash-07f233db1c671507,libconvert_case-38f39321ace21c2d,libunicode_segmentation-421de088ab714999,libserde_yaml-dc4e84195bb8b6ce,libunsafe_libyaml-d3127b66fe569cc5,liburlencoding-061758bc6028ea3e,libopen-5cebf76e7d3957bd,libpathdiff-3903ede7ad100cac,libis_wsl-024f368077693904,libis_docker-92000f889fbde0e8,libasync_stream-52f800d5f8035961,libmoka-ffa936165d9a44a2,libportable_atomic-b2c3e87a13df7d23,libtagptr-17baaf534c9c3f80,libcrossbeam_epoch-2c19d130e745537c,libcrossbeam_channel-c975edaf87631b25,libcrossbeam_utils-f696a08ab1e94e7a,libfutures-48e778a4dc6199be,libfutures_executor-53d62b0cac3d77d0,librsa-2eb5a5876465b127,libpkcs1-9134e8fbf9bc43da,libpkcs8-470b58cefc9cdf9f,libspki-bc92a942e2b17e04,libder-12e39d39dee0011c,libpem_rfc7468-68a26afe4db4273c,libbase64ct-050420b1c69ac317,libsignature-5b35dd3c1fc5ebc7,libnum_bigint_dig-f58a9058a1f25aad,libnum_iter-fe0f729061c8db16,librand-92aa7c0535ceb14b,librand_chacha-24412a180b0ca541,librand_core-d3604a144f1290be,libgetrandom-23d8bf2e7269f879,libnum_integer-1e5d5881fe5f5cbd,liblazy_static-c8a1c7184ffedcfe,libspin-77da57a1b47d23a3,libanyhow-9e4c44ac98d8e4ea,libuuid-f5401b03c7852869,libaxum-d75614034b77b6ea,libserde_path_to_error-358001114065975c,libmatchit-9aa922efa503b546,libtokio_tungstenite-4997b01df8e2c7b2,libtungstenite-aaca94698f2aa4c5,libdata_encoding-4b0fc7d26697af29,librand-280ad43bf8543881,librand_chacha-f02b6cb9146ea33d,libppv_lite86-f71f66a5f0b2c41c,libzerocopy-f356ca4a4615f711,librand_core-59d009e429ded565,libgetrandom-c27f5d9907cbefd0,libutf8-f4341c3c7568480d,libthiserror-2f78684f1f4365b0,libsha1-15e3debb946b5711,libaxum_core-f55d34d60b0c00c7,librand-2855c165c68048a9,libgetrandom-78f21951e69058a1,libchacha20-82fd443d327e1971,libcpufeatures-6c1f78f4142e3013,librand_core-0c7241369648ce5c,libreqwest-1db27ad5c37e34c9,libserde_urlencoded-3b400e8bd90eb7b5,libryu-1f4f40e4352371e5,librustls_platform_verifier-870368beeabe477f,librustls_native_certs-465b2aa2129aa72f,libopenssl_probe-6b1b371432012237,libhyper_rustls-39959333aace57e1,libtokio_rustls-62c05412c2ff91d6,librustls-bba43c465cf712fa,libsubtle-2ae6a7038b9a0630,libwebpki-60909c92c652d3e7,libuntrusted-b2f816886faf2178,libaws_lc_rs-c5c366604a8ce827,libaws_lc_sys-671c69aa20e8d734,librustls_pki_types-a1ff9279e609de76,libzeroize-7f213bea776ca5b6,libtower_http-f6242e3fd7e28266,libmime_guess-96fc0112437da5c5,libunicase-14ef8cc0d70eefb8,libmime-0188e0814ca7ddbf,libhttp_range_header-2c1927e1cc51b209,libbitflags-3e3210e4c342a09f,libiri_string-7980c6545d934b56,libtower-9a3ea82de9c4997b,libtower_layer-d908dd771b239ecd,libhyper_util-6b2ceac4b158ccdb,libbase64-32787b0325ea6df8,libipnet-61ca7a5e1c2863d4,libtower_service-3fb88d28c2218805,libhyper-7f1ff06252f352d6,libwant-7a6260b9c50f1479,libtry_lock-8fa2f6971035be84,libhttparse-8c9b827b8f345444,libh2-98e3c84fee7734de,libindexmap-f006485b143d2676,libequivalent-6a754676e6af62ae,libhashbrown-25abce2d85979e8d,libfnv-79e2cbfbe03dcd16,libpin_utils-3860774ad9b215b5,libatomic_waker-06950c8c08d2b8fa,libhttpdate-331798cefc82cc7e,libfutures_util-2b52f2c70eef4f9e,libfutures_io-a8805bd12b2ab705,libslab-0582d648e59ab406,libfutures_channel-04b287164a72dbf0,libfutures_task-36f327cfab86eddc,libtokio_util-b9bbf6eb8242cd10,libfutures_sink-3971bde37bb30e19,libhttp_body_util-435c3d9885c1d0aa,libhttp_body-55146306285889c1,liburl-b31f276cab0e4b14,libidna-271784d572e776dd,libutf8_iter-51566bbad89f3a68,libidna_adapter-ea59fccc41283297,libicu_properties-86c5f755d2ee308d,libicu_properties_data-b217809bf575558a,libicu_normalizer-429ac1aee2397e9a,libicu_normalizer_data-ab8997d7cbbb3306,libicu_collections-00e552cefe35eb08,libpotential_utf-932a284378e9504e,libicu_provider-4417cba4528cda65,libicu_locale_core-64670a530af6b241,libtinystr-501da78f494faff4,liblitemap-cd9b5b2aa04e2018,libwriteable-4f74a67d38fff78e,libzerovec-7d833d96372c9223,libzerotrie-c64606a4e8b10557,libyoke-9481815fd574ddb4,libstable_deref_trait-63cbf3f3d3f94e56,libzerofrom-af2389da7632269c,libform_urlencoded-58b0f0edb59b40d2,libpercent_encoding-fa055ecaa1e57cfa,libhttp-621951be98ec0f6f,libsync_wrapper-6bdfbc29c4269203,libfutures_core-1121ff913ed87f93,libsha2-e37ac46757ea7f68,libcpufeatures-e04321643d03190d,libdigest-1f9059afdb40d256,libconst_oid-2aadc73a32842898,libblock_buffer-ceb5bfb4b62e5dc4,libcrypto_common-56b940ef3ee0385e,libgeneric_array-3399f74876fb1fa9,libtypenum-973adb5204d6e560,libchrono-addbdf28bc335158,libiana_time_zone-bcd81aefedc374a6,libnum_traits-b590a34f7568828d,liblibm-24398d5f7d3c709c,libclap-1831595fd056b8d2,libclap_builder-04fcc109377776a2,libstrsim-4d1ed08a123238dc,libanstream-14b271bd294f0187,libanstyle_query-635080b1d6343734,libis_terminal_polyfill-3ca4268cb2568267,libcolorchoice-33c0bd1745dd5ace,libanstyle_parse-88399b635fc44f8e,libutf8parse-92d0158219063202,libclap_lex-2acbcd0288e51058,libanstyle-9beaeb754742faae,libtracing-fa7ecabdfa6d9dc5,liblog-b262261d47bd2eba,libtracing_core-d26029c784af5925,libonce_cell-b5bdc597ed9676b3,libtokio-9250e965090357f8,libsignal_hook_registry-0370c074c4bef323,liberrno-1d9457f3d77a0a23,libsocket2-050091baf38e5996,libbytes-2ed9460101f17bbf,libmio-b3d300bcba2dd5a7,libparking_lot-3ffc45ac74faea53,libparking_lot_core-5da3b68e7b565456,liblibc-585253b8e2aa2651,libcfg_if-83060ec5685761ae,libsmallvec-bc3128fdd57228fc,liblock_api-16d46fed645f7bff,libscopeguard-7ec2214574194454,libpin_project_lite-0a15d51c77964692,libserde_json-a2f3f20671d63279,libmemchr-5cfa70d22cb32987,libitoa-f3a70a1441f7f89b,libzmij-ef63f1da73704b4c,libserde-ffa0ef1b5d6cea8a,libserde_core-9c6a4a1faf3c1a34}.rlib" "<sysroot>/lib/rustlib/x86_64-unknown-linux-gnu/lib/{libstd-*,libpanic_unwind-*,libobject-*,libmemchr-*,libaddr2line-*,libgimli-*,libcfg_if-*,librustc_demangle-*,libstd_detect-*,libhashbrown-*,librustc_std_workspace_alloc-*,libminiz_oxide-*,libadler2-*,libunwind-*,liblibc-*,librustc_std_workspace_core-*,liballoc-*,libcore-*,libcompiler_builtins-*}.rlib" "-Wl,-Bdynamic" "-lgcc_s" "-lutil" "-lrt" "-lpthread" "-lm" "-ldl" "-lc" "-L" "/opt/rustwide/target/debug/deps/rustcwshunr/raw-dylibs" "-B<sysroot>/lib/rustlib/x86_64-unknown-linux-gnu/bin/gcc-ld" "-fuse-ld=lld" "-Wl,--eh-frame-hdr" "-Wl,-z,noexecstack" "-L" "/opt/rustwide/target/debug/build/aws-lc-sys-3390dfe71d639e46/out" "-L" "<sysroot>/lib/rustlib/x86_64-unknown-linux-gnu/lib" "-o" "/opt/rustwide/target/debug/deps/config-335a6bfbabfddcc7" "-Wl,--gc-sections" "-pie" "-Wl,-z,relro,-z,now" "-nodefaultlibs"
[INFO] [stdout]   = note: some arguments are omitted. use `--verbose` to show all linker arguments
[INFO] [stdout]   = note: collect2: fatal error: ld terminated with signal 9 [Killed]
[INFO] [stdout]           compilation terminated.
[INFO] [stdout]           
[INFO] [stdout] 
[INFO] [stdout] 
[INFO] [stderr] error: could not compile `rusuh` (test "config") due to 1 previous error
[INFO] [stdout] error: linking with `cc` failed: exit status: 1
[INFO] [stdout]   |
[INFO] [stdout]   = note:  "cc" "-m64" "/opt/rustwide/target/debug/deps/rustcE20gjK/symbols.o" "<2 object files omitted>" "-Wl,--as-needed" "-Wl,-Bstatic" "<sysroot>/lib/rustlib/x86_64-unknown-linux-gnu/lib/{libtest-*,libgetopts-*,librustc_std_workspace_std-*}.rlib" "/opt/rustwide/target/debug/deps/{librusuh-89ea9f9542affb47,libconfig-a942fb66e617c4e3,libjson5-59df20709e75f1c2,libpest-afd3cb3b02364b8b,libucd_trie-64e35acb102f3b4d,libserde_untagged-1616fbd70533ed68,liberased_serde-4be914b5bfba6ada,libron-792c8b7bd4d430f0,libtypeid-f817466d1cfd48b6,libunicode_ident-1996c11fff15f062,libtoml-eb2a5942e0971d0e,libtoml_parser-68fdec5a12492998,libserde_spanned-05809caffe7b4e42,libtoml_datetime-0bbe869c706a09e8,libwinnow-88e6acd6e2987984,libini-b1dcbd0eb97c3587,libordered_multimap-47deea3e62f37f60,libhashbrown-d952ad0946629507,libdlv_list-2791a928fdca5388,libyaml_rust2-8a61424eff08776b,libencoding_rs-c7a67ac351c2b19f,libarraydeque-113b06ef7681d200,libhashlink-2e976e08e9e3b634,libhashbrown-8da8fd0b7703f558,libfoldhash-07f233db1c671507,libconvert_case-38f39321ace21c2d,libunicode_segmentation-421de088ab714999,libserde_yaml-dc4e84195bb8b6ce,libunsafe_libyaml-d3127b66fe569cc5,liburlencoding-061758bc6028ea3e,libopen-5cebf76e7d3957bd,libpathdiff-3903ede7ad100cac,libis_wsl-024f368077693904,libis_docker-92000f889fbde0e8,libasync_stream-52f800d5f8035961,libmoka-ffa936165d9a44a2,libportable_atomic-b2c3e87a13df7d23,libtagptr-17baaf534c9c3f80,libcrossbeam_epoch-2c19d130e745537c,libcrossbeam_channel-c975edaf87631b25,libcrossbeam_utils-f696a08ab1e94e7a,libfutures-48e778a4dc6199be,libfutures_executor-53d62b0cac3d77d0,librsa-2eb5a5876465b127,libpkcs1-9134e8fbf9bc43da,libpkcs8-470b58cefc9cdf9f,libspki-bc92a942e2b17e04,libder-12e39d39dee0011c,libpem_rfc7468-68a26afe4db4273c,libbase64ct-050420b1c69ac317,libsignature-5b35dd3c1fc5ebc7,libnum_bigint_dig-f58a9058a1f25aad,libnum_iter-fe0f729061c8db16,librand-92aa7c0535ceb14b,librand_chacha-24412a180b0ca541,librand_core-d3604a144f1290be,libgetrandom-23d8bf2e7269f879,libnum_integer-1e5d5881fe5f5cbd,liblazy_static-c8a1c7184ffedcfe,libspin-77da57a1b47d23a3,libanyhow-9e4c44ac98d8e4ea,libuuid-f5401b03c7852869,libaxum-d75614034b77b6ea,libserde_path_to_error-358001114065975c,libmatchit-9aa922efa503b546,libtokio_tungstenite-4997b01df8e2c7b2,libtungstenite-aaca94698f2aa4c5,libdata_encoding-4b0fc7d26697af29,librand-280ad43bf8543881,librand_chacha-f02b6cb9146ea33d,libppv_lite86-f71f66a5f0b2c41c,libzerocopy-f356ca4a4615f711,librand_core-59d009e429ded565,libgetrandom-c27f5d9907cbefd0,libutf8-f4341c3c7568480d,libthiserror-2f78684f1f4365b0,libsha1-15e3debb946b5711,libaxum_core-f55d34d60b0c00c7,librand-2855c165c68048a9,libgetrandom-78f21951e69058a1,libchacha20-82fd443d327e1971,libcpufeatures-6c1f78f4142e3013,librand_core-0c7241369648ce5c,libreqwest-1db27ad5c37e34c9,libserde_urlencoded-3b400e8bd90eb7b5,libryu-1f4f40e4352371e5,librustls_platform_verifier-870368beeabe477f,librustls_native_certs-465b2aa2129aa72f,libopenssl_probe-6b1b371432012237,libhyper_rustls-39959333aace57e1,libtokio_rustls-62c05412c2ff91d6,librustls-bba43c465cf712fa,libsubtle-2ae6a7038b9a0630,libwebpki-60909c92c652d3e7,libuntrusted-b2f816886faf2178,libaws_lc_rs-c5c366604a8ce827,libaws_lc_sys-671c69aa20e8d734,librustls_pki_types-a1ff9279e609de76,libzeroize-7f213bea776ca5b6,libtower_http-f6242e3fd7e28266,libmime_guess-96fc0112437da5c5,libunicase-14ef8cc0d70eefb8,libmime-0188e0814ca7ddbf,libhttp_range_header-2c1927e1cc51b209,libbitflags-3e3210e4c342a09f,libiri_string-7980c6545d934b56,libtower-9a3ea82de9c4997b,libtower_layer-d908dd771b239ecd,libhyper_util-6b2ceac4b158ccdb,libbase64-32787b0325ea6df8,libipnet-61ca7a5e1c2863d4,libtower_service-3fb88d28c2218805,libhyper-7f1ff06252f352d6,libwant-7a6260b9c50f1479,libtry_lock-8fa2f6971035be84,libhttparse-8c9b827b8f345444,libh2-98e3c84fee7734de,libindexmap-f006485b143d2676,libequivalent-6a754676e6af62ae,libhashbrown-25abce2d85979e8d,libfnv-79e2cbfbe03dcd16,libpin_utils-3860774ad9b215b5,libatomic_waker-06950c8c08d2b8fa,libhttpdate-331798cefc82cc7e,libfutures_util-2b52f2c70eef4f9e,libfutures_io-a8805bd12b2ab705,libslab-0582d648e59ab406,libfutures_channel-04b287164a72dbf0,libfutures_task-36f327cfab86eddc,libtokio_util-b9bbf6eb8242cd10,libfutures_sink-3971bde37bb30e19,libhttp_body_util-435c3d9885c1d0aa,libhttp_body-55146306285889c1,liburl-b31f276cab0e4b14,libidna-271784d572e776dd,libutf8_iter-51566bbad89f3a68,libidna_adapter-ea59fccc41283297,libicu_properties-86c5f755d2ee308d,libicu_properties_data-b217809bf575558a,libicu_normalizer-429ac1aee2397e9a,libicu_normalizer_data-ab8997d7cbbb3306,libicu_collections-00e552cefe35eb08,libpotential_utf-932a284378e9504e,libicu_provider-4417cba4528cda65,libicu_locale_core-64670a530af6b241,libtinystr-501da78f494faff4,liblitemap-cd9b5b2aa04e2018,libwriteable-4f74a67d38fff78e,libzerovec-7d833d96372c9223,libzerotrie-c64606a4e8b10557,libyoke-9481815fd574ddb4,libstable_deref_trait-63cbf3f3d3f94e56,libzerofrom-af2389da7632269c,libform_urlencoded-58b0f0edb59b40d2,libpercent_encoding-fa055ecaa1e57cfa,libhttp-621951be98ec0f6f,libsync_wrapper-6bdfbc29c4269203,libfutures_core-1121ff913ed87f93,libsha2-e37ac46757ea7f68,libcpufeatures-e04321643d03190d,libdigest-1f9059afdb40d256,libconst_oid-2aadc73a32842898,libblock_buffer-ceb5bfb4b62e5dc4,libcrypto_common-56b940ef3ee0385e,libgeneric_array-3399f74876fb1fa9,libtypenum-973adb5204d6e560,libclap-1831595fd056b8d2,libclap_builder-04fcc109377776a2,libstrsim-4d1ed08a123238dc,libanstream-14b271bd294f0187,libanstyle_query-635080b1d6343734,libis_terminal_polyfill-3ca4268cb2568267,libcolorchoice-33c0bd1745dd5ace,libanstyle_parse-88399b635fc44f8e,libutf8parse-92d0158219063202,libclap_lex-2acbcd0288e51058,libanstyle-9beaeb754742faae,libtracing-fa7ecabdfa6d9dc5,liblog-b262261d47bd2eba,libtracing_core-d26029c784af5925,libonce_cell-b5bdc597ed9676b3,libtokio-9250e965090357f8,libsignal_hook_registry-0370c074c4bef323,liberrno-1d9457f3d77a0a23,libsocket2-050091baf38e5996,libbytes-2ed9460101f17bbf,libmio-b3d300bcba2dd5a7,libparking_lot-3ffc45ac74faea53,libparking_lot_core-5da3b68e7b565456,liblibc-585253b8e2aa2651,libcfg_if-83060ec5685761ae,libsmallvec-bc3128fdd57228fc,liblock_api-16d46fed645f7bff,libscopeguard-7ec2214574194454,libpin_project_lite-0a15d51c77964692,libserde_json-a2f3f20671d63279,libmemchr-5cfa70d22cb32987,libitoa-f3a70a1441f7f89b,libzmij-ef63f1da73704b4c,libchrono-addbdf28bc335158,libiana_time_zone-bcd81aefedc374a6,libnum_traits-b590a34f7568828d,liblibm-24398d5f7d3c709c,libserde-ffa0ef1b5d6cea8a,libserde_core-9c6a4a1faf3c1a34}.rlib" "<sysroot>/lib/rustlib/x86_64-unknown-linux-gnu/lib/{libstd-*,libpanic_unwind-*,libobject-*,libmemchr-*,libaddr2line-*,libgimli-*,libcfg_if-*,librustc_demangle-*,libstd_detect-*,libhashbrown-*,librustc_std_workspace_alloc-*,libminiz_oxide-*,libadler2-*,libunwind-*,liblibc-*,librustc_std_workspace_core-*,liballoc-*,libcore-*,libcompiler_builtins-*}.rlib" "-Wl,-Bdynamic" "-lgcc_s" "-lutil" "-lrt" "-lpthread" "-lm" "-ldl" "-lc" "-L" "/opt/rustwide/target/debug/deps/rustcE20gjK/raw-dylibs" "-B<sysroot>/lib/rustlib/x86_64-unknown-linux-gnu/bin/gcc-ld" "-fuse-ld=lld" "-Wl,--eh-frame-hdr" "-Wl,-z,noexecstack" "-L" "/opt/rustwide/target/debug/build/aws-lc-sys-3390dfe71d639e46/out" "-L" "<sysroot>/lib/rustlib/x86_64-unknown-linux-gnu/lib" "-o" "/opt/rustwide/target/debug/deps/antigravity-ac02280a2692983c" "-Wl,--gc-sections" "-pie" "-Wl,-z,relro,-z,now" "-nodefaultlibs"
[INFO] [stdout]   = note: some arguments are omitted. use `--verbose` to show all linker arguments
[INFO] [stdout]   = note: collect2: fatal error: ld terminated with signal 9 [Killed]
[INFO] [stdout]           compilation terminated.
[INFO] [stdout]           
[INFO] [stdout] 
[INFO] [stdout] 
[INFO] [stderr] error: could not compile `rusuh` (test "antigravity") due to 1 previous error
[INFO] [stdout] error: linking with `cc` failed: exit status: 1
[INFO] [stdout]   |
[INFO] [stdout]   = note:  "cc" "-m64" "/opt/rustwide/target/debug/deps/rustclwRKwL/symbols.o" "<7 object files omitted>" "-Wl,--as-needed" "-Wl,-Bstatic" "<sysroot>/lib/rustlib/x86_64-unknown-linux-gnu/lib/{libtest-*,libgetopts-*,librustc_std_workspace_std-*}.rlib" "/opt/rustwide/target/debug/deps/{librusuh-89ea9f9542affb47,libconfig-a942fb66e617c4e3,libjson5-59df20709e75f1c2,libpest-afd3cb3b02364b8b,libucd_trie-64e35acb102f3b4d,libserde_untagged-1616fbd70533ed68,liberased_serde-4be914b5bfba6ada,libron-792c8b7bd4d430f0,libtypeid-f817466d1cfd48b6,libunicode_ident-1996c11fff15f062,libtoml-eb2a5942e0971d0e,libtoml_parser-68fdec5a12492998,libserde_spanned-05809caffe7b4e42,libtoml_datetime-0bbe869c706a09e8,libwinnow-88e6acd6e2987984,libini-b1dcbd0eb97c3587,libordered_multimap-47deea3e62f37f60,libhashbrown-d952ad0946629507,libdlv_list-2791a928fdca5388,libyaml_rust2-8a61424eff08776b,libencoding_rs-c7a67ac351c2b19f,libarraydeque-113b06ef7681d200,libhashlink-2e976e08e9e3b634,libhashbrown-8da8fd0b7703f558,libfoldhash-07f233db1c671507,libconvert_case-38f39321ace21c2d,libunicode_segmentation-421de088ab714999,libserde_yaml-dc4e84195bb8b6ce,libunsafe_libyaml-d3127b66fe569cc5,liburlencoding-061758bc6028ea3e,libopen-5cebf76e7d3957bd,libpathdiff-3903ede7ad100cac,libis_wsl-024f368077693904,libis_docker-92000f889fbde0e8,libasync_stream-52f800d5f8035961,libmoka-ffa936165d9a44a2,libportable_atomic-b2c3e87a13df7d23,libtagptr-17baaf534c9c3f80,libcrossbeam_epoch-2c19d130e745537c,libcrossbeam_channel-c975edaf87631b25,libcrossbeam_utils-f696a08ab1e94e7a,libfutures-48e778a4dc6199be,libfutures_executor-53d62b0cac3d77d0,librsa-2eb5a5876465b127,libpkcs1-9134e8fbf9bc43da,libpkcs8-470b58cefc9cdf9f,libspki-bc92a942e2b17e04,libder-12e39d39dee0011c,libpem_rfc7468-68a26afe4db4273c,libbase64ct-050420b1c69ac317,libsignature-5b35dd3c1fc5ebc7,libnum_bigint_dig-f58a9058a1f25aad,libnum_iter-fe0f729061c8db16,librand-92aa7c0535ceb14b,librand_chacha-24412a180b0ca541,librand_core-d3604a144f1290be,libgetrandom-23d8bf2e7269f879,libnum_integer-1e5d5881fe5f5cbd,liblazy_static-c8a1c7184ffedcfe,libspin-77da57a1b47d23a3,libanyhow-9e4c44ac98d8e4ea,libuuid-f5401b03c7852869,librand-2855c165c68048a9,libgetrandom-78f21951e69058a1,libchacha20-82fd443d327e1971,libcpufeatures-6c1f78f4142e3013,librand_core-0c7241369648ce5c,libreqwest-1db27ad5c37e34c9,librustls_platform_verifier-870368beeabe477f,librustls_native_certs-465b2aa2129aa72f,libopenssl_probe-6b1b371432012237,libhyper_rustls-39959333aace57e1,libtokio_rustls-62c05412c2ff91d6,librustls-bba43c465cf712fa,libsubtle-2ae6a7038b9a0630,libwebpki-60909c92c652d3e7,libuntrusted-b2f816886faf2178,libaws_lc_rs-c5c366604a8ce827,libaws_lc_sys-671c69aa20e8d734,librustls_pki_types-a1ff9279e609de76,libzeroize-7f213bea776ca5b6,libtower_http-f6242e3fd7e28266,libmime_guess-96fc0112437da5c5,libunicase-14ef8cc0d70eefb8,libhttp_range_header-2c1927e1cc51b209,libbitflags-3e3210e4c342a09f,libiri_string-7980c6545d934b56,liburl-b31f276cab0e4b14,libidna-271784d572e776dd,libutf8_iter-51566bbad89f3a68,libidna_adapter-ea59fccc41283297,libicu_properties-86c5f755d2ee308d,libicu_properties_data-b217809bf575558a,libicu_normalizer-429ac1aee2397e9a,libicu_normalizer_data-ab8997d7cbbb3306,libicu_collections-00e552cefe35eb08,libpotential_utf-932a284378e9504e,libicu_provider-4417cba4528cda65,libicu_locale_core-64670a530af6b241,libtinystr-501da78f494faff4,liblitemap-cd9b5b2aa04e2018,libwriteable-4f74a67d38fff78e,libzerovec-7d833d96372c9223,libzerotrie-c64606a4e8b10557,libyoke-9481815fd574ddb4,libstable_deref_trait-63cbf3f3d3f94e56,libzerofrom-af2389da7632269c,libsha2-e37ac46757ea7f68,libchrono-addbdf28bc335158,libiana_time_zone-bcd81aefedc374a6,libnum_traits-b590a34f7568828d,liblibm-24398d5f7d3c709c,libclap-1831595fd056b8d2,libclap_builder-04fcc109377776a2,libstrsim-4d1ed08a123238dc,libanstream-14b271bd294f0187,libanstyle_query-635080b1d6343734,libis_terminal_polyfill-3ca4268cb2568267,libcolorchoice-33c0bd1745dd5ace,libanstyle_parse-88399b635fc44f8e,libutf8parse-92d0158219063202,libclap_lex-2acbcd0288e51058,libanstyle-9beaeb754742faae,libaxum-d75614034b77b6ea,libserde_json-a2f3f20671d63279,libzmij-ef63f1da73704b4c,libserde_path_to_error-358001114065975c,libserde_urlencoded-3b400e8bd90eb7b5,libryu-1f4f40e4352371e5,libserde-ffa0ef1b5d6cea8a,libform_urlencoded-58b0f0edb59b40d2,libmatchit-9aa922efa503b546,libtokio_tungstenite-4997b01df8e2c7b2,libtungstenite-aaca94698f2aa4c5,libdata_encoding-4b0fc7d26697af29,librand-280ad43bf8543881,librand_chacha-f02b6cb9146ea33d,libppv_lite86-f71f66a5f0b2c41c,libzerocopy-f356ca4a4615f711,librand_core-59d009e429ded565,libgetrandom-c27f5d9907cbefd0,libutf8-f4341c3c7568480d,libthiserror-2f78684f1f4365b0,libsha1-15e3debb946b5711,libcpufeatures-e04321643d03190d,libdigest-1f9059afdb40d256,libconst_oid-2aadc73a32842898,libblock_buffer-ceb5bfb4b62e5dc4,libcrypto_common-56b940ef3ee0385e,libgeneric_array-3399f74876fb1fa9,libtypenum-973adb5204d6e560,libhyper_util-6b2ceac4b158ccdb,libbase64-32787b0325ea6df8,libpercent_encoding-fa055ecaa1e57cfa,libipnet-61ca7a5e1c2863d4,libhyper-7f1ff06252f352d6,libwant-7a6260b9c50f1479,libtry_lock-8fa2f6971035be84,libhttparse-8c9b827b8f345444,libh2-98e3c84fee7734de,libindexmap-f006485b143d2676,libequivalent-6a754676e6af62ae,libhashbrown-25abce2d85979e8d,libfnv-79e2cbfbe03dcd16,libtokio_util-b9bbf6eb8242cd10,libpin_utils-3860774ad9b215b5,libatomic_waker-06950c8c08d2b8fa,libhttpdate-331798cefc82cc7e,libserde_core-9c6a4a1faf3c1a34,libaxum_core-f55d34d60b0c00c7,libmime-0188e0814ca7ddbf,libhttp_body_util-435c3d9885c1d0aa,libhttp_body-55146306285889c1,libhttp-621951be98ec0f6f,libitoa-f3a70a1441f7f89b,libtracing-fa7ecabdfa6d9dc5,liblog-b262261d47bd2eba,libtracing_core-d26029c784af5925,libonce_cell-b5bdc597ed9676b3,libtower-9a3ea82de9c4997b,libsync_wrapper-6bdfbc29c4269203,libfutures_util-2b52f2c70eef4f9e,libmemchr-5cfa70d22cb32987,libfutures_io-a8805bd12b2ab705,libslab-0582d648e59ab406,libfutures_channel-04b287164a72dbf0,libfutures_sink-3971bde37bb30e19,libfutures_task-36f327cfab86eddc,libfutures_core-1121ff913ed87f93,libtower_layer-d908dd771b239ecd,libtower_service-3fb88d28c2218805,libtokio-9250e965090357f8,libsignal_hook_registry-0370c074c4bef323,liberrno-1d9457f3d77a0a23,libsocket2-050091baf38e5996,libbytes-2ed9460101f17bbf,libmio-b3d300bcba2dd5a7,libparking_lot-3ffc45ac74faea53,libparking_lot_core-5da3b68e7b565456,liblibc-585253b8e2aa2651,libcfg_if-83060ec5685761ae,libsmallvec-bc3128fdd57228fc,liblock_api-16d46fed645f7bff,libscopeguard-7ec2214574194454,libpin_project_lite-0a15d51c77964692}.rlib" "<sysroot>/lib/rustlib/x86_64-unknown-linux-gnu/lib/{libstd-*,libpanic_unwind-*,libobject-*,libmemchr-*,libaddr2line-*,libgimli-*,libcfg_if-*,librustc_demangle-*,libstd_detect-*,libhashbrown-*,librustc_std_workspace_alloc-*,libminiz_oxide-*,libadler2-*,libunwind-*,liblibc-*,librustc_std_workspace_core-*,liballoc-*,libcore-*,libcompiler_builtins-*}.rlib" "-Wl,-Bdynamic" "-lgcc_s" "-lutil" "-lrt" "-lpthread" "-lm" "-ldl" "-lc" "-L" "/opt/rustwide/target/debug/deps/rustclwRKwL/raw-dylibs" "-B<sysroot>/lib/rustlib/x86_64-unknown-linux-gnu/bin/gcc-ld" "-fuse-ld=lld" "-Wl,--eh-frame-hdr" "-Wl,-z,noexecstack" "-L" "/opt/rustwide/target/debug/build/aws-lc-sys-3390dfe71d639e46/out" "-L" "<sysroot>/lib/rustlib/x86_64-unknown-linux-gnu/lib" "-o" "/opt/rustwide/target/debug/deps/codex_device-db00fa6e6def07cd" "-Wl,--gc-sections" "-pie" "-Wl,-z,relro,-z,now" "-nodefaultlibs"
[INFO] [stdout]   = note: some arguments are omitted. use `--verbose` to show all linker arguments
[INFO] [stdout]   = note: collect2: fatal error: ld terminated with signal 9 [Killed]
[INFO] [stdout]           compilation terminated.
[INFO] [stdout]           
[INFO] [stdout] 
[INFO] [stdout] 
[INFO] [stderr] error: could not compile `rusuh` (test "codex_device") due to 1 previous error
[INFO] running `Command { std: "docker" "inspect" "abc6a8084e7c0ecb6c0cbfb224528792f01bc631fdb69b0e3336f4223b18ba36", kill_on_drop: false }`
[INFO] running `Command { std: "docker" "rm" "-f" "abc6a8084e7c0ecb6c0cbfb224528792f01bc631fdb69b0e3336f4223b18ba36", kill_on_drop: false }`
[INFO] [stdout] abc6a8084e7c0ecb6c0cbfb224528792f01bc631fdb69b0e3336f4223b18ba36
