[INFO] fetching crate piopulse 1.0.5...
[INFO] testing piopulse-1.0.5 against 1.98.0-beta.1 for beta-1.98-2
[INFO] extracting crate piopulse 1.0.5 into /workspace/builds/worker-1-tc2/source
[INFO] started tweaking crates.io crate piopulse 1.0.5
[INFO] finished tweaking crates.io crate piopulse 1.0.5
[INFO] tweaked toml for crates.io crate piopulse 1.0.5 written to /workspace/builds/worker-1-tc2/source/Cargo.toml
[INFO] validating manifest of crates.io crate piopulse 1.0.5 on toolchain 1.98.0-beta.1
[INFO] running `Command { std: CARGO_HOME="/workspace/cargo-home" RUSTUP_HOME="/workspace/rustup-home" "/workspace/cargo-home/bin/cargo" "+1.98.0-beta.1" "metadata" "--manifest-path" "Cargo.toml" "--no-deps", kill_on_drop: false }`
[INFO] crate crates.io crate piopulse 1.0.5 already has a lockfile, it will not be regenerated
[INFO] running `Command { std: CARGO_HOME="/workspace/cargo-home" RUSTUP_HOME="/workspace/rustup-home" "/workspace/cargo-home/bin/cargo" "+1.98.0-beta.1" "fetch" "--manifest-path" "Cargo.toml", kill_on_drop: false }`
[INFO] running `Command { std: "docker" "create" "-v" "/var/lib/crater-agent-workspace/builds/worker-1-tc2/source:/opt/rustwide/workdir:ro,Z" "-v" "/var/lib/crater-agent-workspace/builds/worker-1-tc2/target:/opt/rustwide/target:rw,Z" "-v" "/var/lib/crater-agent-workspace/cargo-home:/opt/rustwide/cargo-home:ro,Z" "-v" "/var/lib/crater-agent-workspace/rustup-home:/opt/rustwide/rustup-home:ro,Z" "-m" "1610612736" "--network" "none" "ghcr.io/rust-lang/crates-build-env/linux@sha256:3d5ced03c013a94a2f102a4510f48a6e9184255caf5fd8244f58017bde7f5210" "sleep" "infinity", kill_on_drop: false }`
[INFO] [stdout] fa7192968cf571bccd86bcc8198ef17ad37f0001ae3ed65fd9acfcd07b959e8f
[INFO] running `Command { std: "docker" "start" "fa7192968cf571bccd86bcc8198ef17ad37f0001ae3ed65fd9acfcd07b959e8f", kill_on_drop: false }`
[INFO] running `Command { std: "docker" "inspect" "fa7192968cf571bccd86bcc8198ef17ad37f0001ae3ed65fd9acfcd07b959e8f", kill_on_drop: false }`
[INFO] running `Command { std: "docker" "exec" "-e" "SOURCE_DIR=/opt/rustwide/workdir" "-e" "CARGO_HOME=/opt/rustwide/cargo-home" "-e" "RUSTUP_HOME=/opt/rustwide/rustup-home" "-e" "CARGO_TARGET_DIR=/opt/rustwide/target" "-w" "/opt/rustwide/workdir" "--user" "0:0" "fa7192968cf571bccd86bcc8198ef17ad37f0001ae3ed65fd9acfcd07b959e8f" "/opt/rustwide/cargo-home/bin/cargo" "+1.98.0-beta.1" "metadata" "--no-deps" "--format-version=1", kill_on_drop: false }`
[INFO] running `Command { std: "docker" "inspect" "fa7192968cf571bccd86bcc8198ef17ad37f0001ae3ed65fd9acfcd07b959e8f", kill_on_drop: false }`
[INFO] running `Command { std: "docker" "exec" "-e" "SOURCE_DIR=/opt/rustwide/workdir" "-e" "CARGO_HOME=/opt/rustwide/cargo-home" "-e" "RUSTUP_HOME=/opt/rustwide/rustup-home" "-e" "CARGO_TARGET_DIR=/opt/rustwide/target" "-e" "CARGO_INCREMENTAL=0" "-e" "RUST_BACKTRACE=full" "-e" "RUSTFLAGS=--cap-lints=warn" "-e" "RUSTDOCFLAGS=--cap-lints=warn" "-w" "/opt/rustwide/workdir" "--user" "0:0" "fa7192968cf571bccd86bcc8198ef17ad37f0001ae3ed65fd9acfcd07b959e8f" "/opt/rustwide/cargo-home/bin/cargo" "+1.98.0-beta.1" "build" "--frozen" "--message-format=json", kill_on_drop: false }`
[INFO] [stderr]    Compiling syn v2.0.117
[INFO] [stderr]    Compiling libc v0.2.186
[INFO] [stderr]    Compiling serde v1.0.228
[INFO] [stderr]    Compiling serde_core v1.0.228
[INFO] [stderr]    Compiling litemap v0.8.2
[INFO] [stderr]    Compiling writeable v0.6.3
[INFO] [stderr]    Compiling stable_deref_trait v1.2.1
[INFO] [stderr]    Compiling smallvec v1.15.2
[INFO] [stderr]    Compiling hashbrown v0.17.1
[INFO] [stderr]    Compiling memchr v2.8.2
[INFO] [stderr]    Compiling icu_properties_data v2.2.0
[INFO] [stderr]    Compiling icu_normalizer_data v2.2.0
[INFO] [stderr]    Compiling typenum v1.20.1
[INFO] [stderr]    Compiling autocfg v1.5.1
[INFO] [stderr]    Compiling bitflags v2.13.0
[INFO] [stderr]    Compiling pkg-config v0.3.33
[INFO] [stderr]    Compiling itoa v1.0.18
[INFO] [stderr]    Compiling futures-core v0.3.32
[INFO] [stderr]    Compiling generic-array v0.14.7
[INFO] [stderr]    Compiling num-traits v0.2.19
[INFO] [stderr]    Compiling scopeguard v1.2.0
[INFO] [stderr]    Compiling fnv v1.0.7
[INFO] [stderr]    Compiling percent-encoding v2.3.2
[INFO] [stderr]    Compiling winnow v1.0.3
[INFO] [stderr]    Compiling form_urlencoded v1.2.2
[INFO] [stderr]    Compiling radium v0.7.0
[INFO] [stderr]    Compiling toml_datetime v1.1.1+spec-1.1.0
[INFO] [stderr]    Compiling log v0.4.32
[INFO] [stderr]    Compiling hybrid-array v0.4.12
[INFO] [stderr]    Compiling libudev-sys v0.1.4
[INFO] [stderr]    Compiling indexmap v2.14.0
[INFO] [stderr]    Compiling shlex v2.0.1
[INFO] [stderr]    Compiling block-buffer v0.10.4
[INFO] [stderr]    Compiling crypto-common v0.1.7
[INFO] [stderr]    Compiling errno v0.3.14
[INFO] [stderr]    Compiling either v1.16.0
[INFO] [stderr]    Compiling rustix v1.1.4
[INFO] [stderr]    Compiling zerocopy v0.8.52
[INFO] [stderr]    Compiling tap v1.0.1
[INFO] [stderr]    Compiling virtue v0.0.18
[INFO] [stderr]    Compiling cc v1.2.64
[INFO] [stderr]    Compiling wyz v0.5.1
[INFO] [stderr]    Compiling nix v0.30.1
[INFO] [stderr]    Compiling toml_parser v1.1.2+spec-1.1.0
[INFO] [stderr]    Compiling signal-hook-registry v1.4.8
[INFO] [stderr]    Compiling digest v0.10.7
[INFO] [stderr]    Compiling parking_lot_core v0.9.12
[INFO] [stderr]    Compiling lock_api v0.4.14
[INFO] [stderr]    Compiling bincode_derive v2.0.1
[INFO] [stderr]    Compiling aho-corasick v1.1.4
[INFO] [stderr]    Compiling funty v2.0.0
[INFO] [stderr]    Compiling linux-raw-sys v0.12.1
[INFO] [stderr]    Compiling unicode-width v0.1.14
[INFO] [stderr]    Compiling simd-adler32 v0.3.9
[INFO] [stderr]    Compiling regex-syntax v0.8.11
[INFO] [stderr]    Compiling futures-io v0.3.32
[INFO] [stderr]    Compiling unsafe-libyaml v0.2.11
[INFO] [stderr]    Compiling synstructure v0.13.2
[INFO] [stderr]    Compiling darling_core v0.20.11
[INFO] [stderr]    Compiling toml_edit v0.25.12+spec-1.1.0
[INFO] [stderr]    Compiling signal-hook v0.3.18
[INFO] [stderr]    Compiling serde_with v3.21.0
[INFO] [stderr]    Compiling hidapi v2.6.6
[INFO] [stderr]    Compiling miniz_oxide v0.8.9
[INFO] [stderr]    Compiling proc-macro-crate v3.5.0
[INFO] [stderr]    Compiling zerofrom-derive v0.1.7
[INFO] [stderr]    Compiling yoke-derive v0.8.2
[INFO] [stderr]    Compiling zerovec-derive v0.11.3
[INFO] [stderr]    Compiling displaydoc v0.2.6
[INFO] [stderr]    Compiling serde_derive v1.0.228
[INFO] [stderr]    Compiling thiserror-impl v2.0.18
[INFO] [stderr]    Compiling zerofrom v0.1.8
[INFO] [stderr]    Compiling yoke v0.8.3
[INFO] [stderr]    Compiling zerotrie v0.2.4
[INFO] [stderr]    Compiling darling_macro v0.20.11
[INFO] [stderr]    Compiling zerovec v0.11.6
[INFO] [stderr]    Compiling darling v0.20.11
[INFO] [stderr]    Compiling zerocopy-derive v0.8.52
[INFO] [stderr]    Compiling deku_derive v0.18.1
[INFO] [stderr]    Compiling regex-automata v0.4.14
[INFO] [stderr]    Compiling tinystr v0.8.3
[INFO] [stderr]    Compiling potential_utf v0.1.5
[INFO] [stderr]    Compiling icu_locale_core v2.2.0
[INFO] [stderr]    Compiling icu_collections v2.2.0
[INFO] [stderr]    Compiling icu_provider v2.2.0
[INFO] [stderr]    Compiling icu_normalizer v2.2.0
[INFO] [stderr]    Compiling icu_properties v2.2.0
[INFO] [stderr]    Compiling thiserror v2.0.18
[INFO] [stderr]    Compiling strum_macros v0.27.2
[INFO] [stderr]    Compiling idna_adapter v1.2.2
[INFO] [stderr]    Compiling jep106 v0.3.0
[INFO] [stderr]    Compiling idna v1.1.0
[INFO] [stderr]    Compiling bitvec v1.0.1
[INFO] [stderr]    Compiling parking_lot v0.12.5
[INFO] [stderr]    Compiling crypto-common v0.2.2
[INFO] [stderr]    Compiling block-buffer v0.12.1
[INFO] [stderr]    Compiling url v2.5.8
[INFO] [stderr]    Compiling csv-core v0.1.13
[INFO] [stderr]    Compiling no_std_io2 v0.8.1
[INFO] [stderr]    Compiling futures-sink v0.3.32
[INFO] [stderr]    Compiling byteorder v1.5.0
[INFO] [stderr]    Compiling bitflags v1.3.2
[INFO] [stderr]    Compiling heapless v0.9.3
[INFO] [stderr]    Compiling once_cell v1.21.4
[INFO] [stderr]    Compiling object v0.39.1
[INFO] [stderr]    Compiling const-oid v0.10.2
[INFO] [stderr]    Compiling twox-hash v2.1.2
[INFO] [stderr]    Compiling ruzstd v0.8.3
[INFO] [stderr]    Compiling strum v0.27.2
[INFO] [stderr]    Compiling digest v0.11.3
[INFO] [stderr]    Compiling hash32 v0.3.1
[INFO] [stderr]    Compiling probe-rs-target v0.31.0
[INFO] [stderr]    Compiling nix v0.26.4
[INFO] [stderr]    Compiling futures-channel v0.3.32
[INFO] [stderr]    Compiling csv v1.4.0
[INFO] [stderr]    Compiling libudev v0.3.0
[INFO] [stderr]    Compiling deku v0.18.1
[INFO] [stderr]    Compiling flate2 v1.1.9
[INFO] [stderr]    Compiling serde_yaml v0.9.34+deprecated
[INFO] [stderr]    Compiling bincode v2.0.1
[INFO] [stderr]    Compiling serde_plain v1.0.2
[INFO] [stderr]    Compiling regex v1.12.4
[INFO] [stderr]    Compiling unescaper v0.1.8
[INFO] [stderr]    Compiling strum_macros v0.28.0
[INFO] [stderr]    Compiling bytemuck_derive v1.10.2
[INFO] [stderr]    Compiling futures-macro v0.3.32
[INFO] [stderr]    Compiling miette-derive v7.6.0
[INFO] [stderr]    Compiling md-5 v0.10.6
[INFO] [stderr]    Compiling parse_int v0.9.0
[INFO] [stderr]    Compiling getrandom v0.2.17
[INFO] [stderr]    Compiling mio v0.8.11
[INFO] [stderr]    Compiling async-io v2.6.0
[INFO] [stderr]    Compiling serde_spanned v1.1.1
[INFO] [stderr]    Compiling fallible-iterator v0.3.0
[INFO] [stderr]    Compiling anyhow v1.0.102
[INFO] [stderr]    Compiling object v0.38.1
[INFO] [stderr]    Compiling toml_writer v1.1.1+spec-1.1.0
[INFO] [stderr]    Compiling futures-task v0.3.32
[INFO] [stderr]    Compiling toml v1.1.2+spec-1.1.0
[INFO] [stderr]    Compiling gimli v0.32.3
[INFO] [stderr]    Compiling futures-util v0.3.32
[INFO] [stderr]    Compiling signal-hook-mio v0.2.5
[INFO] [stderr]    Compiling miette v7.6.0
[INFO] [stderr]    Compiling bytemuck v1.25.0
[INFO] [stderr]    Compiling sha2 v0.10.9
[INFO] [stderr]    Compiling rand_core v0.6.4
[INFO] [stderr]    Compiling strum v0.28.0
[INFO] [stderr]    Compiling probe-rs v0.31.0
[INFO] [stderr]    Compiling esp-idf-part v0.6.0
[INFO] [stderr]    Compiling concurrent-queue v2.5.0
[INFO] [stderr]    Compiling serialport v4.9.0
[INFO] [stderr]    Compiling ppv-lite86 v0.2.21
[INFO] [stderr]    Compiling md-5 v0.11.0
[INFO] [stderr]    Compiling tracing-core v0.1.36
[INFO] [stderr]    Compiling polling v3.11.0
[INFO] [stderr]    Compiling bitfield-macros v0.19.4
[INFO] [stderr]    Compiling docsplay-macros v0.1.2
[INFO] [stderr]    Compiling strum_macros v0.26.4
[INFO] [stderr]    Compiling tracing-attributes v0.1.31
[INFO] [stderr]    Compiling itertools v0.13.0
[INFO] [stderr]    Compiling rmp v0.8.15
[INFO] [stderr]    Compiling futures-lite v2.6.1
[INFO] [stderr]    Compiling castaway v0.2.4
[INFO] [stderr]    Compiling serde_json v1.0.150
[INFO] [stderr]    Compiling slip-codec v0.4.0
[INFO] [stderr]    Compiling basic-udev v0.1.2
[INFO] [stderr]    Compiling reed-solomon v0.2.1
[INFO] [stderr]    Compiling unicode-segmentation v1.13.3
[INFO] [stderr]    Compiling compact_str v0.7.1
[INFO] [stderr]    Compiling unicode-truncate v1.1.0
[INFO] [stderr]    Compiling tracing v0.1.44
[INFO] [stderr]    Compiling strum v0.26.3
[INFO] [stderr]    Compiling futures-executor v0.3.32
[INFO] [stderr]    Compiling rmp-serde v1.3.1
[INFO] [stderr]    Compiling docsplay v0.1.3
[INFO] [stderr]    Compiling bitfield v0.19.4
[INFO] [stderr]    Compiling cobs v0.5.1
[INFO] [stderr]    Compiling rand_chacha v0.3.1
[INFO] [stderr]    Compiling crossterm v0.27.0
[INFO] [stderr]    Compiling lru v0.12.5
[INFO] [stderr]    Compiling espflash v4.4.0
[INFO] [stderr]    Compiling nusb v0.2.3
[INFO] [stderr]    Compiling tokio-macros v2.7.0
[INFO] [stderr]    Compiling stability v0.2.1
[INFO] [stderr]    Compiling itertools v0.12.1
[INFO] [stderr]    Compiling itertools v0.14.0
[INFO] [stderr]    Compiling mio v1.2.1
[INFO] [stderr]    Compiling socket2 v0.6.4
[INFO] [stderr]    Compiling cassowary v0.3.0
[INFO] [stderr]    Compiling ihex v3.0.0
[INFO] [stderr]    Compiling uf2-decode v0.2.0
[INFO] [stderr]    Compiling scroll v0.13.0
[INFO] [stderr]    Compiling dunce v1.0.5
[INFO] [stderr]    Compiling tokio v1.52.3
[INFO] [stderr]    Compiling chrono v0.4.45
[INFO] [stderr]    Compiling rand v0.8.6
[INFO] [stderr]    Compiling futures v0.3.32
[INFO] [stderr]    Compiling ratatui v0.26.3
[INFO] [stderr]    Compiling piopulse v1.0.5 (/opt/rustwide/workdir)
[INFO] [stdout] warning: field `widget_add_modal` is never read
[INFO] [stdout]   --> src/app.rs:37:9
[INFO] [stdout]    |
[INFO] [stdout] 22 | pub struct LayoutZones {
[INFO] [stdout]    |            ----------- field in this struct
[INFO] [stdout] ...
[INFO] [stdout] 37 |     pub widget_add_modal: Rect,
[INFO] [stdout]    |         ^^^^^^^^^^^^^^^^
[INFO] [stdout]    |
[INFO] [stdout]    = note: `LayoutZones` has derived impls for the traits `Clone` and `Debug`, but these are intentionally ignored during dead code analysis
[INFO] [stdout]    = note: `#[warn(dead_code)]` (part of `#[warn(unused)]`) on by default
[INFO] [stdout] 
[INFO] [stdout] 
[INFO] [stdout] warning: multiple variants are never constructed
[INFO] [stdout]    --> src/app.rs:204:5
[INFO] [stdout]     |
[INFO] [stdout] 202 | pub enum WidgetType {
[INFO] [stdout]     |          ---------- variants in this enum
[INFO] [stdout] 203 |     Cube,
[INFO] [stdout] 204 |     Image,
[INFO] [stdout]     |     ^^^^^
[INFO] [stdout] 205 |     Button,
[INFO] [stdout]     |     ^^^^^^
[INFO] [stdout] 206 |     Slider,
[INFO] [stdout]     |     ^^^^^^
[INFO] [stdout] 207 |     Dial,
[INFO] [stdout]     |     ^^^^
[INFO] [stdout] 208 |     Joystick,
[INFO] [stdout]     |     ^^^^^^^^
[INFO] [stdout] 209 |     Light,
[INFO] [stdout]     |     ^^^^^
[INFO] [stdout] 210 |     Gauge,
[INFO] [stdout]     |     ^^^^^
[INFO] [stdout] 211 |     Dashboard,
[INFO] [stdout]     |     ^^^^^^^^^
[INFO] [stdout] 212 |     Example,
[INFO] [stdout]     |     ^^^^^^^
[INFO] [stdout] 213 |     Delay,
[INFO] [stdout]     |     ^^^^^
[INFO] [stdout] 214 |     Toggle,
[INFO] [stdout]     |     ^^^^^^
[INFO] [stdout] 215 |     Knob,
[INFO] [stdout]     |     ^^^^
[INFO] [stdout] 216 |     Ring,
[INFO] [stdout]     |     ^^^^
[INFO] [stdout] 217 |     Pad,
[INFO] [stdout]     |     ^^^
[INFO] [stdout]     |
[INFO] [stdout]     = note: `WidgetType` has derived impls for the traits `Clone` and `Debug`, but these are intentionally ignored during dead code analysis
[INFO] [stdout] 
[INFO] [stdout] 
[INFO] [stdout] warning: variants `AddCatalog`, `Button`, `Slider`, `Dashboard`, `Image`, and `Cube` are never constructed
[INFO] [stdout]    --> src/app.rs:222:5
[INFO] [stdout]     |
[INFO] [stdout] 221 | pub enum DashboardEmptyAction {
[INFO] [stdout]     |          -------------------- variants in this enum
[INFO] [stdout] 222 |     AddCatalog,
[INFO] [stdout]     |     ^^^^^^^^^^
[INFO] [stdout] 223 |     Button,
[INFO] [stdout]     |     ^^^^^^
[INFO] [stdout] 224 |     Slider,
[INFO] [stdout]     |     ^^^^^^
[INFO] [stdout] 225 |     Dashboard,
[INFO] [stdout]     |     ^^^^^^^^^
[INFO] [stdout] 226 |     Image,
[INFO] [stdout]     |     ^^^^^
[INFO] [stdout] 227 |     Cube,
[INFO] [stdout]     |     ^^^^
[INFO] [stdout]     |
[INFO] [stdout]     = note: `DashboardEmptyAction` has derived impls for the traits `Clone` and `Debug`, but these are intentionally ignored during dead code analysis
[INFO] [stdout] 
[INFO] [stdout] 
[INFO] [stdout] warning: constant `PARAM_SLIDER_LABEL_WIDTH` is never used
[INFO] [stdout]    --> src/app.rs:237:11
[INFO] [stdout]     |
[INFO] [stdout] 237 | pub const PARAM_SLIDER_LABEL_WIDTH: u16 = 6;
[INFO] [stdout]     |           ^^^^^^^^^^^^^^^^^^^^^^^^
[INFO] [stdout] 
[INFO] [stdout] 
[INFO] [stdout] warning: constant `PARAM_SLIDER_TRACK_WIDTH` is never used
[INFO] [stdout]    --> src/app.rs:238:11
[INFO] [stdout]     |
[INFO] [stdout] 238 | pub const PARAM_SLIDER_TRACK_WIDTH: u16 = 10;
[INFO] [stdout]     |           ^^^^^^^^^^^^^^^^^^^^^^^^
[INFO] [stdout] 
[INFO] [stdout] 
[INFO] [stdout] warning: constant `PARAM_SLIDER_LAST_OFFSET` is never used
[INFO] [stdout]    --> src/app.rs:239:11
[INFO] [stdout]     |
[INFO] [stdout] 239 | pub const PARAM_SLIDER_LAST_OFFSET: u16 = PARAM_SLIDER_TRACK_WIDTH - 1;
[INFO] [stdout]     |           ^^^^^^^^^^^^^^^^^^^^^^^^
[INFO] [stdout] 
[INFO] [stdout] 
[INFO] [stdout] warning: multiple fields are never read
[INFO] [stdout]    --> src/app.rs:334:9
[INFO] [stdout]     |
[INFO] [stdout] 241 | pub struct App {
[INFO] [stdout]     |            --- fields in this struct
[INFO] [stdout] ...
[INFO] [stdout] 334 |     pub param_kp: f64,
[INFO] [stdout]     |         ^^^^^^^^
[INFO] [stdout] 335 |     pub param_ki: f64,
[INFO] [stdout]     |         ^^^^^^^^
[INFO] [stdout] 336 |     pub param_kd: f64,
[INFO] [stdout]     |         ^^^^^^^^
[INFO] [stdout] 337 |     pub param_knob: f64,
[INFO] [stdout]     |         ^^^^^^^^^^
[INFO] [stdout] 338 |     pub param_target_speed: f64,
[INFO] [stdout]     |         ^^^^^^^^^^^^^^^^^^
[INFO] [stdout] 339 |     pub motor_enabled: bool,
[INFO] [stdout]     |         ^^^^^^^^^^^^^
[INFO] [stdout] 340 |     pub sim_motor_speed: f64,
[INFO] [stdout]     |         ^^^^^^^^^^^^^^^
[INFO] [stdout] 341 |     pub sim_pid_out: f64,
[INFO] [stdout]     |         ^^^^^^^^^^^
[INFO] [stdout] 342 |     pub sim_battery_voltage: f64,
[INFO] [stdout]     |         ^^^^^^^^^^^^^^^^^^^
[INFO] [stdout] 343 |     pub widget_focus: usize,
[INFO] [stdout]     |         ^^^^^^^^^^^^
[INFO] [stdout] 
[INFO] [stdout] 
[INFO] [stdout] warning: method `set_slider_param_from_col` is never used
[INFO] [stdout]     --> src/app.rs:3073:8
[INFO] [stdout]      |
[INFO] [stdout]  398 | impl App {
[INFO] [stdout]      | -------- method in this implementation
[INFO] [stdout] ...
[INFO] [stdout] 3073 |     fn set_slider_param_from_col(&mut self, slider_idx: usize, inner_x: u16, col: u16) {
[INFO] [stdout]      |        ^^^^^^^^^^^^^^^^^^^^^^^^^
[INFO] [stdout] 
[INFO] [stdout] 
[INFO] [stdout] warning: function `empty_dashboard_action_at` is never used
[INFO] [stdout]     --> src/app.rs:3908:4
[INFO] [stdout]      |
[INFO] [stdout] 3908 | fn empty_dashboard_action_at(
[INFO] [stdout]      |    ^^^^^^^^^^^^^^^^^^^^^^^^^
[INFO] [stdout] 
[INFO] [stdout] 
[INFO] [stdout] warning: function `widget_for_empty_action` is never used
[INFO] [stdout]     --> src/app.rs:3937:4
[INFO] [stdout]      |
[INFO] [stdout] 3937 | fn widget_for_empty_action(action: DashboardEmptyAction) -> Option<WidgetType> {
[INFO] [stdout]      |    ^^^^^^^^^^^^^^^^^^^^^^^
[INFO] [stdout] 
[INFO] [stdout] 
[INFO] [stdout] warning: function `widget_control_at` is never used
[INFO] [stdout]     --> src/app.rs:3948:4
[INFO] [stdout]      |
[INFO] [stdout] 3948 | fn widget_control_at(widget: WidgetType, pane: Rect, col: u16, row: u16) -> Option<usize> {
[INFO] [stdout]      |    ^^^^^^^^^^^^^^^^^
[INFO] [stdout] 
[INFO] [stdout] 
[INFO] [stdout] warning: constant `PROJECT_CONFIG_FIELD_COUNT` is never used
[INFO] [stdout]  --> src/config.rs:6:11
[INFO] [stdout]   |
[INFO] [stdout] 6 | pub const PROJECT_CONFIG_FIELD_COUNT: usize = 33;
[INFO] [stdout]   |           ^^^^^^^^^^^^^^^^^^^^^^^^^^
[INFO] [stdout] 
[INFO] [stdout] 
[INFO] [stdout] warning: function `make_progress_bar` is never used
[INFO] [stdout]    --> src/ui/channels.rs:492:4
[INFO] [stdout]     |
[INFO] [stdout] 492 | fn make_progress_bar(pct: u8, width: usize) -> String {
[INFO] [stdout]     |    ^^^^^^^^^^^^^^^^^
[INFO] [stdout] 
[INFO] [stdout] 
[INFO] [stdout] warning: function `flash_usable_status` is never used
[INFO] [stdout]    --> src/ui/channels.rs:519:4
[INFO] [stdout]     |
[INFO] [stdout] 519 | fn flash_usable_status(channel: &Channel, lang: &str) -> (&'static str, Style) {
[INFO] [stdout]     |    ^^^^^^^^^^^^^^^^^^^
[INFO] [stdout] 
[INFO] [stdout] 
[INFO] [stdout] warning: function `qa_style` is never used
[INFO] [stdout]    --> src/ui/channels.rs:620:4
[INFO] [stdout]     |
[INFO] [stdout] 620 | fn qa_style(value: &str) -> Style {
[INFO] [stdout]     |    ^^^^^^^^
[INFO] [stdout] 
[INFO] [stdout] 
[INFO] [stdout] warning: function `draw_button_widget` is never used
[INFO] [stdout]    --> src/ui/widgets/mod.rs:665:4
[INFO] [stdout]     |
[INFO] [stdout] 665 | fn draw_button_widget(f: &mut Frame, app: &App, area: Rect, is_focused: bool) {
[INFO] [stdout]     |    ^^^^^^^^^^^^^^^^^^
[INFO] [stdout] 
[INFO] [stdout] 
[INFO] [stdout] warning: function `widget_button_style` is never used
[INFO] [stdout]    --> src/ui/widgets/mod.rs:743:4
[INFO] [stdout]     |
[INFO] [stdout] 743 | fn widget_button_style(color: ratatui::style::Color, hovered: bool) -> Style {
[INFO] [stdout]     |    ^^^^^^^^^^^^^^^^^^^
[INFO] [stdout] 
[INFO] [stdout] 
[INFO] [stdout] warning: function `widget_control_line_style` is never used
[INFO] [stdout]    --> src/ui/widgets/mod.rs:754:4
[INFO] [stdout]     |
[INFO] [stdout] 754 | fn widget_control_line_style(hovered: bool) -> Style {
[INFO] [stdout]     |    ^^^^^^^^^^^^^^^^^^^^^^^^^
[INFO] [stdout] 
[INFO] [stdout] 
[INFO] [stdout] warning: function `draw_slider_widget` is never used
[INFO] [stdout]    --> src/ui/widgets/mod.rs:764:4
[INFO] [stdout]     |
[INFO] [stdout] 764 | fn draw_slider_widget(f: &mut Frame, app: &App, area: Rect, is_focused: bool) {
[INFO] [stdout]     |    ^^^^^^^^^^^^^^^^^^
[INFO] [stdout] 
[INFO] [stdout] 
[INFO] [stdout] warning: function `draw_dial_widget` is never used
[INFO] [stdout]    --> src/ui/widgets/mod.rs:867:4
[INFO] [stdout]     |
[INFO] [stdout] 867 | fn draw_dial_widget(f: &mut Frame, app: &App, area: Rect, is_focused: bool) {
[INFO] [stdout]     |    ^^^^^^^^^^^^^^^^
[INFO] [stdout] 
[INFO] [stdout] 
[INFO] [stdout] warning: function `draw_joystick_widget` is never used
[INFO] [stdout]     --> src/ui/widgets/mod.rs:1052:4
[INFO] [stdout]      |
[INFO] [stdout] 1052 | fn draw_joystick_widget(f: &mut Frame, _app: &App, area: Rect, is_focused: bool) {
[INFO] [stdout]      |    ^^^^^^^^^^^^^^^^^^^^
[INFO] [stdout] 
[INFO] [stdout] 
[INFO] [stdout] warning: function `draw_light_widget` is never used
[INFO] [stdout]     --> src/ui/widgets/mod.rs:1132:4
[INFO] [stdout]      |
[INFO] [stdout] 1132 | fn draw_light_widget(f: &mut Frame, _app: &App, area: Rect, is_focused: bool) {
[INFO] [stdout]      |    ^^^^^^^^^^^^^^^^^
[INFO] [stdout] 
[INFO] [stdout] 
[INFO] [stdout] warning: function `draw_gauge_widget` is never used
[INFO] [stdout]     --> src/ui/widgets/mod.rs:1181:4
[INFO] [stdout]      |
[INFO] [stdout] 1181 | fn draw_gauge_widget(f: &mut Frame, app: &App, area: Rect, is_focused: bool) {
[INFO] [stdout]      |    ^^^^^^^^^^^^^^^^^
[INFO] [stdout] 
[INFO] [stdout] 
[INFO] [stdout] warning: function `draw_dashboard_widget` is never used
[INFO] [stdout]     --> src/ui/widgets/mod.rs:1241:4
[INFO] [stdout]      |
[INFO] [stdout] 1241 | fn draw_dashboard_widget(f: &mut Frame, app: &App, area: Rect, is_focused: bool) {
[INFO] [stdout]      |    ^^^^^^^^^^^^^^^^^^^^^
[INFO] [stdout] 
[INFO] [stdout] 
[INFO] [stdout] warning: function `draw_example_widget` is never used
[INFO] [stdout]     --> src/ui/widgets/mod.rs:1332:4
[INFO] [stdout]      |
[INFO] [stdout] 1332 | fn draw_example_widget(f: &mut Frame, _app: &App, area: Rect, is_focused: bool) {
[INFO] [stdout]      |    ^^^^^^^^^^^^^^^^^^^
[INFO] [stdout] 
[INFO] [stdout] 
[INFO] [stdout] warning: function `draw_delay_widget` is never used
[INFO] [stdout]     --> src/ui/widgets/mod.rs:1394:4
[INFO] [stdout]      |
[INFO] [stdout] 1394 | fn draw_delay_widget(f: &mut Frame, app: &App, area: Rect, is_focused: bool) {
[INFO] [stdout]      |    ^^^^^^^^^^^^^^^^^
[INFO] [stdout] 
[INFO] [stdout] 
[INFO] [stdout] warning: function `draw_toggle_widget` is never used
[INFO] [stdout]     --> src/ui/widgets/mod.rs:1458:4
[INFO] [stdout]      |
[INFO] [stdout] 1458 | fn draw_toggle_widget(f: &mut Frame, app: &App, area: Rect, is_focused: bool) {
[INFO] [stdout]      |    ^^^^^^^^^^^^^^^^^^
[INFO] [stdout] 
[INFO] [stdout] 
[INFO] [stdout] warning: function `draw_knob_widget` is never used
[INFO] [stdout]     --> src/ui/widgets/mod.rs:1518:4
[INFO] [stdout]      |
[INFO] [stdout] 1518 | fn draw_knob_widget(f: &mut Frame, app: &App, area: Rect, is_focused: bool) {
[INFO] [stdout]      |    ^^^^^^^^^^^^^^^^
[INFO] [stdout] 
[INFO] [stdout] 
[INFO] [stdout] warning: function `draw_ring_widget` is never used
[INFO] [stdout]     --> src/ui/widgets/mod.rs:1593:4
[INFO] [stdout]      |
[INFO] [stdout] 1593 | fn draw_ring_widget(f: &mut Frame, _app: &App, area: Rect, is_focused: bool) {
[INFO] [stdout]      |    ^^^^^^^^^^^^^^^^
[INFO] [stdout] 
[INFO] [stdout] 
[INFO] [stdout] warning: function `draw_pad_widget` is never used
[INFO] [stdout]     --> src/ui/widgets/mod.rs:1655:4
[INFO] [stdout]      |
[INFO] [stdout] 1655 | fn draw_pad_widget(f: &mut Frame, _app: &App, area: Rect, is_focused: bool) {
[INFO] [stdout]      |    ^^^^^^^^^^^^^^^
[INFO] [stdout] 
[INFO] [stdout] 
[INFO] [stdout] warning: function `get_pane_layouts` is never used
[INFO] [stdout]     --> src/ui/widgets/mod.rs:1743:8
[INFO] [stdout]      |
[INFO] [stdout] 1743 | pub fn get_pane_layouts(area: Rect, count: usize) -> Vec<Rect> {
[INFO] [stdout]      |        ^^^^^^^^^^^^^^^^
[INFO] [stdout] 
[INFO] [stdout] 
[INFO] [stdout] warning: function `center_rect` is never used
[INFO] [stdout]     --> src/ui/widgets/mod.rs:1838:4
[INFO] [stdout]      |
[INFO] [stdout] 1838 | fn center_rect(percent_x: u16, height_y: u16, r: Rect) -> Rect {
[INFO] [stdout]      |    ^^^^^^^^^^^
[INFO] [stdout] 
[INFO] [stdout] 
[INFO] [stdout] warning: function `project_vertex` is never used
[INFO] [stdout]   --> src/ui/widgets/cube.rs:15:4
[INFO] [stdout]    |
[INFO] [stdout] 15 | fn project_vertex(
[INFO] [stdout]    |    ^^^^^^^^^^^^^^
[INFO] [stdout] 
[INFO] [stdout] 
[INFO] [stdout] warning: function `draw` is never used
[INFO] [stdout]   --> src/ui/widgets/cube.rs:56:8
[INFO] [stdout]    |
[INFO] [stdout] 56 | pub fn draw(f: &mut Frame, app: &App, area: Rect, is_focused: bool, _widget_idx: usize) {
[INFO] [stdout]    |        ^^^^
[INFO] [stdout] 
[INFO] [stdout] 
[INFO] [stdout] warning: function `draw` is never used
[INFO] [stdout]   --> src/ui/widgets/image.rs:12:8
[INFO] [stdout]    |
[INFO] [stdout] 12 | pub fn draw(f: &mut Frame, app: &App, area: Rect, is_focused: bool) {
[INFO] [stdout]    |        ^^^^
[INFO] [stdout] 
[INFO] [stdout] 
[INFO] [stderr]     Finished `dev` profile [unoptimized + debuginfo] target(s) in 4m 05s
[INFO] running `Command { std: "docker" "inspect" "fa7192968cf571bccd86bcc8198ef17ad37f0001ae3ed65fd9acfcd07b959e8f", kill_on_drop: false }`
[INFO] running `Command { std: "docker" "exec" "-e" "SOURCE_DIR=/opt/rustwide/workdir" "-e" "CARGO_HOME=/opt/rustwide/cargo-home" "-e" "RUSTUP_HOME=/opt/rustwide/rustup-home" "-e" "CARGO_TARGET_DIR=/opt/rustwide/target" "-e" "CARGO_INCREMENTAL=0" "-e" "RUST_BACKTRACE=full" "-e" "RUSTFLAGS=--cap-lints=warn" "-e" "RUSTDOCFLAGS=--cap-lints=warn" "-w" "/opt/rustwide/workdir" "--user" "0:0" "fa7192968cf571bccd86bcc8198ef17ad37f0001ae3ed65fd9acfcd07b959e8f" "/opt/rustwide/cargo-home/bin/cargo" "+1.98.0-beta.1" "test" "--frozen" "--no-run" "--message-format=json", kill_on_drop: false }`
[INFO] [stderr]    Compiling piopulse v1.0.5 (/opt/rustwide/workdir)
[INFO] [stdout] warning: field `widget_add_modal` is never read
[INFO] [stdout]   --> src/app.rs:37:9
[INFO] [stdout]    |
[INFO] [stdout] 22 | pub struct LayoutZones {
[INFO] [stdout]    |            ----------- field in this struct
[INFO] [stdout] ...
[INFO] [stdout] 37 |     pub widget_add_modal: Rect,
[INFO] [stdout]    |         ^^^^^^^^^^^^^^^^
[INFO] [stdout]    |
[INFO] [stdout]    = note: `LayoutZones` has derived impls for the traits `Clone` and `Debug`, but these are intentionally ignored during dead code analysis
[INFO] [stdout]    = note: `#[warn(dead_code)]` (part of `#[warn(unused)]`) on by default
[INFO] [stdout] 
[INFO] [stdout] 
[INFO] [stdout] warning: multiple variants are never constructed
[INFO] [stdout]    --> src/app.rs:204:5
[INFO] [stdout]     |
[INFO] [stdout] 202 | pub enum WidgetType {
[INFO] [stdout]     |          ---------- variants in this enum
[INFO] [stdout] 203 |     Cube,
[INFO] [stdout] 204 |     Image,
[INFO] [stdout]     |     ^^^^^
[INFO] [stdout] 205 |     Button,
[INFO] [stdout]     |     ^^^^^^
[INFO] [stdout] 206 |     Slider,
[INFO] [stdout] 207 |     Dial,
[INFO] [stdout]     |     ^^^^
[INFO] [stdout] 208 |     Joystick,
[INFO] [stdout]     |     ^^^^^^^^
[INFO] [stdout] 209 |     Light,
[INFO] [stdout]     |     ^^^^^
[INFO] [stdout] 210 |     Gauge,
[INFO] [stdout]     |     ^^^^^
[INFO] [stdout] 211 |     Dashboard,
[INFO] [stdout]     |     ^^^^^^^^^
[INFO] [stdout] 212 |     Example,
[INFO] [stdout]     |     ^^^^^^^
[INFO] [stdout] 213 |     Delay,
[INFO] [stdout]     |     ^^^^^
[INFO] [stdout] 214 |     Toggle,
[INFO] [stdout]     |     ^^^^^^
[INFO] [stdout] 215 |     Knob,
[INFO] [stdout]     |     ^^^^
[INFO] [stdout] 216 |     Ring,
[INFO] [stdout]     |     ^^^^
[INFO] [stdout] 217 |     Pad,
[INFO] [stdout]     |     ^^^
[INFO] [stdout]     |
[INFO] [stdout]     = note: `WidgetType` has derived impls for the traits `Clone` and `Debug`, but these are intentionally ignored during dead code analysis
[INFO] [stdout] 
[INFO] [stdout] 
[INFO] [stdout] warning: variants `AddCatalog`, `Button`, `Slider`, `Dashboard`, `Image`, and `Cube` are never constructed
[INFO] [stdout]    --> src/app.rs:222:5
[INFO] [stdout]     |
[INFO] [stdout] 221 | pub enum DashboardEmptyAction {
[INFO] [stdout]     |          -------------------- variants in this enum
[INFO] [stdout] 222 |     AddCatalog,
[INFO] [stdout]     |     ^^^^^^^^^^
[INFO] [stdout] 223 |     Button,
[INFO] [stdout]     |     ^^^^^^
[INFO] [stdout] 224 |     Slider,
[INFO] [stdout]     |     ^^^^^^
[INFO] [stdout] 225 |     Dashboard,
[INFO] [stdout]     |     ^^^^^^^^^
[INFO] [stdout] 226 |     Image,
[INFO] [stdout]     |     ^^^^^
[INFO] [stdout] 227 |     Cube,
[INFO] [stdout]     |     ^^^^
[INFO] [stdout]     |
[INFO] [stdout]     = note: `DashboardEmptyAction` has derived impls for the traits `Clone` and `Debug`, but these are intentionally ignored during dead code analysis
[INFO] [stdout] 
[INFO] [stdout] 
[INFO] [stdout] warning: constant `PARAM_SLIDER_LABEL_WIDTH` is never used
[INFO] [stdout]    --> src/app.rs:237:11
[INFO] [stdout]     |
[INFO] [stdout] 237 | pub const PARAM_SLIDER_LABEL_WIDTH: u16 = 6;
[INFO] [stdout]     |           ^^^^^^^^^^^^^^^^^^^^^^^^
[INFO] [stdout] 
[INFO] [stdout] 
[INFO] [stdout] warning: constant `PARAM_SLIDER_TRACK_WIDTH` is never used
[INFO] [stdout]    --> src/app.rs:238:11
[INFO] [stdout]     |
[INFO] [stdout] 238 | pub const PARAM_SLIDER_TRACK_WIDTH: u16 = 10;
[INFO] [stdout]     |           ^^^^^^^^^^^^^^^^^^^^^^^^
[INFO] [stdout] 
[INFO] [stdout] 
[INFO] [stdout] warning: constant `PARAM_SLIDER_LAST_OFFSET` is never used
[INFO] [stdout]    --> src/app.rs:239:11
[INFO] [stdout]     |
[INFO] [stdout] 239 | pub const PARAM_SLIDER_LAST_OFFSET: u16 = PARAM_SLIDER_TRACK_WIDTH - 1;
[INFO] [stdout]     |           ^^^^^^^^^^^^^^^^^^^^^^^^
[INFO] [stdout] 
[INFO] [stdout] 
[INFO] [stdout] warning: multiple fields are never read
[INFO] [stdout]    --> src/app.rs:337:9
[INFO] [stdout]     |
[INFO] [stdout] 241 | pub struct App {
[INFO] [stdout]     |            --- fields in this struct
[INFO] [stdout] ...
[INFO] [stdout] 337 |     pub param_knob: f64,
[INFO] [stdout]     |         ^^^^^^^^^^
[INFO] [stdout] 338 |     pub param_target_speed: f64,
[INFO] [stdout]     |         ^^^^^^^^^^^^^^^^^^
[INFO] [stdout] 339 |     pub motor_enabled: bool,
[INFO] [stdout]     |         ^^^^^^^^^^^^^
[INFO] [stdout] 340 |     pub sim_motor_speed: f64,
[INFO] [stdout]     |         ^^^^^^^^^^^^^^^
[INFO] [stdout] 341 |     pub sim_pid_out: f64,
[INFO] [stdout]     |         ^^^^^^^^^^^
[INFO] [stdout] 342 |     pub sim_battery_voltage: f64,
[INFO] [stdout]     |         ^^^^^^^^^^^^^^^^^^^
[INFO] [stdout] 343 |     pub widget_focus: usize,
[INFO] [stdout]     |         ^^^^^^^^^^^^
[INFO] [stdout] 
[INFO] [stdout] 
[INFO] [stdout] warning: method `set_slider_param_from_col` is never used
[INFO] [stdout]     --> src/app.rs:3073:8
[INFO] [stdout]      |
[INFO] [stdout]  398 | impl App {
[INFO] [stdout]      | -------- method in this implementation
[INFO] [stdout] ...
[INFO] [stdout] 3073 |     fn set_slider_param_from_col(&mut self, slider_idx: usize, inner_x: u16, col: u16) {
[INFO] [stdout]      |        ^^^^^^^^^^^^^^^^^^^^^^^^^
[INFO] [stdout] 
[INFO] [stdout] 
[INFO] [stdout] warning: function `empty_dashboard_action_at` is never used
[INFO] [stdout]     --> src/app.rs:3908:4
[INFO] [stdout]      |
[INFO] [stdout] 3908 | fn empty_dashboard_action_at(
[INFO] [stdout]      |    ^^^^^^^^^^^^^^^^^^^^^^^^^
[INFO] [stdout] 
[INFO] [stdout] 
[INFO] [stdout] warning: function `widget_for_empty_action` is never used
[INFO] [stdout]     --> src/app.rs:3937:4
[INFO] [stdout]      |
[INFO] [stdout] 3937 | fn widget_for_empty_action(action: DashboardEmptyAction) -> Option<WidgetType> {
[INFO] [stdout]      |    ^^^^^^^^^^^^^^^^^^^^^^^
[INFO] [stdout] 
[INFO] [stdout] 
[INFO] [stdout] warning: function `widget_control_at` is never used
[INFO] [stdout]     --> src/app.rs:3948:4
[INFO] [stdout]      |
[INFO] [stdout] 3948 | fn widget_control_at(widget: WidgetType, pane: Rect, col: u16, row: u16) -> Option<usize> {
[INFO] [stdout]      |    ^^^^^^^^^^^^^^^^^
[INFO] [stdout] 
[INFO] [stdout] 
[INFO] [stdout] warning: constant `PROJECT_CONFIG_FIELD_COUNT` is never used
[INFO] [stdout]  --> src/config.rs:6:11
[INFO] [stdout]   |
[INFO] [stdout] 6 | pub const PROJECT_CONFIG_FIELD_COUNT: usize = 33;
[INFO] [stdout]   |           ^^^^^^^^^^^^^^^^^^^^^^^^^^
[INFO] [stdout] 
[INFO] [stdout] 
[INFO] [stdout] warning: function `make_progress_bar` is never used
[INFO] [stdout]    --> src/ui/channels.rs:492:4
[INFO] [stdout]     |
[INFO] [stdout] 492 | fn make_progress_bar(pct: u8, width: usize) -> String {
[INFO] [stdout]     |    ^^^^^^^^^^^^^^^^^
[INFO] [stdout] 
[INFO] [stdout] 
[INFO] [stdout] warning: function `flash_usable_status` is never used
[INFO] [stdout]    --> src/ui/channels.rs:519:4
[INFO] [stdout]     |
[INFO] [stdout] 519 | fn flash_usable_status(channel: &Channel, lang: &str) -> (&'static str, Style) {
[INFO] [stdout]     |    ^^^^^^^^^^^^^^^^^^^
[INFO] [stdout] 
[INFO] [stdout] 
[INFO] [stdout] warning: function `qa_style` is never used
[INFO] [stdout]    --> src/ui/channels.rs:620:4
[INFO] [stdout]     |
[INFO] [stdout] 620 | fn qa_style(value: &str) -> Style {
[INFO] [stdout]     |    ^^^^^^^^
[INFO] [stdout] 
[INFO] [stdout] 
[INFO] [stdout] warning: function `draw_button_widget` is never used
[INFO] [stdout]    --> src/ui/widgets/mod.rs:665:4
[INFO] [stdout]     |
[INFO] [stdout] 665 | fn draw_button_widget(f: &mut Frame, app: &App, area: Rect, is_focused: bool) {
[INFO] [stdout]     |    ^^^^^^^^^^^^^^^^^^
[INFO] [stdout] 
[INFO] [stdout] 
[INFO] [stdout] warning: function `widget_button_style` is never used
[INFO] [stdout]    --> src/ui/widgets/mod.rs:743:4
[INFO] [stdout]     |
[INFO] [stdout] 743 | fn widget_button_style(color: ratatui::style::Color, hovered: bool) -> Style {
[INFO] [stdout]     |    ^^^^^^^^^^^^^^^^^^^
[INFO] [stdout] 
[INFO] [stdout] 
[INFO] [stdout] warning: function `widget_control_line_style` is never used
[INFO] [stdout]    --> src/ui/widgets/mod.rs:754:4
[INFO] [stdout]     |
[INFO] [stdout] 754 | fn widget_control_line_style(hovered: bool) -> Style {
[INFO] [stdout]     |    ^^^^^^^^^^^^^^^^^^^^^^^^^
[INFO] [stdout] 
[INFO] [stdout] 
[INFO] [stdout] warning: function `draw_slider_widget` is never used
[INFO] [stdout]    --> src/ui/widgets/mod.rs:764:4
[INFO] [stdout]     |
[INFO] [stdout] 764 | fn draw_slider_widget(f: &mut Frame, app: &App, area: Rect, is_focused: bool) {
[INFO] [stdout]     |    ^^^^^^^^^^^^^^^^^^
[INFO] [stdout] 
[INFO] [stdout] 
[INFO] [stdout] warning: function `draw_dial_widget` is never used
[INFO] [stdout]    --> src/ui/widgets/mod.rs:867:4
[INFO] [stdout]     |
[INFO] [stdout] 867 | fn draw_dial_widget(f: &mut Frame, app: &App, area: Rect, is_focused: bool) {
[INFO] [stdout]     |    ^^^^^^^^^^^^^^^^
[INFO] [stdout] 
[INFO] [stdout] 
[INFO] [stdout] warning: function `draw_joystick_widget` is never used
[INFO] [stdout]     --> src/ui/widgets/mod.rs:1052:4
[INFO] [stdout]      |
[INFO] [stdout] 1052 | fn draw_joystick_widget(f: &mut Frame, _app: &App, area: Rect, is_focused: bool) {
[INFO] [stdout]      |    ^^^^^^^^^^^^^^^^^^^^
[INFO] [stdout] 
[INFO] [stdout] 
[INFO] [stdout] warning: function `draw_light_widget` is never used
[INFO] [stdout]     --> src/ui/widgets/mod.rs:1132:4
[INFO] [stdout]      |
[INFO] [stdout] 1132 | fn draw_light_widget(f: &mut Frame, _app: &App, area: Rect, is_focused: bool) {
[INFO] [stdout]      |    ^^^^^^^^^^^^^^^^^
[INFO] [stdout] 
[INFO] [stdout] 
[INFO] [stdout] warning: function `draw_gauge_widget` is never used
[INFO] [stdout]     --> src/ui/widgets/mod.rs:1181:4
[INFO] [stdout]      |
[INFO] [stdout] 1181 | fn draw_gauge_widget(f: &mut Frame, app: &App, area: Rect, is_focused: bool) {
[INFO] [stdout]      |    ^^^^^^^^^^^^^^^^^
[INFO] [stdout] 
[INFO] [stdout] 
[INFO] [stdout] warning: function `draw_dashboard_widget` is never used
[INFO] [stdout]     --> src/ui/widgets/mod.rs:1241:4
[INFO] [stdout]      |
[INFO] [stdout] 1241 | fn draw_dashboard_widget(f: &mut Frame, app: &App, area: Rect, is_focused: bool) {
[INFO] [stdout]      |    ^^^^^^^^^^^^^^^^^^^^^
[INFO] [stdout] 
[INFO] [stdout] 
[INFO] [stdout] warning: function `draw_example_widget` is never used
[INFO] [stdout]     --> src/ui/widgets/mod.rs:1332:4
[INFO] [stdout]      |
[INFO] [stdout] 1332 | fn draw_example_widget(f: &mut Frame, _app: &App, area: Rect, is_focused: bool) {
[INFO] [stdout]      |    ^^^^^^^^^^^^^^^^^^^
[INFO] [stdout] 
[INFO] [stdout] 
[INFO] [stdout] warning: function `draw_delay_widget` is never used
[INFO] [stdout]     --> src/ui/widgets/mod.rs:1394:4
[INFO] [stdout]      |
[INFO] [stdout] 1394 | fn draw_delay_widget(f: &mut Frame, app: &App, area: Rect, is_focused: bool) {
[INFO] [stdout]      |    ^^^^^^^^^^^^^^^^^
[INFO] [stdout] 
[INFO] [stdout] 
[INFO] [stdout] warning: function `draw_toggle_widget` is never used
[INFO] [stdout]     --> src/ui/widgets/mod.rs:1458:4
[INFO] [stdout]      |
[INFO] [stdout] 1458 | fn draw_toggle_widget(f: &mut Frame, app: &App, area: Rect, is_focused: bool) {
[INFO] [stdout]      |    ^^^^^^^^^^^^^^^^^^
[INFO] [stdout] 
[INFO] [stdout] 
[INFO] [stdout] warning: function `draw_knob_widget` is never used
[INFO] [stdout]     --> src/ui/widgets/mod.rs:1518:4
[INFO] [stdout]      |
[INFO] [stdout] 1518 | fn draw_knob_widget(f: &mut Frame, app: &App, area: Rect, is_focused: bool) {
[INFO] [stdout]      |    ^^^^^^^^^^^^^^^^
[INFO] [stdout] 
[INFO] [stdout] 
[INFO] [stdout] warning: function `draw_ring_widget` is never used
[INFO] [stdout]     --> src/ui/widgets/mod.rs:1593:4
[INFO] [stdout]      |
[INFO] [stdout] 1593 | fn draw_ring_widget(f: &mut Frame, _app: &App, area: Rect, is_focused: bool) {
[INFO] [stdout]      |    ^^^^^^^^^^^^^^^^
[INFO] [stdout] 
[INFO] [stdout] 
[INFO] [stdout] warning: function `draw_pad_widget` is never used
[INFO] [stdout]     --> src/ui/widgets/mod.rs:1655:4
[INFO] [stdout]      |
[INFO] [stdout] 1655 | fn draw_pad_widget(f: &mut Frame, _app: &App, area: Rect, is_focused: bool) {
[INFO] [stdout]      |    ^^^^^^^^^^^^^^^
[INFO] [stdout] 
[INFO] [stdout] 
[INFO] [stdout] warning: function `get_pane_layouts` is never used
[INFO] [stdout]     --> src/ui/widgets/mod.rs:1743:8
[INFO] [stdout]      |
[INFO] [stdout] 1743 | pub fn get_pane_layouts(area: Rect, count: usize) -> Vec<Rect> {
[INFO] [stdout]      |        ^^^^^^^^^^^^^^^^
[INFO] [stdout] 
[INFO] [stdout] 
[INFO] [stdout] warning: function `center_rect` is never used
[INFO] [stdout]     --> src/ui/widgets/mod.rs:1838:4
[INFO] [stdout]      |
[INFO] [stdout] 1838 | fn center_rect(percent_x: u16, height_y: u16, r: Rect) -> Rect {
[INFO] [stdout]      |    ^^^^^^^^^^^
[INFO] [stdout] 
[INFO] [stdout] 
[INFO] [stdout] warning: function `project_vertex` is never used
[INFO] [stdout]   --> src/ui/widgets/cube.rs:15:4
[INFO] [stdout]    |
[INFO] [stdout] 15 | fn project_vertex(
[INFO] [stdout]    |    ^^^^^^^^^^^^^^
[INFO] [stdout] 
[INFO] [stdout] 
[INFO] [stdout] warning: function `draw` is never used
[INFO] [stdout]   --> src/ui/widgets/cube.rs:56:8
[INFO] [stdout]    |
[INFO] [stdout] 56 | pub fn draw(f: &mut Frame, app: &App, area: Rect, is_focused: bool, _widget_idx: usize) {
[INFO] [stdout]    |        ^^^^
[INFO] [stdout] 
[INFO] [stdout] 
[INFO] [stdout] warning: function `draw` is never used
[INFO] [stdout]   --> src/ui/widgets/image.rs:12:8
[INFO] [stdout]    |
[INFO] [stdout] 12 | pub fn draw(f: &mut Frame, app: &App, area: Rect, is_focused: bool) {
[INFO] [stdout]    |        ^^^^
[INFO] [stdout] 
[INFO] [stdout] 
[INFO] [stderr]     Finished `test` profile [unoptimized + debuginfo] target(s) in 9.20s
[INFO] running `Command { std: "docker" "inspect" "fa7192968cf571bccd86bcc8198ef17ad37f0001ae3ed65fd9acfcd07b959e8f", kill_on_drop: false }`
[INFO] running `Command { std: "docker" "exec" "-e" "SOURCE_DIR=/opt/rustwide/workdir" "-e" "CARGO_HOME=/opt/rustwide/cargo-home" "-e" "RUSTUP_HOME=/opt/rustwide/rustup-home" "-e" "CARGO_TARGET_DIR=/opt/rustwide/target" "-e" "CARGO_INCREMENTAL=0" "-e" "RUST_BACKTRACE=full" "-e" "RUSTFLAGS=--cap-lints=warn" "-e" "RUSTDOCFLAGS=--cap-lints=warn" "-w" "/opt/rustwide/workdir" "--user" "0:0" "fa7192968cf571bccd86bcc8198ef17ad37f0001ae3ed65fd9acfcd07b959e8f" "/opt/rustwide/cargo-home/bin/cargo" "+1.98.0-beta.1" "test" "--frozen", kill_on_drop: false }`
[INFO] [stderr] warning: field `widget_add_modal` is never read
[INFO] [stderr]   --> src/app.rs:37:9
[INFO] [stderr]    |
[INFO] [stderr] 22 | pub struct LayoutZones {
[INFO] [stderr]    |            ----------- field in this struct
[INFO] [stderr] ...
[INFO] [stderr] 37 |     pub widget_add_modal: Rect,
[INFO] [stderr]    |         ^^^^^^^^^^^^^^^^
[INFO] [stderr]    |
[INFO] [stderr]    = note: `LayoutZones` has derived impls for the traits `Clone` and `Debug`, but these are intentionally ignored during dead code analysis
[INFO] [stderr]    = note: `#[warn(dead_code)]` (part of `#[warn(unused)]`) on by default
[INFO] [stderr] 
[INFO] [stderr] warning: multiple variants are never constructed
[INFO] [stderr]    --> src/app.rs:204:5
[INFO] [stderr]     |
[INFO] [stderr] 202 | pub enum WidgetType {
[INFO] [stderr]     |          ---------- variants in this enum
[INFO] [stderr] 203 |     Cube,
[INFO] [stderr] 204 |     Image,
[INFO] [stderr]     |     ^^^^^
[INFO] [stderr] 205 |     Button,
[INFO] [stderr]     |     ^^^^^^
[INFO] [stderr] 206 |     Slider,
[INFO] [stderr] 207 |     Dial,
[INFO] [stderr]     |     ^^^^
[INFO] [stderr] 208 |     Joystick,
[INFO] [stderr]     |     ^^^^^^^^
[INFO] [stderr] 209 |     Light,
[INFO] [stderr]     |     ^^^^^
[INFO] [stderr] 210 |     Gauge,
[INFO] [stderr]     |     ^^^^^
[INFO] [stderr] 211 |     Dashboard,
[INFO] [stderr]     |     ^^^^^^^^^
[INFO] [stderr] 212 |     Example,
[INFO] [stderr]     |     ^^^^^^^
[INFO] [stderr] 213 |     Delay,
[INFO] [stderr]     |     ^^^^^
[INFO] [stderr] 214 |     Toggle,
[INFO] [stderr]     |     ^^^^^^
[INFO] [stderr] 215 |     Knob,
[INFO] [stderr]     |     ^^^^
[INFO] [stderr] 216 |     Ring,
[INFO] [stderr]     |     ^^^^
[INFO] [stderr] 217 |     Pad,
[INFO] [stderr]     |     ^^^
[INFO] [stderr]     |
[INFO] [stderr]     = note: `WidgetType` has derived impls for the traits `Clone` and `Debug`, but these are intentionally ignored during dead code analysis
[INFO] [stderr] 
[INFO] [stderr] warning: variants `AddCatalog`, `Button`, `Slider`, `Dashboard`, `Image`, and `Cube` are never constructed
[INFO] [stderr]    --> src/app.rs:222:5
[INFO] [stderr]     |
[INFO] [stderr] 221 | pub enum DashboardEmptyAction {
[INFO] [stderr]     |          -------------------- variants in this enum
[INFO] [stderr] 222 |     AddCatalog,
[INFO] [stderr]     |     ^^^^^^^^^^
[INFO] [stderr] 223 |     Button,
[INFO] [stderr]     |     ^^^^^^
[INFO] [stderr] 224 |     Slider,
[INFO] [stderr]     |     ^^^^^^
[INFO] [stderr] 225 |     Dashboard,
[INFO] [stderr]     |     ^^^^^^^^^
[INFO] [stderr] 226 |     Image,
[INFO] [stderr]     |     ^^^^^
[INFO] [stderr] 227 |     Cube,
[INFO] [stderr]     |     ^^^^
[INFO] [stderr]     |
[INFO] [stderr]     = note: `DashboardEmptyAction` has derived impls for the traits `Clone` and `Debug`, but these are intentionally ignored during dead code analysis
[INFO] [stderr] 
[INFO] [stderr] warning: constant `PARAM_SLIDER_LABEL_WIDTH` is never used
[INFO] [stderr]    --> src/app.rs:237:11
[INFO] [stderr]     |
[INFO] [stderr] 237 | pub const PARAM_SLIDER_LABEL_WIDTH: u16 = 6;
[INFO] [stderr]     |           ^^^^^^^^^^^^^^^^^^^^^^^^
[INFO] [stderr] 
[INFO] [stderr] warning: constant `PARAM_SLIDER_TRACK_WIDTH` is never used
[INFO] [stderr]    --> src/app.rs:238:11
[INFO] [stderr]     |
[INFO] [stderr] 238 | pub const PARAM_SLIDER_TRACK_WIDTH: u16 = 10;
[INFO] [stderr]     |           ^^^^^^^^^^^^^^^^^^^^^^^^
[INFO] [stderr] 
[INFO] [stderr] warning: constant `PARAM_SLIDER_LAST_OFFSET` is never used
[INFO] [stderr]    --> src/app.rs:239:11
[INFO] [stderr]     |
[INFO] [stderr] 239 | pub const PARAM_SLIDER_LAST_OFFSET: u16 = PARAM_SLIDER_TRACK_WIDTH - 1;
[INFO] [stderr]     |           ^^^^^^^^^^^^^^^^^^^^^^^^
[INFO] [stderr] 
[INFO] [stderr] warning: multiple fields are never read
[INFO] [stderr]    --> src/app.rs:337:9
[INFO] [stderr]     |
[INFO] [stderr] 241 | pub struct App {
[INFO] [stderr]     |            --- fields in this struct
[INFO] [stderr] ...
[INFO] [stderr] 337 |     pub param_knob: f64,
[INFO] [stderr]     |         ^^^^^^^^^^
[INFO] [stderr] 338 |     pub param_target_speed: f64,
[INFO] [stderr]     |         ^^^^^^^^^^^^^^^^^^
[INFO] [stderr] 339 |     pub motor_enabled: bool,
[INFO] [stderr]     |         ^^^^^^^^^^^^^
[INFO] [stderr] 340 |     pub sim_motor_speed: f64,
[INFO] [stderr]     |         ^^^^^^^^^^^^^^^
[INFO] [stderr] 341 |     pub sim_pid_out: f64,
[INFO] [stderr]     |         ^^^^^^^^^^^
[INFO] [stderr] 342 |     pub sim_battery_voltage: f64,
[INFO] [stderr]     |         ^^^^^^^^^^^^^^^^^^^
[INFO] [stderr] 343 |     pub widget_focus: usize,
[INFO] [stderr]     |         ^^^^^^^^^^^^
[INFO] [stderr] 
[INFO] [stderr] warning: method `set_slider_param_from_col` is never used
[INFO] [stderr]     --> src/app.rs:3073:8
[INFO] [stderr]      |
[INFO] [stderr]  398 | impl App {
[INFO] [stderr]      | -------- method in this implementation
[INFO] [stderr] ...
[INFO] [stderr] 3073 |     fn set_slider_param_from_col(&mut self, slider_idx: usize, inner_x: u16, col: u16) {
[INFO] [stderr]      |        ^^^^^^^^^^^^^^^^^^^^^^^^^
[INFO] [stderr] 
[INFO] [stderr] warning: function `empty_dashboard_action_at` is never used
[INFO] [stderr]     --> src/app.rs:3908:4
[INFO] [stderr]      |
[INFO] [stderr] 3908 | fn empty_dashboard_action_at(
[INFO] [stderr]      |    ^^^^^^^^^^^^^^^^^^^^^^^^^
[INFO] [stderr] 
[INFO] [stderr] warning: function `widget_for_empty_action` is never used
[INFO] [stderr]     --> src/app.rs:3937:4
[INFO] [stderr]      |
[INFO] [stderr] 3937 | fn widget_for_empty_action(action: DashboardEmptyAction) -> Option<WidgetType> {
[INFO] [stderr]      |    ^^^^^^^^^^^^^^^^^^^^^^^
[INFO] [stderr] 
[INFO] [stderr] warning: function `widget_control_at` is never used
[INFO] [stderr]     --> src/app.rs:3948:4
[INFO] [stderr]      |
[INFO] [stderr] 3948 | fn widget_control_at(widget: WidgetType, pane: Rect, col: u16, row: u16) -> Option<usize> {
[INFO] [stderr]      |    ^^^^^^^^^^^^^^^^^
[INFO] [stderr] 
[INFO] [stderr] warning: constant `PROJECT_CONFIG_FIELD_COUNT` is never used
[INFO] [stderr]  --> src/config.rs:6:11
[INFO] [stderr]   |
[INFO] [stderr] 6 | pub const PROJECT_CONFIG_FIELD_COUNT: usize = 33;
[INFO] [stderr]   |           ^^^^^^^^^^^^^^^^^^^^^^^^^^
[INFO] [stderr] 
[INFO] [stderr] warning: function `make_progress_bar` is never used
[INFO] [stderr]    --> src/ui/channels.rs:492:4
[INFO] [stderr]     |
[INFO] [stderr] 492 | fn make_progress_bar(pct: u8, width: usize) -> String {
[INFO] [stderr]     |    ^^^^^^^^^^^^^^^^^
[INFO] [stderr] 
[INFO] [stderr] warning: function `flash_usable_status` is never used
[INFO] [stderr]    --> src/ui/channels.rs:519:4
[INFO] [stderr]     |
[INFO] [stderr] 519 | fn flash_usable_status(channel: &Channel, lang: &str) -> (&'static str, Style) {
[INFO] [stderr]     |    ^^^^^^^^^^^^^^^^^^^
[INFO] [stderr] 
[INFO] [stderr] warning: function `qa_style` is never used
[INFO] [stderr]    --> src/ui/channels.rs:620:4
[INFO] [stderr]     |
[INFO] [stderr] 620 | fn qa_style(value: &str) -> Style {
[INFO] [stderr]     |    ^^^^^^^^
[INFO] [stderr] 
[INFO] [stderr] warning: function `draw_button_widget` is never used
[INFO] [stderr]    --> src/ui/widgets/mod.rs:665:4
[INFO] [stderr]     |
[INFO] [stderr] 665 | fn draw_button_widget(f: &mut Frame, app: &App, area: Rect, is_focused: bool) {
[INFO] [stderr]     |    ^^^^^^^^^^^^^^^^^^
[INFO] [stderr] 
[INFO] [stderr] warning: function `widget_button_style` is never used
[INFO] [stderr]    --> src/ui/widgets/mod.rs:743:4
[INFO] [stderr]     |
[INFO] [stderr] 743 | fn widget_button_style(color: ratatui::style::Color, hovered: bool) -> Style {
[INFO] [stderr]     |    ^^^^^^^^^^^^^^^^^^^
[INFO] [stderr] 
[INFO] [stderr] warning: function `widget_control_line_style` is never used
[INFO] [stderr]    --> src/ui/widgets/mod.rs:754:4
[INFO] [stderr]     |
[INFO] [stderr] 754 | fn widget_control_line_style(hovered: bool) -> Style {
[INFO] [stderr]     |    ^^^^^^^^^^^^^^^^^^^^^^^^^
[INFO] [stderr] 
[INFO] [stderr] warning: function `draw_slider_widget` is never used
[INFO] [stderr]    --> src/ui/widgets/mod.rs:764:4
[INFO] [stderr]     |
[INFO] [stderr] 764 | fn draw_slider_widget(f: &mut Frame, app: &App, area: Rect, is_focused: bool) {
[INFO] [stderr]     |    ^^^^^^^^^^^^^^^^^^
[INFO] [stderr] 
[INFO] [stderr] warning: function `draw_dial_widget` is never used
[INFO] [stderr]    --> src/ui/widgets/mod.rs:867:4
[INFO] [stderr]     |
[INFO] [stderr] 867 | fn draw_dial_widget(f: &mut Frame, app: &App, area: Rect, is_focused: bool) {
[INFO] [stderr]     |    ^^^^^^^^^^^^^^^^
[INFO] [stderr] 
[INFO] [stderr] warning: function `draw_joystick_widget` is never used
[INFO] [stderr]     --> src/ui/widgets/mod.rs:1052:4
[INFO] [stderr]      |
[INFO] [stderr] 1052 | fn draw_joystick_widget(f: &mut Frame, _app: &App, area: Rect, is_focused: bool) {
[INFO] [stderr]      |    ^^^^^^^^^^^^^^^^^^^^
[INFO] [stderr] 
[INFO] [stderr] warning: function `draw_light_widget` is never used
[INFO] [stderr]     --> src/ui/widgets/mod.rs:1132:4
[INFO] [stderr]      |
[INFO] [stderr] 1132 | fn draw_light_widget(f: &mut Frame, _app: &App, area: Rect, is_focused: bool) {
[INFO] [stderr]      |    ^^^^^^^^^^^^^^^^^
[INFO] [stderr] 
[INFO] [stderr] warning: function `draw_gauge_widget` is never used
[INFO] [stderr]     --> src/ui/widgets/mod.rs:1181:4
[INFO] [stderr]      |
[INFO] [stderr] 1181 | fn draw_gauge_widget(f: &mut Frame, app: &App, area: Rect, is_focused: bool) {
[INFO] [stderr]      |    ^^^^^^^^^^^^^^^^^
[INFO] [stderr] 
[INFO] [stderr] warning: function `draw_dashboard_widget` is never used
[INFO] [stderr]     --> src/ui/widgets/mod.rs:1241:4
[INFO] [stderr]      |
[INFO] [stderr] 1241 | fn draw_dashboard_widget(f: &mut Frame, app: &App, area: Rect, is_focused: bool) {
[INFO] [stderr]      |    ^^^^^^^^^^^^^^^^^^^^^
[INFO] [stderr] 
[INFO] [stderr] warning: function `draw_example_widget` is never used
[INFO] [stderr]     --> src/ui/widgets/mod.rs:1332:4
[INFO] [stderr]      |
[INFO] [stderr] 1332 | fn draw_example_widget(f: &mut Frame, _app: &App, area: Rect, is_focused: bool) {
[INFO] [stderr]      |    ^^^^^^^^^^^^^^^^^^^
[INFO] [stderr] 
[INFO] [stderr] warning: function `draw_delay_widget` is never used
[INFO] [stderr]     --> src/ui/widgets/mod.rs:1394:4
[INFO] [stderr]      |
[INFO] [stderr] 1394 | fn draw_delay_widget(f: &mut Frame, app: &App, area: Rect, is_focused: bool) {
[INFO] [stderr]      |    ^^^^^^^^^^^^^^^^^
[INFO] [stderr] 
[INFO] [stderr] warning: function `draw_toggle_widget` is never used
[INFO] [stderr]     --> src/ui/widgets/mod.rs:1458:4
[INFO] [stderr]      |
[INFO] [stderr] 1458 | fn draw_toggle_widget(f: &mut Frame, app: &App, area: Rect, is_focused: bool) {
[INFO] [stderr]      |    ^^^^^^^^^^^^^^^^^^
[INFO] [stderr] 
[INFO] [stderr] warning: function `draw_knob_widget` is never used
[INFO] [stderr]     --> src/ui/widgets/mod.rs:1518:4
[INFO] [stderr]      |
[INFO] [stderr] 1518 | fn draw_knob_widget(f: &mut Frame, app: &App, area: Rect, is_focused: bool) {
[INFO] [stderr]      |    ^^^^^^^^^^^^^^^^
[INFO] [stderr] 
[INFO] [stderr] warning: function `draw_ring_widget` is never used
[INFO] [stderr]     --> src/ui/widgets/mod.rs:1593:4
[INFO] [stderr]      |
[INFO] [stderr] 1593 | fn draw_ring_widget(f: &mut Frame, _app: &App, area: Rect, is_focused: bool) {
[INFO] [stderr]      |    ^^^^^^^^^^^^^^^^
[INFO] [stderr] 
[INFO] [stderr] warning: function `draw_pad_widget` is never used
[INFO] [stderr]     --> src/ui/widgets/mod.rs:1655:4
[INFO] [stderr]      |
[INFO] [stderr] 1655 | fn draw_pad_widget(f: &mut Frame, _app: &App, area: Rect, is_focused: bool) {
[INFO] [stderr]      |    ^^^^^^^^^^^^^^^
[INFO] [stderr] 
[INFO] [stderr] warning: function `get_pane_layouts` is never used
[INFO] [stderr]     --> src/ui/widgets/mod.rs:1743:8
[INFO] [stderr]      |
[INFO] [stderr] 1743 | pub fn get_pane_layouts(area: Rect, count: usize) -> Vec<Rect> {
[INFO] [stderr]      |        ^^^^^^^^^^^^^^^^
[INFO] [stderr] 
[INFO] [stderr] warning: function `center_rect` is never used
[INFO] [stderr]     --> src/ui/widgets/mod.rs:1838:4
[INFO] [stderr]      |
[INFO] [stderr] 1838 | fn center_rect(percent_x: u16, height_y: u16, r: Rect) -> Rect {
[INFO] [stderr]      |    ^^^^^^^^^^^
[INFO] [stderr] 
[INFO] [stderr] warning: function `project_vertex` is never used
[INFO] [stderr]   --> src/ui/widgets/cube.rs:15:4
[INFO] [stderr]    |
[INFO] [stderr] 15 | fn project_vertex(
[INFO] [stderr]    |    ^^^^^^^^^^^^^^
[INFO] [stderr] 
[INFO] [stderr] warning: function `draw` is never used
[INFO] [stderr]   --> src/ui/widgets/cube.rs:56:8
[INFO] [stderr]    |
[INFO] [stderr] 56 | pub fn draw(f: &mut Frame, app: &App, area: Rect, is_focused: bool, _widget_idx: usize) {
[INFO] [stderr]    |        ^^^^
[INFO] [stderr] 
[INFO] [stderr] warning: function `draw` is never used
[INFO] [stderr]   --> src/ui/widgets/image.rs:12:8
[INFO] [stderr]    |
[INFO] [stderr] 12 | pub fn draw(f: &mut Frame, app: &App, area: Rect, is_focused: bool) {
[INFO] [stderr]    |        ^^^^
[INFO] [stderr] 
[INFO] [stderr] warning: `piopulse` (bin "piopulse" test) generated 35 warnings
[INFO] [stderr]     Finished `test` profile [unoptimized + debuginfo] target(s) in 0.46s
[INFO] [stderr]      Running unittests src/main.rs (/opt/rustwide/target/debug/deps/piopulse-76bf6fd39861bc22)
[INFO] [stdout] 
[INFO] [stdout] running 66 tests
[INFO] [stdout] test app::tests::test_exit_menu_buttons_select_on_mouse_hover ... ok
[INFO] [stdout] test app::tests::test_flasher_keyboard_selection_tracks_scroll ... ok
[INFO] [stdout] test app::tests::test_flasher_manifest_table_click_and_edit ... ok
[INFO] [stdout] test app::tests::test_auto_probe_absent_while_armed_does_not_count_failure ... ok
[INFO] [stdout] test app::tests::test_exit_menu_buttons_are_mouse_clickable ... ok
[INFO] [stdout] test app::tests::test_auto_probe_absent_rearms_finished_station ... ok
[INFO] [stdout] test app::tests::test_flash_batch_completion_waits_for_target_ports ... ok
[INFO] [stdout] test app::tests::test_header_mode_click_opens_sudo_prompt ... ok
[INFO] [stdout] test app::tests::test_flasher_table_scroll_hover_and_click_selects_channel ... ok
[INFO] [stdout] test app::tests::test_manifest_lock_blocks_edit_delete_and_mode_changes ... ok
[INFO] [stdout] test app::tests::test_flasher_header_click_toggles_mode_and_donotchg ... ok
[INFO] [stdout] test app::tests::test_plotter_header_compact_labels_keep_click_bounds ... ok
[INFO] [stdout] test app::tests::test_plotter_header_clicks_use_real_pill_bounds ... ok
[INFO] [stdout] test app::tests::test_manifest_right_click_confirms_before_delete ... ok
[INFO] [stdout] test app::tests::test_plotter_quick_commands_use_real_button_bounds ... ok
[INFO] [stdout] test app::tests::test_plotter_view_zoom_pan_and_reset ... ok
[INFO] [stdout] test app::tests::test_port_menu_toggle_and_select ... ok
[INFO] [stdout] test app::tests::test_probe_dashboard_ignores_legacy_slider_controls ... ok
[INFO] [stdout] test app::tests::test_probe_dashboard_does_not_add_legacy_modules_from_mouse_click ... ok
[INFO] [stdout] test app::tests::test_probe_dashboard_does_not_hover_legacy_module_actions ... ok
[INFO] [stdout] test app::tests::test_serial_monitor_stop_sets_tui_notice ... ok
[INFO] [stdout] test app::tests::test_serial_quick_commands_scroll_with_mouse_wheel ... ok
[INFO] [stdout] test app::tests::test_serial_option_hitbox_matches_rendered_columns ... ok
[INFO] [stdout] test app::tests::test_serial_rx_format_modes ... ok
[INFO] [stdout] test app::tests::test_serial_tx_encoding_modes ... ok
[INFO] [stdout] test app::tests::test_manifest_lock_persists_to_project_config ... ok
[INFO] [stdout] test app::tests::test_top_tabs_compact_mode_uses_numbers_only ... ok
[INFO] [stdout] test app::tests::test_serial_timeline_recording_and_playback_rebuilds_waveform ... ok
[INFO] [stdout] test app::tests::test_serial_buttons_select_on_mouse_hover ... ok
[INFO] [stdout] test app::tests::test_top_tabs_tiny_mode_fits_very_narrow_width ... ok
[INFO] [stdout] test app::tests::test_serial_compact_option_grid_clicks_columns ... ok
[INFO] [stdout] test app::tests::test_top_tabs_select_on_mouse_hover ... ok
[INFO] [stdout] test config::tests::test_esptool_command_generation ... ok
[INFO] [stdout] test app::tests::test_worker_monitor_stopped_sets_release_notice ... ok
[INFO] [stdout] test config::tests::test_manifest_validation ... ok
[INFO] [stdout] test config::tests::test_manifest_validation_accepts_stm32_probe_rs_target ... ok
[INFO] [stdout] test config::tests::test_merged_manifest_mode_exposes_empty_editable_slot ... ok
[INFO] [stdout] test config::tests::test_optional_empty_manifest_slot_is_ignored ... ok
[INFO] [stdout] test config::tests::test_offset_validation ... ok
[INFO] [stdout] test config::tests::test_platformio_board_name_detects_hyphenated_esp32c3 ... ok
[INFO] [stdout] test config::tests::test_platformio_default_envs_parser_uses_first_env ... ok
[INFO] [stdout] test config::tests::test_platformio_custom_bootloader_resolves_from_project_variants ... ok
[INFO] [stdout] test config::tests::test_platformio_referenced_assets_include_partitions_and_variants ... ok
[INFO] [stdout] test config::tests::test_platformio_stm32_board_manifest_detects_probe_rs_chip ... ok
[INFO] [stdout] test config::tests::test_materialize_platformio_native_package_from_program_output ... ok
[INFO] [stdout] test config::tests::test_platformio_flash_frequency_from_hz_literal ... ok
[INFO] [stdout] test config::tests::test_set_field_syncs_to_images ... ok
[INFO] [stdout] test config::tests::test_sha256_validation ... ok
[INFO] [stdout] test config::tests::test_toml_project_config_loads_relative_images ... ok
[INFO] [stdout] test config::tests::test_materialize_platformio_factory_package_from_build_outputs ... ok
[INFO] [stdout] test config::tests::test_tool_config_save_load ... ok
[INFO] [stdout] test vofa::tests::test_firewater_parser ... ok
[INFO] [stdout] test vofa::tests::test_indexfloat_image_parser ... ok
[INFO] [stdout] test vofa::tests::test_justfloat_image_parser ... ok
[INFO] [stdout] test app::tests::test_sidebar_rendering ... ok
[INFO] [stdout] test worker::tests::test_bin_header_mutation_is_explicit_only ... ok
[INFO] [stdout] test vofa::tests::test_justfloat_resync_trash ... ok
[INFO] [stdout] test vofa::tests::test_firewater_image_parser ... ok
[INFO] [stdout] test worker::tests::test_detects_esp_native_usb_serial_jtag_vid_pid ... ok
[INFO] [stdout] test worker::tests::test_parse_platformio_default_or_first_env ... ok
[INFO] [stdout] test worker::tests::test_platformio_probe_upload_command_omits_upload_port ... ok
[INFO] [stdout] test config::tests::test_project_config_fills_and_saves_missing_platformio_tool_defaults ... ok
[INFO] [stdout] test config::tests::test_project_config_save_to_file_is_reloadable_and_cleans_temp_file ... ok
[INFO] [stdout] test app::tests::test_flasher_summary_config_action_is_clickable ... ok
[INFO] [stdout] test app::tests::test_merged_manifest_file_selection_persists_to_project_config ... FAILED
[INFO] [stdout] test app::tests::test_small_terminal_renders_core_tabs_and_modals ... ok
[INFO] [stdout] 
[INFO] [stdout] failures:
[INFO] [stdout] 
[INFO] [stdout] ---- app::tests::test_merged_manifest_file_selection_persists_to_project_config stdout ----
[INFO] [stdout] 
[INFO] [stdout] thread 'app::tests::test_merged_manifest_file_selection_persists_to_project_config' (3276) panicked at src/app.rs:4666:66:
[INFO] [stdout] called `Result::unwrap()` on an `Err` value: "No such file or directory (os error 2)"
[INFO] [stdout] stack backtrace:
[INFO] [stdout]    0:     0x5bc33e502151 - std[73adb7dc35730857]::backtrace_rs::backtrace::libunwind::trace
[INFO] [stdout]                                at /rustc/6b3fa26749ab40e159b2dd5cf577acaaf5902772/library/std/src/../../backtrace/src/backtrace/libunwind.rs:117:9
[INFO] [stdout]    1:     0x5bc33e502151 - std[73adb7dc35730857]::backtrace_rs::backtrace::trace_unsynchronized::<std[73adb7dc35730857]::sys::backtrace::_print_fmt::{closure#1}>
[INFO] [stdout]                                at /rustc/6b3fa26749ab40e159b2dd5cf577acaaf5902772/library/std/src/../../backtrace/src/backtrace/mod.rs:66:14
[INFO] [stdout]    2:     0x5bc33e502151 - std[73adb7dc35730857]::sys::backtrace::_print_fmt
[INFO] [stdout]                                at /rustc/6b3fa26749ab40e159b2dd5cf577acaaf5902772/library/std/src/sys/backtrace.rs:74:9
[INFO] [stdout]    3:     0x5bc33e502151 - <<std[73adb7dc35730857]::sys::backtrace::BacktraceLock>::print::DisplayBacktrace as core[6883ba1bc0fe4ed1]::fmt::Display>::fmt
[INFO] [stdout]                                at /rustc/6b3fa26749ab40e159b2dd5cf577acaaf5902772/library/std/src/sys/backtrace.rs:44:26
[INFO] [stdout]    4:     0x5bc33e51ce1a - <core[6883ba1bc0fe4ed1]::fmt::rt::Argument>::fmt
[INFO] [stdout]                                at /rustc/6b3fa26749ab40e159b2dd5cf577acaaf5902772/library/core/src/fmt/rt.rs:152:76
[INFO] [stdout]    5:     0x5bc33e51ce1a - core[6883ba1bc0fe4ed1]::fmt::write
[INFO] [stdout]    6:     0x5bc33e507bfc - std[73adb7dc35730857]::io::default_write_fmt::<alloc[55a36b64bcbf2c0d]::vec::Vec<u8>>
[INFO] [stdout]                                at /rustc/6b3fa26749ab40e159b2dd5cf577acaaf5902772/library/std/src/io/mod.rs:626:11
[INFO] [stdout]    7:     0x5bc33e507bfc - <alloc[55a36b64bcbf2c0d]::vec::Vec<u8> as std[73adb7dc35730857]::io::Write>::write_fmt
[INFO] [stdout]                                at /rustc/6b3fa26749ab40e159b2dd5cf577acaaf5902772/library/std/src/io/mod.rs:1730:13
[INFO] [stdout]    8:     0x5bc33e4daf06 - <std[73adb7dc35730857]::sys::backtrace::BacktraceLock>::print
[INFO] [stdout]                                at /rustc/6b3fa26749ab40e159b2dd5cf577acaaf5902772/library/std/src/sys/backtrace.rs:47:9
[INFO] [stdout]    9:     0x5bc33e4daf06 - std[73adb7dc35730857]::panicking::default_hook::{closure#0}
[INFO] [stdout]                                at /rustc/6b3fa26749ab40e159b2dd5cf577acaaf5902772/library/std/src/panicking.rs:292:27
[INFO] [stdout]   10:     0x5bc33e4f7349 - std[73adb7dc35730857]::panicking::default_hook
[INFO] [stdout]                                at /rustc/6b3fa26749ab40e159b2dd5cf577acaaf5902772/library/std/src/panicking.rs:316:9
[INFO] [stdout]   11:     0x5bc33d699ae0 - <alloc[55a36b64bcbf2c0d]::boxed::Box<dyn for<'a, 'b> core[6883ba1bc0fe4ed1]::ops::function::Fn<(&'a std[73adb7dc35730857]::panic::PanicHookInfo<'b>,), Output = ()> + core[6883ba1bc0fe4ed1]::marker::Send + core[6883ba1bc0fe4ed1]::marker::Sync> as core[6883ba1bc0fe4ed1]::ops::function::Fn<(&std[73adb7dc35730857]::panic::PanicHookInfo,)>>::call
[INFO] [stdout]                                at /rustc/6b3fa26749ab40e159b2dd5cf577acaaf5902772/library/alloc/src/boxed.rs:2333:9
[INFO] [stdout]   12:     0x5bc33d699ae0 - test[980ffaebd391d06d]::test_main_inner::<test[980ffaebd391d06d]::test_main_static::{closure#0}>::{closure#0}
[INFO] [stdout]                                at /rustc/6b3fa26749ab40e159b2dd5cf577acaaf5902772/library/test/src/lib.rs:155:21
[INFO] [stdout]   13:     0x5bc33e4f7672 - <alloc[55a36b64bcbf2c0d]::boxed::Box<dyn for<'a, 'b> core[6883ba1bc0fe4ed1]::ops::function::Fn<(&'a std[73adb7dc35730857]::panic::PanicHookInfo<'b>,), Output = ()> + core[6883ba1bc0fe4ed1]::marker::Send + core[6883ba1bc0fe4ed1]::marker::Sync> as core[6883ba1bc0fe4ed1]::ops::function::Fn<(&std[73adb7dc35730857]::panic::PanicHookInfo,)>>::call
[INFO] [stdout]                                at /rustc/6b3fa26749ab40e159b2dd5cf577acaaf5902772/library/alloc/src/boxed.rs:2333:9
[INFO] [stdout]   14:     0x5bc33e4f7672 - std[73adb7dc35730857]::panicking::panic_with_hook
[INFO] [stdout]                                at /rustc/6b3fa26749ab40e159b2dd5cf577acaaf5902772/library/std/src/panicking.rs:823:13
[INFO] [stdout]   15:     0x5bc33e4dafb2 - std[73adb7dc35730857]::panicking::panic_handler::{closure#0}
[INFO] [stdout]                                at /rustc/6b3fa26749ab40e159b2dd5cf577acaaf5902772/library/std/src/panicking.rs:688:13
[INFO] [stdout]   16:     0x5bc33e4d1ee9 - std[73adb7dc35730857]::sys::backtrace::__rust_end_short_backtrace::<std[73adb7dc35730857]::panicking::panic_handler::{closure#0}, !>
[INFO] [stdout]                                at /rustc/6b3fa26749ab40e159b2dd5cf577acaaf5902772/library/std/src/sys/backtrace.rs:182:18
[INFO] [stdout]   17:     0x5bc33e4dbf9d - __rustc[a7b7b02e776dd976]::rust_begin_unwind
[INFO] [stdout]                                at /rustc/6b3fa26749ab40e159b2dd5cf577acaaf5902772/library/std/src/panicking.rs:679:5
[INFO] [stdout]   18:     0x5bc33e51d6cc - core[6883ba1bc0fe4ed1]::panicking::panic_fmt
[INFO] [stdout]                                at /rustc/6b3fa26749ab40e159b2dd5cf577acaaf5902772/library/core/src/panicking.rs:80:14
[INFO] [stdout]   19:     0x5bc33e51d412 - core[6883ba1bc0fe4ed1]::result::unwrap_failed
[INFO] [stdout]                                at /rustc/6b3fa26749ab40e159b2dd5cf577acaaf5902772/library/core/src/result.rs:1870:5
[INFO] [stdout]   20:     0x5bc33d5c2cda - <core[6883ba1bc0fe4ed1]::result::Result<piopulse[e4f7bb0c245a346d]::config::ProjectConfig, alloc[55a36b64bcbf2c0d]::string::String>>::unwrap
[INFO] [stdout]                                at /rustc/6b3fa26749ab40e159b2dd5cf577acaaf5902772/library/core/src/result.rs:1231:23
[INFO] [stdout]   21:     0x5bc33d5c2cda - piopulse[e4f7bb0c245a346d]::app::tests::test_merged_manifest_file_selection_persists_to_project_config
[INFO] [stdout]                                at /opt/rustwide/workdir/src/app.rs:4666:66
[INFO] [stdout]   22:     0x5bc33d5aed07 - piopulse[e4f7bb0c245a346d]::app::tests::test_merged_manifest_file_selection_persists_to_project_config::{closure#0}
[INFO] [stdout]                                at /opt/rustwide/workdir/src/app.rs:4634:72
[INFO] [stdout]   23:     0x5bc33d5f7706 - <piopulse[e4f7bb0c245a346d]::app::tests::test_merged_manifest_file_selection_persists_to_project_config::{closure#0} as core[6883ba1bc0fe4ed1]::ops::function::FnOnce<()>>::call_once
[INFO] [stdout]                                at /rustc/6b3fa26749ab40e159b2dd5cf577acaaf5902772/library/core/src/ops/function.rs:250:5
[INFO] [stdout]   24:     0x5bc33d68ce1b - <fn() -> core[6883ba1bc0fe4ed1]::result::Result<(), alloc[55a36b64bcbf2c0d]::string::String> as core[6883ba1bc0fe4ed1]::ops::function::FnOnce<()>>::call_once
[INFO] [stdout]                                at /rustc/6b3fa26749ab40e159b2dd5cf577acaaf5902772/library/core/src/ops/function.rs:250:5
[INFO] [stdout]   25:     0x5bc33d68ce1b - test[980ffaebd391d06d]::__rust_begin_short_backtrace::<core[6883ba1bc0fe4ed1]::result::Result<(), alloc[55a36b64bcbf2c0d]::string::String>, fn() -> core[6883ba1bc0fe4ed1]::result::Result<(), alloc[55a36b64bcbf2c0d]::string::String>>
[INFO] [stdout]                                at /rustc/6b3fa26749ab40e159b2dd5cf577acaaf5902772/library/test/src/lib.rs:724:18
[INFO] [stdout]   26:     0x5bc33d69a465 - test[980ffaebd391d06d]::run_test_in_process::{closure#0}
[INFO] [stdout]                                at /rustc/6b3fa26749ab40e159b2dd5cf577acaaf5902772/library/test/src/lib.rs:747:74
[INFO] [stdout]   27:     0x5bc33d69a465 - <core[6883ba1bc0fe4ed1]::panic::unwind_safe::AssertUnwindSafe<test[980ffaebd391d06d]::run_test_in_process::{closure#0}> as core[6883ba1bc0fe4ed1]::ops::function::FnOnce<()>>::call_once
[INFO] [stdout]                                at /rustc/6b3fa26749ab40e159b2dd5cf577acaaf5902772/library/core/src/panic/unwind_safe.rs:275:9
[INFO] [stdout]   28:     0x5bc33d69a465 - std[73adb7dc35730857]::panicking::catch_unwind::do_call::<core[6883ba1bc0fe4ed1]::panic::unwind_safe::AssertUnwindSafe<test[980ffaebd391d06d]::run_test_in_process::{closure#0}>, core[6883ba1bc0fe4ed1]::result::Result<(), alloc[55a36b64bcbf2c0d]::string::String>>
[INFO] [stdout]                                at /rustc/6b3fa26749ab40e159b2dd5cf577acaaf5902772/library/std/src/panicking.rs:576:43
[INFO] [stdout]   29:     0x5bc33d69a465 - std[73adb7dc35730857]::panicking::catch_unwind::<core[6883ba1bc0fe4ed1]::result::Result<(), alloc[55a36b64bcbf2c0d]::string::String>, core[6883ba1bc0fe4ed1]::panic::unwind_safe::AssertUnwindSafe<test[980ffaebd391d06d]::run_test_in_process::{closure#0}>>
[INFO] [stdout]                                at /rustc/6b3fa26749ab40e159b2dd5cf577acaaf5902772/library/std/src/panicking.rs:544:19
[INFO] [stdout]   30:     0x5bc33d69a465 - std[73adb7dc35730857]::panic::catch_unwind::<core[6883ba1bc0fe4ed1]::panic::unwind_safe::AssertUnwindSafe<test[980ffaebd391d06d]::run_test_in_process::{closure#0}>, core[6883ba1bc0fe4ed1]::result::Result<(), alloc[55a36b64bcbf2c0d]::string::String>>
[INFO] [stdout]                                at /rustc/6b3fa26749ab40e159b2dd5cf577acaaf5902772/library/std/src/panic.rs:359:14
[INFO] [stdout]   31:     0x5bc33d69a465 - test[980ffaebd391d06d]::run_test_in_process
[INFO] [stdout]                                at /rustc/6b3fa26749ab40e159b2dd5cf577acaaf5902772/library/test/src/lib.rs:747:27
[INFO] [stdout]   32:     0x5bc33d69a465 - test[980ffaebd391d06d]::run_test::{closure#0}
[INFO] [stdout]                                at /rustc/6b3fa26749ab40e159b2dd5cf577acaaf5902772/library/test/src/lib.rs:668:43
[INFO] [stdout]   33:     0x5bc33d694f14 - test[980ffaebd391d06d]::run_test::{closure#1}
[INFO] [stdout]                                at /rustc/6b3fa26749ab40e159b2dd5cf577acaaf5902772/library/test/src/lib.rs:698:41
[INFO] [stdout]   34:     0x5bc33d694f14 - std[73adb7dc35730857]::sys::backtrace::__rust_begin_short_backtrace::<test[980ffaebd391d06d]::run_test::{closure#1}, ()>
[INFO] [stdout]                                at /rustc/6b3fa26749ab40e159b2dd5cf577acaaf5902772/library/std/src/sys/backtrace.rs:166:18
[INFO] [stdout]   35:     0x5bc33d69d5b2 - std[73adb7dc35730857]::thread::lifecycle::spawn_unchecked::<test[980ffaebd391d06d]::run_test::{closure#1}, ()>::{closure#1}::{closure#0}
[INFO] [stdout]                                at /rustc/6b3fa26749ab40e159b2dd5cf577acaaf5902772/library/std/src/thread/lifecycle.rs:70:13
[INFO] [stdout]   36:     0x5bc33d69d5b2 - <core[6883ba1bc0fe4ed1]::panic::unwind_safe::AssertUnwindSafe<std[73adb7dc35730857]::thread::lifecycle::spawn_unchecked<test[980ffaebd391d06d]::run_test::{closure#1}, ()>::{closure#1}::{closure#0}> as core[6883ba1bc0fe4ed1]::ops::function::FnOnce<()>>::call_once
[INFO] [stdout]                                at /rustc/6b3fa26749ab40e159b2dd5cf577acaaf5902772/library/core/src/panic/unwind_safe.rs:275:9
[INFO] [stdout]   37:     0x5bc33d69d5b2 - std[73adb7dc35730857]::panicking::catch_unwind::do_call::<core[6883ba1bc0fe4ed1]::panic::unwind_safe::AssertUnwindSafe<std[73adb7dc35730857]::thread::lifecycle::spawn_unchecked<test[980ffaebd391d06d]::run_test::{closure#1}, ()>::{closure#1}::{closure#0}>, ()>
[INFO] [stdout]                                at /rustc/6b3fa26749ab40e159b2dd5cf577acaaf5902772/library/std/src/panicking.rs:576:43
[INFO] [stdout]   38:     0x5bc33d69d5b2 - std[73adb7dc35730857]::panicking::catch_unwind::<(), core[6883ba1bc0fe4ed1]::panic::unwind_safe::AssertUnwindSafe<std[73adb7dc35730857]::thread::lifecycle::spawn_unchecked<test[980ffaebd391d06d]::run_test::{closure#1}, ()>::{closure#1}::{closure#0}>>
[INFO] [stdout]                                at /rustc/6b3fa26749ab40e159b2dd5cf577acaaf5902772/library/std/src/panicking.rs:544:19
[INFO] [stdout]   39:     0x5bc33d69d5b2 - std[73adb7dc35730857]::panic::catch_unwind::<core[6883ba1bc0fe4ed1]::panic::unwind_safe::AssertUnwindSafe<std[73adb7dc35730857]::thread::lifecycle::spawn_unchecked<test[980ffaebd391d06d]::run_test::{closure#1}, ()>::{closure#1}::{closure#0}>, ()>
[INFO] [stdout]                                at /rustc/6b3fa26749ab40e159b2dd5cf577acaaf5902772/library/std/src/panic.rs:359:14
[INFO] [stdout]   40:     0x5bc33d69d5b2 - std[73adb7dc35730857]::thread::lifecycle::spawn_unchecked::<test[980ffaebd391d06d]::run_test::{closure#1}, ()>::{closure#1}
[INFO] [stdout]                                at /rustc/6b3fa26749ab40e159b2dd5cf577acaaf5902772/library/std/src/thread/lifecycle.rs:68:26
[INFO] [stdout]   41:     0x5bc33d69d5b2 - <std[73adb7dc35730857]::thread::lifecycle::spawn_unchecked<test[980ffaebd391d06d]::run_test::{closure#1}, ()>::{closure#1} as core[6883ba1bc0fe4ed1]::ops::function::FnOnce<()>>::call_once::{shim:vtable#0}
[INFO] [stdout]                                at /rustc/6b3fa26749ab40e159b2dd5cf577acaaf5902772/library/core/src/ops/function.rs:250:5
[INFO] [stdout]   42:     0x5bc33e500b1f - <alloc[55a36b64bcbf2c0d]::boxed::Box<dyn core[6883ba1bc0fe4ed1]::ops::function::FnOnce<(), Output = ()> + core[6883ba1bc0fe4ed1]::marker::Send> as core[6883ba1bc0fe4ed1]::ops::function::FnOnce<()>>::call_once
[INFO] [stdout]                                at /rustc/6b3fa26749ab40e159b2dd5cf577acaaf5902772/library/alloc/src/boxed.rs:2319:9
[INFO] [stdout]   43:     0x5bc33e500b1f - <std[73adb7dc35730857]::sys::thread::unix::Thread>::new::thread_start
[INFO] [stdout]                                at /rustc/6b3fa26749ab40e159b2dd5cf577acaaf5902772/library/std/src/sys/thread/unix.rs:123:17
[INFO] [stdout]   44:     0x74d22281daa4 - <unknown>
[INFO] [stdout]   45:     0x74d2228aaa64 - clone
[INFO] [stdout]   46:                0x0 - <unknown>
[INFO] [stdout] 
[INFO] [stdout] 
[INFO] [stdout] failures:
[INFO] [stdout]     app::tests::test_merged_manifest_file_selection_persists_to_project_config
[INFO] [stdout] 
[INFO] [stdout] test result: FAILED. 65 passed; 1 failed; 0 ignored; 0 measured; 0 filtered out; finished in 0.28s
[INFO] [stdout] 
[INFO] [stderr] error: test failed, to rerun pass `--bin piopulse`
[INFO] running `Command { std: "docker" "inspect" "fa7192968cf571bccd86bcc8198ef17ad37f0001ae3ed65fd9acfcd07b959e8f", kill_on_drop: false }`
[INFO] running `Command { std: "docker" "rm" "-f" "fa7192968cf571bccd86bcc8198ef17ad37f0001ae3ed65fd9acfcd07b959e8f", kill_on_drop: false }`
[INFO] [stdout] fa7192968cf571bccd86bcc8198ef17ad37f0001ae3ed65fd9acfcd07b959e8f
