[INFO] fetching crate alint 0.13.0...
[INFO] testing alint-0.13.0 against 1.98.0-beta.1 for beta-1.98-2
[INFO] extracting crate alint 0.13.0 into /workspace/builds/worker-4-tc2/source
[INFO] started tweaking crates.io crate alint 0.13.0
[INFO] removed 0 missing tests
[INFO] finished tweaking crates.io crate alint 0.13.0
[INFO] tweaked toml for crates.io crate alint 0.13.0 written to /workspace/builds/worker-4-tc2/source/Cargo.toml
[INFO] validating manifest of crates.io crate alint 0.13.0 on toolchain 1.98.0-beta.1
[INFO] running `Command { std: CARGO_HOME="/workspace/cargo-home" RUSTUP_HOME="/workspace/rustup-home" "/workspace/cargo-home/bin/cargo" "+1.98.0-beta.1" "metadata" "--manifest-path" "Cargo.toml" "--no-deps", kill_on_drop: false }`
[INFO] crate crates.io crate alint 0.13.0 already has a lockfile, it will not be regenerated
[INFO] running `Command { std: CARGO_HOME="/workspace/cargo-home" RUSTUP_HOME="/workspace/rustup-home" "/workspace/cargo-home/bin/cargo" "+1.98.0-beta.1" "fetch" "--manifest-path" "Cargo.toml", kill_on_drop: false }`
[INFO] running `Command { std: "docker" "create" "-v" "/var/lib/crater-agent-workspace/builds/worker-4-tc2/source:/opt/rustwide/workdir:ro,Z" "-v" "/var/lib/crater-agent-workspace/builds/worker-4-tc2/target:/opt/rustwide/target:rw,Z" "-v" "/var/lib/crater-agent-workspace/cargo-home:/opt/rustwide/cargo-home:ro,Z" "-v" "/var/lib/crater-agent-workspace/rustup-home:/opt/rustwide/rustup-home:ro,Z" "-m" "1610612736" "--network" "none" "ghcr.io/rust-lang/crates-build-env/linux@sha256:3d5ced03c013a94a2f102a4510f48a6e9184255caf5fd8244f58017bde7f5210" "sleep" "infinity", kill_on_drop: false }`
[INFO] [stdout] 4ab881f7a79a99e3e7a80c38968fc6ce2b30a632c923cec3a1dfc336c37ec963
[INFO] running `Command { std: "docker" "start" "4ab881f7a79a99e3e7a80c38968fc6ce2b30a632c923cec3a1dfc336c37ec963", kill_on_drop: false }`
[INFO] running `Command { std: "docker" "inspect" "4ab881f7a79a99e3e7a80c38968fc6ce2b30a632c923cec3a1dfc336c37ec963", kill_on_drop: false }`
[INFO] running `Command { std: "docker" "exec" "-e" "SOURCE_DIR=/opt/rustwide/workdir" "-e" "CARGO_HOME=/opt/rustwide/cargo-home" "-e" "RUSTUP_HOME=/opt/rustwide/rustup-home" "-e" "CARGO_TARGET_DIR=/opt/rustwide/target" "-w" "/opt/rustwide/workdir" "--user" "0:0" "4ab881f7a79a99e3e7a80c38968fc6ce2b30a632c923cec3a1dfc336c37ec963" "/opt/rustwide/cargo-home/bin/cargo" "+1.98.0-beta.1" "metadata" "--no-deps" "--format-version=1", kill_on_drop: false }`
[INFO] running `Command { std: "docker" "inspect" "4ab881f7a79a99e3e7a80c38968fc6ce2b30a632c923cec3a1dfc336c37ec963", kill_on_drop: false }`
[INFO] running `Command { std: "docker" "exec" "-e" "SOURCE_DIR=/opt/rustwide/workdir" "-e" "CARGO_HOME=/opt/rustwide/cargo-home" "-e" "RUSTUP_HOME=/opt/rustwide/rustup-home" "-e" "CARGO_TARGET_DIR=/opt/rustwide/target" "-e" "CARGO_INCREMENTAL=0" "-e" "RUST_BACKTRACE=full" "-e" "RUSTFLAGS=--cap-lints=warn" "-e" "RUSTDOCFLAGS=--cap-lints=warn" "-w" "/opt/rustwide/workdir" "--user" "0:0" "4ab881f7a79a99e3e7a80c38968fc6ce2b30a632c923cec3a1dfc336c37ec963" "/opt/rustwide/cargo-home/bin/cargo" "+1.98.0-beta.1" "build" "--frozen" "--message-format=json", kill_on_drop: false }`
[INFO] [stderr]    Compiling serde_core v1.0.228
[INFO] [stderr]    Compiling serde v1.0.228
[INFO] [stderr]    Compiling aho-corasick v1.1.4
[INFO] [stderr]    Compiling zerofrom v0.1.7
[INFO] [stderr]    Compiling regex-syntax v0.8.10
[INFO] [stderr]    Compiling serde_json v1.0.150
[INFO] [stderr]    Compiling num-traits v0.2.19
[INFO] [stderr]    Compiling icu_normalizer_data v2.1.1
[INFO] [stderr]    Compiling icu_properties_data v2.1.2
[INFO] [stderr]    Compiling yoke v0.8.2
[INFO] [stderr]    Compiling cc v1.2.61
[INFO] [stderr]    Compiling thiserror-impl v2.0.18
[INFO] [stderr]    Compiling zerovec v0.11.6
[INFO] [stderr]    Compiling zerotrie v0.2.4
[INFO] [stderr]    Compiling tracing v0.1.44
[INFO] [stderr]    Compiling bstr v1.12.1
[INFO] [stderr]    Compiling tinystr v0.8.3
[INFO] [stderr]    Compiling potential_utf v0.1.5
[INFO] [stderr]    Compiling icu_locale_core v2.1.1
[INFO] [stderr]    Compiling icu_collections v2.1.1
[INFO] [stderr]    Compiling num-integer v0.1.46
[INFO] [stderr]    Compiling thiserror v2.0.18
[INFO] [stderr]    Compiling ref-cast-impl v1.0.25
[INFO] [stderr]    Compiling ring v0.17.14
[INFO] [stderr]    Compiling ahash v0.8.12
[INFO] [stderr]    Compiling getrandom v0.3.4
[INFO] [stderr]    Compiling num-bigint v0.4.6
[INFO] [stderr]    Compiling getrandom v0.2.17
[INFO] [stderr]    Compiling ref-cast v1.0.25
[INFO] [stderr]    Compiling untrusted v0.9.0
[INFO] [stderr]    Compiling either v1.15.0
[INFO] [stderr]    Compiling digest v0.11.3
[INFO] [stderr]    Compiling rayon v1.12.0
[INFO] [stderr]    Compiling regex-automata v0.4.14
[INFO] [stderr]    Compiling icu_provider v2.1.1
[INFO] [stderr]    Compiling icu_normalizer v2.1.1
[INFO] [stderr]    Compiling icu_properties v2.1.2
[INFO] [stderr]    Compiling num-rational v0.4.2
[INFO] [stderr]    Compiling serde_yaml_ng v0.10.0
[INFO] [stderr]    Compiling futures-channel v0.3.32
[INFO] [stderr]    Compiling num-iter v0.1.45
[INFO] [stderr]    Compiling num-complex v0.4.6
[INFO] [stderr]    Compiling futures-macro v0.3.32
[INFO] [stderr]    Compiling slab v0.4.12
[INFO] [stderr]    Compiling idna_adapter v1.2.1
[INFO] [stderr]    Compiling rustls v0.23.40
[INFO] [stderr]    Compiling idna v1.1.0
[INFO] [stderr]    Compiling bit-vec v0.8.0
[INFO] [stderr]    Compiling futures-task v0.3.32
[INFO] [stderr]    Compiling borrow-or-share v0.2.4
[INFO] [stderr]    Compiling futures-io v0.3.32
[INFO] [stderr]    Compiling inventory v0.3.24
[INFO] [stderr]    Compiling unicode-general-category v1.1.0
[INFO] [stderr]    Compiling sha2 v0.11.0
[INFO] [stderr]    Compiling bit-set v0.8.0
[INFO] [stderr]    Compiling futures-util v0.3.32
[INFO] [stderr]    Compiling serde_json_path_core v0.2.2
[INFO] [stderr]    Compiling regex v1.12.3
[INFO] [stderr]    Compiling globset v0.4.18
[INFO] [stderr]    Compiling rustls-webpki v0.103.13
[INFO] [stderr]    Compiling hashbrown v0.16.1
[INFO] [stderr]    Compiling ignore v0.4.25
[INFO] [stderr]    Compiling fluent-uri v0.4.1
[INFO] [stderr]    Compiling num v0.4.3
[INFO] [stderr]    Compiling http v1.4.0
[INFO] [stderr]    Compiling serde_derive_internals v0.29.1
[INFO] [stderr]    Compiling pin-project-internal v1.1.13
[INFO] [stderr]    Compiling alint-core v0.13.0
[INFO] [stderr]    Compiling serde_json_path_macros_internal v0.1.2
[INFO] [stderr]    Compiling vsimd v0.8.0
[INFO] [stderr]    Compiling outref v0.5.2
[INFO] [stderr]    Compiling micromap v0.3.0
[INFO] [stderr]    Compiling nom v7.1.3
[INFO] [stderr]    Compiling referencing v0.46.5
[INFO] [stderr]    Compiling uuid-simd v0.8.0
[INFO] [stderr]    Compiling pin-project v1.1.13
[INFO] [stderr]    Compiling ureq-proto v0.6.0
[INFO] [stderr]    Compiling schemars_derive v1.2.1
[INFO] [stderr]    Compiling serde_json_path_macros v0.1.6
[INFO] [stderr]    Compiling tokio v1.52.3
[INFO] [stderr]    Compiling url v2.5.8
[INFO] [stderr]    Compiling object v0.37.3
[INFO] [stderr]    Compiling fraction v0.15.4
[INFO] [stderr]    Compiling fancy-regex v0.18.0
[INFO] [stderr]    Compiling email_address v0.2.9
[INFO] [stderr]    Compiling serde_spanned v1.1.1
[INFO] [stderr]    Compiling toml_datetime v1.1.1+spec-1.1.0
[INFO] [stderr]    Compiling webpki-roots v1.0.7
[INFO] [stderr]    Compiling serde_repr v0.1.20
[INFO] [stderr]    Compiling num-cmp v0.1.0
[INFO] [stderr]    Compiling bytecount v0.6.9
[INFO] [stderr]    Compiling utf8-zero v0.8.1
[INFO] [stderr]    Compiling data-encoding v2.11.0
[INFO] [stderr]    Compiling hashbrown v0.14.5
[INFO] [stderr]    Compiling dyn-clone v1.0.20
[INFO] [stderr]    Compiling portable-atomic v1.13.1
[INFO] [stderr]    Compiling lsp-types v0.94.1
[INFO] [stderr]    Compiling tower v0.4.13
[INFO] [stderr]    Compiling dashmap v5.5.3
[INFO] [stderr]    Compiling jsonschema v0.46.5
[INFO] [stderr]    Compiling toml v1.1.2+spec-1.1.0
[INFO] [stderr]    Compiling schemars v1.2.1
[INFO] [stderr]    Compiling ureq v3.3.0
[INFO] [stderr]    Compiling tokio-util v0.7.18
[INFO] [stderr]    Compiling backtrace v0.3.76
[INFO] [stderr]    Compiling serde_json_path v0.7.2
[INFO] [stderr]    Compiling directories v6.0.0
[INFO] [stderr]    Compiling futures v0.3.32
[INFO] [stderr]    Compiling content_inspector v0.2.4
[INFO] [stderr]    Compiling auto_impl v1.3.0
[INFO] [stderr]    Compiling tower-lsp-macros v0.9.0
[INFO] [stderr]    Compiling roxmltree v0.20.0
[INFO] [stderr]    Compiling clap_builder v4.6.0
[INFO] [stderr]    Compiling backtrace-ext v0.2.1
[INFO] [stderr]    Compiling alint-dsl v0.13.0
[INFO] [stderr]    Compiling alint-rules v0.13.0
[INFO] [stderr]    Compiling console v0.16.3
[INFO] [stderr]    Compiling matchers v0.2.0
[INFO] [stderr]    Compiling miette-derive v7.6.0
[INFO] [stderr]    Compiling unit-prefix v0.5.2
[INFO] [stderr]    Compiling alint v0.13.0 (/opt/rustwide/workdir)
[INFO] [stderr]    Compiling tracing-subscriber v0.3.23
[INFO] [stderr]    Compiling indicatif v0.18.4
[INFO] [stderr]    Compiling miette v7.6.0
[INFO] [stderr]    Compiling clap v4.6.1
[INFO] [stderr]    Compiling alint-output v0.13.0
[INFO] [stderr]    Compiling tower-lsp v0.20.0
[INFO] [stderr]    Compiling alint-lsp v0.13.0
[INFO] [stderr]     Finished `dev` profile [unoptimized + debuginfo] target(s) in 3m 06s
[INFO] running `Command { std: "docker" "inspect" "4ab881f7a79a99e3e7a80c38968fc6ce2b30a632c923cec3a1dfc336c37ec963", kill_on_drop: false }`
[INFO] running `Command { std: "docker" "exec" "-e" "SOURCE_DIR=/opt/rustwide/workdir" "-e" "CARGO_HOME=/opt/rustwide/cargo-home" "-e" "RUSTUP_HOME=/opt/rustwide/rustup-home" "-e" "CARGO_TARGET_DIR=/opt/rustwide/target" "-e" "CARGO_INCREMENTAL=0" "-e" "RUST_BACKTRACE=full" "-e" "RUSTFLAGS=--cap-lints=warn" "-e" "RUSTDOCFLAGS=--cap-lints=warn" "-w" "/opt/rustwide/workdir" "--user" "0:0" "4ab881f7a79a99e3e7a80c38968fc6ce2b30a632c923cec3a1dfc336c37ec963" "/opt/rustwide/cargo-home/bin/cargo" "+1.98.0-beta.1" "test" "--frozen" "--no-run" "--message-format=json", kill_on_drop: false }`
[INFO] [stderr]    Compiling libc v0.2.186
[INFO] [stderr]    Compiling serde v1.0.228
[INFO] [stderr]    Compiling serde_json v1.0.150
[INFO] [stderr]    Compiling shlex v1.3.0
[INFO] [stderr]    Compiling rustix v1.1.4
[INFO] [stderr]    Compiling winnow v1.0.2
[INFO] [stderr]    Compiling toml_datetime v1.1.1+spec-1.1.0
[INFO] [stderr]    Compiling serde_spanned v1.1.1
[INFO] [stderr]    Compiling toml_writer v1.1.1+spec-1.1.0
[INFO] [stderr]    Compiling cc v1.2.61
[INFO] [stderr]    Compiling getrandom v0.4.2
[INFO] [stderr]    Compiling nix v0.28.0
[INFO] [stderr]    Compiling thiserror-impl v1.0.69
[INFO] [stderr]    Compiling snapbox-macros v1.1.0
[INFO] [stderr]    Compiling normalize-line-endings v0.3.0
[INFO] [stderr]    Compiling similar v2.7.0
[INFO] [stderr]    Compiling serde_yaml_ng v0.10.0
[INFO] [stderr]    Compiling toml_parser v1.1.2+spec-1.1.0
[INFO] [stderr]    Compiling serde_json_path_core v0.2.2
[INFO] [stderr]    Compiling fluent-uri v0.4.1
[INFO] [stderr]    Compiling ring v0.17.14
[INFO] [stderr]    Compiling parking_lot_core v0.9.12
[INFO] [stderr]    Compiling getrandom v0.2.17
[INFO] [stderr]    Compiling getrandom v0.3.4
[INFO] [stderr]    Compiling parking_lot v0.12.5
[INFO] [stderr]    Compiling ahash v0.8.12
[INFO] [stderr]    Compiling alint-core v0.13.0
[INFO] [stderr]    Compiling serde_json_path_macros v0.1.6
[INFO] [stderr]    Compiling dirs-sys v0.5.0
[INFO] [stderr]    Compiling email_address v0.2.9
[INFO] [stderr]    Compiling referencing v0.46.5
[INFO] [stderr]    Compiling url v2.5.8
[INFO] [stderr]    Compiling directories v6.0.0
[INFO] [stderr]    Compiling serde_json_path v0.7.2
[INFO] [stderr]    Compiling dashmap v5.5.3
[INFO] [stderr]    Compiling jsonschema v0.46.5
[INFO] [stderr]    Compiling backtrace v0.3.76
[INFO] [stderr]    Compiling lsp-types v0.94.1
[INFO] [stderr]    Compiling toml v1.1.2+spec-1.1.0
[INFO] [stderr]    Compiling schemars v1.2.1
[INFO] [stderr]    Compiling tempfile v3.27.0
[INFO] [stderr]    Compiling rustls v0.23.40
[INFO] [stderr]    Compiling backtrace-ext v0.2.1
[INFO] [stderr]    Compiling terminal_size v0.4.4
[INFO] [stderr]    Compiling filetime v0.2.27
[INFO] [stderr]    Compiling os_pipe v1.2.3
[INFO] [stderr]    Compiling console v0.16.3
[INFO] [stderr]    Compiling wait-timeout v0.2.1
[INFO] [stderr]    Compiling thiserror v1.0.69
[INFO] [stderr]    Compiling humantime v2.3.0
[INFO] [stderr]    Compiling dunce v1.0.5
[INFO] [stderr]    Compiling miette v7.6.0
[INFO] [stderr]    Compiling rustls-webpki v0.103.13
[INFO] [stderr]    Compiling humantime-serde v1.1.1
[INFO] [stderr]    Compiling snapbox v1.2.1
[INFO] [stderr]    Compiling alint v0.13.0 (/opt/rustwide/workdir)
[INFO] [stderr]    Compiling filedescriptor v0.8.3
[INFO] [stderr]    Compiling alint-rules v0.13.0
[INFO] [stderr]    Compiling indicatif v0.18.4
[INFO] [stderr]    Compiling alint-output v0.13.0
[INFO] [stderr]    Compiling serial2 v0.2.36
[INFO] [stderr]    Compiling toml_edit v0.25.11+spec-1.1.0
[INFO] [stderr]    Compiling automod v1.0.16
[INFO] [stderr]    Compiling shell-words v1.1.1
[INFO] [stderr]    Compiling portable-pty v0.9.0
[INFO] [stderr]    Compiling trycmd v1.2.0
[INFO] [stderr]    Compiling ureq v3.3.0
[INFO] [stderr]    Compiling alint-dsl v0.13.0
[INFO] [stderr]    Compiling tower-lsp v0.20.0
[INFO] [stderr]    Compiling alint-lsp v0.13.0
[INFO] [stderr]     Finished `test` profile [unoptimized + debuginfo] target(s) in 2m 13s
[INFO] running `Command { std: "docker" "inspect" "4ab881f7a79a99e3e7a80c38968fc6ce2b30a632c923cec3a1dfc336c37ec963", kill_on_drop: false }`
[INFO] running `Command { std: "docker" "exec" "-e" "SOURCE_DIR=/opt/rustwide/workdir" "-e" "CARGO_HOME=/opt/rustwide/cargo-home" "-e" "RUSTUP_HOME=/opt/rustwide/rustup-home" "-e" "CARGO_TARGET_DIR=/opt/rustwide/target" "-e" "CARGO_INCREMENTAL=0" "-e" "RUST_BACKTRACE=full" "-e" "RUSTFLAGS=--cap-lints=warn" "-e" "RUSTDOCFLAGS=--cap-lints=warn" "-w" "/opt/rustwide/workdir" "--user" "0:0" "4ab881f7a79a99e3e7a80c38968fc6ce2b30a632c923cec3a1dfc336c37ec963" "/opt/rustwide/cargo-home/bin/cargo" "+1.98.0-beta.1" "test" "--frozen", kill_on_drop: false }`
[INFO] [stderr]    Compiling alint v0.13.0 (/opt/rustwide/workdir)
[INFO] [stderr]     Finished `test` profile [unoptimized + debuginfo] target(s) in 11.40s
[INFO] [stderr]      Running unittests src/main.rs (/opt/rustwide/target/debug/deps/alint-1bb10b29d1ecdfce)
[INFO] [stdout] 
[INFO] [stdout] running 86 tests
[INFO] [stdout] test export_agents_md::markdown::tests::omits_empty_severity_sections ... ok
[INFO] [stdout] test export_agents_md::markdown::tests::empty_set_produces_minimal_section ... ok
[INFO] [stdout] test export_agents_md::markdown::tests::output_ends_with_trailing_newline ... ok
[INFO] [stdout] test export_agents_md::markdown::tests::policy_url_renders_as_markdown_link ... ok
[INFO] [stdout] test export_agents_md::markdown::tests::output_uses_lf_line_endings_only ... ok
[INFO] [stdout] test export_agents_md::markdown::tests::renders_three_severity_sections ... ok
[INFO] [stdout] test export_agents_md::splice::tests::appends_to_empty_or_missing_file ... ok
[INFO] [stdout] test export_agents_md::splice::tests::rejects_orphan_start ... ok
[INFO] [stdout] test export_agents_md::splice::tests::rejects_multiple_start_markers ... ok
[INFO] [stdout] test export_agents_md::markdown::tests::round_trip_identical_when_inputs_match ... ok
[INFO] [stdout] test export_agents_md::splice::tests::rejects_orphan_end ... ok
[INFO] [stdout] test export_agents_md::splice::tests::appends_when_target_has_no_markers ... ok
[INFO] [stdout] test export_agents_md::tests::epoch_to_civil_round_trips_2026_04_28 ... ok
[INFO] [stdout] test export_agents_md::splice::tests::round_trip_identity_no_write ... ok
[INFO] [stdout] test export_agents_md::tests::json_envelope_is_stable_shape ... ok
[INFO] [stdout] test export_agents_md::tests::missing_message_falls_back_to_kind ... ok
[INFO] [stdout] test export_agents_md::tests::off_rules_always_skipped ... ok
[INFO] [stdout] test export_agents_md::tests::output_format_parses_two_options ... ok
[INFO] [stdout] test export_agents_md::tests::sorts_severity_desc_then_id_asc ... ok
[INFO] [stdout] test init::tests::cargo_without_workspace_table_is_not_a_workspace ... ok
[INFO] [stdout] test export_agents_md::splice::tests::splices_in_place_when_markers_present ... ok
[INFO] [stdout] test export_agents_md::tests::info_skipped_unless_include_info ... ok
[INFO] [stdout] test init::tests::detects_cargo_workspace_with_monorepo_flag ... ok
[INFO] [stdout] test init::tests::detects_go_via_go_mod ... ok
[INFO] [stdout] test init::tests::detects_no_languages_in_empty_dir ... ok
[INFO] [stdout] test init::tests::detects_polyglot_repos ... ok
[INFO] [stdout] test init::tests::detects_node_via_package_json ... ok
[INFO] [stdout] test init::tests::detects_java_via_pom_or_gradle ... ok
[INFO] [stdout] test init::tests::detects_python_via_any_of_three_manifests ... ok
[INFO] [stdout] test init::tests::detects_rust_via_cargo_toml ... ok
[INFO] [stdout] test init::tests::detects_pnpm_workspace ... ok
[INFO] [stdout] test init::tests::render_includes_detection_summary_in_header ... ok
[INFO] [stdout] test init::tests::render_omits_detection_line_for_empty_detection ... ok
[INFO] [stdout] test init::tests::render_polyglot_extends_each_language ... ok
[INFO] [stdout] test progress::tests::from_str_round_trip ... ok
[INFO] [stdout] test progress::tests::never_mode_resolves_to_hidden ... ok
[INFO] [stdout] test progress::tests::null_handle_methods_are_noops ... ok
[INFO] [stdout] test progress::tests::phase_null_methods_no_panic ... ok
[INFO] [stdout] test suggest::output::tests::epoch_to_civil_known_dates ... ok
[INFO] [stdout] test suggest::output::tests::human_empty_set_states_so ... ok
[INFO] [stdout] test suggest::output::tests::human_explain_surfaces_evidence ... ok
[INFO] [stdout] test suggest::output::tests::human_renders_summary_and_one_line_per_proposal ... ok
[INFO] [stdout] test suggest::output::tests::timestamp_now_format_matches_rfc3339_shape ... ok
[INFO] [stdout] test suggest::proposal::tests::confidence_floor_filters_with_partial_ord ... ok
[INFO] [stdout] test suggest::output::tests::yaml_separates_extends_and_rules_blocks ... ok
[INFO] [stdout] test suggest::proposal::tests::confidence_orders_low_below_high ... ok
[INFO] [stdout] test suggest::proposal::tests::proposal_bundled_helpers_round_trip ... ok
[INFO] [stdout] test suggest::scan::tests::binary_filter_skips_common_assets ... ok
[INFO] [stdout] test suggest::output::tests::json_emits_stable_envelope ... ok
[INFO] [stdout] test init::tests::cargo_workspace_takes_precedence_over_yarn_when_both_match ... ok
[INFO] [stdout] test init::tests::render_workspace_adds_monorepo_overlay_and_nested_configs ... ok
[INFO] [stdout] test init::tests::workspace_detection_off_by_default ... ok
[INFO] [stdout] test suggest::suggesters::antipattern::tests::detects_backup_suffix_variants ... ok
[INFO] [stdout] test suggest::suggesters::antipattern::tests::detects_scratch_doc_at_root_only ... ok
[INFO] [stdout] test suggest::scan::tests::empty_repo_scan_walks_zero_entries ... ok
[INFO] [stdout] test init::tests::detects_yarn_workspace_via_package_json_workspaces_field ... ok
[INFO] [stdout] test suggest::suggesters::antipattern::tests::flags_js_ts_extensions_only ... ok
[INFO] [stdout] test suggest::suggesters::antipattern::tests::backup_file_alone_proposes_agent_hygiene ... ok
[INFO] [stdout] test suggest::suggesters::bundled::tests::always_proposes_oss_baseline ... ok
[INFO] [stdout] test suggest::suggesters::bundled::tests::proposes_per_language_ruleset_when_detected ... ok
[INFO] [stdout] test suggest::suggesters::bundled::tests::proposes_workspace_overlay_when_detected ... ok
[INFO] [stdout] test suggest::suggesters::todo_age::tests::future_dates_dont_panic ... ok
[INFO] [stdout] test suggest::suggesters::antipattern::tests::empty_repo_proposes_nothing ... ok
[INFO] [stdout] test suggest::suggesters::todo_age::tests::source_file_filter_covers_common_extensions ... ok
[INFO] [stdout] test suggest::tests::confidence_parses_three_levels ... ok
[INFO] [stdout] test suggest::suggesters::todo_age::tests::no_op_outside_git ... ok
[INFO] [stdout] test tests::fact_kind_name_covers_every_variant ... ok
[INFO] [stdout] test suggest::suggesters::todo_age::tests::counts_only_old_marker_lines ... ok
[INFO] [stdout] test suggest::scan::tests::extends_list_reads_string_entries ... ok
[INFO] [stdout] test suggest::tests::output_format_parses_three_options ... ok
[INFO] [stdout] test tests::fact_value_display_renders_each_variant ... ok
[INFO] [stdout] test init::tests::render_minimal_repo_extends_only_oss_baseline ... ok
[INFO] [stdout] test tests::fact_value_json_preserves_native_types ... ok
[INFO] [stdout] test tests::human_render_marks_unresolved_facts_when_value_is_missing ... ok
[INFO] [stdout] test tests::human_render_aligns_columns_and_covers_each_value_kind ... ok
[INFO] [stdout] test tests::human_render_reports_no_facts_message ... ok
[INFO] [stdout] test tests::json_render_missing_value_becomes_null ... ok
[INFO] [stdout] test tests::json_render_emits_versioned_document_shape ... ok
[INFO] [stdout] test tests::json_render_empty_list_is_empty_array_not_null ... ok
[INFO] [stdout] test tests::url_encode_handles_unicode ... ok
[INFO] [stdout] test suggest::scan::tests::malformed_config_doesnt_error_scan ... ok
[INFO] [stdout] test suggest::suggesters::antipattern::tests::skips_test_paths ... ok
[INFO] [stdout] test tests::url_encode_percent_encodes_reserved_and_unsafe ... ok
[INFO] [stdout] test tests::url_encode_passes_through_unreserved_chars ... ok
[INFO] [stdout] test tests::render_facts_dispatches_on_format ... ok
[INFO] [stdout] test suggest::scan::tests::extends_list_reads_mapping_entries ... ok
[INFO] [stdout] 
[INFO] [stdout] test result: ok. 86 passed; 0 failed; 0 ignored; 0 measured; 0 filtered out; finished in 0.04s
[INFO] [stdout] 
[INFO] [stderr]      Running tests/cli.rs (/opt/rustwide/target/debug/deps/cli-fb6cd296c5cc6c8b)
[INFO] [stdout] 
[INFO] [stdout] running 1 test
[INFO] [stderr] Testing tests/cli/check-with-extends.toml ... ok 27ms 246us 748ns
[INFO] [stderr] Testing tests/cli/agent-format.toml ... ok 26ms 528us 48ns
[INFO] [stderr] Testing tests/cli/agent-format.toml:teardown ... ok
[INFO] [stderr] Testing tests/cli/junit-format.toml ... ok 27ms 71us 758ns
[INFO] [stderr] Testing tests/cli/junit-format.toml:teardown ... ok
[INFO] [stderr] Testing tests/cli/explain-unknown-rule.toml ... ok 27ms 830us 428ns
[INFO] [stderr] Testing tests/cli/explain-unknown-rule.toml:teardown ... ok
[INFO] [stderr] Testing tests/cli/check-config-file-missing.toml ... ok 34ms 323us 847ns
[INFO] [stderr] Testing tests/cli/check-config-file-missing.toml:teardown ... ok
[INFO] [stderr] Testing tests/cli/check-changed-non-git.toml ... ok 9ms 131us 199ns
[INFO] [stderr] Testing tests/cli/check-changed-non-git.toml:teardown ... ok
[INFO] [stderr] Testing tests/cli/help-check.toml ... ok 46ms 783us 56ns
[INFO] [stderr] Testing tests/cli/list.toml ... ok 20ms 303us 448ns
[INFO] [stderr] Testing tests/cli/explain.toml ... ok 22ms 250us 288ns
[INFO] [stderr] Testing tests/cli/check-fail-on-warning-exit.toml ... ok 22ms 67us 609ns
[INFO] [stderr] Testing tests/cli/check-fail-on-warning-exit.toml:teardown ... ok
[INFO] [stderr] Testing tests/cli/export-agents-md-markdown.toml ... ok 7ms 907us 480ns
[INFO] [stderr] Testing tests/cli/export-agents-md-markdown.toml:teardown ... ok
[INFO] [stderr] Testing tests/cli/check-malformed-config.toml ... ok 6ms 516us 639ns
[INFO] [stderr] Testing tests/cli/check-malformed-config.toml:teardown ... ok
[INFO] [stderr] Testing tests/cli/help-suggest.toml ... ok 66ms 137us 165ns
[INFO] [stderr] Testing tests/cli/help-top-level.toml ... ok 20ms 109us 639ns
[INFO] [stderr] Testing tests/cli/help-facts.toml ... ok 95ms 863us 33ns
[INFO] [stderr] Testing tests/cli/init-empty.toml ... ok 6ms 59us 60ns
[INFO] [stderr] Testing tests/cli/init-empty.toml:teardown ... ok
[INFO] [stderr] Testing tests/cli/init-monorepo-cargo.toml ... failed 5ms 610us 130ns
[INFO] [stderr] Exit: success
[INFO] [stderr] 
[INFO] [stderr] ---- expected: stdout
[INFO] [stderr] ++++ actual:   stdout
[INFO] [stderr]    1      - Wrote ./.alint.yml — detected: Rust, Cargo workspace.
[INFO] [stderr]    2      -   Run `alint check` to lint against the generated config.
[INFO] [stderr]         1 + Wrote ./.alint.yml — extends `oss-baseline@v1` only.
[INFO] [stderr]         2 +   No language manifests detected. Add an `extends:` line for your stack (`alint://bundled/rust@v1`, `node@v1`, …) when ready.
[INFO] [stderr] stderr:
[INFO] [stderr] 
[INFO] [stderr] Testing tests/cli/init-monorepo-cargo.toml:teardown ... ok
[INFO] [stderr] Testing tests/cli/cliclor-force-emits-on-non-tty.toml ... ok 75ms 224us 855ns
[INFO] [stderr] Testing tests/cli/cliclor-force-emits-on-non-tty.toml:teardown ... ok
[INFO] [stderr] Testing tests/cli/init-refuses-overwrite.toml ... ok 15ms 623us 18ns
[INFO] [stderr] Testing tests/cli/init-refuses-overwrite.toml:teardown ... ok
[INFO] [stderr] Testing tests/cli/check-violates.toml ... ok 56ms 446us 256ns
[INFO] [stderr] Testing tests/cli/facts-empty.toml ... ok 67ms 401us 945ns
[INFO] [stderr] Testing tests/cli/json-format-ignores-color-flag.toml ... ok 21ms 697us 459ns
[INFO] [stderr] Testing tests/cli/json-format-ignores-color-flag.toml:teardown ... ok
[INFO] [stderr] Testing tests/cli/facts-json.toml ... ok 17ms 519us 939ns
[INFO] [stderr] Testing tests/cli/help-explain.toml ... ok 100ms 46us 53ns
[INFO] [stderr] Testing tests/cli/help-init.toml ... ok 25ms 626us 939ns
[INFO] [stderr] Testing tests/cli/help-fix.toml ... ok 68ms 883us 375ns
[INFO] [stderr] Testing tests/cli/facts.toml ... ok 21ms 983us 488ns
[INFO] [stderr] Testing tests/cli/json-format.toml ... ok 30ms 610us 598ns
[INFO] [stderr] Testing tests/cli/check-clean.toml ... ok 139ms 79us 720ns
[INFO] [stderr] Testing tests/cli/markdown-format.toml ... ok 129ms 354us 711ns
[INFO] [stderr] Testing tests/cli/markdown-format.toml:teardown ... ok
[INFO] [stderr] Testing tests/cli/color-always-overrides-no-color.toml ... ok 77ms 591us 264ns
[INFO] [stderr] Testing tests/cli/color-always-overrides-no-color.toml:teardown ... ok
[INFO] [stderr] Testing tests/cli/suggest-empty.toml ... ok 18ms 966us 839ns
[INFO] [stderr] Testing tests/cli/suggest-empty.toml:teardown ... ok
[INFO] [stderr] Testing tests/cli/help-list.toml ... ok 50ms 531us 727ns
[INFO] [stderr] Testing tests/cli/no-args-defaults-to-check.toml ... ok 24ms 906us 858ns
[INFO] [stderr] Testing tests/cli/fail-on-warning-triggers.toml ... ok 35ms 680us 297ns
[INFO] [stderr] Testing tests/cli/fix-file-remove.toml ... ok 23ms 550us 518ns
[INFO] [stderr] Testing tests/cli/fix-file-remove.toml:teardown ... ok
[INFO] [stderr] Testing tests/cli/fix-apply.toml ... ok 35ms 690us 298ns
[INFO] [stderr] Testing tests/cli/fix-apply.toml:teardown ... ok
[INFO] [stderr] Testing tests/cli/suggest-progress-always-emits-summary.toml ... failed 26ms 64us 568ns
[INFO] [stderr] Exit: success
[INFO] [stderr] 
[INFO] [stderr] ---- expected: stdout
[INFO] [stderr] ++++ actual:   stdout
[INFO] [stderr]    1      - Found 2 proposals (sorted by confidence):
[INFO] [stderr]         1 + Found 1 proposal (sorted by confidence):
[INFO] [stderr]    2    2 | 
[INFO] [stderr]    3    3 |   ✓ [  high] alint://bundled/oss-baseline@v1
[INFO] [stderr]    4    4 |     Universal OSS hygiene baseline.
[INFO] [stderr]    5    5 | 
[INFO] [stderr]    6      -   ✓ [  high] alint://bundled/rust@v1
[INFO] [stderr]    7      -     Rust project detected — extend the language ruleset.
[INFO] [stderr]    8      - 
[INFO] [stderr]    9    6 | Run with --format yaml to print as a config snippet.
[INFO] [stderr]   10    7 | Run with --explain to see file-level evidence.
[INFO] [stderr] 
[INFO] [stderr] ---- expected: stderr
[INFO] [stderr] ++++ actual:   stderr
[INFO] [stderr]    1    1 | · Scanning repository
[INFO] [stderr]    2      - · Walking repository — Walked 1 entries
[INFO] [stderr]         2 + · Walking repository — Walked 0 entries
[INFO] [stderr]    3    3 | · Matching bundled rulesets
[INFO] [stderr]    4    4 | · Scanning for agent-hygiene antipatterns — Antipattern scan complete
[INFO] [stderr]    5      - alint: 2 proposals (2 high) — [..]s
[INFO] [stderr]         5 + alint: 1 proposal (1 high) — 0.0s
[INFO] [stderr] Testing tests/cli/suggest-progress-always-emits-summary.toml:teardown ... ok
[INFO] [stderr] Testing tests/cli/help-export-agents-md.toml ... ok 68ms 664us 766ns
[INFO] [stderr] Testing tests/cli/color-always-passes-through.toml ... ok 53ms 277us 216ns
[INFO] [stderr] Testing tests/cli/color-always-passes-through.toml:teardown ... ok
[INFO] [stderr] Testing tests/cli/color-never-strips-ansi.toml ... ok 22ms 23us 348ns
[INFO] [stderr] Testing tests/cli/color-never-strips-ansi.toml:teardown ... ok
[INFO] [stderr] Testing tests/cli/fix-dry-run.toml ... ok 20ms 243us 328ns
[INFO] [stderr] Testing tests/cli/no-color-env-strips-output.toml ... ok 17ms 396us 949ns
[INFO] [stderr] Testing tests/cli/no-color-env-strips-output.toml:teardown ... ok
[INFO] [stderr] Testing tests/cli/no-config.toml ... ok 14ms 403us 379ns
[INFO] [stderr] Testing tests/cli/suggest-progress-never-silences-stderr.toml ... ok 29ms 698us 588ns
[INFO] [stderr] Testing tests/cli/suggest-progress-never-silences-stderr.toml:teardown ... ok
[INFO] [stderr] Testing tests/cli/fix-file-rename.toml ... ok 29ms 964us 848ns
[INFO] [stderr] Testing tests/cli/fix-file-rename.toml:teardown ... ok
[INFO] [stderr] Testing tests/cli/validate-config-clean.toml ... ok 12ms 624us 579ns
[INFO] [stderr] Testing tests/cli/validate-config-clean.toml:teardown ... ok
[INFO] [stderr] Testing tests/cli/fix-file-append.toml ... ok 16ms 757us 759ns
[INFO] [stderr] Testing tests/cli/fix-file-append.toml:teardown ... ok
[INFO] [stderr] Testing tests/cli/color-never-overrides-cliclor-force.toml ... ok 30ms 483us 258ns
[INFO] [stderr] Testing tests/cli/color-never-overrides-cliclor-force.toml:teardown ... ok
[INFO] [stderr] Testing tests/cli/suggest-rust-yaml.toml ... failed 28ms 333us 78ns
[INFO] [stderr] Exit: success
[INFO] [stderr] 
[INFO] [stderr] ---- expected: stdout
[INFO] [stderr] ++++ actual:   stdout
[INFO] [stderr]    1    1 | # Generated by `alint suggest`. Review before adopting.
[INFO] [stderr]    2    2 | 
[INFO] [stderr]    3    3 | extends:
[INFO] [stderr]    4    4 |   - alint://bundled/oss-baseline@v1
[INFO] [stderr]    5      -   - alint://bundled/rust@v1
[INFO] [stderr]    6    5 | 
[INFO] [stderr] stderr:
[INFO] [stderr] 
[INFO] [stderr] Testing tests/cli/suggest-rust-yaml.toml:teardown ... ok
[INFO] [stderr] Testing tests/cli/compact-format.toml ... ok 51ms 724us 136ns
[INFO] [stderr] Testing tests/cli/unknown-rule-kind.toml ... ok 10ms 915us 259ns
[INFO] [stderr] Testing tests/cli/sarif-format.toml ... ok 24ms 860us 569ns
[INFO] [stderr] Testing tests/cli/validate-config-malformed.toml ... ok 16ms 674us 829ns
[INFO] [stderr] Testing tests/cli/validate-config-malformed.toml:teardown ... ok
[INFO] [stderr] Testing tests/cli/github-format.toml ... ok 23ms 735us 428ns
[INFO] [stderr] Testing tests/cli/suggest-quiet-no-stderr.toml ... ok 27ms 608us 368ns
[INFO] [stderr] Testing tests/cli/suggest-quiet-no-stderr.toml:teardown ... ok
[INFO] [stderr] Testing tests/cli/gitlab-format.toml ... ok 27ms 10us 938ns
[INFO] [stderr] Testing tests/cli/gitlab-format.toml:teardown ... ok
[INFO] [stderr] Testing tests/cli/fix-file-prepend.toml ... ok 66ms 598us 956ns
[INFO] [stderr] Testing tests/cli/fix-file-prepend.toml:teardown ... ok
[INFO] [stderr] Update snapshots with `TRYCMD=overwrite`
[INFO] [stderr] Debug output with `TRYCMD=dump`
[INFO] [stdout] test cli_tests ... FAILED
[INFO] [stdout] 
[INFO] [stdout] failures:
[INFO] [stdout] 
[INFO] [stdout] ---- cli_tests stdout ----
[INFO] [stdout] 
[INFO] [stdout] thread 'cli_tests' (3719) panicked at /opt/rustwide/cargo-home/registry/src/index.crates.io-1949cf8c6b5b557f/trycmd-1.2.0/src/runner.rs:123:17:
[INFO] [stdout] 3 of 58 tests failed
[INFO] [stdout] stack backtrace:
[INFO] [stdout]    0:     0x5d9c7f3abff1 - std[73adb7dc35730857]::backtrace_rs::backtrace::libunwind::trace
[INFO] [stdout]                                at /rustc/6b3fa26749ab40e159b2dd5cf577acaaf5902772/library/std/src/../../backtrace/src/backtrace/libunwind.rs:117:9
[INFO] [stdout]    1:     0x5d9c7f3abff1 - std[73adb7dc35730857]::backtrace_rs::backtrace::trace_unsynchronized::<std[73adb7dc35730857]::sys::backtrace::_print_fmt::{closure#1}>
[INFO] [stdout]                                at /rustc/6b3fa26749ab40e159b2dd5cf577acaaf5902772/library/std/src/../../backtrace/src/backtrace/mod.rs:66:14
[INFO] [stdout]    2:     0x5d9c7f3abff1 - std[73adb7dc35730857]::sys::backtrace::_print_fmt
[INFO] [stdout]                                at /rustc/6b3fa26749ab40e159b2dd5cf577acaaf5902772/library/std/src/sys/backtrace.rs:74:9
[INFO] [stdout]    3:     0x5d9c7f3abff1 - <<std[73adb7dc35730857]::sys::backtrace::BacktraceLock>::print::DisplayBacktrace as core[6883ba1bc0fe4ed1]::fmt::Display>::fmt
[INFO] [stdout]                                at /rustc/6b3fa26749ab40e159b2dd5cf577acaaf5902772/library/std/src/sys/backtrace.rs:44:26
[INFO] [stdout]    4:     0x5d9c7f3c243a - <core[6883ba1bc0fe4ed1]::fmt::rt::Argument>::fmt
[INFO] [stdout]                                at /rustc/6b3fa26749ab40e159b2dd5cf577acaaf5902772/library/core/src/fmt/rt.rs:152:76
[INFO] [stdout]    5:     0x5d9c7f3c243a - core[6883ba1bc0fe4ed1]::fmt::write
[INFO] [stdout]    6:     0x5d9c7f3b155c - std[73adb7dc35730857]::io::default_write_fmt::<alloc[55a36b64bcbf2c0d]::vec::Vec<u8>>
[INFO] [stdout]                                at /rustc/6b3fa26749ab40e159b2dd5cf577acaaf5902772/library/std/src/io/mod.rs:626:11
[INFO] [stdout]    7:     0x5d9c7f3b155c - <alloc[55a36b64bcbf2c0d]::vec::Vec<u8> as std[73adb7dc35730857]::io::Write>::write_fmt
[INFO] [stdout]                                at /rustc/6b3fa26749ab40e159b2dd5cf577acaaf5902772/library/std/src/io/mod.rs:1730:13
[INFO] [stdout]    8:     0x5d9c7f385686 - <std[73adb7dc35730857]::sys::backtrace::BacktraceLock>::print
[INFO] [stdout]                                at /rustc/6b3fa26749ab40e159b2dd5cf577acaaf5902772/library/std/src/sys/backtrace.rs:47:9
[INFO] [stdout]    9:     0x5d9c7f385686 - std[73adb7dc35730857]::panicking::default_hook::{closure#0}
[INFO] [stdout]                                at /rustc/6b3fa26749ab40e159b2dd5cf577acaaf5902772/library/std/src/panicking.rs:292:27
[INFO] [stdout]   10:     0x5d9c7f3a1bc9 - std[73adb7dc35730857]::panicking::default_hook
[INFO] [stdout]                                at /rustc/6b3fa26749ab40e159b2dd5cf577acaaf5902772/library/std/src/panicking.rs:316:9
[INFO] [stdout]   11:     0x5d9c7f339140 - <alloc[55a36b64bcbf2c0d]::boxed::Box<dyn for<'a, 'b> core[6883ba1bc0fe4ed1]::ops::function::Fn<(&'a std[73adb7dc35730857]::panic::PanicHookInfo<'b>,), Output = ()> + core[6883ba1bc0fe4ed1]::marker::Send + core[6883ba1bc0fe4ed1]::marker::Sync> as core[6883ba1bc0fe4ed1]::ops::function::Fn<(&std[73adb7dc35730857]::panic::PanicHookInfo,)>>::call
[INFO] [stdout]                                at /rustc/6b3fa26749ab40e159b2dd5cf577acaaf5902772/library/alloc/src/boxed.rs:2333:9
[INFO] [stdout]   12:     0x5d9c7f339140 - test[980ffaebd391d06d]::test_main_inner::<test[980ffaebd391d06d]::test_main_static::{closure#0}>::{closure#0}
[INFO] [stdout]                                at /rustc/6b3fa26749ab40e159b2dd5cf577acaaf5902772/library/test/src/lib.rs:155:21
[INFO] [stdout]   13:     0x5d9c7f3a1ef2 - <alloc[55a36b64bcbf2c0d]::boxed::Box<dyn for<'a, 'b> core[6883ba1bc0fe4ed1]::ops::function::Fn<(&'a std[73adb7dc35730857]::panic::PanicHookInfo<'b>,), Output = ()> + core[6883ba1bc0fe4ed1]::marker::Send + core[6883ba1bc0fe4ed1]::marker::Sync> as core[6883ba1bc0fe4ed1]::ops::function::Fn<(&std[73adb7dc35730857]::panic::PanicHookInfo,)>>::call
[INFO] [stdout]                                at /rustc/6b3fa26749ab40e159b2dd5cf577acaaf5902772/library/alloc/src/boxed.rs:2333:9
[INFO] [stdout]   14:     0x5d9c7f3a1ef2 - std[73adb7dc35730857]::panicking::panic_with_hook
[INFO] [stdout]                                at /rustc/6b3fa26749ab40e159b2dd5cf577acaaf5902772/library/std/src/panicking.rs:823:13
[INFO] [stdout]   15:     0x5d9c7f385732 - std[73adb7dc35730857]::panicking::panic_handler::{closure#0}
[INFO] [stdout]                                at /rustc/6b3fa26749ab40e159b2dd5cf577acaaf5902772/library/std/src/panicking.rs:688:13
[INFO] [stdout]   16:     0x5d9c7f37ccb9 - std[73adb7dc35730857]::sys::backtrace::__rust_end_short_backtrace::<std[73adb7dc35730857]::panicking::panic_handler::{closure#0}, !>
[INFO] [stdout]                                at /rustc/6b3fa26749ab40e159b2dd5cf577acaaf5902772/library/std/src/sys/backtrace.rs:182:18
[INFO] [stdout]   17:     0x5d9c7f38641d - __rustc[a7b7b02e776dd976]::rust_begin_unwind
[INFO] [stdout]                                at /rustc/6b3fa26749ab40e159b2dd5cf577acaaf5902772/library/std/src/panicking.rs:679:5
[INFO] [stdout]   18:     0x5d9c7f3c2c3c - core[6883ba1bc0fe4ed1]::panicking::panic_fmt
[INFO] [stdout]                                at /rustc/6b3fa26749ab40e159b2dd5cf577acaaf5902772/library/core/src/panicking.rs:80:14
[INFO] [stdout]   19:     0x5d9c7f2a6ed8 - core[6883ba1bc0fe4ed1]::panicking::panic_display::<alloc[55a36b64bcbf2c0d]::string::String>
[INFO] [stdout]                                at /rustc/6b3fa26749ab40e159b2dd5cf577acaaf5902772/library/core/src/panicking.rs:259:5
[INFO] [stdout]   20:     0x5d9c7f0ef0e7 - <trycmd[c50183a46906661c]::runner::Runner>::run
[INFO] [stdout]                                at /opt/rustwide/cargo-home/registry/src/index.crates.io-1949cf8c6b5b557f/trycmd-1.2.0/src/runner.rs:123:17
[INFO] [stdout]   21:     0x5d9c7f0baeff - <trycmd[c50183a46906661c]::cases::TestCases>::run
[INFO] [stdout]                                at /opt/rustwide/cargo-home/registry/src/index.crates.io-1949cf8c6b5b557f/trycmd-1.2.0/src/cases.rs:182:16
[INFO] [stdout]   22:     0x5d9c7f0bb7da - <trycmd[c50183a46906661c]::cases::TestCases as core[6883ba1bc0fe4ed1]::ops::drop::Drop>::drop
[INFO] [stdout]                                at /opt/rustwide/cargo-home/registry/src/index.crates.io-1949cf8c6b5b557f/trycmd-1.2.0/src/cases.rs:192:18
[INFO] [stdout]   23:     0x5d9c7f14ed07 - core[6883ba1bc0fe4ed1]::ptr::drop_glue::<trycmd[c50183a46906661c]::cases::TestCases>
[INFO] [stdout]                                at /rustc/6b3fa26749ab40e159b2dd5cf577acaaf5902772/library/core/src/ptr/mod.rs:823:1
[INFO] [stdout]   24:     0x5d9c7f0b5a73 - cli[aabbf5fc4d466fa0]::cli_tests
[INFO] [stdout]                                at /opt/rustwide/workdir/tests/cli.rs:10:54
[INFO] [stdout]   25:     0x5d9c7f0b59b7 - cli[aabbf5fc4d466fa0]::cli_tests::{closure#0}
[INFO] [stdout]                                at /opt/rustwide/workdir/tests/cli.rs:9:15
[INFO] [stdout]   26:     0x5d9c7f0b5cc6 - <cli[aabbf5fc4d466fa0]::cli_tests::{closure#0} as core[6883ba1bc0fe4ed1]::ops::function::FnOnce<()>>::call_once
[INFO] [stdout]                                at /rustc/6b3fa26749ab40e159b2dd5cf577acaaf5902772/library/core/src/ops/function.rs:250:5
[INFO] [stdout]   27:     0x5d9c7f32c47b - <fn() -> core[6883ba1bc0fe4ed1]::result::Result<(), alloc[55a36b64bcbf2c0d]::string::String> as core[6883ba1bc0fe4ed1]::ops::function::FnOnce<()>>::call_once
[INFO] [stdout]                                at /rustc/6b3fa26749ab40e159b2dd5cf577acaaf5902772/library/core/src/ops/function.rs:250:5
[INFO] [stdout]   28:     0x5d9c7f32c47b - test[980ffaebd391d06d]::__rust_begin_short_backtrace::<core[6883ba1bc0fe4ed1]::result::Result<(), alloc[55a36b64bcbf2c0d]::string::String>, fn() -> core[6883ba1bc0fe4ed1]::result::Result<(), alloc[55a36b64bcbf2c0d]::string::String>>
[INFO] [stdout]                                at /rustc/6b3fa26749ab40e159b2dd5cf577acaaf5902772/library/test/src/lib.rs:724:18
[INFO] [stdout]   29:     0x5d9c7f339ac5 - test[980ffaebd391d06d]::run_test_in_process::{closure#0}
[INFO] [stdout]                                at /rustc/6b3fa26749ab40e159b2dd5cf577acaaf5902772/library/test/src/lib.rs:747:74
[INFO] [stdout]   30:     0x5d9c7f339ac5 - <core[6883ba1bc0fe4ed1]::panic::unwind_safe::AssertUnwindSafe<test[980ffaebd391d06d]::run_test_in_process::{closure#0}> as core[6883ba1bc0fe4ed1]::ops::function::FnOnce<()>>::call_once
[INFO] [stdout]                                at /rustc/6b3fa26749ab40e159b2dd5cf577acaaf5902772/library/core/src/panic/unwind_safe.rs:275:9
[INFO] [stdout]   31:     0x5d9c7f339ac5 - std[73adb7dc35730857]::panicking::catch_unwind::do_call::<core[6883ba1bc0fe4ed1]::panic::unwind_safe::AssertUnwindSafe<test[980ffaebd391d06d]::run_test_in_process::{closure#0}>, core[6883ba1bc0fe4ed1]::result::Result<(), alloc[55a36b64bcbf2c0d]::string::String>>
[INFO] [stdout]                                at /rustc/6b3fa26749ab40e159b2dd5cf577acaaf5902772/library/std/src/panicking.rs:576:43
[INFO] [stdout]   32:     0x5d9c7f339ac5 - std[73adb7dc35730857]::panicking::catch_unwind::<core[6883ba1bc0fe4ed1]::result::Result<(), alloc[55a36b64bcbf2c0d]::string::String>, core[6883ba1bc0fe4ed1]::panic::unwind_safe::AssertUnwindSafe<test[980ffaebd391d06d]::run_test_in_process::{closure#0}>>
[INFO] [stdout]                                at /rustc/6b3fa26749ab40e159b2dd5cf577acaaf5902772/library/std/src/panicking.rs:544:19
[INFO] [stdout]   33:     0x5d9c7f339ac5 - std[73adb7dc35730857]::panic::catch_unwind::<core[6883ba1bc0fe4ed1]::panic::unwind_safe::AssertUnwindSafe<test[980ffaebd391d06d]::run_test_in_process::{closure#0}>, core[6883ba1bc0fe4ed1]::result::Result<(), alloc[55a36b64bcbf2c0d]::string::String>>
[INFO] [stdout]                                at /rustc/6b3fa26749ab40e159b2dd5cf577acaaf5902772/library/std/src/panic.rs:359:14
[INFO] [stdout]   34:     0x5d9c7f339ac5 - test[980ffaebd391d06d]::run_test_in_process
[INFO] [stdout]                                at /rustc/6b3fa26749ab40e159b2dd5cf577acaaf5902772/library/test/src/lib.rs:747:27
[INFO] [stdout]   35:     0x5d9c7f339ac5 - test[980ffaebd391d06d]::run_test::{closure#0}
[INFO] [stdout]                                at /rustc/6b3fa26749ab40e159b2dd5cf577acaaf5902772/library/test/src/lib.rs:668:43
[INFO] [stdout]   36:     0x5d9c7f334574 - test[980ffaebd391d06d]::run_test::{closure#1}
[INFO] [stdout]                                at /rustc/6b3fa26749ab40e159b2dd5cf577acaaf5902772/library/test/src/lib.rs:698:41
[INFO] [stdout]   37:     0x5d9c7f334574 - std[73adb7dc35730857]::sys::backtrace::__rust_begin_short_backtrace::<test[980ffaebd391d06d]::run_test::{closure#1}, ()>
[INFO] [stdout]                                at /rustc/6b3fa26749ab40e159b2dd5cf577acaaf5902772/library/std/src/sys/backtrace.rs:166:18
[INFO] [stdout]   38:     0x5d9c7f33cc12 - std[73adb7dc35730857]::thread::lifecycle::spawn_unchecked::<test[980ffaebd391d06d]::run_test::{closure#1}, ()>::{closure#1}::{closure#0}
[INFO] [stdout]                                at /rustc/6b3fa26749ab40e159b2dd5cf577acaaf5902772/library/std/src/thread/lifecycle.rs:70:13
[INFO] [stdout]   39:     0x5d9c7f33cc12 - <core[6883ba1bc0fe4ed1]::panic::unwind_safe::AssertUnwindSafe<std[73adb7dc35730857]::thread::lifecycle::spawn_unchecked<test[980ffaebd391d06d]::run_test::{closure#1}, ()>::{closure#1}::{closure#0}> as core[6883ba1bc0fe4ed1]::ops::function::FnOnce<()>>::call_once
[INFO] [stdout]                                at /rustc/6b3fa26749ab40e159b2dd5cf577acaaf5902772/library/core/src/panic/unwind_safe.rs:275:9
[INFO] [stdout]   40:     0x5d9c7f33cc12 - std[73adb7dc35730857]::panicking::catch_unwind::do_call::<core[6883ba1bc0fe4ed1]::panic::unwind_safe::AssertUnwindSafe<std[73adb7dc35730857]::thread::lifecycle::spawn_unchecked<test[980ffaebd391d06d]::run_test::{closure#1}, ()>::{closure#1}::{closure#0}>, ()>
[INFO] [stdout]                                at /rustc/6b3fa26749ab40e159b2dd5cf577acaaf5902772/library/std/src/panicking.rs:576:43
[INFO] [stdout]   41:     0x5d9c7f33cc12 - std[73adb7dc35730857]::panicking::catch_unwind::<(), core[6883ba1bc0fe4ed1]::panic::unwind_safe::AssertUnwindSafe<std[73adb7dc35730857]::thread::lifecycle::spawn_unchecked<test[980ffaebd391d06d]::run_test::{closure#1}, ()>::{closure#1}::{closure#0}>>
[INFO] [stdout]                                at /rustc/6b3fa26749ab40e159b2dd5cf577acaaf5902772/library/std/src/panicking.rs:544:19
[INFO] [stdout]   42:     0x5d9c7f33cc12 - std[73adb7dc35730857]::panic::catch_unwind::<core[6883ba1bc0fe4ed1]::panic::unwind_safe::AssertUnwindSafe<std[73adb7dc35730857]::thread::lifecycle::spawn_unchecked<test[980ffaebd391d06d]::run_test::{closure#1}, ()>::{closure#1}::{closure#0}>, ()>
[INFO] [stdout]                                at /rustc/6b3fa26749ab40e159b2dd5cf577acaaf5902772/library/std/src/panic.rs:359:14
[INFO] [stdout]   43:     0x5d9c7f33cc12 - std[73adb7dc35730857]::thread::lifecycle::spawn_unchecked::<test[980ffaebd391d06d]::run_test::{closure#1}, ()>::{closure#1}
[INFO] [stdout]                                at /rustc/6b3fa26749ab40e159b2dd5cf577acaaf5902772/library/std/src/thread/lifecycle.rs:68:26
[INFO] [stdout]   44:     0x5d9c7f33cc12 - <std[73adb7dc35730857]::thread::lifecycle::spawn_unchecked<test[980ffaebd391d06d]::run_test::{closure#1}, ()>::{closure#1} as core[6883ba1bc0fe4ed1]::ops::function::FnOnce<()>>::call_once::{shim:vtable#0}
[INFO] [stdout]                                at /rustc/6b3fa26749ab40e159b2dd5cf577acaaf5902772/library/core/src/ops/function.rs:250:5
[INFO] [stdout]   45:     0x5d9c7f3aaf0f - <alloc[55a36b64bcbf2c0d]::boxed::Box<dyn core[6883ba1bc0fe4ed1]::ops::function::FnOnce<(), Output = ()> + core[6883ba1bc0fe4ed1]::marker::Send> as core[6883ba1bc0fe4ed1]::ops::function::FnOnce<()>>::call_once
[INFO] [stdout]                                at /rustc/6b3fa26749ab40e159b2dd5cf577acaaf5902772/library/alloc/src/boxed.rs:2319:9
[INFO] [stdout]   46:     0x5d9c7f3aaf0f - <std[73adb7dc35730857]::sys::thread::unix::Thread>::new::thread_start
[INFO] [stdout]                                at /rustc/6b3fa26749ab40e159b2dd5cf577acaaf5902772/library/std/src/sys/thread/unix.rs:123:17
[INFO] [stdout]   47:     0x712c38a46aa4 - <unknown>
[INFO] [stdout]   48:     0x712c38ad3a64 - clone
[INFO] [stdout]   49:                0x0 - <unknown>
[INFO] [stdout] 
[INFO] [stdout] 
[INFO] [stdout] failures:
[INFO] [stdout]     cli_tests
[INFO] [stdout] 
[INFO] [stdout] test result: FAILED. 0 passed; 1 failed; 0 ignored; 0 measured; 0 filtered out; finished in 0.39s
[INFO] [stdout] 
[INFO] [stderr] error: test failed, to rerun pass `--test cli`
[INFO] running `Command { std: "docker" "inspect" "4ab881f7a79a99e3e7a80c38968fc6ce2b30a632c923cec3a1dfc336c37ec963", kill_on_drop: false }`
[INFO] running `Command { std: "docker" "rm" "-f" "4ab881f7a79a99e3e7a80c38968fc6ce2b30a632c923cec3a1dfc336c37ec963", kill_on_drop: false }`
[INFO] [stdout] 4ab881f7a79a99e3e7a80c38968fc6ce2b30a632c923cec3a1dfc336c37ec963
