[INFO] cloning repository https://github.com/jpsacheti/angra
[INFO] running `Command { std: "git" "-c" "credential.helper=" "-c" "credential.helper=/workspace/cargo-home/bin/git-credential-null" "clone" "--bare" "https://github.com/jpsacheti/angra" "/workspace/cache/git-repos/https%3A%2F%2Fgithub.com%2Fjpsacheti%2Fangra", kill_on_drop: false }`
[INFO] [stderr] Cloning into bare repository '/workspace/cache/git-repos/https%3A%2F%2Fgithub.com%2Fjpsacheti%2Fangra'...
[INFO] running `Command { std: "git" "rev-parse" "HEAD", kill_on_drop: false }`
[INFO] [stdout] a95424b0e74794ad69a1d0dcdadb20304172a3de
[INFO] testing jpsacheti/angra against 1.97.0-beta.6 for beta-1.98-2
[INFO] running `Command { std: "git" "clone" "/workspace/cache/git-repos/https%3A%2F%2Fgithub.com%2Fjpsacheti%2Fangra" "/workspace/builds/worker-5-tc1/source", kill_on_drop: false }`
[INFO] [stderr] Cloning into '/workspace/builds/worker-5-tc1/source'...
[INFO] [stderr] done.
[INFO] started tweaking git repo https://github.com/jpsacheti/angra
[INFO] finished tweaking git repo https://github.com/jpsacheti/angra
[INFO] tweaked toml for git repo https://github.com/jpsacheti/angra written to /workspace/builds/worker-5-tc1/source/Cargo.toml
[INFO] validating manifest of git repo https://github.com/jpsacheti/angra on toolchain 1.97.0-beta.6
[INFO] running `Command { std: CARGO_HOME="/workspace/cargo-home" RUSTUP_HOME="/workspace/rustup-home" "/workspace/cargo-home/bin/cargo" "+1.97.0-beta.6" "metadata" "--manifest-path" "Cargo.toml" "--no-deps", kill_on_drop: false }`
[INFO] crate git repo https://github.com/jpsacheti/angra already has a lockfile, it will not be regenerated
[INFO] running `Command { std: CARGO_HOME="/workspace/cargo-home" RUSTUP_HOME="/workspace/rustup-home" "/workspace/cargo-home/bin/cargo" "+1.97.0-beta.6" "fetch" "--manifest-path" "Cargo.toml", kill_on_drop: false }`
[INFO] [stderr]     Updating crates.io index
[INFO] [stderr]  Downloading crates ...
[INFO] [stderr]   Downloaded faster-hex v0.10.0
[INFO] [stderr]   Downloaded block-buffer v0.12.0
[INFO] [stderr]   Downloaded hash32 v0.3.1
[INFO] [stderr]   Downloaded heapless v0.8.0
[INFO] [stderr]   Downloaded quick-xml v0.40.1
[INFO] running `Command { std: "docker" "create" "-v" "/var/lib/crater-agent-workspace/builds/worker-5-tc1/source:/opt/rustwide/workdir:ro,Z" "-v" "/var/lib/crater-agent-workspace/builds/worker-5-tc1/target:/opt/rustwide/target:rw,Z" "-v" "/var/lib/crater-agent-workspace/cargo-home:/opt/rustwide/cargo-home:ro,Z" "-v" "/var/lib/crater-agent-workspace/rustup-home:/opt/rustwide/rustup-home:ro,Z" "-m" "1610612736" "--network" "none" "ghcr.io/rust-lang/crates-build-env/linux@sha256:3d5ced03c013a94a2f102a4510f48a6e9184255caf5fd8244f58017bde7f5210" "sleep" "infinity", kill_on_drop: false }`
[INFO] [stdout] 4affe4c961ce26a4d75273b24b803e41754dd860a04d0ced7cbf81a3a41155e6
[INFO] running `Command { std: "docker" "start" "4affe4c961ce26a4d75273b24b803e41754dd860a04d0ced7cbf81a3a41155e6", kill_on_drop: false }`
[INFO] running `Command { std: "docker" "inspect" "4affe4c961ce26a4d75273b24b803e41754dd860a04d0ced7cbf81a3a41155e6", kill_on_drop: false }`
[INFO] running `Command { std: "docker" "exec" "-e" "SOURCE_DIR=/opt/rustwide/workdir" "-e" "CARGO_HOME=/opt/rustwide/cargo-home" "-e" "RUSTUP_HOME=/opt/rustwide/rustup-home" "-e" "CARGO_TARGET_DIR=/opt/rustwide/target" "-w" "/opt/rustwide/workdir" "--user" "0:0" "4affe4c961ce26a4d75273b24b803e41754dd860a04d0ced7cbf81a3a41155e6" "/opt/rustwide/cargo-home/bin/cargo" "+1.97.0-beta.6" "metadata" "--no-deps" "--format-version=1", kill_on_drop: false }`
[INFO] running `Command { std: "docker" "inspect" "4affe4c961ce26a4d75273b24b803e41754dd860a04d0ced7cbf81a3a41155e6", kill_on_drop: false }`
[INFO] running `Command { std: "docker" "exec" "-e" "SOURCE_DIR=/opt/rustwide/workdir" "-e" "CARGO_HOME=/opt/rustwide/cargo-home" "-e" "RUSTUP_HOME=/opt/rustwide/rustup-home" "-e" "CARGO_TARGET_DIR=/opt/rustwide/target" "-e" "CARGO_INCREMENTAL=0" "-e" "RUST_BACKTRACE=full" "-e" "RUSTFLAGS=--cap-lints=warn" "-e" "RUSTDOCFLAGS=--cap-lints=warn" "-w" "/opt/rustwide/workdir" "--user" "0:0" "4affe4c961ce26a4d75273b24b803e41754dd860a04d0ced7cbf81a3a41155e6" "/opt/rustwide/cargo-home/bin/cargo" "+1.97.0-beta.6" "build" "--frozen" "--message-format=json", kill_on_drop: false }`
[INFO] [stderr]    Compiling libc v0.2.186
[INFO] [stderr]    Compiling fs_extra v1.3.0
[INFO] [stderr]    Compiling serde_core v1.0.228
[INFO] [stderr]    Compiling aws-lc-rs v1.17.0
[INFO] [stderr]    Compiling writeable v0.6.3
[INFO] [stderr]    Compiling litemap v0.8.2
[INFO] [stderr]    Compiling itoa v1.0.18
[INFO] [stderr]    Compiling once_cell v1.21.4
[INFO] [stderr]    Compiling icu_properties_data v2.2.0
[INFO] [stderr]    Compiling futures-sink v0.3.32
[INFO] [stderr]    Compiling icu_normalizer_data v2.2.0
[INFO] [stderr]    Compiling quote v1.0.45
[INFO] [stderr]    Compiling rustls-pki-types v1.14.1
[INFO] [stderr]    Compiling futures-io v0.3.32
[INFO] [stderr]    Compiling typenum v1.20.0
[INFO] [stderr]    Compiling rustls v0.23.40
[INFO] [stderr]    Compiling futures-task v0.3.32
[INFO] [stderr]    Compiling slab v0.4.12
[INFO] [stderr]    Compiling syn v2.0.117
[INFO] [stderr]    Compiling http v1.4.0
[INFO] [stderr]    Compiling tracing-core v0.1.36
[INFO] [stderr]    Compiling futures-channel v0.3.32
[INFO] [stderr]    Compiling anstyle-parse v1.0.0
[INFO] [stderr]    Compiling colorchoice v1.0.5
[INFO] [stderr]    Compiling futures-util v0.3.32
[INFO] [stderr]    Compiling anstyle v1.0.14
[INFO] [stderr]    Compiling const-oid v0.10.2
[INFO] [stderr]    Compiling ipnet v2.12.0
[INFO] [stderr]    Compiling heapless v0.8.0
[INFO] [stderr]    Compiling hash32 v0.3.1
[INFO] [stderr]    Compiling clap_lex v1.1.0
[INFO] [stderr]    Compiling bitflags v2.11.1
[INFO] [stderr]    Compiling cpufeatures v0.3.0
[INFO] [stderr]    Compiling winnow v1.0.3
[INFO] [stderr]    Compiling log v0.4.29
[INFO] [stderr]    Compiling anstream v1.0.0
[INFO] [stderr]    Compiling toml_writer v1.1.1+spec-1.1.0
[INFO] [stderr]    Compiling tracing v0.1.44
[INFO] [stderr]    Compiling rustls-native-certs v0.8.3
[INFO] [stderr]    Compiling clap_builder v4.6.0
[INFO] [stderr]    Compiling toml_parser v1.1.2+spec-1.1.0
[INFO] [stderr]    Compiling http-body v1.0.1
[INFO] [stderr]    Compiling http-body-util v0.1.3
[INFO] [stderr]    Compiling hybrid-array v0.4.12
[INFO] [stderr]    Compiling jobserver v0.1.34
[INFO] [stderr]    Compiling socket2 v0.6.3
[INFO] [stderr]    Compiling mio v1.2.0
[INFO] [stderr]    Compiling dirs-sys v0.5.0
[INFO] [stderr]    Compiling dirs v6.0.0
[INFO] [stderr]    Compiling cc v1.2.62
[INFO] [stderr]    Compiling tokio v1.52.3
[INFO] [stderr]    Compiling block-buffer v0.12.0
[INFO] [stderr]    Compiling crypto-common v0.2.2
[INFO] [stderr]    Compiling cmake v0.1.58
[INFO] [stderr]    Compiling serde_spanned v1.1.1
[INFO] [stderr]    Compiling indexmap v2.14.0
[INFO] [stderr]    Compiling toml_datetime v1.1.1+spec-1.1.0
[INFO] [stderr]    Compiling serde_json v1.0.149
[INFO] [stderr]    Compiling digest v0.11.3
[INFO] [stderr]    Compiling aws-lc-sys v0.41.0
[INFO] [stderr]    Compiling sha2 v0.11.0
[INFO] [stderr]    Compiling sha1 v0.11.0
[INFO] [stderr]    Compiling synstructure v0.13.2
[INFO] [stderr]    Compiling toml v1.1.2+spec-1.1.0
[INFO] [stderr]    Compiling zerofrom-derive v0.1.7
[INFO] [stderr]    Compiling yoke-derive v0.8.2
[INFO] [stderr]    Compiling zerovec-derive v0.11.3
[INFO] [stderr]    Compiling displaydoc v0.2.5
[INFO] [stderr]    Compiling serde_derive v1.0.228
[INFO] [stderr]    Compiling clap_derive v4.6.1
[INFO] [stderr]    Compiling thiserror-impl v2.0.18
[INFO] [stderr]    Compiling thiserror v2.0.18
[INFO] [stderr]    Compiling zerofrom v0.1.8
[INFO] [stderr]    Compiling yoke v0.8.2
[INFO] [stderr]    Compiling zerotrie v0.2.4
[INFO] [stderr]    Compiling zerovec v0.11.6
[INFO] [stderr]    Compiling clap v4.6.1
[INFO] [stderr]    Compiling tinystr v0.8.3
[INFO] [stderr]    Compiling potential_utf v0.1.5
[INFO] [stderr]    Compiling icu_collections v2.2.0
[INFO] [stderr]    Compiling icu_locale_core v2.2.0
[INFO] [stderr]    Compiling hyper v1.9.0
[INFO] [stderr]    Compiling tower v0.5.3
[INFO] [stderr]    Compiling serde v1.0.228
[INFO] [stderr]    Compiling hyper-util v0.1.20
[INFO] [stderr]    Compiling icu_provider v2.2.0
[INFO] [stderr]    Compiling faster-hex v0.10.0
[INFO] [stderr]    Compiling quick-xml v0.40.1
[INFO] [stderr]    Compiling icu_normalizer v2.2.0
[INFO] [stderr]    Compiling icu_properties v2.2.0
[INFO] [stderr]    Compiling idna_adapter v1.2.2
[INFO] [stderr]    Compiling idna v1.1.0
[INFO] [stderr]    Compiling url v2.5.8
[INFO] [stderr]    Compiling tower-http v0.6.11
[INFO] [stderr]    Compiling rustls-webpki v0.103.13
[INFO] [stderr]    Compiling tokio-rustls v0.26.4
[INFO] [stderr]    Compiling rustls-platform-verifier v0.7.0
[INFO] [stderr]    Compiling hyper-rustls v0.27.9
[INFO] [stderr]    Compiling reqwest v0.13.3
[INFO] [stderr]    Compiling angra v0.1.0 (/opt/rustwide/workdir)
[INFO] [stderr]     Finished `dev` profile [unoptimized + debuginfo] target(s) in 1m 03s
[INFO] running `Command { std: "docker" "inspect" "4affe4c961ce26a4d75273b24b803e41754dd860a04d0ced7cbf81a3a41155e6", kill_on_drop: false }`
[INFO] running `Command { std: "docker" "exec" "-e" "SOURCE_DIR=/opt/rustwide/workdir" "-e" "CARGO_HOME=/opt/rustwide/cargo-home" "-e" "RUSTUP_HOME=/opt/rustwide/rustup-home" "-e" "CARGO_TARGET_DIR=/opt/rustwide/target" "-e" "CARGO_INCREMENTAL=0" "-e" "RUST_BACKTRACE=full" "-e" "RUSTFLAGS=--cap-lints=warn" "-e" "RUSTDOCFLAGS=--cap-lints=warn" "-w" "/opt/rustwide/workdir" "--user" "0:0" "4affe4c961ce26a4d75273b24b803e41754dd860a04d0ced7cbf81a3a41155e6" "/opt/rustwide/cargo-home/bin/cargo" "+1.97.0-beta.6" "test" "--frozen" "--no-run" "--message-format=json", kill_on_drop: false }`
[INFO] [stderr]    Compiling bitflags v2.11.1
[INFO] [stderr]    Compiling rustix v1.1.4
[INFO] [stderr]    Compiling getrandom v0.4.2
[INFO] [stderr]    Compiling linux-raw-sys v0.12.1
[INFO] [stderr]    Compiling fastrand v2.4.1
[INFO] [stderr]    Compiling tower-http v0.6.11
[INFO] [stderr]    Compiling reqwest v0.13.3
[INFO] [stderr]    Compiling tempfile v3.27.0
[INFO] [stderr]    Compiling angra v0.1.0 (/opt/rustwide/workdir)
[INFO] [stderr]     Finished `test` profile [unoptimized + debuginfo] target(s) in 18.61s
[INFO] running `Command { std: "docker" "inspect" "4affe4c961ce26a4d75273b24b803e41754dd860a04d0ced7cbf81a3a41155e6", kill_on_drop: false }`
[INFO] running `Command { std: "docker" "exec" "-e" "SOURCE_DIR=/opt/rustwide/workdir" "-e" "CARGO_HOME=/opt/rustwide/cargo-home" "-e" "RUSTUP_HOME=/opt/rustwide/rustup-home" "-e" "CARGO_TARGET_DIR=/opt/rustwide/target" "-e" "CARGO_INCREMENTAL=0" "-e" "RUST_BACKTRACE=full" "-e" "RUSTFLAGS=--cap-lints=warn" "-e" "RUSTDOCFLAGS=--cap-lints=warn" "-w" "/opt/rustwide/workdir" "--user" "0:0" "4affe4c961ce26a4d75273b24b803e41754dd860a04d0ced7cbf81a3a41155e6" "/opt/rustwide/cargo-home/bin/cargo" "+1.97.0-beta.6" "test" "--frozen", kill_on_drop: false }`
[INFO] [stderr]     Finished `test` profile [unoptimized + debuginfo] target(s) in 0.28s
[INFO] [stderr]      Running unittests src/lib.rs (/opt/rustwide/target/debug/deps/angra-57771ef4dd58729f)
[INFO] [stdout] 
[INFO] [stdout] running 98 tests
[INFO] [stdout] test benchmark::tests::formats_benchmark_tool_names ... ok
[INFO] [stdout] test config::tests::preserves_repository_order ... ok
[INFO] [stdout] test config::tests::parses_repositories_from_global_config ... ok
[INFO] [stdout] test config::tests::uses_xdg_config_path_on_unix ... ok
[INFO] [stdout] test lockfile::tests::reads_lockfile_without_fingerprint ... ok
[INFO] [stdout] test config::tests::read_returns_error_when_file_missing ... ok
[INFO] [stdout] test config::tests::defaults_to_empty_repositories ... ok
[INFO] [stdout] test lockfile::tests::serializes_stable_lockfile ... ok
[INFO] [stdout] test manifest::tests::appends_settings_repositories_after_project_and_global ... ok
[INFO] [stdout] test manifest::tests::falls_back_to_maven_central_when_no_repos_anywhere ... ok
[INFO] [stdout] test manifest::tests::defaults_to_maven_central_repository ... ok
[INFO] [stdout] test manifest::tests::fingerprint_ignores_formatting_and_comments ... ok
[INFO] [stdout] test manifest::tests::merges_global_repositories_with_project_repositories ... ok
[INFO] [stdout] test manifest::tests::init_manifest_refuses_to_overwrite_without_force ... ok
[INFO] [stdout] test manifest::tests::project_repository_overrides_global_by_name ... ok
[INFO] [stdout] test maven::tests::builds_repository_urls ... ok
[INFO] [stdout] test manifest::tests::fingerprint_changes_on_resolver_relevant_edits ... ok
[INFO] [stdout] test manifest::tests::adds_and_removes_dependency_with_alias_conflict_checks ... ok
[INFO] [stdout] test maven::tests::parses_maven_version_ranges ... ok
[INFO] [stdout] test manifest::tests::preserves_project_repository_order ... ok
[INFO] [stdout] test manifest::tests::writes_manifest_with_workspace_and_structured_dependencies ... ok
[INFO] [stdout] test maven::tests::converts_artifact_coordinates_to_paths_and_urls ... ok
[INFO] [stdout] test manifest::tests::parses_compact_and_structured_dependencies ... ok
[INFO] [stdout] test maven::tests::converts_coordinate_to_paths_and_urls ... ok
[INFO] [stdout] test maven::tests::default_repository_accepts_both ... ok
[INFO] [stdout] test maven::tests::snapshot_only_repo_rejects_releases ... ok
[INFO] [stdout] test maven::tests::detects_snapshot_versions ... ok
[INFO] [stdout] test benchmark::tests::builds_mise_latest_command_args ... ok
[INFO] [stdout] test maven::tests::rejects_invalid_coordinates ... ok
[INFO] [stdout] test maven::tests::orders_maven_versions_like_common_comparable_version_cases ... ok
[INFO] [stdout] test manifest::tests::settings_only_repositories_are_used_when_project_and_global_empty ... ok
[INFO] [stdout] test manifest::tests::fingerprint_matches_equivalent_compact_and_structured_dependencies ... ok
[INFO] [stdout] test metadata::tests::fails_on_malformed_xml ... ok
[INFO] [stdout] test metadata::tests::parses_snapshot_without_snapshot_versions ... ok
[INFO] [stdout] test pom::tests::distinguishes_missing_pom_property_from_cycles ... ok
[INFO] [stdout] test pom::tests::resolves_dependency_type_and_classifier ... ok
[INFO] [stdout] test manifest::tests::settings_repository_does_not_override_project_or_global_by_name ... ok
[INFO] [stdout] test resolver::tests::auth_required_403_error ... ok
[INFO] [stdout] test resolver::tests::auth_required_error_message_is_actionable ... ok
[INFO] [stdout] test pom::tests::resolves_dependency_version_from_management ... ok
[INFO] [stdout] test pom::tests::parses_and_inherits_repositories ... ok
[INFO] [stdout] test metadata::tests::parses_missing_fields_and_empty_versions ... ok
[INFO] [stdout] test pom::tests::parses_repository_policies_from_pom ... ok
[INFO] [stdout] test pom::tests::interpolates_pom_dependency_properties ... ok
[INFO] [stdout] test config::tests::reads_from_file ... ok
[INFO] [stdout] test metadata::tests::parses_versions_and_snapshot_versions ... ok
[INFO] [stdout] test pom::tests::ignores_unsupported_dependency_types_in_management_only ... ok
[INFO] [stdout] test maven::tests::maven_central_rejects_snapshots ... ok
[INFO] [stdout] test resolver::tests::hashes_download_bytes_with_sha1 ... ok
[INFO] [stdout] test resolver::tests::parses_maven_sha1_checksum_formats ... ok
[INFO] [stdout] test resolver::tests::newest_release_version_orders_maven_style_and_skips_snapshots ... ok
[INFO] [stdout] test resolver::tests::rejects_sha1_checksum_mismatch ... ok
[INFO] [stdout] test resolver::tests::rejects_invalid_sha1_checksum ... ok
[INFO] [stdout] test pom::tests::parses_pom_dependencies ... ok
[INFO] [stdout] test resolver::tests::resolves_direct_version_range_from_local_metadata ... ok
[INFO] [stdout] test resolver::tests::applies_dependency_management_versions ... ok
[INFO] [stdout] test resolver::tests::injects_active_pom_profile_dependencies ... ok
[INFO] [stdout] test resolver::tests::resolves_snapshot_timestamp_from_metadata ... ok
[INFO] [stdout] test resolver::tests::imports_bom_dependency_management ... ok
[INFO] [stdout] test resolver::tests::inherits_parent_pom_properties ... ok
[INFO] [stdout] test resolver::tests::applies_dependency_management_scope ... ok
[INFO] [stdout] test settings::tests::apply_mirrors_first_match_wins ... ok
[INFO] [stdout] test resolver::tests::reports_dependency_path_for_missing_transitive_artifact ... ok
[INFO] [stdout] test settings::tests::apply_mirrors_negation_preserves_excluded_repo ... ok
[INFO] [stdout] test settings::tests::apply_mirrors_rewrites_matching_repository_url ... ok
[INFO] [stdout] test settings::tests::apply_mirrors_noop_when_no_mirrors ... ok
[INFO] [stdout] test settings::tests::apply_mirrors_wildcard_deduplicates_to_single_repo ... ok
[INFO] [stdout] test settings::tests::collects_repositories_from_active_profile ... ok
[INFO] [stdout] test settings::tests::deduplicates_mirrors_by_id ... ok
[INFO] [stdout] test settings::tests::deduplicates_repositories_by_id_across_active_profiles ... ok
[INFO] [stdout] test settings::tests::collects_repositories_from_active_by_default_profile ... ok
[INFO] [stdout] test settings::tests::load_or_default_returns_default_for_missing_file ... ok
[INFO] [stdout] test settings::tests::mirror_matches_comma_separated_names ... ok
[INFO] [stdout] test resolver::tests::applies_manifest_dependency_management_across_graph ... ok
[INFO] [stdout] test resolver::tests::applies_exclusions ... ok
[INFO] [stdout] test settings::tests::mirror_negation_excludes_repo ... ok
[INFO] [stdout] test settings::tests::mirror_matches_specific_repo_name ... ok
[INFO] [stdout] test settings::tests::mirror_matches_wildcard ... ok
[INFO] [stdout] test settings::tests::mirror_negation_only_excludes_when_positive_matches ... ok
[INFO] [stdout] test settings::tests::parses_local_repository ... ok
[INFO] [stdout] test settings::tests::parses_mirrors_from_settings ... ok
[INFO] [stdout] test settings::tests::skips_mirror_with_missing_fields ... ok
[INFO] [stdout] test settings::tests::parses_repository_policies_from_settings ... ok
[INFO] [stdout] test settings::tests::settings_path_lives_under_home_m2 ... ok
[INFO] [stdout] test settings::tests::skips_repository_with_missing_id_or_url ... ok
[INFO] [stdout] test resolver::tests::resolves_pom_dependency_without_artifact_file ... ok
[INFO] [stdout] test settings::tests::ignores_inactive_profile_repositories ... ok
[INFO] [stdout] test resolver::tests::nearest_wins_conflict_resolution_is_deterministic ... ok
[INFO] [stdout] test resolver::tests::uses_matching_local_parent_relative_path ... ok
[INFO] [stdout] test resolver::tests::resolves_transitive_classified_dependency_artifact ... ok
[INFO] [stdout] test resolver::tests::ignores_unresolved_properties_in_non_runtime_scopes ... ok
[INFO] [stdout] test resolver::tests::resolves_same_depth_direct_dependencies ... ok
[INFO] [stdout] test resolver::tests::skips_snapshot_only_repo_for_release_artifact ... ok
[INFO] [stdout] test resolver::tests::resolves_transitive_war_dependency_artifact ... ok
[INFO] [stdout] test resolver::tests::propagates_lexically_scoped_repositories ... FAILED
[INFO] [stdout] test resolver::tests::resolves_transitive_dependencies_with_pom_properties ... ok
[INFO] [stdout] test resolver::tests::resolves_transitive_runtime_graph_and_excludes_optional ... ok
[INFO] [stdout] test resolver::tests::skips_release_only_repo_for_snapshot_artifact ... ok
[INFO] [stdout] 
[INFO] [stdout] failures:
[INFO] [stdout] 
[INFO] [stdout] ---- resolver::tests::propagates_lexically_scoped_repositories stdout ----
[INFO] [stdout] 
[INFO] [stdout] thread 'resolver::tests::propagates_lexically_scoped_repositories' (3155) panicked at src/resolver.rs:2935:13:
[INFO] [stdout] Expected ArtifactNotFound error, got DependencyPath { path: [ArtifactCoordinate { coordinate: Coordinate { group: "com.example", artifact: "root-a", version: "1.0.0" }, artifact_type: Jar, classifier: None }, ArtifactCoordinate { coordinate: Coordinate { group: "com.example", artifact: "child-a", version: "1.0.0" }, artifact_type: Jar, classifier: None }, ArtifactCoordinate { coordinate: Coordinate { group: "com.example", artifact: "grandchild-a", version: "1.0.0" }, artifact_type: Jar, classifier: None }], source: Download { url: "https://repo1.maven.org/maven2/com/example/grandchild-a/1.0.0/grandchild-a-1.0.0.pom", source: reqwest::Error { kind: Request, url: "https://repo1.maven.org/maven2/com/example/grandchild-a/1.0.0/grandchild-a-1.0.0.pom", source: hyper_util::client::legacy::Error(Connect, ConnectError("dns error", Custom { kind: Uncategorized, error: "failed to lookup address information: Temporary failure in name resolution" })) } } }
[INFO] [stdout] stack backtrace:
[INFO] [stdout]    0:     0x6246a5d53e08 - std[10d71ac2c42b111e]::backtrace_rs::backtrace::libunwind::trace
[INFO] [stdout]                                at /rustc/b2282dd5646a57d570fc86fbe8df0e8826665ef6/library/std/src/../../backtrace/src/backtrace/libunwind.rs:117:9
[INFO] [stdout]    1:     0x6246a5d53e08 - std[10d71ac2c42b111e]::backtrace_rs::backtrace::trace_unsynchronized::<std[10d71ac2c42b111e]::sys::backtrace::_print_fmt::{closure#1}>
[INFO] [stdout]                                at /rustc/b2282dd5646a57d570fc86fbe8df0e8826665ef6/library/std/src/../../backtrace/src/backtrace/mod.rs:66:14
[INFO] [stdout]    2:     0x6246a5d53e08 - std[10d71ac2c42b111e]::sys::backtrace::_print_fmt
[INFO] [stdout]                                at /rustc/b2282dd5646a57d570fc86fbe8df0e8826665ef6/library/std/src/sys/backtrace.rs:74:9
[INFO] [stdout]    3:     0x6246a5d53e08 - <<std[10d71ac2c42b111e]::sys::backtrace::BacktraceLock>::print::DisplayBacktrace as core[8fb95b77d25ab6c8]::fmt::Display>::fmt
[INFO] [stdout]                                at /rustc/b2282dd5646a57d570fc86fbe8df0e8826665ef6/library/std/src/sys/backtrace.rs:44:26
[INFO] [stdout]    4:     0x6246a5d6ab2a - <core[8fb95b77d25ab6c8]::fmt::rt::Argument>::fmt
[INFO] [stdout]                                at /rustc/b2282dd5646a57d570fc86fbe8df0e8826665ef6/library/core/src/fmt/rt.rs:152:76
[INFO] [stdout]    5:     0x6246a5d6ab2a - core[8fb95b77d25ab6c8]::fmt::write
[INFO] [stdout]    6:     0x6246a5d58fb2 - std[10d71ac2c42b111e]::io::default_write_fmt::<alloc[a7ee25936407c584]::vec::Vec<u8>>
[INFO] [stdout]                                at /rustc/b2282dd5646a57d570fc86fbe8df0e8826665ef6/library/std/src/io/mod.rs:622:11
[INFO] [stdout]    7:     0x6246a5d58fb2 - <alloc[a7ee25936407c584]::vec::Vec<u8> as std[10d71ac2c42b111e]::io::Write>::write_fmt
[INFO] [stdout]                                at /rustc/b2282dd5646a57d570fc86fbe8df0e8826665ef6/library/std/src/io/mod.rs:1977:13
[INFO] [stdout]    8:     0x6246a5d2f5d6 - <std[10d71ac2c42b111e]::sys::backtrace::BacktraceLock>::print
[INFO] [stdout]                                at /rustc/b2282dd5646a57d570fc86fbe8df0e8826665ef6/library/std/src/sys/backtrace.rs:47:9
[INFO] [stdout]    9:     0x6246a5d2f5d6 - std[10d71ac2c42b111e]::panicking::default_hook::{closure#0}
[INFO] [stdout]                                at /rustc/b2282dd5646a57d570fc86fbe8df0e8826665ef6/library/std/src/panicking.rs:292:27
[INFO] [stdout]   10:     0x6246a5d4ab79 - std[10d71ac2c42b111e]::panicking::default_hook
[INFO] [stdout]                                at /rustc/b2282dd5646a57d570fc86fbe8df0e8826665ef6/library/std/src/panicking.rs:316:9
[INFO] [stdout]   11:     0x6246a55be00c - <alloc[a7ee25936407c584]::boxed::Box<dyn for<'a, 'b> core[8fb95b77d25ab6c8]::ops::function::Fn<(&'a std[10d71ac2c42b111e]::panic::PanicHookInfo<'b>,), Output = ()> + core[8fb95b77d25ab6c8]::marker::Sync + core[8fb95b77d25ab6c8]::marker::Send> as core[8fb95b77d25ab6c8]::ops::function::Fn<(&std[10d71ac2c42b111e]::panic::PanicHookInfo,)>>::call
[INFO] [stdout]                                at /rustc/b2282dd5646a57d570fc86fbe8df0e8826665ef6/library/alloc/src/boxed.rs:2289:9
[INFO] [stdout]   12:     0x6246a55be00c - test[213991da798b1c03]::test_main_inner::<test[213991da798b1c03]::test_main_static::{closure#0}>::{closure#0}
[INFO] [stdout]                                at /rustc/b2282dd5646a57d570fc86fbe8df0e8826665ef6/library/test/src/lib.rs:155:21
[INFO] [stdout]   13:     0x6246a5d4adf2 - <alloc[a7ee25936407c584]::boxed::Box<dyn for<'a, 'b> core[8fb95b77d25ab6c8]::ops::function::Fn<(&'a std[10d71ac2c42b111e]::panic::PanicHookInfo<'b>,), Output = ()> + core[8fb95b77d25ab6c8]::marker::Sync + core[8fb95b77d25ab6c8]::marker::Send> as core[8fb95b77d25ab6c8]::ops::function::Fn<(&std[10d71ac2c42b111e]::panic::PanicHookInfo,)>>::call
[INFO] [stdout]                                at /rustc/b2282dd5646a57d570fc86fbe8df0e8826665ef6/library/alloc/src/boxed.rs:2289:9
[INFO] [stdout]   14:     0x6246a5d4adf2 - std[10d71ac2c42b111e]::panicking::panic_with_hook
[INFO] [stdout]                                at /rustc/b2282dd5646a57d570fc86fbe8df0e8826665ef6/library/std/src/panicking.rs:833:13
[INFO] [stdout]   15:     0x6246a5d2f692 - std[10d71ac2c42b111e]::panicking::panic_handler::{closure#0}
[INFO] [stdout]                                at /rustc/b2282dd5646a57d570fc86fbe8df0e8826665ef6/library/std/src/panicking.rs:698:13
[INFO] [stdout]   16:     0x6246a5d244b9 - std[10d71ac2c42b111e]::sys::backtrace::__rust_end_short_backtrace::<std[10d71ac2c42b111e]::panicking::panic_handler::{closure#0}, !>
[INFO] [stdout]                                at /rustc/b2282dd5646a57d570fc86fbe8df0e8826665ef6/library/std/src/sys/backtrace.rs:182:18
[INFO] [stdout]   17:     0x6246a5d3062d - __rustc[3be9ba60078d4c86]::rust_begin_unwind
[INFO] [stdout]                                at /rustc/b2282dd5646a57d570fc86fbe8df0e8826665ef6/library/std/src/panicking.rs:689:5
[INFO] [stdout]   18:     0x6246a5d6b2ec - core[8fb95b77d25ab6c8]::panicking::panic_fmt
[INFO] [stdout]                                at /rustc/b2282dd5646a57d570fc86fbe8df0e8826665ef6/library/core/src/panicking.rs:80:14
[INFO] [stdout]   19:     0x6246a548a09d - angra[89c21247af5ec4c]::resolver::tests::propagates_lexically_scoped_repositories
[INFO] [stdout]                                at /opt/rustwide/workdir/src/resolver.rs:2935:13
[INFO] [stdout]   20:     0x6246a5477157 - angra[89c21247af5ec4c]::resolver::tests::propagates_lexically_scoped_repositories::{closure#0}
[INFO] [stdout]                                at /opt/rustwide/workdir/src/resolver.rs:2819:50
[INFO] [stdout]   21:     0x6246a54da476 - <angra[89c21247af5ec4c]::resolver::tests::propagates_lexically_scoped_repositories::{closure#0} as core[8fb95b77d25ab6c8]::ops::function::FnOnce<()>>::call_once
[INFO] [stdout]                                at /rustc/b2282dd5646a57d570fc86fbe8df0e8826665ef6/library/core/src/ops/function.rs:250:5
[INFO] [stdout]   22:     0x6246a55b10eb - <fn() -> core[8fb95b77d25ab6c8]::result::Result<(), alloc[a7ee25936407c584]::string::String> as core[8fb95b77d25ab6c8]::ops::function::FnOnce<()>>::call_once
[INFO] [stdout]                                at /rustc/b2282dd5646a57d570fc86fbe8df0e8826665ef6/library/core/src/ops/function.rs:250:5
[INFO] [stdout]   23:     0x6246a55b10eb - test[213991da798b1c03]::__rust_begin_short_backtrace::<core[8fb95b77d25ab6c8]::result::Result<(), alloc[a7ee25936407c584]::string::String>, fn() -> core[8fb95b77d25ab6c8]::result::Result<(), alloc[a7ee25936407c584]::string::String>>
[INFO] [stdout]                                at /rustc/b2282dd5646a57d570fc86fbe8df0e8826665ef6/library/test/src/lib.rs:724:18
[INFO] [stdout]   24:     0x6246a55be965 - test[213991da798b1c03]::run_test_in_process::{closure#0}
[INFO] [stdout]                                at /rustc/b2282dd5646a57d570fc86fbe8df0e8826665ef6/library/test/src/lib.rs:747:74
[INFO] [stdout]   25:     0x6246a55be965 - <core[8fb95b77d25ab6c8]::panic::unwind_safe::AssertUnwindSafe<test[213991da798b1c03]::run_test_in_process::{closure#0}> as core[8fb95b77d25ab6c8]::ops::function::FnOnce<()>>::call_once
[INFO] [stdout]                                at /rustc/b2282dd5646a57d570fc86fbe8df0e8826665ef6/library/core/src/panic/unwind_safe.rs:275:9
[INFO] [stdout]   26:     0x6246a55be965 - std[10d71ac2c42b111e]::panicking::catch_unwind::do_call::<core[8fb95b77d25ab6c8]::panic::unwind_safe::AssertUnwindSafe<test[213991da798b1c03]::run_test_in_process::{closure#0}>, core[8fb95b77d25ab6c8]::result::Result<(), alloc[a7ee25936407c584]::string::String>>
[INFO] [stdout]                                at /rustc/b2282dd5646a57d570fc86fbe8df0e8826665ef6/library/std/src/panicking.rs:581:40
[INFO] [stdout]   27:     0x6246a55be965 - std[10d71ac2c42b111e]::panicking::catch_unwind::<core[8fb95b77d25ab6c8]::result::Result<(), alloc[a7ee25936407c584]::string::String>, core[8fb95b77d25ab6c8]::panic::unwind_safe::AssertUnwindSafe<test[213991da798b1c03]::run_test_in_process::{closure#0}>>
[INFO] [stdout]                                at /rustc/b2282dd5646a57d570fc86fbe8df0e8826665ef6/library/std/src/panicking.rs:544:19
[INFO] [stdout]   28:     0x6246a55be965 - std[10d71ac2c42b111e]::panic::catch_unwind::<core[8fb95b77d25ab6c8]::panic::unwind_safe::AssertUnwindSafe<test[213991da798b1c03]::run_test_in_process::{closure#0}>, core[8fb95b77d25ab6c8]::result::Result<(), alloc[a7ee25936407c584]::string::String>>
[INFO] [stdout]                                at /rustc/b2282dd5646a57d570fc86fbe8df0e8826665ef6/library/std/src/panic.rs:359:14
[INFO] [stdout]   29:     0x6246a55be965 - test[213991da798b1c03]::run_test_in_process
[INFO] [stdout]                                at /rustc/b2282dd5646a57d570fc86fbe8df0e8826665ef6/library/test/src/lib.rs:747:27
[INFO] [stdout]   30:     0x6246a55be965 - test[213991da798b1c03]::run_test::{closure#0}
[INFO] [stdout]                                at /rustc/b2282dd5646a57d570fc86fbe8df0e8826665ef6/library/test/src/lib.rs:668:43
[INFO] [stdout]   31:     0x6246a55b8274 - test[213991da798b1c03]::run_test::{closure#1}
[INFO] [stdout]                                at /rustc/b2282dd5646a57d570fc86fbe8df0e8826665ef6/library/test/src/lib.rs:698:41
[INFO] [stdout]   32:     0x6246a55b8274 - std[10d71ac2c42b111e]::sys::backtrace::__rust_begin_short_backtrace::<test[213991da798b1c03]::run_test::{closure#1}, ()>
[INFO] [stdout]                                at /rustc/b2282dd5646a57d570fc86fbe8df0e8826665ef6/library/std/src/sys/backtrace.rs:166:18
[INFO] [stdout]   33:     0x6246a55c19e2 - std[10d71ac2c42b111e]::thread::lifecycle::spawn_unchecked::<test[213991da798b1c03]::run_test::{closure#1}, ()>::{closure#1}::{closure#0}
[INFO] [stdout]                                at /rustc/b2282dd5646a57d570fc86fbe8df0e8826665ef6/library/std/src/thread/lifecycle.rs:70:13
[INFO] [stdout]   34:     0x6246a55c19e2 - <core[8fb95b77d25ab6c8]::panic::unwind_safe::AssertUnwindSafe<std[10d71ac2c42b111e]::thread::lifecycle::spawn_unchecked<test[213991da798b1c03]::run_test::{closure#1}, ()>::{closure#1}::{closure#0}> as core[8fb95b77d25ab6c8]::ops::function::FnOnce<()>>::call_once
[INFO] [stdout]                                at /rustc/b2282dd5646a57d570fc86fbe8df0e8826665ef6/library/core/src/panic/unwind_safe.rs:275:9
[INFO] [stdout]   35:     0x6246a55c19e2 - std[10d71ac2c42b111e]::panicking::catch_unwind::do_call::<core[8fb95b77d25ab6c8]::panic::unwind_safe::AssertUnwindSafe<std[10d71ac2c42b111e]::thread::lifecycle::spawn_unchecked<test[213991da798b1c03]::run_test::{closure#1}, ()>::{closure#1}::{closure#0}>, ()>
[INFO] [stdout]                                at /rustc/b2282dd5646a57d570fc86fbe8df0e8826665ef6/library/std/src/panicking.rs:581:40
[INFO] [stdout]   36:     0x6246a55c19e2 - std[10d71ac2c42b111e]::panicking::catch_unwind::<(), core[8fb95b77d25ab6c8]::panic::unwind_safe::AssertUnwindSafe<std[10d71ac2c42b111e]::thread::lifecycle::spawn_unchecked<test[213991da798b1c03]::run_test::{closure#1}, ()>::{closure#1}::{closure#0}>>
[INFO] [stdout]                                at /rustc/b2282dd5646a57d570fc86fbe8df0e8826665ef6/library/std/src/panicking.rs:544:19
[INFO] [stdout]   37:     0x6246a55c19e2 - std[10d71ac2c42b111e]::panic::catch_unwind::<core[8fb95b77d25ab6c8]::panic::unwind_safe::AssertUnwindSafe<std[10d71ac2c42b111e]::thread::lifecycle::spawn_unchecked<test[213991da798b1c03]::run_test::{closure#1}, ()>::{closure#1}::{closure#0}>, ()>
[INFO] [stdout]                                at /rustc/b2282dd5646a57d570fc86fbe8df0e8826665ef6/library/std/src/panic.rs:359:14
[INFO] [stdout]   38:     0x6246a55c19e2 - std[10d71ac2c42b111e]::thread::lifecycle::spawn_unchecked::<test[213991da798b1c03]::run_test::{closure#1}, ()>::{closure#1}
[INFO] [stdout]                                at /rustc/b2282dd5646a57d570fc86fbe8df0e8826665ef6/library/std/src/thread/lifecycle.rs:68:26
[INFO] [stdout]   39:     0x6246a55c19e2 - <std[10d71ac2c42b111e]::thread::lifecycle::spawn_unchecked<test[213991da798b1c03]::run_test::{closure#1}, ()>::{closure#1} as core[8fb95b77d25ab6c8]::ops::function::FnOnce<()>>::call_once::{shim:vtable#0}
[INFO] [stdout]                                at /rustc/b2282dd5646a57d570fc86fbe8df0e8826665ef6/library/core/src/ops/function.rs:250:5
[INFO] [stdout]   40:     0x6246a5d52e8f - <alloc[a7ee25936407c584]::boxed::Box<dyn core[8fb95b77d25ab6c8]::ops::function::FnOnce<(), Output = ()> + core[8fb95b77d25ab6c8]::marker::Send> as core[8fb95b77d25ab6c8]::ops::function::FnOnce<()>>::call_once
[INFO] [stdout]                                at /rustc/b2282dd5646a57d570fc86fbe8df0e8826665ef6/library/alloc/src/boxed.rs:2275:9
[INFO] [stdout]   41:     0x6246a5d52e8f - <std[10d71ac2c42b111e]::sys::thread::unix::Thread>::new::thread_start
[INFO] [stdout]                                at /rustc/b2282dd5646a57d570fc86fbe8df0e8826665ef6/library/std/src/sys/thread/unix.rs:118:17
[INFO] [stdout]   42:     0x78d5c2986aa4 - <unknown>
[INFO] [stdout]   43:     0x78d5c2a13a64 - clone
[INFO] [stdout]   44:                0x0 - <unknown>
[INFO] [stdout] 
[INFO] [stdout] 
[INFO] [stdout] failures:
[INFO] [stdout]     resolver::tests::propagates_lexically_scoped_repositories
[INFO] [stdout] 
[INFO] [stdout] test result: FAILED. 97 passed; 1 failed; 0 ignored; 0 measured; 0 filtered out; finished in 0.83s
[INFO] [stdout] 
[INFO] [stderr] error: test failed, to rerun pass `--lib`
[INFO] running `Command { std: "docker" "inspect" "4affe4c961ce26a4d75273b24b803e41754dd860a04d0ced7cbf81a3a41155e6", kill_on_drop: false }`
[INFO] running `Command { std: "docker" "rm" "-f" "4affe4c961ce26a4d75273b24b803e41754dd860a04d0ced7cbf81a3a41155e6", kill_on_drop: false }`
[INFO] [stdout] 4affe4c961ce26a4d75273b24b803e41754dd860a04d0ced7cbf81a3a41155e6
