[INFO] cloning repository https://github.com/iyunbo/mdr
[INFO] running `Command { std: "git" "-c" "credential.helper=" "-c" "credential.helper=/workspace/cargo-home/bin/git-credential-null" "clone" "--bare" "https://github.com/iyunbo/mdr" "/workspace/cache/git-repos/https%3A%2F%2Fgithub.com%2Fiyunbo%2Fmdr", kill_on_drop: false }`
[INFO] [stderr] Cloning into bare repository '/workspace/cache/git-repos/https%3A%2F%2Fgithub.com%2Fiyunbo%2Fmdr'...
[INFO] running `Command { std: "git" "rev-parse" "HEAD", kill_on_drop: false }`
[INFO] [stdout] b811a7585a3db9c1e01e15cd12b2dc71ff284171
[INFO] testing iyunbo/mdr against 1.98.0-beta.1 for beta-1.98-2
[INFO] running `Command { std: "git" "clone" "/workspace/cache/git-repos/https%3A%2F%2Fgithub.com%2Fiyunbo%2Fmdr" "/workspace/builds/worker-3-tc2/source", kill_on_drop: false }`
[INFO] [stderr] Cloning into '/workspace/builds/worker-3-tc2/source'...
[INFO] [stderr] done.
[INFO] removed /workspace/builds/worker-3-tc2/source/.cargo/config.toml
[INFO] started tweaking git repo https://github.com/iyunbo/mdr
[INFO] finished tweaking git repo https://github.com/iyunbo/mdr
[INFO] tweaked toml for git repo https://github.com/iyunbo/mdr written to /workspace/builds/worker-3-tc2/source/Cargo.toml
[INFO] validating manifest of git repo https://github.com/iyunbo/mdr on toolchain 1.98.0-beta.1
[INFO] running `Command { std: CARGO_HOME="/workspace/cargo-home" RUSTUP_HOME="/workspace/rustup-home" "/workspace/cargo-home/bin/cargo" "+1.98.0-beta.1" "metadata" "--manifest-path" "Cargo.toml" "--no-deps", kill_on_drop: false }`
[INFO] crate git repo https://github.com/iyunbo/mdr already has a lockfile, it will not be regenerated
[INFO] running `Command { std: CARGO_HOME="/workspace/cargo-home" RUSTUP_HOME="/workspace/rustup-home" "/workspace/cargo-home/bin/cargo" "+1.98.0-beta.1" "fetch" "--manifest-path" "Cargo.toml", kill_on_drop: false }`
[INFO] running `Command { std: "docker" "create" "-v" "/var/lib/crater-agent-workspace/builds/worker-3-tc2/source:/opt/rustwide/workdir:ro,Z" "-v" "/var/lib/crater-agent-workspace/builds/worker-3-tc2/target:/opt/rustwide/target:rw,Z" "-v" "/var/lib/crater-agent-workspace/cargo-home:/opt/rustwide/cargo-home:ro,Z" "-v" "/var/lib/crater-agent-workspace/rustup-home:/opt/rustwide/rustup-home:ro,Z" "-m" "1610612736" "--network" "none" "ghcr.io/rust-lang/crates-build-env/linux@sha256:3d5ced03c013a94a2f102a4510f48a6e9184255caf5fd8244f58017bde7f5210" "sleep" "infinity", kill_on_drop: false }`
[INFO] [stdout] 6cbb7bd4753ed246cd159893b30f2f0d7c57db175f3071e0c708e908f3ad76ce
[INFO] running `Command { std: "docker" "start" "6cbb7bd4753ed246cd159893b30f2f0d7c57db175f3071e0c708e908f3ad76ce", kill_on_drop: false }`
[INFO] running `Command { std: "docker" "inspect" "6cbb7bd4753ed246cd159893b30f2f0d7c57db175f3071e0c708e908f3ad76ce", kill_on_drop: false }`
[INFO] running `Command { std: "docker" "exec" "-e" "SOURCE_DIR=/opt/rustwide/workdir" "-e" "CARGO_HOME=/opt/rustwide/cargo-home" "-e" "RUSTUP_HOME=/opt/rustwide/rustup-home" "-e" "CARGO_TARGET_DIR=/opt/rustwide/target" "-w" "/opt/rustwide/workdir" "--user" "0:0" "6cbb7bd4753ed246cd159893b30f2f0d7c57db175f3071e0c708e908f3ad76ce" "/opt/rustwide/cargo-home/bin/cargo" "+1.98.0-beta.1" "metadata" "--no-deps" "--format-version=1", kill_on_drop: false }`
[INFO] running `Command { std: "docker" "inspect" "6cbb7bd4753ed246cd159893b30f2f0d7c57db175f3071e0c708e908f3ad76ce", kill_on_drop: false }`
[INFO] running `Command { std: "docker" "exec" "-e" "SOURCE_DIR=/opt/rustwide/workdir" "-e" "CARGO_HOME=/opt/rustwide/cargo-home" "-e" "RUSTUP_HOME=/opt/rustwide/rustup-home" "-e" "CARGO_TARGET_DIR=/opt/rustwide/target" "-e" "CARGO_INCREMENTAL=0" "-e" "RUST_BACKTRACE=full" "-e" "RUSTFLAGS=--cap-lints=warn" "-e" "RUSTDOCFLAGS=--cap-lints=warn" "-w" "/opt/rustwide/workdir" "--user" "0:0" "6cbb7bd4753ed246cd159893b30f2f0d7c57db175f3071e0c708e908f3ad76ce" "/opt/rustwide/cargo-home/bin/cargo" "+1.98.0-beta.1" "build" "--frozen" "--message-format=json", kill_on_drop: false }`
[INFO] [stderr]    Compiling libc v0.2.184
[INFO] [stderr]    Compiling bitflags v2.11.0
[INFO] [stderr]    Compiling unicode-segmentation v1.13.2
[INFO] [stderr]    Compiling either v1.15.0
[INFO] [stderr]    Compiling serde_core v1.0.228
[INFO] [stderr]    Compiling syn v2.0.117
[INFO] [stderr]    Compiling simd-adler32 v0.3.9
[INFO] [stderr]    Compiling num-traits v0.2.19
[INFO] [stderr]    Compiling hashbrown v0.16.1
[INFO] [stderr]    Compiling miniz_oxide v0.8.9
[INFO] [stderr]    Compiling castaway v0.2.4
[INFO] [stderr]    Compiling itertools v0.14.0
[INFO] [stderr]    Compiling log v0.4.29
[INFO] [stderr]    Compiling num_threads v0.1.7
[INFO] [stderr]    Compiling instability v0.3.12
[INFO] [stderr]    Compiling signal-hook v0.3.18
[INFO] [stderr]    Compiling indoc v2.0.7
[INFO] [stderr]    Compiling convert_case v0.10.0
[INFO] [stderr]    Compiling flate2 v1.1.9
[INFO] [stderr]    Compiling compact_str v0.9.0
[INFO] [stderr]    Compiling lru v0.16.3
[INFO] [stderr]    Compiling rustix v1.1.4
[INFO] [stderr]    Compiling fdeflate v0.3.7
[INFO] [stderr]    Compiling errno v0.3.14
[INFO] [stderr]    Compiling mio v1.2.0
[INFO] [stderr]    Compiling signal-hook-registry v1.4.8
[INFO] [stderr]    Compiling time v0.3.47
[INFO] [stderr]    Compiling parking_lot_core v0.9.12
[INFO] [stderr]    Compiling unicode-truncate v2.0.1
[INFO] [stderr]    Compiling zune-core v0.5.1
[INFO] [stderr]    Compiling palette v0.7.6
[INFO] [stderr]    Compiling pxfm v0.1.29
[INFO] [stderr]    Compiling rand_core v0.9.5
[INFO] [stderr]    Compiling weezl v0.1.12
[INFO] [stderr]    Compiling hashbrown v0.17.0
[INFO] [stderr]    Compiling by_address v1.2.1
[INFO] [stderr]    Compiling litrs v1.0.0
[INFO] [stderr]    Compiling byteorder-lite v0.1.0
[INFO] [stderr]    Compiling color_quant v1.1.0
[INFO] [stderr]    Compiling quick-error v2.0.1
[INFO] [stderr]    Compiling indexmap v2.14.0
[INFO] [stderr]    Compiling image-webp v0.2.4
[INFO] [stderr]    Compiling gif v0.14.2
[INFO] [stderr]    Compiling document-features v0.2.12
[INFO] [stderr]    Compiling zune-jpeg v0.5.15
[INFO] [stderr]    Compiling parking_lot v0.12.5
[INFO] [stderr]    Compiling signal-hook-mio v0.2.5
[INFO] [stderr]    Compiling png v0.18.1
[INFO] [stderr]    Compiling darling_core v0.23.0
[INFO] [stderr]    Compiling getrandom v0.2.17
[INFO] [stderr]    Compiling line-clipping v0.3.7
[INFO] [stderr]    Compiling fast-srgb8 v1.0.0
[INFO] [stderr]    Compiling bitvec v1.0.1
[INFO] [stderr]    Compiling rayon v1.12.0
[INFO] [stderr]    Compiling rand_core v0.6.4
[INFO] [stderr]    Compiling rand_xoshiro v0.7.0
[INFO] [stderr]    Compiling rand v0.9.4
[INFO] [stderr]    Compiling ordered-float v5.3.0
[INFO] [stderr]    Compiling aho-corasick v1.1.4
[INFO] [stderr]    Compiling moxcms v0.8.1
[INFO] [stderr]    Compiling serde_json v1.0.149
[INFO] [stderr]    Compiling bit-vec v0.8.0
[INFO] [stderr]    Compiling rustix v0.38.44
[INFO] [stderr]    Compiling thiserror-impl v2.0.18
[INFO] [stderr]    Compiling bytemuck_derive v1.10.2
[INFO] [stderr]    Compiling serde_derive v1.0.228
[INFO] [stderr]    Compiling bytemuck v1.25.0
[INFO] [stderr]    Compiling strum_macros v0.27.2
[INFO] [stderr]    Compiling derive_more-impl v2.1.1
[INFO] [stderr]    Compiling thiserror v2.0.18
[INFO] [stderr]    Compiling kasuari v0.4.12
[INFO] [stderr]    Compiling safe_arch v0.9.3
[INFO] [stderr]    Compiling darling_macro v0.23.0
[INFO] [stderr]    Compiling darling v0.23.0
[INFO] [stderr]    Compiling derive_more v2.1.1
[INFO] [stderr]    Compiling palette_derive v0.7.6
[INFO] [stderr]    Compiling ref-cast-impl v1.0.25
[INFO] [stderr]    Compiling ref-cast v1.0.25
[INFO] [stderr]    Compiling crossterm v0.29.0
[INFO] [stderr]    Compiling wide v0.8.3
[INFO] [stderr]    Compiling regex-syntax v0.8.10
[INFO] [stderr]    Compiling same-file v1.0.6
[INFO] [stderr]    Compiling walkdir v2.5.0
[INFO] [stderr]    Compiling thiserror v1.0.69
[INFO] [stderr]    Compiling thiserror-impl v1.0.69
[INFO] [stderr]    Compiling strum v0.27.2
[INFO] [stderr]    Compiling ratatui-core v0.1.0
[INFO] [stderr]    Compiling bit-set v0.8.0
[INFO] [stderr]    Compiling image v0.25.10
[INFO] [stderr]    Compiling rand_chacha v0.3.1
[INFO] [stderr]    Compiling serde v1.0.228
[INFO] [stderr]    Compiling regex-automata v0.4.14
[INFO] [stderr]    Compiling ratatui-widgets v0.3.0
[INFO] [stderr]    Compiling toml_datetime v0.6.11
[INFO] [stderr]    Compiling serde_spanned v0.6.9
[INFO] [stderr]    Compiling ratatui-crossterm v0.1.0
[INFO] [stderr]    Compiling inotify-sys v0.1.5
[INFO] [stderr]    Compiling quick-xml v0.39.4
[INFO] [stderr]    Compiling pulldown-cmark v0.11.3
[INFO] [stderr]    Compiling linux-raw-sys v0.4.15
[INFO] [stderr]    Compiling winnow v0.7.15
[INFO] [stderr]    Compiling ratatui-image v11.0.0-alpha.2
[INFO] [stderr]    Compiling ratatui-macros v0.7.0
[INFO] [stderr]    Compiling linked-hash-map v0.5.6
[INFO] [stderr]    Compiling vsimd v0.8.0
[INFO] [stderr]    Compiling toml_write v0.1.2
[INFO] [stderr]    Compiling outref v0.5.2
[INFO] [stderr]    Compiling base64-simd v0.8.0
[INFO] [stderr]    Compiling plist v1.9.0
[INFO] [stderr]    Compiling yaml-rust v0.4.5
[INFO] [stderr]    Compiling ratatui v0.30.0
[INFO] [stderr]    Compiling toml_edit v0.22.27
[INFO] [stderr]    Compiling fancy-regex v0.16.2
[INFO] [stderr]    Compiling inotify v0.11.1
[INFO] [stderr]    Compiling quantette v0.5.1
[INFO] [stderr]    Compiling bincode v1.3.3
[INFO] [stderr]    Compiling rand v0.8.5
[INFO] [stderr]    Compiling clap_derive v4.6.0
[INFO] [stderr]    Compiling tokio-macros v2.7.0
[INFO] [stderr]    Compiling notify-types v2.1.0
[INFO] [stderr]    Compiling getopts v0.2.24
[INFO] [stderr]    Compiling pulldown-cmark-escape v0.11.0
[INFO] [stderr]    Compiling tokio v1.52.2
[INFO] [stderr]    Compiling syntect v5.3.0
[INFO] [stderr]    Compiling icy_sixel v0.5.0
[INFO] [stderr]    Compiling notify v8.2.0
[INFO] [stderr]    Compiling clap v4.6.0
[INFO] [stderr]    Compiling toml v0.8.23
[INFO] [stderr]    Compiling mdr v0.4.6 (/opt/rustwide/workdir)
[INFO] [stderr]     Finished `dev` profile [unoptimized + debuginfo] target(s) in 2m 35s
[INFO] running `Command { std: "docker" "inspect" "6cbb7bd4753ed246cd159893b30f2f0d7c57db175f3071e0c708e908f3ad76ce", kill_on_drop: false }`
[INFO] running `Command { std: "docker" "exec" "-e" "SOURCE_DIR=/opt/rustwide/workdir" "-e" "CARGO_HOME=/opt/rustwide/cargo-home" "-e" "RUSTUP_HOME=/opt/rustwide/rustup-home" "-e" "CARGO_TARGET_DIR=/opt/rustwide/target" "-e" "CARGO_INCREMENTAL=0" "-e" "RUST_BACKTRACE=full" "-e" "RUSTFLAGS=--cap-lints=warn" "-e" "RUSTDOCFLAGS=--cap-lints=warn" "-w" "/opt/rustwide/workdir" "--user" "0:0" "6cbb7bd4753ed246cd159893b30f2f0d7c57db175f3071e0c708e908f3ad76ce" "/opt/rustwide/cargo-home/bin/cargo" "+1.98.0-beta.1" "test" "--frozen" "--no-run" "--message-format=json", kill_on_drop: false }`
[INFO] [stderr]    Compiling rustix v1.1.4
[INFO] [stderr]    Compiling getrandom v0.4.2
[INFO] [stderr]    Compiling crossterm v0.29.0
[INFO] [stderr]    Compiling tempfile v3.27.0
[INFO] [stderr]    Compiling ratatui-crossterm v0.1.0
[INFO] [stderr]    Compiling ratatui v0.30.0
[INFO] [stderr]    Compiling ratatui-image v11.0.0-alpha.2
[INFO] [stderr]    Compiling mdr v0.4.6 (/opt/rustwide/workdir)
[INFO] [stderr]     Finished `test` profile [unoptimized + debuginfo] target(s) in 14.94s
[INFO] running `Command { std: "docker" "inspect" "6cbb7bd4753ed246cd159893b30f2f0d7c57db175f3071e0c708e908f3ad76ce", kill_on_drop: false }`
[INFO] running `Command { std: "docker" "exec" "-e" "SOURCE_DIR=/opt/rustwide/workdir" "-e" "CARGO_HOME=/opt/rustwide/cargo-home" "-e" "RUSTUP_HOME=/opt/rustwide/rustup-home" "-e" "CARGO_TARGET_DIR=/opt/rustwide/target" "-e" "CARGO_INCREMENTAL=0" "-e" "RUST_BACKTRACE=full" "-e" "RUSTFLAGS=--cap-lints=warn" "-e" "RUSTDOCFLAGS=--cap-lints=warn" "-w" "/opt/rustwide/workdir" "--user" "0:0" "6cbb7bd4753ed246cd159893b30f2f0d7c57db175f3071e0c708e908f3ad76ce" "/opt/rustwide/cargo-home/bin/cargo" "+1.98.0-beta.1" "test" "--frozen", kill_on_drop: false }`
[INFO] [stderr]     Finished `test` profile [unoptimized + debuginfo] target(s) in 0.30s
[INFO] [stderr]      Running unittests src/main.rs (/opt/rustwide/target/debug/deps/mdr-ca668319dbddfe0a)
[INFO] [stdout] 
[INFO] [stdout] running 201 tests
[INFO] [stdout] test app::tests::app_reports_every_invalid_theme_value_in_stable_order ... ok
[INFO] [stdout] test app::tests::failed_open_restores_standalone_document ... ok
[INFO] [stdout] test app::tests::link_click_requires_an_occupied_display_cell ... ok
[INFO] [stdout] test app::tests::failed_history_load_does_not_move_history_cursor ... ok
[INFO] [stdout] test app::tests::failed_image_decode_can_be_queued_again ... ok
[INFO] [stdout] test app::tests::goto_bottom_uses_wrapped_visual_rows ... ok
[INFO] [stdout] test app::tests::missing_picker_clears_pending_without_installing_or_error ... ok
[INFO] [stdout] test app::tests::reload_during_pending_history_preserves_loading_and_commit ... ok
[INFO] [stdout] test app::tests::missing_image_is_queued_once_without_decoding_in_draw ... ok
[INFO] [stdout] test app::tests::search_lowercase_expansion_uses_original_character_offset ... ok
[INFO] [stdout] test app::tests::reload_during_pending_open_preserves_loading_and_rollback ... ok
[INFO] [stdout] test app::tests::search_jumps_to_matching_wrapped_visual_row ... ok
[INFO] [stdout] test app::tests::startup_warnings_can_be_drained ... ok
[INFO] [stdout] test app::tests::scroll_can_exceed_u16_max ... ok
[INFO] [stdout] test app::tests::successful_history_load_commits_without_appending ... ok
[INFO] [stdout] test app::tests::link_click_uses_visual_row_and_cjk_cells ... ok
[INFO] [stdout] test app::tests::test_collapse_clamps_cursor_into_range ... ok
[INFO] [stdout] test app::tests::test_cancel_search_clears_input ... ok
[INFO] [stdout] test app::tests::test_current_link_none_when_unselected ... ok
[INFO] [stdout] test app::tests::test_collapse_clamps_cursor ... ok
[INFO] [stdout] test app::tests::test_current_link_returns_selected ... ok
[INFO] [stdout] test app::tests::test_cursor_primitives_with_no_tree ... ok
[INFO] [stdout] test app::tests::test_cursor_primitives_walk_tree ... ok
[INFO] [stdout] test app::tests::test_cycle_link_backward_from_none_starts_at_last ... ok
[INFO] [stdout] test app::tests::test_cycle_link_scrolls_into_view ... ok
[INFO] [stdout] test app::tests::test_cycle_link_with_no_links_sets_status ... ok
[INFO] [stdout] test app::tests::test_cycle_link_wraps_and_selects_first_link ... ok
[INFO] [stdout] test app::tests::test_goto_bottom_in_browsing ... ok
[INFO] [stdout] test app::tests::link_selection_scrolls_to_wrapped_visual_row ... ok
[INFO] [stdout] test app::tests::protocol_creation_failure_clears_pending_without_installing_or_error ... ok
[INFO] [stdout] test app::tests::successful_image_install_caps_cache_and_keeps_completed_entry ... ok
[INFO] [stdout] test app::tests::test_goto_bottom_in_viewing ... ok
[INFO] [stdout] test app::tests::test_begin_open_load_preserves_content ... ok
[INFO] [stdout] test app::tests::test_history_capped_at_history_cap ... ok
[INFO] [stdout] test app::tests::test_count_buffer_digits_and_take ... ok
[INFO] [stdout] test app::tests::test_half_page_down_up_in_viewing_saturates ... ok
[INFO] [stdout] test app::tests::test_half_page_down_up_in_browsing ... ok
[INFO] [stdout] test app::tests::test_goto_line_in_browsing_clamps ... ok
[INFO] [stdout] test app::tests::test_link_at_terminal_hits_link_in_body_area ... ok
[INFO] [stdout] test app::tests::test_link_at_terminal_respects_gutter_and_scroll ... ok
[INFO] [stdout] test app::tests::test_quit_flips_running ... ok
[INFO] [stdout] test app::tests::test_reload_content_clamps_scroll_when_file_shrinks ... ok
[INFO] [stdout] test app::tests::test_reload_content_ignored_for_other_path ... ok
[INFO] [stdout] test app::tests::test_reload_content_matches_canonical_path ... ok
[INFO] [stdout] test app::tests::test_reload_content_replaces_in_place ... ok
[INFO] [stdout] test app::tests::test_history_truncates_forward_on_new_open ... ok
[INFO] [stdout] test app::tests::test_repeat_search_reverse_flips_direction ... ok
[INFO] [stdout] test app::tests::test_jumps_in_loading_state_are_noops ... ok
[INFO] [stdout] test app::tests::test_line_prompt_collects_digits_and_jumps ... ok
[INFO] [stdout] test app::tests::test_line_prompt_cancels_on_esc_path ... ok
[INFO] [stdout] test app::tests::test_line_prompt_pop_removes_last_digit ... ok
[INFO] [stdout] test app::tests::test_goto_line_in_viewing ... ok
[INFO] [stdout] test app::tests::test_history_records_and_navigates_back_forward ... ok
[INFO] [stdout] test app::tests::test_repeat_search_without_previous_sets_status ... ok
[INFO] [stdout] test app::tests::test_scroll_primitives_saturate ... ok
[INFO] [stdout] test app::tests::test_set_error_switches_state_to_browsing ... ok
[INFO] [stdout] test app::tests::test_search_not_found_sets_status_message ... ok
[INFO] [stdout] test app::tests::test_search_in_browsing_jumps_cursor ... ok
[INFO] [stdout] test app::tests::test_selected_node_returns_node_at_cursor ... ok
[INFO] [stdout] test app::tests::test_toggle_collapses_root ... ok
[INFO] [stdout] test config::tests::keys_only_config_parses ... ok
[INFO] [stdout] test config::tests::parse_error_returns_defaults_and_a_warning ... ok
[INFO] [stdout] test config::tests::missing_config_returns_defaults_without_a_warning ... ok
[INFO] [stdout] test config::tests::test_default_config_has_quit_key ... ok
[INFO] [stdout] test config::tests::test_merge_keeps_default_keys_for_unspecified_actions ... ok
[INFO] [stdout] test config::tests::test_parse_toml_config_array_form ... ok
[INFO] [stdout] test app::tests::test_wikilink_resolves_via_tree_index_after_open ... ok
[INFO] [stdout] test config::tests::theme_only_config_uses_field_defaults ... ok
[INFO] [stdout] test display::tests::continuation_rows_keep_a_blank_gutter ... ok
[INFO] [stdout] test app::tests::test_search_backward_wraps ... ok
[INFO] [stdout] test config::tests::test_parse_toml_config_string_form ... ok
[INFO] [stdout] test app::tests::test_search_in_viewing_finds_line ... ok
[INFO] [stdout] test fs::tests::markdown_extensions_are_case_insensitive ... ok
[INFO] [stdout] test display::tests::wraps_at_whitespace_and_maps_logical_offsets ... ok
[INFO] [stdout] test app::tests::test_search_input_pop_removes_last_char ... ok
[INFO] [stdout] test display::tests::maps_cjk_terminal_cells_to_character_offsets ... ok
[INFO] [stdout] test fs::tests::read_file_accepts_non_utf8_path ... ok
[INFO] [stdout] test fs::tests::test_read_file_missing_returns_error ... ok
[INFO] [stdout] test fs::tests::test_read_file_returns_content ... ok
[INFO] [stdout] test fs::tests::unrelated_markdown_like_extensions_are_rejected ... ok
[INFO] [stdout] test keys::tests::action_aliases_remain_supported ... ok
[INFO] [stdout] test keys::tests::action_all_has_declaration_order ... ok
[INFO] [stdout] test fs::tests::test_walk_dir_on_file_returns_error ... ok
[INFO] [stdout] test keys::tests::duplicate_binding_has_fixed_winner_and_warning ... ok
[INFO] [stdout] test fs::tests::test_walk_dir_finds_md_files ... ok
[INFO] [stdout] test keys::tests::invalid_actions_and_keys_are_reported_in_stable_order ... ok
[INFO] [stdout] test keys::tests::test_normalize_strips_shift_from_char_keys ... ok
[INFO] [stdout] test keys::tests::test_build_keymap_from_default_config ... ok
[INFO] [stdout] test app::tests::test_selected_node_none_without_tree ... ok
[INFO] [stdout] test fs::tests::test_walk_dir_sorts_dirs_before_files ... ok
[INFO] [stdout] test keys::tests::test_parse_key_chars_and_specials ... ok
[INFO] [stdout] test config::tests::ui_only_config_uses_all_other_defaults ... ok
[INFO] [stdout] test keys::tests::test_parse_key_with_modifiers ... ok
[INFO] [stdout] test markdown::tests::horizontal_rule_is_visible ... ok
[INFO] [stdout] test markdown::tests::block_quote_link_offsets_exclude_the_quote_prefix ... ok
[INFO] [stdout] test markdown::tests::block_quote_prefixes_multiline_and_nested_lines ... ok
[INFO] [stdout] test markdown::tests::multiline_raw_html_prefixes_every_visible_quoted_line ... ok
[INFO] [stdout] test markdown::tests::block_html_and_following_prose_occupy_distinct_display_rows ... ok
[INFO] [stdout] test markdown::tests::nested_link_restores_styles_and_keeps_offsets ... ok
[INFO] [stdout] test markdown::tests::nested_emphasis_restores_outer_bold ... ok
[INFO] [stdout] test markdown::tests::footnote_reference_is_visible ... ok
[INFO] [stdout] test markdown::tests::nested_quoted_list_prefixes_the_first_child ... ok
[INFO] [stdout] test markdown::tests::nested_strikethrough_restores_outer_emphasis ... ok
[INFO] [stdout] test markdown::tests::quoted_table_prefixes_rows_without_changing_cells_or_widths ... ok
[INFO] [stdout] test markdown::tests::quoted_task_list_prefix_precedes_bullet_and_marker ... ok
[INFO] [stdout] test markdown::tests::raw_and_inline_html_are_visible ... ok
[INFO] [stdout] test markdown::tests::syntax_theme_validation_uses_highlight_registry ... ok
[INFO] [stdout] test app::tests::test_toggle_expands_collapsed_subdir_lazily ... ok
[INFO] [stdout] test markdown::tests::task_list_markers_are_visible ... ok
[INFO] [stdout] test markdown::tests::test_bold_text_has_bold_modifier ... ok
[INFO] [stdout] test markdown::tests::quoted_multiline_link_tail_offset_excludes_the_quote_prefix ... ok
[INFO] [stdout] test markdown::tests::test_color_from_str_known_and_unknown ... ok
[INFO] [stdout] test markdown::tests::test_code_block_lines_use_code_color ... ok
[INFO] [stdout] test markdown::tests::quoted_non_text_inline_events_start_after_the_prefix ... ok
[INFO] [stdout] test markdown::tests::quoted_inline_code_has_a_prefix ... ok
[INFO] [stdout] test markdown::tests::test_h3_no_underline_row ... ok
[INFO] [stdout] test markdown::tests::test_h1_emits_double_underline_row ... ok
[INFO] [stdout] test markdown::tests::test_heading_color_overridable ... ok
[INFO] [stdout] test markdown::tests::test_h2_emits_single_underline_row ... ok
[INFO] [stdout] test markdown::tests::test_h5_is_italic ... ok
[INFO] [stdout] test markdown::tests::test_image_local_path_resolves_relative_to_base_dir ... ok
[INFO] [stdout] test markdown::tests::test_image_reserves_height_rows_in_lines ... ok
[INFO] [stdout] test markdown::tests::test_heading_is_bold_cyan ... ok
[INFO] [stdout] test markdown::tests::test_inline_code_is_yellow ... ok
[INFO] [stdout] test markdown::tests::test_image_url_is_dropped_but_alt_still_rendered ... ok
[INFO] [stdout] test markdown::tests::test_link_local_path_recorded_with_correct_offsets ... ok
[INFO] [stdout] test markdown::tests::test_link_url_target ... ok
[INFO] [stdout] test markdown::tests::test_link_text_is_cyan_and_underlined ... ok
[INFO] [stdout] test markdown::tests::test_link_inside_table_not_recorded_but_styled ... ok
[INFO] [stdout] test markdown::tests::test_ordered_list_uses_number_prefix ... ok
[INFO] [stdout] test markdown::tests::test_paragraphs_separated_by_blank_line ... ok
[INFO] [stdout] test markdown::tests::test_link_with_anchor_strips_fragment ... ok
[INFO] [stdout] test markdown::tests::test_table_cell_with_inline_code_keeps_yellow_style ... ok
[INFO] [stdout] test markdown::tests::test_table_columns_padded_to_max_width ... ok
[INFO] [stdout] test markdown::tests::test_table_columns_use_terminal_display_width_for_cjk ... ok
[INFO] [stdout] test markdown::tests::test_plain_text_renders ... ok
[INFO] [stdout] test markdown::tests::test_tight_list_items_each_on_their_own_line ... ok
[INFO] [stdout] test markdown::tests::test_table_renders_header_and_rows ... ok
[INFO] [stdout] test markdown::tests::test_table_has_top_and_bottom_borders ... ok
[INFO] [stdout] test markdown::tests::unknown_color_is_rejected_instead_of_becoming_white ... ok
[INFO] [stdout] test tests::bare_g_still_jumps_to_bottom_in_viewing_mode ... ok
[INFO] [stdout] test tests::app_warnings_follow_config_parse_warnings_at_startup ... ok
[INFO] [stdout] test tests::current_directory_failure_is_propagated ... ok
[INFO] [stdout] test tests::count_prefix_g_jumps_to_line_in_viewing_mode ... ok
[INFO] [stdout] test tests::count_prefix_g_jumps_to_item_in_browsing_mode ... ok
[INFO] [stdout] test tests::decode_image_rejects_missing_and_invalid_files ... ok
[INFO] [stdout] test tests::decode_image_reads_valid_file_off_thread ... ok
[INFO] [stdout] test tests::direct_file_startup_begins_transactional_async_open ... ok
[INFO] [stdout] test tests::directory_walk_failure_is_propagated ... ok
[INFO] [stdout] test tests::existing_directory_is_classified_for_browsing ... ok
[INFO] [stdout] test tests::existing_file_is_classified_for_async_loading ... ok
[INFO] [stdout] test tests::failed_image_completion_clears_pending_without_document_error ... ok
[INFO] [stdout] test tests::initial_content_marks_startup_load_complete ... ok
[INFO] [stdout] test tests::initial_file_error_is_returned_from_message_boundary ... ok
[INFO] [stdout] test tests::installed_image_completion_requests_redraw ... ok
[INFO] [stdout] test tests::later_file_error_remains_transactional_status_error ... ok
[INFO] [stdout] test markdown::tests::test_unknown_language_falls_back_to_code_color ... ok
[INFO] [stdout] test markdown::tests::quoted_block_outputs_keep_the_prefix_on_every_visible_row ... ok
[INFO] [stdout] test tests::missing_cli_path_is_an_error ... ok
[INFO] [stdout] test tests::one_g_jumps_to_first_line_in_viewing_mode ... ok
[INFO] [stdout] test tests::missing_picker_completion_clears_pending_without_redraw_or_requeue ... ok
[INFO] [stdout] test tests::request_dispatch_drains_each_deduped_path_once ... ok
[INFO] [stdout] test ui::preview::tests::does_not_request_images_for_zero_height_body ... ok
[INFO] [stdout] test ui::preview::tests::does_not_request_images_for_zero_width_body ... ok
[INFO] [stdout] test ui::preview::tests::image_offset_uses_wrapped_visual_row ... ok
[INFO] [stdout] test ui::preview::tests::image_rows_suppress_line_number_gutters_without_kitty ... ok
[INFO] [stdout] test ui::preview::tests::does_not_request_wrapped_image_after_render_rectangle_leaves_viewport ... ok
[INFO] [stdout] test ui::preview::tests::preview_requests_only_missing_images_intersecting_the_viewport ... ok
[INFO] [stdout] test ui::preview::tests::preview_returns_visible_missing_image_paths ... ok
[INFO] [stdout] test ui::preview::tests::visible_image_request_bounds_saturate_for_large_scroll_values ... ok
[INFO] [stdout] test wikilink::tests::accepts_explicit_md_extension ... ok
[INFO] [stdout] test ui::preview::tests::wraps_long_preview_lines_instead_of_truncating ... ok
[INFO] [stdout] test wikilink::tests::explicit_markdown_extensions_are_stripped_case_insensitively ... ok
[INFO] [stdout] test wikilink::tests::falls_back_to_base_dir_when_no_tree_match ... ok
[INFO] [stdout] test wikilink::tests::fence_like_mismatched_run_does_not_steal_multiline_inline_code ... ok
[INFO] [stdout] test wikilink::tests::handles_multibyte_chars_around_wikilink ... ok
[INFO] [stdout] test wikilink::tests::inline_closer_lookahead_stops_at_a_blank_paragraph_boundary ... ok
[INFO] [stdout] test wikilink::tests::keeps_anchor_in_display_strips_from_target ... ok
[INFO] [stdout] test wikilink::tests::longer_matching_fence_run_closes_block ... ok
[INFO] [stdout] test wikilink::tests::malformed_wikilinks_left_alone ... ok
[INFO] [stdout] test wikilink::tests::mismatched_fence_marker_does_not_close_block ... ok
[INFO] [stdout] test wikilink::tests::multi_backtick_inline_code_protects_wikilinks ... ok
[INFO] [stdout] test wikilink::tests::inline_code_closes_only_with_an_equal_backtick_run ... ok
[INFO] [stdout] test wikilink::tests::multiline_single_backtick_code_protects_wikilinks ... ok
[INFO] [stdout] test wikilink::tests::resolves_via_tree_index_case_insensitively ... ok
[INFO] [stdout] test wikilink::tests::rewrites_alias_with_pipe ... ok
[INFO] [stdout] test wikilink::tests::rewrites_simple_wikilink_to_markdown_link ... ok
[INFO] [stdout] test wikilink::tests::skips_inside_fenced_code_block ... ok
[INFO] [stdout] test wikilink::tests::skips_inside_inline_code ... ok
[INFO] [stdout] test wikilink::tests::target_with_space_uses_angle_brackets ... ok
[INFO] [stdout] test wikilink::tests::multiline_double_backtick_code_protects_wikilinks ... ok
[INFO] [stdout] test wikilink::tests::unmatched_double_backtick_does_not_hide_following_wikilinks ... ok
[INFO] [stdout] test wikilink::tests::unmatched_inline_run_does_not_steal_a_later_fenced_block ... ok
[INFO] [stdout] test wikilink::tests::unsupported_markdown_extensions_are_not_stripped ... ok
[INFO] [stdout] test wikilink::tests::unmatched_single_backtick_does_not_hide_following_wikilinks ... ok
[INFO] [stdout] test tests::default_unreadable_directory_walk_failure_is_propagated ... FAILED
[INFO] [stdout] test tests::explicit_unreadable_directory_walk_failure_is_propagated ... FAILED
[INFO] [stdout] test tests::metadata_failure_is_not_reported_as_a_missing_path ... FAILED
[INFO] [stdout] test display::tests::total_rows_is_not_limited_to_u16 ... ok
[INFO] [stdout] test markdown::tests::test_fenced_rust_block_produces_multiple_token_colors ... ok
[INFO] [stdout] test markdown::tests::test_fenced_code_block_preserves_line_breaks ... ok
[INFO] [stdout] 
[INFO] [stdout] failures:
[INFO] [stdout] 
[INFO] [stdout] ---- tests::default_unreadable_directory_walk_failure_is_propagated stdout ----
[INFO] [stdout] 
[INFO] [stdout] thread 'tests::default_unreadable_directory_walk_failure_is_propagated' (2312) panicked at src/main.rs:801:78:
[INFO] [stdout] called `Result::unwrap_err()` on an `Ok` value: None
[INFO] [stdout] stack backtrace:
[INFO] [stdout]    0:     0x5ab060a04b41 - std[73adb7dc35730857]::backtrace_rs::backtrace::libunwind::trace
[INFO] [stdout]                                at /rustc/6b3fa26749ab40e159b2dd5cf577acaaf5902772/library/std/src/../../backtrace/src/backtrace/libunwind.rs:117:9
[INFO] [stdout]    1:     0x5ab060a04b41 - std[73adb7dc35730857]::backtrace_rs::backtrace::trace_unsynchronized::<std[73adb7dc35730857]::sys::backtrace::_print_fmt::{closure#1}>
[INFO] [stdout]                                at /rustc/6b3fa26749ab40e159b2dd5cf577acaaf5902772/library/std/src/../../backtrace/src/backtrace/mod.rs:66:14
[INFO] [stdout]    2:     0x5ab060a04b41 - std[73adb7dc35730857]::sys::backtrace::_print_fmt
[INFO] [stdout]                                at /rustc/6b3fa26749ab40e159b2dd5cf577acaaf5902772/library/std/src/sys/backtrace.rs:74:9
[INFO] [stdout]    3:     0x5ab060a04b41 - <<std[73adb7dc35730857]::sys::backtrace::BacktraceLock>::print::DisplayBacktrace as core[6883ba1bc0fe4ed1]::fmt::Display>::fmt
[INFO] [stdout]                                at /rustc/6b3fa26749ab40e159b2dd5cf577acaaf5902772/library/std/src/sys/backtrace.rs:44:26
[INFO] [stdout]    4:     0x5ab060a1c8ca - <core[6883ba1bc0fe4ed1]::fmt::rt::Argument>::fmt
[INFO] [stdout]                                at /rustc/6b3fa26749ab40e159b2dd5cf577acaaf5902772/library/core/src/fmt/rt.rs:152:76
[INFO] [stdout]    5:     0x5ab060a1c8ca - core[6883ba1bc0fe4ed1]::fmt::write
[INFO] [stdout]    6:     0x5ab060a095ac - std[73adb7dc35730857]::io::default_write_fmt::<alloc[55a36b64bcbf2c0d]::vec::Vec<u8>>
[INFO] [stdout]                                at /rustc/6b3fa26749ab40e159b2dd5cf577acaaf5902772/library/std/src/io/mod.rs:626:11
[INFO] [stdout]    7:     0x5ab060a095ac - <alloc[55a36b64bcbf2c0d]::vec::Vec<u8> as std[73adb7dc35730857]::io::Write>::write_fmt
[INFO] [stdout]                                at /rustc/6b3fa26749ab40e159b2dd5cf577acaaf5902772/library/std/src/io/mod.rs:1730:13
[INFO] [stdout]    8:     0x5ab0609dff36 - <std[73adb7dc35730857]::sys::backtrace::BacktraceLock>::print
[INFO] [stdout]                                at /rustc/6b3fa26749ab40e159b2dd5cf577acaaf5902772/library/std/src/sys/backtrace.rs:47:9
[INFO] [stdout]    9:     0x5ab0609dff36 - std[73adb7dc35730857]::panicking::default_hook::{closure#0}
[INFO] [stdout]                                at /rustc/6b3fa26749ab40e159b2dd5cf577acaaf5902772/library/std/src/panicking.rs:292:27
[INFO] [stdout]   10:     0x5ab0609fb859 - std[73adb7dc35730857]::panicking::default_hook
[INFO] [stdout]                                at /rustc/6b3fa26749ab40e159b2dd5cf577acaaf5902772/library/std/src/panicking.rs:316:9
[INFO] [stdout]   11:     0x5ab060113fe0 - <alloc[55a36b64bcbf2c0d]::boxed::Box<dyn for<'a, 'b> core[6883ba1bc0fe4ed1]::ops::function::Fn<(&'a std[73adb7dc35730857]::panic::PanicHookInfo<'b>,), Output = ()> + core[6883ba1bc0fe4ed1]::marker::Send + core[6883ba1bc0fe4ed1]::marker::Sync> as core[6883ba1bc0fe4ed1]::ops::function::Fn<(&std[73adb7dc35730857]::panic::PanicHookInfo,)>>::call
[INFO] [stdout]                                at /rustc/6b3fa26749ab40e159b2dd5cf577acaaf5902772/library/alloc/src/boxed.rs:2333:9
[INFO] [stdout]   12:     0x5ab060113fe0 - test[980ffaebd391d06d]::test_main_inner::<test[980ffaebd391d06d]::test_main_static::{closure#0}>::{closure#0}
[INFO] [stdout]                                at /rustc/6b3fa26749ab40e159b2dd5cf577acaaf5902772/library/test/src/lib.rs:155:21
[INFO] [stdout]   13:     0x5ab0609fbb82 - <alloc[55a36b64bcbf2c0d]::boxed::Box<dyn for<'a, 'b> core[6883ba1bc0fe4ed1]::ops::function::Fn<(&'a std[73adb7dc35730857]::panic::PanicHookInfo<'b>,), Output = ()> + core[6883ba1bc0fe4ed1]::marker::Send + core[6883ba1bc0fe4ed1]::marker::Sync> as core[6883ba1bc0fe4ed1]::ops::function::Fn<(&std[73adb7dc35730857]::panic::PanicHookInfo,)>>::call
[INFO] [stdout]                                at /rustc/6b3fa26749ab40e159b2dd5cf577acaaf5902772/library/alloc/src/boxed.rs:2333:9
[INFO] [stdout]   14:     0x5ab0609fbb82 - std[73adb7dc35730857]::panicking::panic_with_hook
[INFO] [stdout]                                at /rustc/6b3fa26749ab40e159b2dd5cf577acaaf5902772/library/std/src/panicking.rs:823:13
[INFO] [stdout]   15:     0x5ab0609dffe2 - std[73adb7dc35730857]::panicking::panic_handler::{closure#0}
[INFO] [stdout]                                at /rustc/6b3fa26749ab40e159b2dd5cf577acaaf5902772/library/std/src/panicking.rs:688:13
[INFO] [stdout]   16:     0x5ab0609d7539 - std[73adb7dc35730857]::sys::backtrace::__rust_end_short_backtrace::<std[73adb7dc35730857]::panicking::panic_handler::{closure#0}, !>
[INFO] [stdout]                                at /rustc/6b3fa26749ab40e159b2dd5cf577acaaf5902772/library/std/src/sys/backtrace.rs:182:18
[INFO] [stdout]   17:     0x5ab0609e0c9d - __rustc[a7b7b02e776dd976]::rust_begin_unwind
[INFO] [stdout]                                at /rustc/6b3fa26749ab40e159b2dd5cf577acaaf5902772/library/std/src/panicking.rs:679:5
[INFO] [stdout]   18:     0x5ab060a1d14c - core[6883ba1bc0fe4ed1]::panicking::panic_fmt
[INFO] [stdout]                                at /rustc/6b3fa26749ab40e159b2dd5cf577acaaf5902772/library/core/src/panicking.rs:80:14
[INFO] [stdout]   19:     0x5ab060a1cec2 - core[6883ba1bc0fe4ed1]::result::unwrap_failed
[INFO] [stdout]                                at /rustc/6b3fa26749ab40e159b2dd5cf577acaaf5902772/library/core/src/result.rs:1870:5
[INFO] [stdout]   20:     0x5ab05febf838 - <core[6883ba1bc0fe4ed1]::result::Result<core[6883ba1bc0fe4ed1]::option::Option<std[73adb7dc35730857]::path::PathBuf>, mdr[f47e6abac453f488]::error::AppError>>::unwrap_err
[INFO] [stdout]                                at /rustc/6b3fa26749ab40e159b2dd5cf577acaaf5902772/library/core/src/result.rs:1327:22
[INFO] [stdout]   21:     0x5ab05fe58d1d - mdr[f47e6abac453f488]::tests::default_unreadable_directory_walk_failure_is_propagated
[INFO] [stdout]                                at /opt/rustwide/workdir/src/main.rs:801:78
[INFO] [stdout]   22:     0x5ab05fe4b057 - mdr[f47e6abac453f488]::tests::default_unreadable_directory_walk_failure_is_propagated::{closure#0}
[INFO] [stdout]                                at /opt/rustwide/workdir/src/main.rs:794:65
[INFO] [stdout]   23:     0x5ab05feab2d6 - <mdr[f47e6abac453f488]::tests::default_unreadable_directory_walk_failure_is_propagated::{closure#0} as core[6883ba1bc0fe4ed1]::ops::function::FnOnce<()>>::call_once
[INFO] [stdout]                                at /rustc/6b3fa26749ab40e159b2dd5cf577acaaf5902772/library/core/src/ops/function.rs:250:5
[INFO] [stdout]   24:     0x5ab06010731b - <fn() -> core[6883ba1bc0fe4ed1]::result::Result<(), alloc[55a36b64bcbf2c0d]::string::String> as core[6883ba1bc0fe4ed1]::ops::function::FnOnce<()>>::call_once
[INFO] [stdout]                                at /rustc/6b3fa26749ab40e159b2dd5cf577acaaf5902772/library/core/src/ops/function.rs:250:5
[INFO] [stdout]   25:     0x5ab06010731b - test[980ffaebd391d06d]::__rust_begin_short_backtrace::<core[6883ba1bc0fe4ed1]::result::Result<(), alloc[55a36b64bcbf2c0d]::string::String>, fn() -> core[6883ba1bc0fe4ed1]::result::Result<(), alloc[55a36b64bcbf2c0d]::string::String>>
[INFO] [stdout]                                at /rustc/6b3fa26749ab40e159b2dd5cf577acaaf5902772/library/test/src/lib.rs:724:18
[INFO] [stdout]   26:     0x5ab060114965 - test[980ffaebd391d06d]::run_test_in_process::{closure#0}
[INFO] [stdout]                                at /rustc/6b3fa26749ab40e159b2dd5cf577acaaf5902772/library/test/src/lib.rs:747:74
[INFO] [stdout]   27:     0x5ab060114965 - <core[6883ba1bc0fe4ed1]::panic::unwind_safe::AssertUnwindSafe<test[980ffaebd391d06d]::run_test_in_process::{closure#0}> as core[6883ba1bc0fe4ed1]::ops::function::FnOnce<()>>::call_once
[INFO] [stdout]                                at /rustc/6b3fa26749ab40e159b2dd5cf577acaaf5902772/library/core/src/panic/unwind_safe.rs:275:9
[INFO] [stdout]   28:     0x5ab060114965 - std[73adb7dc35730857]::panicking::catch_unwind::do_call::<core[6883ba1bc0fe4ed1]::panic::unwind_safe::AssertUnwindSafe<test[980ffaebd391d06d]::run_test_in_process::{closure#0}>, core[6883ba1bc0fe4ed1]::result::Result<(), alloc[55a36b64bcbf2c0d]::string::String>>
[INFO] [stdout]                                at /rustc/6b3fa26749ab40e159b2dd5cf577acaaf5902772/library/std/src/panicking.rs:576:43
[INFO] [stdout]   29:     0x5ab060114965 - std[73adb7dc35730857]::panicking::catch_unwind::<core[6883ba1bc0fe4ed1]::result::Result<(), alloc[55a36b64bcbf2c0d]::string::String>, core[6883ba1bc0fe4ed1]::panic::unwind_safe::AssertUnwindSafe<test[980ffaebd391d06d]::run_test_in_process::{closure#0}>>
[INFO] [stdout]                                at /rustc/6b3fa26749ab40e159b2dd5cf577acaaf5902772/library/std/src/panicking.rs:544:19
[INFO] [stdout]   30:     0x5ab060114965 - std[73adb7dc35730857]::panic::catch_unwind::<core[6883ba1bc0fe4ed1]::panic::unwind_safe::AssertUnwindSafe<test[980ffaebd391d06d]::run_test_in_process::{closure#0}>, core[6883ba1bc0fe4ed1]::result::Result<(), alloc[55a36b64bcbf2c0d]::string::String>>
[INFO] [stdout]                                at /rustc/6b3fa26749ab40e159b2dd5cf577acaaf5902772/library/std/src/panic.rs:359:14
[INFO] [stdout]   31:     0x5ab060114965 - test[980ffaebd391d06d]::run_test_in_process
[INFO] [stdout]                                at /rustc/6b3fa26749ab40e159b2dd5cf577acaaf5902772/library/test/src/lib.rs:747:27
[INFO] [stdout]   32:     0x5ab060114965 - test[980ffaebd391d06d]::run_test::{closure#0}
[INFO] [stdout]                                at /rustc/6b3fa26749ab40e159b2dd5cf577acaaf5902772/library/test/src/lib.rs:668:43
[INFO] [stdout]   33:     0x5ab06010f414 - test[980ffaebd391d06d]::run_test::{closure#1}
[INFO] [stdout]                                at /rustc/6b3fa26749ab40e159b2dd5cf577acaaf5902772/library/test/src/lib.rs:698:41
[INFO] [stdout]   34:     0x5ab06010f414 - std[73adb7dc35730857]::sys::backtrace::__rust_begin_short_backtrace::<test[980ffaebd391d06d]::run_test::{closure#1}, ()>
[INFO] [stdout]                                at /rustc/6b3fa26749ab40e159b2dd5cf577acaaf5902772/library/std/src/sys/backtrace.rs:166:18
[INFO] [stdout]   35:     0x5ab060117ab2 - std[73adb7dc35730857]::thread::lifecycle::spawn_unchecked::<test[980ffaebd391d06d]::run_test::{closure#1}, ()>::{closure#1}::{closure#0}
[INFO] [stdout]                                at /rustc/6b3fa26749ab40e159b2dd5cf577acaaf5902772/library/std/src/thread/lifecycle.rs:70:13
[INFO] [stdout]   36:     0x5ab060117ab2 - <core[6883ba1bc0fe4ed1]::panic::unwind_safe::AssertUnwindSafe<std[73adb7dc35730857]::thread::lifecycle::spawn_unchecked<test[980ffaebd391d06d]::run_test::{closure#1}, ()>::{closure#1}::{closure#0}> as core[6883ba1bc0fe4ed1]::ops::function::FnOnce<()>>::call_once
[INFO] [stdout]                                at /rustc/6b3fa26749ab40e159b2dd5cf577acaaf5902772/library/core/src/panic/unwind_safe.rs:275:9
[INFO] [stdout]   37:     0x5ab060117ab2 - std[73adb7dc35730857]::panicking::catch_unwind::do_call::<core[6883ba1bc0fe4ed1]::panic::unwind_safe::AssertUnwindSafe<std[73adb7dc35730857]::thread::lifecycle::spawn_unchecked<test[980ffaebd391d06d]::run_test::{closure#1}, ()>::{closure#1}::{closure#0}>, ()>
[INFO] [stdout]                                at /rustc/6b3fa26749ab40e159b2dd5cf577acaaf5902772/library/std/src/panicking.rs:576:43
[INFO] [stdout]   38:     0x5ab060117ab2 - std[73adb7dc35730857]::panicking::catch_unwind::<(), core[6883ba1bc0fe4ed1]::panic::unwind_safe::AssertUnwindSafe<std[73adb7dc35730857]::thread::lifecycle::spawn_unchecked<test[980ffaebd391d06d]::run_test::{closure#1}, ()>::{closure#1}::{closure#0}>>
[INFO] [stdout]                                at /rustc/6b3fa26749ab40e159b2dd5cf577acaaf5902772/library/std/src/panicking.rs:544:19
[INFO] [stdout]   39:     0x5ab060117ab2 - std[73adb7dc35730857]::panic::catch_unwind::<core[6883ba1bc0fe4ed1]::panic::unwind_safe::AssertUnwindSafe<std[73adb7dc35730857]::thread::lifecycle::spawn_unchecked<test[980ffaebd391d06d]::run_test::{closure#1}, ()>::{closure#1}::{closure#0}>, ()>
[INFO] [stdout]                                at /rustc/6b3fa26749ab40e159b2dd5cf577acaaf5902772/library/std/src/panic.rs:359:14
[INFO] [stdout]   40:     0x5ab060117ab2 - std[73adb7dc35730857]::thread::lifecycle::spawn_unchecked::<test[980ffaebd391d06d]::run_test::{closure#1}, ()>::{closure#1}
[INFO] [stdout]                                at /rustc/6b3fa26749ab40e159b2dd5cf577acaaf5902772/library/std/src/thread/lifecycle.rs:68:26
[INFO] [stdout]   41:     0x5ab060117ab2 - <std[73adb7dc35730857]::thread::lifecycle::spawn_unchecked<test[980ffaebd391d06d]::run_test::{closure#1}, ()>::{closure#1} as core[6883ba1bc0fe4ed1]::ops::function::FnOnce<()>>::call_once::{shim:vtable#0}
[INFO] [stdout]                                at /rustc/6b3fa26749ab40e159b2dd5cf577acaaf5902772/library/core/src/ops/function.rs:250:5
[INFO] [stdout]   42:     0x5ab060a03e1f - <alloc[55a36b64bcbf2c0d]::boxed::Box<dyn core[6883ba1bc0fe4ed1]::ops::function::FnOnce<(), Output = ()> + core[6883ba1bc0fe4ed1]::marker::Send> as core[6883ba1bc0fe4ed1]::ops::function::FnOnce<()>>::call_once
[INFO] [stdout]                                at /rustc/6b3fa26749ab40e159b2dd5cf577acaaf5902772/library/alloc/src/boxed.rs:2319:9
[INFO] [stdout]   43:     0x5ab060a03e1f - <std[73adb7dc35730857]::sys::thread::unix::Thread>::new::thread_start
[INFO] [stdout]                                at /rustc/6b3fa26749ab40e159b2dd5cf577acaaf5902772/library/std/src/sys/thread/unix.rs:123:17
[INFO] [stdout]   44:     0x79129c522aa4 - <unknown>
[INFO] [stdout]   45:     0x79129c5afa64 - clone
[INFO] [stdout]   46:                0x0 - <unknown>
[INFO] [stdout] 
[INFO] [stdout] ---- tests::explicit_unreadable_directory_walk_failure_is_propagated stdout ----
[INFO] [stdout] 
[INFO] [stdout] thread 'tests::explicit_unreadable_directory_walk_failure_is_propagated' (2321) panicked at src/main.rs:785:78:
[INFO] [stdout] called `Result::unwrap_err()` on an `Ok` value: None
[INFO] [stdout] stack backtrace:
[INFO] [stdout]    0:     0x5ab060a04b41 - std[73adb7dc35730857]::backtrace_rs::backtrace::libunwind::trace
[INFO] [stdout]                                at /rustc/6b3fa26749ab40e159b2dd5cf577acaaf5902772/library/std/src/../../backtrace/src/backtrace/libunwind.rs:117:9
[INFO] [stdout]    1:     0x5ab060a04b41 - std[73adb7dc35730857]::backtrace_rs::backtrace::trace_unsynchronized::<std[73adb7dc35730857]::sys::backtrace::_print_fmt::{closure#1}>
[INFO] [stdout]                                at /rustc/6b3fa26749ab40e159b2dd5cf577acaaf5902772/library/std/src/../../backtrace/src/backtrace/mod.rs:66:14
[INFO] [stdout]    2:     0x5ab060a04b41 - std[73adb7dc35730857]::sys::backtrace::_print_fmt
[INFO] [stdout]                                at /rustc/6b3fa26749ab40e159b2dd5cf577acaaf5902772/library/std/src/sys/backtrace.rs:74:9
[INFO] [stdout]    3:     0x5ab060a04b41 - <<std[73adb7dc35730857]::sys::backtrace::BacktraceLock>::print::DisplayBacktrace as core[6883ba1bc0fe4ed1]::fmt::Display>::fmt
[INFO] [stdout]                                at /rustc/6b3fa26749ab40e159b2dd5cf577acaaf5902772/library/std/src/sys/backtrace.rs:44:26
[INFO] [stdout]    4:     0x5ab060a1c8ca - <core[6883ba1bc0fe4ed1]::fmt::rt::Argument>::fmt
[INFO] [stdout]                                at /rustc/6b3fa26749ab40e159b2dd5cf577acaaf5902772/library/core/src/fmt/rt.rs:152:76
[INFO] [stdout]    5:     0x5ab060a1c8ca - core[6883ba1bc0fe4ed1]::fmt::write
[INFO] [stdout]    6:     0x5ab060a095ac - std[73adb7dc35730857]::io::default_write_fmt::<alloc[55a36b64bcbf2c0d]::vec::Vec<u8>>
[INFO] [stdout]                                at /rustc/6b3fa26749ab40e159b2dd5cf577acaaf5902772/library/std/src/io/mod.rs:626:11
[INFO] [stdout]    7:     0x5ab060a095ac - <alloc[55a36b64bcbf2c0d]::vec::Vec<u8> as std[73adb7dc35730857]::io::Write>::write_fmt
[INFO] [stdout]                                at /rustc/6b3fa26749ab40e159b2dd5cf577acaaf5902772/library/std/src/io/mod.rs:1730:13
[INFO] [stdout]    8:     0x5ab0609dff36 - <std[73adb7dc35730857]::sys::backtrace::BacktraceLock>::print
[INFO] [stdout]                                at /rustc/6b3fa26749ab40e159b2dd5cf577acaaf5902772/library/std/src/sys/backtrace.rs:47:9
[INFO] [stdout]    9:     0x5ab0609dff36 - std[73adb7dc35730857]::panicking::default_hook::{closure#0}
[INFO] [stdout]                                at /rustc/6b3fa26749ab40e159b2dd5cf577acaaf5902772/library/std/src/panicking.rs:292:27
[INFO] [stdout]   10:     0x5ab0609fb859 - std[73adb7dc35730857]::panicking::default_hook
[INFO] [stdout]                                at /rustc/6b3fa26749ab40e159b2dd5cf577acaaf5902772/library/std/src/panicking.rs:316:9
[INFO] [stdout]   11:     0x5ab060113fe0 - <alloc[55a36b64bcbf2c0d]::boxed::Box<dyn for<'a, 'b> core[6883ba1bc0fe4ed1]::ops::function::Fn<(&'a std[73adb7dc35730857]::panic::PanicHookInfo<'b>,), Output = ()> + core[6883ba1bc0fe4ed1]::marker::Send + core[6883ba1bc0fe4ed1]::marker::Sync> as core[6883ba1bc0fe4ed1]::ops::function::Fn<(&std[73adb7dc35730857]::panic::PanicHookInfo,)>>::call
[INFO] [stdout]                                at /rustc/6b3fa26749ab40e159b2dd5cf577acaaf5902772/library/alloc/src/boxed.rs:2333:9
[INFO] [stdout]   12:     0x5ab060113fe0 - test[980ffaebd391d06d]::test_main_inner::<test[980ffaebd391d06d]::test_main_static::{closure#0}>::{closure#0}
[INFO] [stdout]                                at /rustc/6b3fa26749ab40e159b2dd5cf577acaaf5902772/library/test/src/lib.rs:155:21
[INFO] [stdout]   13:     0x5ab0609fbb82 - <alloc[55a36b64bcbf2c0d]::boxed::Box<dyn for<'a, 'b> core[6883ba1bc0fe4ed1]::ops::function::Fn<(&'a std[73adb7dc35730857]::panic::PanicHookInfo<'b>,), Output = ()> + core[6883ba1bc0fe4ed1]::marker::Send + core[6883ba1bc0fe4ed1]::marker::Sync> as core[6883ba1bc0fe4ed1]::ops::function::Fn<(&std[73adb7dc35730857]::panic::PanicHookInfo,)>>::call
[INFO] [stdout]                                at /rustc/6b3fa26749ab40e159b2dd5cf577acaaf5902772/library/alloc/src/boxed.rs:2333:9
[INFO] [stdout]   14:     0x5ab0609fbb82 - std[73adb7dc35730857]::panicking::panic_with_hook
[INFO] [stdout]                                at /rustc/6b3fa26749ab40e159b2dd5cf577acaaf5902772/library/std/src/panicking.rs:823:13
[INFO] [stdout]   15:     0x5ab0609dffe2 - std[73adb7dc35730857]::panicking::panic_handler::{closure#0}
[INFO] [stdout]                                at /rustc/6b3fa26749ab40e159b2dd5cf577acaaf5902772/library/std/src/panicking.rs:688:13
[INFO] [stdout]   16:     0x5ab0609d7539 - std[73adb7dc35730857]::sys::backtrace::__rust_end_short_backtrace::<std[73adb7dc35730857]::panicking::panic_handler::{closure#0}, !>
[INFO] [stdout]                                at /rustc/6b3fa26749ab40e159b2dd5cf577acaaf5902772/library/std/src/sys/backtrace.rs:182:18
[INFO] [stdout]   17:     0x5ab0609e0c9d - __rustc[a7b7b02e776dd976]::rust_begin_unwind
[INFO] [stdout]                                at /rustc/6b3fa26749ab40e159b2dd5cf577acaaf5902772/library/std/src/panicking.rs:679:5
[INFO] [stdout]   18:     0x5ab060a1d14c - core[6883ba1bc0fe4ed1]::panicking::panic_fmt
[INFO] [stdout]                                at /rustc/6b3fa26749ab40e159b2dd5cf577acaaf5902772/library/core/src/panicking.rs:80:14
[INFO] [stdout]   19:     0x5ab060a1cec2 - core[6883ba1bc0fe4ed1]::result::unwrap_failed
[INFO] [stdout]                                at /rustc/6b3fa26749ab40e159b2dd5cf577acaaf5902772/library/core/src/result.rs:1870:5
[INFO] [stdout]   20:     0x5ab05febf838 - <core[6883ba1bc0fe4ed1]::result::Result<core[6883ba1bc0fe4ed1]::option::Option<std[73adb7dc35730857]::path::PathBuf>, mdr[f47e6abac453f488]::error::AppError>>::unwrap_err
[INFO] [stdout]                                at /rustc/6b3fa26749ab40e159b2dd5cf577acaaf5902772/library/core/src/result.rs:1327:22
[INFO] [stdout]   21:     0x5ab05fe59405 - mdr[f47e6abac453f488]::tests::explicit_unreadable_directory_walk_failure_is_propagated
[INFO] [stdout]                                at /opt/rustwide/workdir/src/main.rs:785:78
[INFO] [stdout]   22:     0x5ab05fe4b087 - mdr[f47e6abac453f488]::tests::explicit_unreadable_directory_walk_failure_is_propagated::{closure#0}
[INFO] [stdout]                                at /opt/rustwide/workdir/src/main.rs:778:66
[INFO] [stdout]   23:     0x5ab05feab316 - <mdr[f47e6abac453f488]::tests::explicit_unreadable_directory_walk_failure_is_propagated::{closure#0} as core[6883ba1bc0fe4ed1]::ops::function::FnOnce<()>>::call_once
[INFO] [stdout]                                at /rustc/6b3fa26749ab40e159b2dd5cf577acaaf5902772/library/core/src/ops/function.rs:250:5
[INFO] [stdout]   24:     0x5ab06010731b - <fn() -> core[6883ba1bc0fe4ed1]::result::Result<(), alloc[55a36b64bcbf2c0d]::string::String> as core[6883ba1bc0fe4ed1]::ops::function::FnOnce<()>>::call_once
[INFO] [stdout]                                at /rustc/6b3fa26749ab40e159b2dd5cf577acaaf5902772/library/core/src/ops/function.rs:250:5
[INFO] [stdout]   25:     0x5ab06010731b - test[980ffaebd391d06d]::__rust_begin_short_backtrace::<core[6883ba1bc0fe4ed1]::result::Result<(), alloc[55a36b64bcbf2c0d]::string::String>, fn() -> core[6883ba1bc0fe4ed1]::result::Result<(), alloc[55a36b64bcbf2c0d]::string::String>>
[INFO] [stdout]                                at /rustc/6b3fa26749ab40e159b2dd5cf577acaaf5902772/library/test/src/lib.rs:724:18
[INFO] [stdout]   26:     0x5ab060114965 - test[980ffaebd391d06d]::run_test_in_process::{closure#0}
[INFO] [stdout]                                at /rustc/6b3fa26749ab40e159b2dd5cf577acaaf5902772/library/test/src/lib.rs:747:74
[INFO] [stdout]   27:     0x5ab060114965 - <core[6883ba1bc0fe4ed1]::panic::unwind_safe::AssertUnwindSafe<test[980ffaebd391d06d]::run_test_in_process::{closure#0}> as core[6883ba1bc0fe4ed1]::ops::function::FnOnce<()>>::call_once
[INFO] [stdout]                                at /rustc/6b3fa26749ab40e159b2dd5cf577acaaf5902772/library/core/src/panic/unwind_safe.rs:275:9
[INFO] [stdout]   28:     0x5ab060114965 - std[73adb7dc35730857]::panicking::catch_unwind::do_call::<core[6883ba1bc0fe4ed1]::panic::unwind_safe::AssertUnwindSafe<test[980ffaebd391d06d]::run_test_in_process::{closure#0}>, core[6883ba1bc0fe4ed1]::result::Result<(), alloc[55a36b64bcbf2c0d]::string::String>>
[INFO] [stdout]                                at /rustc/6b3fa26749ab40e159b2dd5cf577acaaf5902772/library/std/src/panicking.rs:576:43
[INFO] [stdout]   29:     0x5ab060114965 - std[73adb7dc35730857]::panicking::catch_unwind::<core[6883ba1bc0fe4ed1]::result::Result<(), alloc[55a36b64bcbf2c0d]::string::String>, core[6883ba1bc0fe4ed1]::panic::unwind_safe::AssertUnwindSafe<test[980ffaebd391d06d]::run_test_in_process::{closure#0}>>
[INFO] [stdout]                                at /rustc/6b3fa26749ab40e159b2dd5cf577acaaf5902772/library/std/src/panicking.rs:544:19
[INFO] [stdout]   30:     0x5ab060114965 - std[73adb7dc35730857]::panic::catch_unwind::<core[6883ba1bc0fe4ed1]::panic::unwind_safe::AssertUnwindSafe<test[980ffaebd391d06d]::run_test_in_process::{closure#0}>, core[6883ba1bc0fe4ed1]::result::Result<(), alloc[55a36b64bcbf2c0d]::string::String>>
[INFO] [stdout]                                at /rustc/6b3fa26749ab40e159b2dd5cf577acaaf5902772/library/std/src/panic.rs:359:14
[INFO] [stdout]   31:     0x5ab060114965 - test[980ffaebd391d06d]::run_test_in_process
[INFO] [stdout]                                at /rustc/6b3fa26749ab40e159b2dd5cf577acaaf5902772/library/test/src/lib.rs:747:27
[INFO] [stdout]   32:     0x5ab060114965 - test[980ffaebd391d06d]::run_test::{closure#0}
[INFO] [stdout]                                at /rustc/6b3fa26749ab40e159b2dd5cf577acaaf5902772/library/test/src/lib.rs:668:43
[INFO] [stdout]   33:     0x5ab06010f414 - test[980ffaebd391d06d]::run_test::{closure#1}
[INFO] [stdout]                                at /rustc/6b3fa26749ab40e159b2dd5cf577acaaf5902772/library/test/src/lib.rs:698:41
[INFO] [stdout]   34:     0x5ab06010f414 - std[73adb7dc35730857]::sys::backtrace::__rust_begin_short_backtrace::<test[980ffaebd391d06d]::run_test::{closure#1}, ()>
[INFO] [stdout]                                at /rustc/6b3fa26749ab40e159b2dd5cf577acaaf5902772/library/std/src/sys/backtrace.rs:166:18
[INFO] [stdout]   35:     0x5ab060117ab2 - std[73adb7dc35730857]::thread::lifecycle::spawn_unchecked::<test[980ffaebd391d06d]::run_test::{closure#1}, ()>::{closure#1}::{closure#0}
[INFO] [stdout]                                at /rustc/6b3fa26749ab40e159b2dd5cf577acaaf5902772/library/std/src/thread/lifecycle.rs:70:13
[INFO] [stdout]   36:     0x5ab060117ab2 - <core[6883ba1bc0fe4ed1]::panic::unwind_safe::AssertUnwindSafe<std[73adb7dc35730857]::thread::lifecycle::spawn_unchecked<test[980ffaebd391d06d]::run_test::{closure#1}, ()>::{closure#1}::{closure#0}> as core[6883ba1bc0fe4ed1]::ops::function::FnOnce<()>>::call_once
[INFO] [stdout]                                at /rustc/6b3fa26749ab40e159b2dd5cf577acaaf5902772/library/core/src/panic/unwind_safe.rs:275:9
[INFO] [stdout]   37:     0x5ab060117ab2 - std[73adb7dc35730857]::panicking::catch_unwind::do_call::<core[6883ba1bc0fe4ed1]::panic::unwind_safe::AssertUnwindSafe<std[73adb7dc35730857]::thread::lifecycle::spawn_unchecked<test[980ffaebd391d06d]::run_test::{closure#1}, ()>::{closure#1}::{closure#0}>, ()>
[INFO] [stdout]                                at /rustc/6b3fa26749ab40e159b2dd5cf577acaaf5902772/library/std/src/panicking.rs:576:43
[INFO] [stdout]   38:     0x5ab060117ab2 - std[73adb7dc35730857]::panicking::catch_unwind::<(), core[6883ba1bc0fe4ed1]::panic::unwind_safe::AssertUnwindSafe<std[73adb7dc35730857]::thread::lifecycle::spawn_unchecked<test[980ffaebd391d06d]::run_test::{closure#1}, ()>::{closure#1}::{closure#0}>>
[INFO] [stdout]                                at /rustc/6b3fa26749ab40e159b2dd5cf577acaaf5902772/library/std/src/panicking.rs:544:19
[INFO] [stdout]   39:     0x5ab060117ab2 - std[73adb7dc35730857]::panic::catch_unwind::<core[6883ba1bc0fe4ed1]::panic::unwind_safe::AssertUnwindSafe<std[73adb7dc35730857]::thread::lifecycle::spawn_unchecked<test[980ffaebd391d06d]::run_test::{closure#1}, ()>::{closure#1}::{closure#0}>, ()>
[INFO] [stdout]                                at /rustc/6b3fa26749ab40e159b2dd5cf577acaaf5902772/library/std/src/panic.rs:359:14
[INFO] [stdout]   40:     0x5ab060117ab2 - std[73adb7dc35730857]::thread::lifecycle::spawn_unchecked::<test[980ffaebd391d06d]::run_test::{closure#1}, ()>::{closure#1}
[INFO] [stdout]                                at /rustc/6b3fa26749ab40e159b2dd5cf577acaaf5902772/library/std/src/thread/lifecycle.rs:68:26
[INFO] [stdout]   41:     0x5ab060117ab2 - <std[73adb7dc35730857]::thread::lifecycle::spawn_unchecked<test[980ffaebd391d06d]::run_test::{closure#1}, ()>::{closure#1} as core[6883ba1bc0fe4ed1]::ops::function::FnOnce<()>>::call_once::{shim:vtable#0}
[INFO] [stdout]                                at /rustc/6b3fa26749ab40e159b2dd5cf577acaaf5902772/library/core/src/ops/function.rs:250:5
[INFO] [stdout]   42:     0x5ab060a03e1f - <alloc[55a36b64bcbf2c0d]::boxed::Box<dyn core[6883ba1bc0fe4ed1]::ops::function::FnOnce<(), Output = ()> + core[6883ba1bc0fe4ed1]::marker::Send> as core[6883ba1bc0fe4ed1]::ops::function::FnOnce<()>>::call_once
[INFO] [stdout]                                at /rustc/6b3fa26749ab40e159b2dd5cf577acaaf5902772/library/alloc/src/boxed.rs:2319:9
[INFO] [stdout]   43:     0x5ab060a03e1f - <std[73adb7dc35730857]::sys::thread::unix::Thread>::new::thread_start
[INFO] [stdout]                                at /rustc/6b3fa26749ab40e159b2dd5cf577acaaf5902772/library/std/src/sys/thread/unix.rs:123:17
[INFO] [stdout]   44:     0x79129c522aa4 - <unknown>
[INFO] [stdout]   45:     0x79129c5afa64 - clone
[INFO] [stdout]   46:                0x0 - <unknown>
[INFO] [stdout] 
[INFO] [stdout] ---- tests::metadata_failure_is_not_reported_as_a_missing_path stdout ----
[INFO] [stdout] 
[INFO] [stdout] thread 'tests::metadata_failure_is_not_reported_as_a_missing_path' (2327) panicked at src/main.rs:769:63:
[INFO] [stdout] called `Result::unwrap_err()` on an `Ok` value: File("/tmp/.tmp5RC32N/locked/document.md")
[INFO] [stdout] stack backtrace:
[INFO] [stdout]    0:     0x5ab060a04b41 - std[73adb7dc35730857]::backtrace_rs::backtrace::libunwind::trace
[INFO] [stdout]                                at /rustc/6b3fa26749ab40e159b2dd5cf577acaaf5902772/library/std/src/../../backtrace/src/backtrace/libunwind.rs:117:9
[INFO] [stdout]    1:     0x5ab060a04b41 - std[73adb7dc35730857]::backtrace_rs::backtrace::trace_unsynchronized::<std[73adb7dc35730857]::sys::backtrace::_print_fmt::{closure#1}>
[INFO] [stdout]                                at /rustc/6b3fa26749ab40e159b2dd5cf577acaaf5902772/library/std/src/../../backtrace/src/backtrace/mod.rs:66:14
[INFO] [stdout]    2:     0x5ab060a04b41 - std[73adb7dc35730857]::sys::backtrace::_print_fmt
[INFO] [stdout]                                at /rustc/6b3fa26749ab40e159b2dd5cf577acaaf5902772/library/std/src/sys/backtrace.rs:74:9
[INFO] [stdout]    3:     0x5ab060a04b41 - <<std[73adb7dc35730857]::sys::backtrace::BacktraceLock>::print::DisplayBacktrace as core[6883ba1bc0fe4ed1]::fmt::Display>::fmt
[INFO] [stdout]                                at /rustc/6b3fa26749ab40e159b2dd5cf577acaaf5902772/library/std/src/sys/backtrace.rs:44:26
[INFO] [stdout]    4:     0x5ab060a1c8ca - <core[6883ba1bc0fe4ed1]::fmt::rt::Argument>::fmt
[INFO] [stdout]                                at /rustc/6b3fa26749ab40e159b2dd5cf577acaaf5902772/library/core/src/fmt/rt.rs:152:76
[INFO] [stdout]    5:     0x5ab060a1c8ca - core[6883ba1bc0fe4ed1]::fmt::write
[INFO] [stdout]    6:     0x5ab060a095ac - std[73adb7dc35730857]::io::default_write_fmt::<alloc[55a36b64bcbf2c0d]::vec::Vec<u8>>
[INFO] [stdout]                                at /rustc/6b3fa26749ab40e159b2dd5cf577acaaf5902772/library/std/src/io/mod.rs:626:11
[INFO] [stdout]    7:     0x5ab060a095ac - <alloc[55a36b64bcbf2c0d]::vec::Vec<u8> as std[73adb7dc35730857]::io::Write>::write_fmt
[INFO] [stdout]                                at /rustc/6b3fa26749ab40e159b2dd5cf577acaaf5902772/library/std/src/io/mod.rs:1730:13
[INFO] [stdout]    8:     0x5ab0609dff36 - <std[73adb7dc35730857]::sys::backtrace::BacktraceLock>::print
[INFO] [stdout]                                at /rustc/6b3fa26749ab40e159b2dd5cf577acaaf5902772/library/std/src/sys/backtrace.rs:47:9
[INFO] [stdout]    9:     0x5ab0609dff36 - std[73adb7dc35730857]::panicking::default_hook::{closure#0}
[INFO] [stdout]                                at /rustc/6b3fa26749ab40e159b2dd5cf577acaaf5902772/library/std/src/panicking.rs:292:27
[INFO] [stdout]   10:     0x5ab0609fb859 - std[73adb7dc35730857]::panicking::default_hook
[INFO] [stdout]                                at /rustc/6b3fa26749ab40e159b2dd5cf577acaaf5902772/library/std/src/panicking.rs:316:9
[INFO] [stdout]   11:     0x5ab060113fe0 - <alloc[55a36b64bcbf2c0d]::boxed::Box<dyn for<'a, 'b> core[6883ba1bc0fe4ed1]::ops::function::Fn<(&'a std[73adb7dc35730857]::panic::PanicHookInfo<'b>,), Output = ()> + core[6883ba1bc0fe4ed1]::marker::Send + core[6883ba1bc0fe4ed1]::marker::Sync> as core[6883ba1bc0fe4ed1]::ops::function::Fn<(&std[73adb7dc35730857]::panic::PanicHookInfo,)>>::call
[INFO] [stdout]                                at /rustc/6b3fa26749ab40e159b2dd5cf577acaaf5902772/library/alloc/src/boxed.rs:2333:9
[INFO] [stdout]   12:     0x5ab060113fe0 - test[980ffaebd391d06d]::test_main_inner::<test[980ffaebd391d06d]::test_main_static::{closure#0}>::{closure#0}
[INFO] [stdout]                                at /rustc/6b3fa26749ab40e159b2dd5cf577acaaf5902772/library/test/src/lib.rs:155:21
[INFO] [stdout]   13:     0x5ab0609fbb82 - <alloc[55a36b64bcbf2c0d]::boxed::Box<dyn for<'a, 'b> core[6883ba1bc0fe4ed1]::ops::function::Fn<(&'a std[73adb7dc35730857]::panic::PanicHookInfo<'b>,), Output = ()> + core[6883ba1bc0fe4ed1]::marker::Send + core[6883ba1bc0fe4ed1]::marker::Sync> as core[6883ba1bc0fe4ed1]::ops::function::Fn<(&std[73adb7dc35730857]::panic::PanicHookInfo,)>>::call
[INFO] [stdout]                                at /rustc/6b3fa26749ab40e159b2dd5cf577acaaf5902772/library/alloc/src/boxed.rs:2333:9
[INFO] [stdout]   14:     0x5ab0609fbb82 - std[73adb7dc35730857]::panicking::panic_with_hook
[INFO] [stdout]                                at /rustc/6b3fa26749ab40e159b2dd5cf577acaaf5902772/library/std/src/panicking.rs:823:13
[INFO] [stdout]   15:     0x5ab0609dffe2 - std[73adb7dc35730857]::panicking::panic_handler::{closure#0}
[INFO] [stdout]                                at /rustc/6b3fa26749ab40e159b2dd5cf577acaaf5902772/library/std/src/panicking.rs:688:13
[INFO] [stdout]   16:     0x5ab0609d7539 - std[73adb7dc35730857]::sys::backtrace::__rust_end_short_backtrace::<std[73adb7dc35730857]::panicking::panic_handler::{closure#0}, !>
[INFO] [stdout]                                at /rustc/6b3fa26749ab40e159b2dd5cf577acaaf5902772/library/std/src/sys/backtrace.rs:182:18
[INFO] [stdout]   17:     0x5ab0609e0c9d - __rustc[a7b7b02e776dd976]::rust_begin_unwind
[INFO] [stdout]                                at /rustc/6b3fa26749ab40e159b2dd5cf577acaaf5902772/library/std/src/panicking.rs:679:5
[INFO] [stdout]   18:     0x5ab060a1d14c - core[6883ba1bc0fe4ed1]::panicking::panic_fmt
[INFO] [stdout]                                at /rustc/6b3fa26749ab40e159b2dd5cf577acaaf5902772/library/core/src/panicking.rs:80:14
[INFO] [stdout]   19:     0x5ab060a1cec2 - core[6883ba1bc0fe4ed1]::result::unwrap_failed
[INFO] [stdout]                                at /rustc/6b3fa26749ab40e159b2dd5cf577acaaf5902772/library/core/src/result.rs:1870:5
[INFO] [stdout]   20:     0x5ab05febf988 - <core[6883ba1bc0fe4ed1]::result::Result<mdr[f47e6abac453f488]::Startup, mdr[f47e6abac453f488]::error::AppError>>::unwrap_err
[INFO] [stdout]                                at /rustc/6b3fa26749ab40e159b2dd5cf577acaaf5902772/library/core/src/result.rs:1327:22
[INFO] [stdout]   21:     0x5ab05fe576dc - mdr[f47e6abac453f488]::tests::metadata_failure_is_not_reported_as_a_missing_path
[INFO] [stdout]                                at /opt/rustwide/workdir/src/main.rs:769:63
[INFO] [stdout]   22:     0x5ab05fe4af67 - mdr[f47e6abac453f488]::tests::metadata_failure_is_not_reported_as_a_missing_path::{closure#0}
[INFO] [stdout]                                at /opt/rustwide/workdir/src/main.rs:761:60
[INFO] [stdout]   23:     0x5ab05feab196 - <mdr[f47e6abac453f488]::tests::metadata_failure_is_not_reported_as_a_missing_path::{closure#0} as core[6883ba1bc0fe4ed1]::ops::function::FnOnce<()>>::call_once
[INFO] [stdout]                                at /rustc/6b3fa26749ab40e159b2dd5cf577acaaf5902772/library/core/src/ops/function.rs:250:5
[INFO] [stdout]   24:     0x5ab06010731b - <fn() -> core[6883ba1bc0fe4ed1]::result::Result<(), alloc[55a36b64bcbf2c0d]::string::String> as core[6883ba1bc0fe4ed1]::ops::function::FnOnce<()>>::call_once
[INFO] [stdout]                                at /rustc/6b3fa26749ab40e159b2dd5cf577acaaf5902772/library/core/src/ops/function.rs:250:5
[INFO] [stdout]   25:     0x5ab06010731b - test[980ffaebd391d06d]::__rust_begin_short_backtrace::<core[6883ba1bc0fe4ed1]::result::Result<(), alloc[55a36b64bcbf2c0d]::string::String>, fn() -> core[6883ba1bc0fe4ed1]::result::Result<(), alloc[55a36b64bcbf2c0d]::string::String>>
[INFO] [stdout]                                at /rustc/6b3fa26749ab40e159b2dd5cf577acaaf5902772/library/test/src/lib.rs:724:18
[INFO] [stdout]   26:     0x5ab060114965 - test[980ffaebd391d06d]::run_test_in_process::{closure#0}
[INFO] [stdout]                                at /rustc/6b3fa26749ab40e159b2dd5cf577acaaf5902772/library/test/src/lib.rs:747:74
[INFO] [stdout]   27:     0x5ab060114965 - <core[6883ba1bc0fe4ed1]::panic::unwind_safe::AssertUnwindSafe<test[980ffaebd391d06d]::run_test_in_process::{closure#0}> as core[6883ba1bc0fe4ed1]::ops::function::FnOnce<()>>::call_once
[INFO] [stdout]                                at /rustc/6b3fa26749ab40e159b2dd5cf577acaaf5902772/library/core/src/panic/unwind_safe.rs:275:9
[INFO] [stdout]   28:     0x5ab060114965 - std[73adb7dc35730857]::panicking::catch_unwind::do_call::<core[6883ba1bc0fe4ed1]::panic::unwind_safe::AssertUnwindSafe<test[980ffaebd391d06d]::run_test_in_process::{closure#0}>, core[6883ba1bc0fe4ed1]::result::Result<(), alloc[55a36b64bcbf2c0d]::string::String>>
[INFO] [stdout]                                at /rustc/6b3fa26749ab40e159b2dd5cf577acaaf5902772/library/std/src/panicking.rs:576:43
[INFO] [stdout]   29:     0x5ab060114965 - std[73adb7dc35730857]::panicking::catch_unwind::<core[6883ba1bc0fe4ed1]::result::Result<(), alloc[55a36b64bcbf2c0d]::string::String>, core[6883ba1bc0fe4ed1]::panic::unwind_safe::AssertUnwindSafe<test[980ffaebd391d06d]::run_test_in_process::{closure#0}>>
[INFO] [stdout]                                at /rustc/6b3fa26749ab40e159b2dd5cf577acaaf5902772/library/std/src/panicking.rs:544:19
[INFO] [stdout]   30:     0x5ab060114965 - std[73adb7dc35730857]::panic::catch_unwind::<core[6883ba1bc0fe4ed1]::panic::unwind_safe::AssertUnwindSafe<test[980ffaebd391d06d]::run_test_in_process::{closure#0}>, core[6883ba1bc0fe4ed1]::result::Result<(), alloc[55a36b64bcbf2c0d]::string::String>>
[INFO] [stdout]                                at /rustc/6b3fa26749ab40e159b2dd5cf577acaaf5902772/library/std/src/panic.rs:359:14
[INFO] [stdout]   31:     0x5ab060114965 - test[980ffaebd391d06d]::run_test_in_process
[INFO] [stdout]                                at /rustc/6b3fa26749ab40e159b2dd5cf577acaaf5902772/library/test/src/lib.rs:747:27
[INFO] [stdout]   32:     0x5ab060114965 - test[980ffaebd391d06d]::run_test::{closure#0}
[INFO] [stdout]                                at /rustc/6b3fa26749ab40e159b2dd5cf577acaaf5902772/library/test/src/lib.rs:668:43
[INFO] [stdout]   33:     0x5ab06010f414 - test[980ffaebd391d06d]::run_test::{closure#1}
[INFO] [stdout]                                at /rustc/6b3fa26749ab40e159b2dd5cf577acaaf5902772/library/test/src/lib.rs:698:41
[INFO] [stdout]   34:     0x5ab06010f414 - std[73adb7dc35730857]::sys::backtrace::__rust_begin_short_backtrace::<test[980ffaebd391d06d]::run_test::{closure#1}, ()>
[INFO] [stdout]                                at /rustc/6b3fa26749ab40e159b2dd5cf577acaaf5902772/library/std/src/sys/backtrace.rs:166:18
[INFO] [stdout]   35:     0x5ab060117ab2 - std[73adb7dc35730857]::thread::lifecycle::spawn_unchecked::<test[980ffaebd391d06d]::run_test::{closure#1}, ()>::{closure#1}::{closure#0}
[INFO] [stdout]                                at /rustc/6b3fa26749ab40e159b2dd5cf577acaaf5902772/library/std/src/thread/lifecycle.rs:70:13
[INFO] [stdout]   36:     0x5ab060117ab2 - <core[6883ba1bc0fe4ed1]::panic::unwind_safe::AssertUnwindSafe<std[73adb7dc35730857]::thread::lifecycle::spawn_unchecked<test[980ffaebd391d06d]::run_test::{closure#1}, ()>::{closure#1}::{closure#0}> as core[6883ba1bc0fe4ed1]::ops::function::FnOnce<()>>::call_once
[INFO] [stdout]                                at /rustc/6b3fa26749ab40e159b2dd5cf577acaaf5902772/library/core/src/panic/unwind_safe.rs:275:9
[INFO] [stdout]   37:     0x5ab060117ab2 - std[73adb7dc35730857]::panicking::catch_unwind::do_call::<core[6883ba1bc0fe4ed1]::panic::unwind_safe::AssertUnwindSafe<std[73adb7dc35730857]::thread::lifecycle::spawn_unchecked<test[980ffaebd391d06d]::run_test::{closure#1}, ()>::{closure#1}::{closure#0}>, ()>
[INFO] [stdout]                                at /rustc/6b3fa26749ab40e159b2dd5cf577acaaf5902772/library/std/src/panicking.rs:576:43
[INFO] [stdout]   38:     0x5ab060117ab2 - std[73adb7dc35730857]::panicking::catch_unwind::<(), core[6883ba1bc0fe4ed1]::panic::unwind_safe::AssertUnwindSafe<std[73adb7dc35730857]::thread::lifecycle::spawn_unchecked<test[980ffaebd391d06d]::run_test::{closure#1}, ()>::{closure#1}::{closure#0}>>
[INFO] [stdout]                                at /rustc/6b3fa26749ab40e159b2dd5cf577acaaf5902772/library/std/src/panicking.rs:544:19
[INFO] [stdout]   39:     0x5ab060117ab2 - std[73adb7dc35730857]::panic::catch_unwind::<core[6883ba1bc0fe4ed1]::panic::unwind_safe::AssertUnwindSafe<std[73adb7dc35730857]::thread::lifecycle::spawn_unchecked<test[980ffaebd391d06d]::run_test::{closure#1}, ()>::{closure#1}::{closure#0}>, ()>
[INFO] [stdout]                                at /rustc/6b3fa26749ab40e159b2dd5cf577acaaf5902772/library/std/src/panic.rs:359:14
[INFO] [stdout]   40:     0x5ab060117ab2 - std[73adb7dc35730857]::thread::lifecycle::spawn_unchecked::<test[980ffaebd391d06d]::run_test::{closure#1}, ()>::{closure#1}
[INFO] [stdout]                                at /rustc/6b3fa26749ab40e159b2dd5cf577acaaf5902772/library/std/src/thread/lifecycle.rs:68:26
[INFO] [stdout]   41:     0x5ab060117ab2 - <std[73adb7dc35730857]::thread::lifecycle::spawn_unchecked<test[980ffaebd391d06d]::run_test::{closure#1}, ()>::{closure#1} as core[6883ba1bc0fe4ed1]::ops::function::FnOnce<()>>::call_once::{shim:vtable#0}
[INFO] [stdout]                                at /rustc/6b3fa26749ab40e159b2dd5cf577acaaf5902772/library/core/src/ops/function.rs:250:5
[INFO] [stdout]   42:     0x5ab060a03e1f - <alloc[55a36b64bcbf2c0d]::boxed::Box<dyn core[6883ba1bc0fe4ed1]::ops::function::FnOnce<(), Output = ()> + core[6883ba1bc0fe4ed1]::marker::Send> as core[6883ba1bc0fe4ed1]::ops::function::FnOnce<()>>::call_once
[INFO] [stdout]                                at /rustc/6b3fa26749ab40e159b2dd5cf577acaaf5902772/library/alloc/src/boxed.rs:2319:9
[INFO] [stdout]   43:     0x5ab060a03e1f - <std[73adb7dc35730857]::sys::thread::unix::Thread>::new::thread_start
[INFO] [stdout]                                at /rustc/6b3fa26749ab40e159b2dd5cf577acaaf5902772/library/std/src/sys/thread/unix.rs:123:17
[INFO] [stdout]   44:     0x79129c522aa4 - <unknown>
[INFO] [stdout]   45:     0x79129c5afa64 - clone
[INFO] [stdout]   46:                0x0 - <unknown>
[INFO] [stdout] 
[INFO] [stdout] 
[INFO] [stdout] failures:
[INFO] [stdout]     tests::default_unreadable_directory_walk_failure_is_propagated
[INFO] [stdout]     tests::explicit_unreadable_directory_walk_failure_is_propagated
[INFO] [stdout]     tests::metadata_failure_is_not_reported_as_a_missing_path
[INFO] [stdout] 
[INFO] [stdout] test result: FAILED. 198 passed; 3 failed; 0 ignored; 0 measured; 0 filtered out; finished in 1.82s
[INFO] [stdout] 
[INFO] [stderr] error: test failed, to rerun pass `--bin mdr`
[INFO] running `Command { std: "docker" "inspect" "6cbb7bd4753ed246cd159893b30f2f0d7c57db175f3071e0c708e908f3ad76ce", kill_on_drop: false }`
[INFO] running `Command { std: "docker" "rm" "-f" "6cbb7bd4753ed246cd159893b30f2f0d7c57db175f3071e0c708e908f3ad76ce", kill_on_drop: false }`
[INFO] [stdout] 6cbb7bd4753ed246cd159893b30f2f0d7c57db175f3071e0c708e908f3ad76ce
