[INFO] cloning repository https://github.com/ivario123/dissarmv7
[INFO] running `Command { std: "git" "-c" "credential.helper=" "-c" "credential.helper=/workspace/cargo-home/bin/git-credential-null" "clone" "--bare" "https://github.com/ivario123/dissarmv7" "/workspace/cache/git-repos/https%3A%2F%2Fgithub.com%2Fivario123%2Fdissarmv7", kill_on_drop: false }`
[INFO] [stderr] Cloning into bare repository '/workspace/cache/git-repos/https%3A%2F%2Fgithub.com%2Fivario123%2Fdissarmv7'...
[INFO] running `Command { std: "git" "rev-parse" "HEAD", kill_on_drop: false }`
[INFO] [stdout] f57ecfe6b3fa5841a00af9311e830d23e8867f42
[INFO] testing ivario123/dissarmv7 against 1.98.0-beta.1 for beta-1.98-2
[INFO] running `Command { std: "git" "clone" "/workspace/cache/git-repos/https%3A%2F%2Fgithub.com%2Fivario123%2Fdissarmv7" "/workspace/builds/worker-3-tc2/source", kill_on_drop: false }`
[INFO] [stderr] Cloning into '/workspace/builds/worker-3-tc2/source'...
[INFO] [stderr] done.
[INFO] started tweaking git repo https://github.com/ivario123/dissarmv7
[INFO] finished tweaking git repo https://github.com/ivario123/dissarmv7
[INFO] tweaked toml for git repo https://github.com/ivario123/dissarmv7 written to /workspace/builds/worker-3-tc2/source/Cargo.toml
[INFO] validating manifest of git repo https://github.com/ivario123/dissarmv7 on toolchain 1.98.0-beta.1
[INFO] running `Command { std: CARGO_HOME="/workspace/cargo-home" RUSTUP_HOME="/workspace/rustup-home" "/workspace/cargo-home/bin/cargo" "+1.98.0-beta.1" "metadata" "--manifest-path" "Cargo.toml" "--no-deps", kill_on_drop: false }`
[INFO] running `Command { std: CARGO_HOME="/workspace/cargo-home" RUSTUP_HOME="/workspace/rustup-home" "/workspace/cargo-home/bin/cargo" "+1.98.0-beta.1" "generate-lockfile" "--manifest-path" "Cargo.toml", kill_on_drop: false }`
[INFO] [stderr]     Updating crates.io index
[INFO] [stderr]      Locking 7 packages to latest compatible versions
[INFO] running `Command { std: CARGO_HOME="/workspace/cargo-home" RUSTUP_HOME="/workspace/rustup-home" "/workspace/cargo-home/bin/cargo" "+1.98.0-beta.1" "fetch" "--manifest-path" "Cargo.toml", kill_on_drop: false }`
[INFO] running `Command { std: "docker" "create" "-v" "/var/lib/crater-agent-workspace/builds/worker-3-tc2/source:/opt/rustwide/workdir:ro,Z" "-v" "/var/lib/crater-agent-workspace/builds/worker-3-tc2/target:/opt/rustwide/target:rw,Z" "-v" "/var/lib/crater-agent-workspace/cargo-home:/opt/rustwide/cargo-home:ro,Z" "-v" "/var/lib/crater-agent-workspace/rustup-home:/opt/rustwide/rustup-home:ro,Z" "-m" "1610612736" "--network" "none" "ghcr.io/rust-lang/crates-build-env/linux@sha256:3d5ced03c013a94a2f102a4510f48a6e9184255caf5fd8244f58017bde7f5210" "sleep" "infinity", kill_on_drop: false }`
[INFO] [stdout] 4dc5774af0af232742cb084914c92b628bede6db1f341e01b1f7a50d5d1ba765
[INFO] running `Command { std: "docker" "start" "4dc5774af0af232742cb084914c92b628bede6db1f341e01b1f7a50d5d1ba765", kill_on_drop: false }`
[INFO] running `Command { std: "docker" "inspect" "4dc5774af0af232742cb084914c92b628bede6db1f341e01b1f7a50d5d1ba765", kill_on_drop: false }`
[INFO] running `Command { std: "docker" "exec" "-e" "SOURCE_DIR=/opt/rustwide/workdir" "-e" "CARGO_HOME=/opt/rustwide/cargo-home" "-e" "RUSTUP_HOME=/opt/rustwide/rustup-home" "-e" "CARGO_TARGET_DIR=/opt/rustwide/target" "-w" "/opt/rustwide/workdir" "--user" "0:0" "4dc5774af0af232742cb084914c92b628bede6db1f341e01b1f7a50d5d1ba765" "/opt/rustwide/cargo-home/bin/cargo" "+1.98.0-beta.1" "metadata" "--no-deps" "--format-version=1", kill_on_drop: false }`
[INFO] running `Command { std: "docker" "inspect" "4dc5774af0af232742cb084914c92b628bede6db1f341e01b1f7a50d5d1ba765", kill_on_drop: false }`
[INFO] running `Command { std: "docker" "exec" "-e" "SOURCE_DIR=/opt/rustwide/workdir" "-e" "CARGO_HOME=/opt/rustwide/cargo-home" "-e" "RUSTUP_HOME=/opt/rustwide/rustup-home" "-e" "CARGO_TARGET_DIR=/opt/rustwide/target" "-e" "CARGO_INCREMENTAL=0" "-e" "RUST_BACKTRACE=full" "-e" "RUSTFLAGS=--cap-lints=warn" "-e" "RUSTDOCFLAGS=--cap-lints=warn" "-w" "/opt/rustwide/workdir" "--user" "0:0" "4dc5774af0af232742cb084914c92b628bede6db1f341e01b1f7a50d5d1ba765" "/opt/rustwide/cargo-home/bin/cargo" "+1.98.0-beta.1" "build" "--frozen" "--message-format=json", kill_on_drop: false }`
[INFO] [stderr]    Compiling quote v1.0.46
[INFO] [stderr]    Compiling syn v2.0.118
[INFO] [stderr]    Compiling builder_derive v0.0.1
[INFO] [stderr]    Compiling macros v0.1.0 (/opt/rustwide/workdir/macros)
[INFO] [stderr]    Compiling disarmv7 v0.0.2 (/opt/rustwide/workdir)
[INFO] [stderr]     Finished `dev` profile [unoptimized + debuginfo] target(s) in 16.33s
[INFO] running `Command { std: "docker" "inspect" "4dc5774af0af232742cb084914c92b628bede6db1f341e01b1f7a50d5d1ba765", kill_on_drop: false }`
[INFO] running `Command { std: "docker" "exec" "-e" "SOURCE_DIR=/opt/rustwide/workdir" "-e" "CARGO_HOME=/opt/rustwide/cargo-home" "-e" "RUSTUP_HOME=/opt/rustwide/rustup-home" "-e" "CARGO_TARGET_DIR=/opt/rustwide/target" "-e" "CARGO_INCREMENTAL=0" "-e" "RUST_BACKTRACE=full" "-e" "RUSTFLAGS=--cap-lints=warn" "-e" "RUSTDOCFLAGS=--cap-lints=warn" "-w" "/opt/rustwide/workdir" "--user" "0:0" "4dc5774af0af232742cb084914c92b628bede6db1f341e01b1f7a50d5d1ba765" "/opt/rustwide/cargo-home/bin/cargo" "+1.98.0-beta.1" "test" "--frozen" "--no-run" "--message-format=json", kill_on_drop: false }`
[INFO] [stderr]    Compiling disarmv7 v0.0.2 (/opt/rustwide/workdir)
[INFO] [stderr]     Finished `test` profile [unoptimized + debuginfo] target(s) in 15.96s
[INFO] running `Command { std: "docker" "inspect" "4dc5774af0af232742cb084914c92b628bede6db1f341e01b1f7a50d5d1ba765", kill_on_drop: false }`
[INFO] running `Command { std: "docker" "exec" "-e" "SOURCE_DIR=/opt/rustwide/workdir" "-e" "CARGO_HOME=/opt/rustwide/cargo-home" "-e" "RUSTUP_HOME=/opt/rustwide/rustup-home" "-e" "CARGO_TARGET_DIR=/opt/rustwide/target" "-e" "CARGO_INCREMENTAL=0" "-e" "RUST_BACKTRACE=full" "-e" "RUSTFLAGS=--cap-lints=warn" "-e" "RUSTDOCFLAGS=--cap-lints=warn" "-w" "/opt/rustwide/workdir" "--user" "0:0" "4dc5774af0af232742cb084914c92b628bede6db1f341e01b1f7a50d5d1ba765" "/opt/rustwide/cargo-home/bin/cargo" "+1.98.0-beta.1" "test" "--frozen", kill_on_drop: false }`
[INFO] [stderr]     Finished `test` profile [unoptimized + debuginfo] target(s) in 0.03s
[INFO] [stderr]      Running unittests src/lib.rs (/opt/rustwide/target/debug/deps/disarmv7-dbd311b48c24baeb)
[INFO] [stdout] 
[INFO] [stdout] running 372 tests
[INFO] [stdout] test arch::set_flags::test::test_unwrap ... ok
[INFO] [stdout] test arch::wrapper_types::test::sign_extend_test ... ok
[INFO] [stdout] test arch::register::test::test ... ok
[INFO] [stdout] test asm::b16::a_5_2::test::test_parse_asr ... ok
[INFO] [stdout] test asm::b16::a_5_2::test::test_parse_add_immediate ... ok
[INFO] [stdout] test asm::b16::a_5_2::test::test_parse_add_imm ... ok
[INFO] [stdout] test asm::b16::a_5_2::test::test_parse_add ... ok
[INFO] [stdout] test asm::b16::a_5_2::test::test_parse_lsl ... ok
[INFO] [stdout] test asm::b16::a_5_2::test::test_parse_mov_immediate ... ok
[INFO] [stdout] test asm::b16::a_5_2::test::test_parse_lsr ... ok
[INFO] [stdout] test asm::b16::a_5_2::test::test_parse_sub_immediate ... ok
[INFO] [stdout] test asm::b16::a_5_2::test::test_parse_cmp_immediate ... ok
[INFO] [stdout] test asm::b16::a_5_3::test::test_parse_adc_register ... ok
[INFO] [stdout] test asm::b16::a_5_2::test::test_parse_sub ... ok
[INFO] [stdout] test asm::b16::a_5_3::test::test_parse_and_register ... ok
[INFO] [stdout] test asm::b16::a_5_3::test::test_parse_asr_register ... ok
[INFO] [stdout] test asm::b16::a_5_3::test::test_parse_cmp_reg ... ok
[INFO] [stdout] test asm::b16::a_5_3::test::test_parse_lsl_register ... ok
[INFO] [stdout] test asm::b16::a_5_3::test::test_parse_eor_register ... ok
[INFO] [stdout] test asm::b16::a_5_3::test::test_parse_cmn_reg ... ok
[INFO] [stdout] test asm::b16::a_5_3::test::test_parse_lsr_register ... ok
[INFO] [stdout] test asm::b16::a_5_2::test::test_parse_sub_imm ... ok
[INFO] [stdout] test asm::b16::a_5_3::test::test_parse_bic_reg ... ok
[INFO] [stdout] test asm::b16::a_5_3::test::test_parse_mul ... ok
[INFO] [stdout] test asm::b16::a_5_3::test::test_parse_sbc_register ... ok
[INFO] [stdout] test asm::b16::a_5_3::test::test_parse_mvn_reg ... ok
[INFO] [stdout] test asm::b16::a_5_3::test::test_parse_tst_register ... ok
[INFO] [stdout] test asm::b16::a_5_3::test::test_parse_orr_reg ... ok
[INFO] [stdout] test asm::b16::a_5_3::test::test_parse_ror_register ... ok
[INFO] [stdout] test asm::b16::a_5_4::test::test_parse_add_reg ... ok
[INFO] [stdout] test asm::b16::a_5_4::test::test_parse_blx ... ok
[INFO] [stdout] test asm::b16::a_5_4::test::test_parse_bx ... ok
[INFO] [stdout] test asm::b16::a_5_4::test::test_parse_cmp_reg ... ok
[INFO] [stdout] test asm::b16::a_5_5::test::test_parse_ldr_imm_t2 ... ok
[INFO] [stdout] test asm::b16::a_5_5::test::test_parse_ldr_imm ... ok
[INFO] [stdout] test asm::b16::a_5_4::test::test_parse_mov_reg ... ok
[INFO] [stdout] test asm::b16::a_5_5::test::test_parse_ldr_register ... ok
[INFO] [stdout] test asm::b16::a_5_5::test::test_parse_ldrh_register ... ok
[INFO] [stdout] test asm::b16::a_5_5::test::test_parse_ldrb_imm ... ok
[INFO] [stdout] test asm::b16::a_5_5::test::test_parse_ldrsb_register ... ok
[INFO] [stdout] test asm::b16::a_5_5::test::test_parse_ldrb_register ... ok
[INFO] [stdout] test asm::b16::a_5_5::test::test_parse_ldrh_imm ... ok
[INFO] [stdout] test asm::b16::a_5_5::test::test_parse_ldrsh_register ... ok
[INFO] [stdout] test asm::b16::a_5_5::test::test_parse_str_imm ... ok
[INFO] [stdout] test asm::b16::a_5_5::test::test_parse_str_imm_t2 ... ok
[INFO] [stdout] test asm::b16::a_5_5::test::test_parse_str_register ... ok
[INFO] [stdout] test asm::b16::a_5_5::test::test_parse_strb_imm ... ok
[INFO] [stdout] test asm::b16::a_5_5::test::test_parse_strb_register ... ok
[INFO] [stdout] test asm::b16::a_5_6::test::test_parse_add_sp_imm ... ok
[INFO] [stdout] test asm::b16::a_5_5::test::test_parse_strh_imm ... ok
[INFO] [stdout] test asm::b16::a_5_5::test::test_parse_strh_register ... ok
[INFO] [stdout] test asm::b16::a_5_6::test::test_parse_bkpt ... ok
[INFO] [stdout] test asm::b16::a_5_6::test::test_parse_cbz ... ok
[INFO] [stdout] test asm::b16::a_5_6::test::test_parse_pop ... ok
[INFO] [stdout] test asm::b16::a_5_6::test::test_parse_push ... ok
[INFO] [stdout] test asm::b16::a_5_6::test::test_parse_rev ... ok
[INFO] [stdout] test asm::b16::a_5_6::test::test_parse_rev16 ... ok
[INFO] [stdout] test asm::b16::a_5_6::test::test_parse_revsh ... ok
[INFO] [stdout] test asm::b16::a_5_6::test::test_parse_sxtb ... ok
[INFO] [stdout] test asm::b16::a_5_6::test::test_parse_sub_sp_imm ... ok
[INFO] [stdout] test asm::b16::a_5_6::test::test_parse_sxth ... ok
[INFO] [stdout] test asm::b16::a_5_7::test::test_parse_sev ... ok
[INFO] [stdout] test asm::b16::a_5_7::test::test_parse_wfe ... ok
[INFO] [stdout] test asm::b16::a_5_7::test::test_parse_yield ... ok
[INFO] [stdout] test asm::b16::a_5_7::test::test_parse_wfi ... ok
[INFO] [stdout] test asm::b16::a_5_8::test::test_parse_b ... ok
[INFO] [stdout] test asm::b16::simply_defined::test::test_parse_add_sp_p_imm ... ok
[INFO] [stdout] test asm::b16::simply_defined::test::test_parse_adr ... ok
[INFO] [stdout] test asm::b16::simply_defined::test::test_parse_b ... ok
[INFO] [stdout] test asm::b16::simply_defined::test::test_parse_ldm ... ok
[INFO] [stdout] test asm::b16::simply_defined::test::test_parse_ldr ... ok
[INFO] [stdout] test asm::b16::simply_defined::test::test_parse_stm ... ok
[INFO] [stdout] test asm::b16::a_5_6::test::test_parse_cps ... ok
[INFO] [stdout] test asm::b32::a5_10::test::test_parse_adc_imm ... ok
[INFO] [stdout] test asm::b32::a5_10::test::test_parse_add_imm ... ok
[INFO] [stdout] test asm::b32::a5_10::test::test_parse_and_imm ... ok
[INFO] [stdout] test asm::b32::a5_10::test::test_parse_cmn_imm ... ok
[INFO] [stdout] test asm::b16::a_5_7::test::test_parse_nop ... ok
[INFO] [stdout] test asm::b32::a5_10::test::test_parse_cmp_imm ... ok
[INFO] [stdout] test asm::b32::a5_10::test::test_parse_bic_imm ... ok
[INFO] [stdout] test asm::b32::a5_10::test::test_parse_eor_imm ... ok
[INFO] [stdout] test asm::b32::a5_10::test::test_parse_rsb_imm ... ok
[INFO] [stdout] test asm::b32::a5_10::test::test_parse_sub_imm ... ok
[INFO] [stdout] test asm::b32::a5_10::test::test_parse_movn_imm ... ok
[INFO] [stdout] test asm::b32::a5_10::test::test_parse_sbc_imm ... ok
[INFO] [stdout] test asm::b32::a5_10::test::test_parse_orn_imm ... ok
[INFO] [stdout] test asm::b32::a5_10::test::test_parse_teq_imm ... ok
[INFO] [stdout] test asm::b32::a5_10::test::test_parse_tst_imm ... ok
[INFO] [stdout] test asm::b32::a5_12::test::test_parse_adr_t2 ... ok
[INFO] [stdout] test asm::b32::a5_12::test::test_parse_adr_t3 ... ok
[INFO] [stdout] test asm::b32::a5_12::test::test_parse_add_immediate ... ok
[INFO] [stdout] test asm::b32::a5_12::test::test_parse_bfc ... ok
[INFO] [stdout] test asm::b32::a5_12::test::test_parse_bfi ... ok
[INFO] [stdout] test asm::b32::a5_12::test::test_parse_movt ... ok
[INFO] [stdout] test asm::b32::a5_12::test::test_parse_sbfx ... ok
[INFO] [stdout] test asm::b32::a5_12::test::test_parse_mov_imm ... ok
[INFO] [stdout] test asm::b32::a5_10::test::test_parse_mov_imm ... ok
[INFO] [stdout] test asm::b32::a5_12::test::test_parse_sub_immediate ... ok
[INFO] [stdout] test asm::b32::a5_10::test::test_parse_orr_imm ... ok
[INFO] [stdout] test asm::b32::a5_12::test::test_parse_ssat ... ok
[INFO] [stdout] test asm::b32::a5_12::test::test_parse_ubfx ... ok
[INFO] [stdout] test asm::b32::a5_12::test::test_parse_usat ... ok
[INFO] [stdout] test asm::b32::a5_12::test::test_parse_ssat_16 ... ok
[INFO] [stdout] test asm::b32::a5_12::test::test_parse_usat16 ... ok
[INFO] [stdout] test asm::b32::a5_13::test::test_parse_b_t3 ... ok
[INFO] [stdout] test asm::b32::a5_13::test::test_parse_bl ... ok
[INFO] [stdout] test asm::b32::a5_13::test::test_parse_b_t4 ... ok
[INFO] [stdout] test asm::b32::a5_13::test::test_parse_mrs ... ok
[INFO] [stdout] test asm::b32::a5_13::test::test_parse_msr ... ok
[INFO] [stdout] test asm::b32::a5_14::test::test_parse_dbg ... ok
[INFO] [stdout] test asm::b32::a5_14::test::test_parse_nop ... ok
[INFO] [stdout] test asm::b32::a5_14::test::test_parse_wfe ... ok
[INFO] [stdout] test asm::b32::a5_14::test::test_parse_wfi ... ok
[INFO] [stdout] test asm::b32::a5_14::test::test_parse_sev ... ok
[INFO] [stdout] test asm::b32::a5_14::test::test_parse_yield ... ok
[INFO] [stdout] test asm::b32::a5_15::test::test_parse_dmb ... ok
[INFO] [stdout] test asm::b32::a5_15::test::test_parse_clrex ... ok
[INFO] [stdout] test asm::b32::a5_16::test::test_parse_pop ... ok
[INFO] [stdout] test asm::b32::a5_16::test::test_parse_ldmdb ... ok
[INFO] [stdout] test asm::b32::a5_16::test::test_parse_push ... ok
[INFO] [stdout] test asm::b32::a5_16::test::test_parse_stmdb ... ok
[INFO] [stdout] test asm::b32::a5_17::test::test_parse_ldrex ... ok
[INFO] [stdout] test asm::b32::a5_17::test::test_parse_ldrexb ... ok
[INFO] [stdout] test asm::b32::a5_17::test::test_parse_ldrexh ... ok
[INFO] [stdout] test asm::b32::a5_17::test::test_parse_strd ... ok
[INFO] [stdout] test asm::b32::a5_17::test::test_parse_strex ... ok
[INFO] [stdout] test asm::b32::a5_17::test::test_parse_strexb ... ok
[INFO] [stdout] test asm::b32::a5_17::test::test_parse_strexh ... ok
[INFO] [stdout] test asm::b32::a5_17::test::test_parse_tbb ... ok
[INFO] [stdout] test asm::b32::a5_17::test::test_parse_tbh ... ok
[INFO] [stdout] test asm::b32::a5_18::test::test_parse_ldr_litreal ... ok
[INFO] [stdout] test asm::b32::a5_18::test::test_parse_ldr_reg ... ok
[INFO] [stdout] test asm::b32::a5_18::test::test_parse_ldrt ... ok
[INFO] [stdout] test asm::b32::a5_15::test::test_parse_dsb ... ok
[INFO] [stdout] test asm::b32::a5_15::test::test_parse_isb ... ok
[INFO] [stdout] test asm::b32::a5_16::test::test_parse_ldm ... ok
[INFO] [stdout] test asm::b32::a5_16::test::test_parse_stm ... ok
[INFO] [stdout] test asm::b32::a5_18::test::test_parse_ldrt3 ... ok
[INFO] [stdout] test asm::b32::a5_19::test::test_parse_ldrh_imm_t3 ... ok
[INFO] [stdout] test asm::b32::a5_19::test::test_parse_ldrh_imm_t2 ... ok
[INFO] [stdout] test asm::b32::a5_19::test::test_parse_ldrh_lit ... ok
[INFO] [stdout] test asm::b32::a5_17::test::test_parse_ldrd ... ok
[INFO] [stdout] test asm::b32::a5_19::test::test_parse_ldrh_reg ... ok
[INFO] [stdout] test asm::b32::a5_19::test::test_parse_ldrht ... ok
[INFO] [stdout] test asm::b32::a5_19::test::test_parse_ldrsh_imm_t1 ... ok
[INFO] [stdout] test asm::b32::a5_19::test::test_parse_ldrsh_imm_t2 ... ok
[INFO] [stdout] test asm::b32::a5_19::test::test_parse_ldrsh_register ... ok
[INFO] [stdout] test asm::b32::a5_18::test::test_parse_ldrt4 ... ok
[INFO] [stdout] test asm::b32::a5_19::test::test_parse_ldrsh_literal ... ok
[INFO] [stdout] test asm::b32::a5_20::test::test_parse_ldrb_imm_t2 ... ok
[INFO] [stdout] test asm::b32::a5_20::test::test_parse_ldrb_imm_t3 ... ok
[INFO] [stdout] test asm::b32::a5_20::test::test_parse_ldrb_lit ... ok
[INFO] [stdout] test asm::b32::a5_20::test::test_parse_ldrbt ... ok
[INFO] [stdout] test asm::b32::a5_20::test::test_parse_ldrb_reg ... ok
[INFO] [stdout] test asm::b32::a5_20::test::test_parse_ldrsb_immediate_t2 ... ok
[INFO] [stdout] test asm::b32::a5_20::test::test_parse_ldrsb_literal ... ok
[INFO] [stdout] test asm::b32::a5_20::test::test_parse_ldrsb_reg ... ok
[INFO] [stdout] test asm::b32::a5_19::test::test_parse_ldrsht ... ok
[INFO] [stdout] test asm::b32::a5_20::test::test_parse_ldrsb_immediate_t1 ... ok
[INFO] [stdout] test asm::b32::a5_20::test::test_parse_pld_imm_t2 ... ok
[INFO] [stdout] test asm::b32::a5_20::test::test_parse_ldrsbt ... ok
[INFO] [stdout] test asm::b32::a5_20::test::test_parse_pld_imm_t1 ... ok
[INFO] [stdout] test asm::b32::a5_20::test::test_parse_pld_lit ... ok
[INFO] [stdout] test asm::b32::a5_20::test::test_parse_pld_reg ... ok
[INFO] [stdout] test asm::b32::a5_20::test::test_parse_pli_imm_t1 ... ok
[INFO] [stdout] test asm::b32::a5_20::test::test_parse_pli_imm_t2 ... ok
[INFO] [stdout] test asm::b32::a5_20::test::test_parse_pli_label ... ok
[INFO] [stdout] test asm::b32::a5_20::test::test_parse_pli_reg ... ok
[INFO] [stdout] test asm::b32::a5_21::test::test_parse_str_imm_t3 ... ok
[INFO] [stdout] test asm::b32::a5_21::test::test_parse_str_imm_t2 ... ok
[INFO] [stdout] test asm::b32::a5_21::test::test_parse_strb_imm_t2 ... ok
[INFO] [stdout] test asm::b32::a5_21::test::test_parse_strb_imm_t3 ... ok
[INFO] [stdout] test asm::b32::a5_21::test::test_parse_strb_reg ... ok
[INFO] [stdout] test asm::b32::a5_21::test::test_parse_strh_imm_t3 ... ok
[INFO] [stdout] test asm::b32::a5_21::test::test_parse_strh_imm_t2 ... ok
[INFO] [stdout] test asm::b32::a5_21::test::test_parse_strh_reg ... ok
[INFO] [stdout] test asm::b32::a5_21::test::test_parse_str_reg ... ok
[INFO] [stdout] test asm::b32::a5_22::test::test_parse_adc_reg ... ok
[INFO] [stdout] test asm::b32::a5_22::test::test_parse_bic_reg ... ok
[INFO] [stdout] test asm::b32::a5_22::test::test_parse_add_reg ... ok
[INFO] [stdout] test asm::b32::a5_22::test::test_parse_cmn_reg ... ok
[INFO] [stdout] test asm::b32::a5_22::test::test_parse_eor_reg ... ok
[INFO] [stdout] test asm::b32::a5_22::test::test_parse_cmp_reg ... ok
[INFO] [stdout] test asm::b32::a5_22::test::test_parse_and_reg ... ok
[INFO] [stdout] test asm::b32::a5_22::test::test_parse_mvn_reg ... ok
[INFO] [stdout] test asm::b32::a5_22::test::test_parse_orn_reg ... ok
[INFO] [stdout] test asm::b32::a5_22::test::test_parse_orr_reg ... ok
[INFO] [stdout] test asm::b32::a5_22::test::test_parse_pkh ... ok
[INFO] [stdout] test asm::b32::a5_22::test::test_parse_sbc_reg ... ok
[INFO] [stdout] test asm::b32::a5_22::test::test_parse_teq_reg ... ok
[INFO] [stdout] test asm::b32::a5_23::test::test_parse_asr_imm ... ok
[INFO] [stdout] test asm::b32::a5_23::test::test_parse_lsl_imm ... ok
[INFO] [stdout] test asm::b32::a5_23::test::test_parse_lsr_imm ... ok
[INFO] [stdout] test asm::b32::a5_23::test::test_parse_mov_reg ... ok
[INFO] [stdout] test asm::b32::a5_23::test::test_parse_ror_imm ... ok
[INFO] [stdout] test asm::b32::a5_22::test::test_parse_sub_reg ... ok
[INFO] [stdout] test asm::b32::a5_24::test::test_parse_asr_reg ... ok
[INFO] [stdout] test asm::b32::a5_22::test::test_parse_rsb_reg ... ok
[INFO] [stdout] test asm::b32::a5_23::test::test_parse_rrx ... ok
[INFO] [stdout] test asm::b32::a5_22::test::test_parse_tst_reg ... ok
[INFO] [stdout] test asm::b16::a_5_3::test::test_parse_rsb_imm ... ok
[INFO] [stdout] test asm::b32::a5_24::test::test_parse_lsr_reg ... ok
[INFO] [stdout] test asm::b32::a5_24::test::test_parse_ror_reg ... ok
[INFO] [stdout] test asm::b32::a5_24::test::test_parse_sxtab16 ... ok
[INFO] [stdout] test asm::b32::a5_24::test::test_parse_lsl_reg ... ok
[INFO] [stdout] test asm::b32::a5_24::test::test_parse_uxtah ... ok
[INFO] [stdout] test asm::b32::a5_24::test::test_parse_uxtab16 ... ok
[INFO] [stdout] test asm::b32::a5_24::test::test_parse_uxth ... ok
[INFO] [stdout] test asm::b32::a5_24::test::test_parse_sxtah ... ok
[INFO] [stdout] test asm::b32::a5_24::test::test_parse_uxtb16 ... ok
[INFO] [stdout] test asm::b32::a5_24::test::test_parse_sxtb16 ... ok
[INFO] [stdout] test asm::b32::a5_25::test::test_parse_qadd16 ... ok
[INFO] [stdout] test asm::b32::a5_25::test::test_parse_qadd8 ... ok
[INFO] [stdout] test asm::b32::a5_25::test::test_parse_qsax ... ok
[INFO] [stdout] test asm::b32::a5_25::test::test_parse_sadd16 ... ok
[INFO] [stdout] test asm::b32::a5_24::test::test_parse_sxth ... ok
[INFO] [stdout] test asm::b32::a5_25::test::test_parse_qsub8 ... ok
[INFO] [stdout] test asm::b32::a5_25::test::test_parse_qasx ... ok
[INFO] [stdout] test asm::b32::a5_25::test::test_parse_sadd8 ... ok
[INFO] [stdout] test asm::b32::a5_25::test::test_parse_qsub16 ... ok
[INFO] [stdout] test asm::b32::a5_25::test::test_parse_shadd16 ... ok
[INFO] [stdout] test asm::b32::a5_25::test::test_parse_shasx ... ok
[INFO] [stdout] test asm::b32::a5_25::test::test_parse_sasx ... ok
[INFO] [stdout] test asm::b32::a5_25::test::test_parse_shadd8 ... ok
[INFO] [stdout] test asm::b32::a5_25::test::test_parse_shsub8 ... ok
[INFO] [stdout] test asm::b32::a5_25::test::test_parse_ssub16 ... ok
[INFO] [stdout] test asm::b32::a5_25::test::test_parse_shsax ... ok
[INFO] [stdout] test asm::b32::a5_25::test::test_parse_ssub8 ... ok
[INFO] [stdout] test asm::b32::a5_25::test::test_parse_ssax ... ok
[INFO] [stdout] test asm::b32::a5_26::test::test_parse_uadd16 ... ok
[INFO] [stdout] test asm::b32::a5_26::test::test_parse_uadd8 ... ok
[INFO] [stdout] test asm::b32::a5_26::test::test_parse_uhadd16 ... ok
[INFO] [stdout] test asm::b32::a5_26::test::test_parse_uasx ... ok
[INFO] [stdout] test asm::b32::a5_25::test::test_parse_shsub16 ... ok
[INFO] [stdout] test asm::b32::a5_26::test::test_parse_uhadd8 ... ok
[INFO] [stdout] test asm::b32::a5_26::test::test_parse_uhasx ... ok
[INFO] [stdout] test asm::b32::a5_26::test::test_parse_uhsax ... ok
[INFO] [stdout] test asm::b32::a5_26::test::test_parse_uhsub16 ... ok
[INFO] [stdout] test asm::b32::a5_26::test::test_parse_uhsub8 ... ok
[INFO] [stdout] test asm::b32::a5_26::test::test_parse_uqadd16 ... ok
[INFO] [stdout] test asm::b32::a5_26::test::test_parse_uqsax ... ok
[INFO] [stdout] test asm::b32::a5_26::test::test_parse_uqadd8 ... ok
[INFO] [stdout] test asm::b32::a5_26::test::test_parse_uqasx ... ok
[INFO] [stdout] test asm::b32::a5_26::test::test_parse_uqsub16 ... ok
[INFO] [stdout] test asm::b32::a5_26::test::test_parse_uqsub8 ... ok
[INFO] [stdout] test asm::b32::a5_26::test::test_parse_usub16 ... ok
[INFO] [stdout] test asm::b32::a5_26::test::test_parse_usax ... ok
[INFO] [stdout] test asm::b32::a5_27::test::test_parse_qadd ... ok
[INFO] [stdout] test asm::b32::a5_26::test::test_parse_usub8 ... ok
[INFO] [stdout] test asm::b32::a5_27::test::test_parse_qdadd ... ok
[INFO] [stdout] test asm::b32::a5_27::test::test_parse_qsub ... ok
[INFO] [stdout] test asm::b32::a5_27::test::test_parse_qdsub ... ok
[INFO] [stdout] test asm::b32::a5_27::test::test_parse_rev ... ok
[INFO] [stdout] test asm::b32::a5_27::test::test_parse_rev16 ... ok
[INFO] [stdout] test asm::b32::a5_27::test::test_parse_sel ... ok
[INFO] [stdout] test asm::b32::a5_28::test::test_parse_mul ... ok
[INFO] [stdout] test asm::b32::a5_28::test::test_parse_smla ... ok
[INFO] [stdout] test asm::b32::a5_28::test::test_parse_mla ... ok
[INFO] [stdout] test asm::b32::a5_28::test::test_parse_smlad ... ok
[INFO] [stdout] test asm::b32::a5_28::test::test_parse_smmla ... ok
[INFO] [stdout] test asm::b32::a5_28::test::test_parse_smmul ... ok
[INFO] [stdout] test asm::b32::a5_28::test::test_parse_smlaw ... ok
[INFO] [stdout] test asm::b32::a5_28::test::test_parse_smmls ... ok
[INFO] [stdout] test asm::b32::a5_27::test::test_parse_clz ... ok
[INFO] [stdout] test asm::b32::a5_28::test::test_parse_smuad ... ok
[INFO] [stdout] test asm::b32::a5_28::test::test_parse_smlsd ... ok
[INFO] [stdout] test asm::b32::a5_28::test::test_parse_usad8 ... ok
[INFO] [stdout] test asm::b32::a5_28::test::test_parse_smusd ... ok
[INFO] [stdout] test asm::b32::a5_28::test::test_parse_usada8 ... ok
[INFO] [stdout] test asm::b32::a5_28::test::test_parse_smulw ... ok
[INFO] [stdout] test asm::b32::a5_28::test::test_parse_smul ... ok
[INFO] [stdout] test asm::b32::a5_29::test::test_parse_smlalxx ... ok
[INFO] [stdout] test asm::b32::a5_29::test::test_parse_smlsld ... ok
[INFO] [stdout] test asm::b32::a5_29::test::test_parse_smlald ... ok
[INFO] [stdout] test asm::b32::a5_29::test::test_parse_smull ... ok
[INFO] [stdout] test asm::b32::a5_29::test::test_parse_sdiv ... ok
[INFO] [stdout] test asm::b32::a5_29::test::test_parse_smlal ... ok
[INFO] [stdout] test asm::b32::a5_29::test::test_parse_umaal ... ok
[INFO] [stdout] test asm::b32::a5_29::test::test_parse_umlal ... ok
[INFO] [stdout] test asm::b32::a5_29::test::test_parse_umull ... ok
[INFO] [stdout] test asm::b32::a5_30::test::test_parse_cdp ... ok
[INFO] [stdout] test asm::b32::a5_30::test::test_parse_cdp2 ... ok
[INFO] [stdout] test asm::b32::a5_29::test::test_parse_udiv ... ok
[INFO] [stdout] test asm::b32::a5_30::test::test_parse_ldc_literal ... ok
[INFO] [stdout] test asm::b32::a5_30::test::test_parse_ldc_literal2 ... ok
[INFO] [stdout] test asm::b32::a5_30::test::test_parse_mcr ... ok
[INFO] [stdout] test asm::b32::a5_30::test::test_parse_ldc_imm ... ok
[INFO] [stdout] test asm::b32::a5_30::test::test_parse_ldc_imm2 ... ok
[INFO] [stdout] test asm::b32::a5_30::test::test_parse_mcr2 ... ok
[INFO] [stdout] test asm::b32::a5_30::test::test_parse_mcrr ... ok
[INFO] [stdout] test asm::b32::a5_30::test::test_parse_mcrr2 ... ok
[INFO] [stdout] test asm::b32::a5_30::test::test_parse_mrc ... ok
[INFO] [stdout] test asm::b32::a5_30::test::test_parse_mrc2 ... ok
[INFO] [stdout] test asm::b32::a5_30::test::test_parse_mrrc ... ok
[INFO] [stdout] test asm::b32::a5_30::test::test_parse_mrrc2 ... ok
[INFO] [stdout] test asm::b32::a6_5::test::test_vabs_f64 ... ok
[INFO] [stdout] test asm::b32::a5_30::test::test_parse_stc ... ok
[INFO] [stdout] test asm::b32::a6_5::test::test_vadd_f32 ... ok
[INFO] [stdout] test asm::b32::a6_5::test::test_vabs_f32 ... ok
[INFO] [stdout] test asm::b32::a6_5::test::test_vcmp_t1_f64 ... ok
[INFO] [stdout] test asm::b32::a5_30::test::test_parse_stc2 ... ok
[INFO] [stdout] test asm::b32::a6_5::test::test_vcmp_t2_f32 ... ok
[INFO] [stdout] test asm::b32::a6_5::test::test_vcmp_t1_f32 ... ok
[INFO] [stdout] test asm::b16::arbitrary_test::test_1101_1010_0011_1001 ... FAILED
[INFO] [stdout] test asm::b32::a6_5::test::test_vcvt_f32_f64 ... ok
[INFO] [stdout] test asm::b32::a6_5::test::test_vcvt_f64_f32 ... ok
[INFO] [stdout] test asm::b32::a6_5::test::test_vcvt_f64_int ... ok
[INFO] [stdout] test asm::b32::a6_5::test::test_vcvt_fixed_f32 ... ok
[INFO] [stdout] test asm::b32::a6_5::test::test_vcmp_t2_f64 ... ok
[INFO] [stdout] test asm::b32::a6_5::test::test_vcvt_f32_int ... ok
[INFO] [stdout] test asm::b32::a6_5::test::test_vcvt_round_f32 ... ignored, The specification makes it nearly impossible to provide a meaningfull test here.
[INFO] [stdout] test asm::b32::a6_5::test::test_vcvt_round_f64 ... ignored, The specification makes it nearly impossible to provide a meaningfull test here.
[INFO] [stdout] test asm::b32::a6_5::test::test_vcvt_y_f32 ... ok
[INFO] [stdout] test asm::b32::a6_5::test::test_vdiv_f32 ... ok
[INFO] [stdout] test asm::b32::a6_5::test::test_vcvt_fixed_f64 ... ok
[INFO] [stdout] test asm::b32::a6_5::test::test_vcvt_y_f64 ... ok
[INFO] [stdout] test asm::b32::a6_5::test::test_vdiv_f64 ... ok
[INFO] [stdout] test asm::b32::a6_5::test::test_vadd_f64 ... ok
[INFO] [stdout] test asm::b32::a6_5::test::test_vmax_f64 ... ok
[INFO] [stdout] test asm::b32::a6_5::test::test_vmlx_f32 ... ok
[INFO] [stdout] test asm::b32::a6_5::test::test_vmax_f32 ... ok
[INFO] [stdout] test asm::b32::a6_5::test::test_vmlx_f64 ... ok
[INFO] [stdout] test asm::b32::a6_5::test::test_vmin_f32 ... ok
[INFO] [stdout] test asm::b32::a6_5::test::test_vmove_immediate_f64 ... ok
[INFO] [stdout] test asm::b32::a6_5::test::test_vmin_f64 ... ok
[INFO] [stdout] test asm::b32::a6_5::test::test_vmove_register_f32 ... ok
[INFO] [stdout] test asm::b32::a6_5::test::test_vmove_immediate_f32 ... ok
[INFO] [stdout] test asm::b32::a6_5::test::test_vmove_register_f64 ... ok
[INFO] [stdout] test asm::b32::a6_5::test::test_vmul_f32 ... ok
[INFO] [stdout] test asm::b32::a6_5::test::test_vmul_f64 ... ok
[INFO] [stdout] test asm::b32::a6_5::test::test_vneg_f32 ... ok
[INFO] [stdout] test asm::b32::a6_5::test::test_vneg_f64 ... ok
[INFO] [stdout] test asm::b32::a6_5::test::test_vnmlx_f32_t1 ... ok
[INFO] [stdout] test asm::b32::a6_5::test::test_vnmlx_f32_t2 ... ok
[INFO] [stdout] test asm::b32::a6_5::test::test_vnmlx_f64_t1 ... ok
[INFO] [stdout] test asm::b32::a6_5::test::test_vnmlx_f64_t1_2 ... ok
[INFO] [stdout] test asm::b32::a6_5::test::test_vnmlx_f64_t2 ... ok
[INFO] [stdout] test asm::b32::a6_5::test::test_vrint_round_f32 ... ok
[INFO] [stdout] test asm::b32::a6_5::test::test_vnmlx_f32_t1_2 ... ok
[INFO] [stdout] test asm::b32::a6_5::test::test_vrint_f64 ... ok
[INFO] [stdout] test asm::b32::a6_5::test::test_vsel_f32 ... ok
[INFO] [stdout] test asm::b32::a6_5::test::test_vrint_f32 ... ok
[INFO] [stdout] test asm::b32::a6_5::test::test_vsel_f64 ... ok
[INFO] [stdout] test asm::b32::a6_5::test::test_vsqrt_f64 ... ok
[INFO] [stdout] test asm::b32::a6_5::test::test_vsqrt_f32 ... ok
[INFO] [stdout] test asm::b32::a6_5::test::test_vrint_round_f64 ... ok
[INFO] [stdout] test asm::b32::a6_5::test::test_vsub_f32 ... ok
[INFO] [stdout] test asm::b32::a6_5::test::test_vsub_f64 ... ok
[INFO] [stdout] test asm::b32::a6_7::test::test_vldm_t1 ... ok
[INFO] [stdout] test asm::b32::a6_7::test::test_vldm_2 ... ok
[INFO] [stdout] test asm::b32::a6_7::test::test_vldr_t1 ... ok
[INFO] [stdout] test asm::b32::a6_7::test::test_vstm_2 ... ok
[INFO] [stdout] test asm::b32::a6_7::test::test_vldr_t2 ... ok
[INFO] [stdout] test asm::b32::a6_7::test::test_vstm_t1 ... ok
[INFO] [stdout] test asm::b32::a6_7::test::test_vstr_t1 ... ok
[INFO] [stdout] test asm::b32::a6_7::test::test_vstr_t2 ... ok
[INFO] [stdout] test asm::b32::a6_5::test::test_vdiv_f64_invalid - should panic ... ok
[INFO] [stdout] test asm::b32::a6_5::test::test_vdiv_f32_invalid - should panic ... ok
[INFO] [stdout] test asm::b32::a6_8::test::test_move_xfer ... ok
[INFO] [stdout] test asm::b32::a6_8::test::test_vmrs ... ok
[INFO] [stdout] test asm::b32::a6_8::test::test_vmsr ... ok
[INFO] [stdout] test asm::b32::a6_9::test::test_movexfer64 ... ok
[INFO] [stdout] test asm::b32::a6_7::test::test_vpop_t1 ... FAILED
[INFO] [stdout] test asm::test::test_mask_u16 ... ok
[INFO] [stdout] test asm::test::test_mask_u32 ... ok
[INFO] [stdout] test asm::b32::a6_7::test::test_vpop_t2 ... FAILED
[INFO] [stdout] test helpers::test::test ... ok
[INFO] [stdout] test asm::b32::a6_7::test::test_vpush_t2 ... FAILED
[INFO] [stdout] test asm::b32::a6_8::test::test_move_core_from_scalar ... FAILED
[INFO] [stdout] test asm::b32::a6_7::test::test_vpush_t1 ... FAILED
[INFO] [stdout] test asm::b32::a6_8::test::test_move_core_to_scalar ... FAILED
[INFO] [stdout] test asm::b32::a6_9::test::test_movexfer32 ... FAILED
[INFO] [stdout] 
[INFO] [stdout] failures:
[INFO] [stdout] 
[INFO] [stdout] ---- asm::b16::arbitrary_test::test_1101_1010_0011_1001 stdout ----
[INFO] [stdout] 
[INFO] [stdout] thread 'asm::b16::arbitrary_test::test_1101_1010_0011_1001' (324) panicked at src/asm/b16.rs:99:9:
[INFO] [stdout] assertion `left == right` failed
[INFO] [stdout]   left: B(B { condition: Ge, imm: 114 })
[INFO] [stdout]  right: Bx(Bx { rm: R1 })
[INFO] [stdout] stack backtrace:
[INFO] [stdout]    0:     0x58e46fc8b3c1 - std[73adb7dc35730857]::backtrace_rs::backtrace::libunwind::trace
[INFO] [stdout]                                at /rustc/6b3fa26749ab40e159b2dd5cf577acaaf5902772/library/std/src/../../backtrace/src/backtrace/libunwind.rs:117:9
[INFO] [stdout]    1:     0x58e46fc8b3c1 - std[73adb7dc35730857]::backtrace_rs::backtrace::trace_unsynchronized::<std[73adb7dc35730857]::sys::backtrace::_print_fmt::{closure#1}>
[INFO] [stdout]                                at /rustc/6b3fa26749ab40e159b2dd5cf577acaaf5902772/library/std/src/../../backtrace/src/backtrace/mod.rs:66:14
[INFO] [stdout]    2:     0x58e46fc8b3c1 - std[73adb7dc35730857]::sys::backtrace::_print_fmt
[INFO] [stdout]                                at /rustc/6b3fa26749ab40e159b2dd5cf577acaaf5902772/library/std/src/sys/backtrace.rs:74:9
[INFO] [stdout]    3:     0x58e46fc8b3c1 - <<std[73adb7dc35730857]::sys::backtrace::BacktraceLock>::print::DisplayBacktrace as core[6883ba1bc0fe4ed1]::fmt::Display>::fmt
[INFO] [stdout]                                at /rustc/6b3fa26749ab40e159b2dd5cf577acaaf5902772/library/std/src/sys/backtrace.rs:44:26
[INFO] [stdout]    4:     0x58e46fc9f63a - <core[6883ba1bc0fe4ed1]::fmt::rt::Argument>::fmt
[INFO] [stdout]                                at /rustc/6b3fa26749ab40e159b2dd5cf577acaaf5902772/library/core/src/fmt/rt.rs:152:76
[INFO] [stdout]    5:     0x58e46fc9f63a - core[6883ba1bc0fe4ed1]::fmt::write
[INFO] [stdout]    6:     0x58e46fc8f87c - std[73adb7dc35730857]::io::default_write_fmt::<alloc[55a36b64bcbf2c0d]::vec::Vec<u8>>
[INFO] [stdout]                                at /rustc/6b3fa26749ab40e159b2dd5cf577acaaf5902772/library/std/src/io/mod.rs:626:11
[INFO] [stdout]    7:     0x58e46fc8f87c - <alloc[55a36b64bcbf2c0d]::vec::Vec<u8> as std[73adb7dc35730857]::io::Write>::write_fmt
[INFO] [stdout]                                at /rustc/6b3fa26749ab40e159b2dd5cf577acaaf5902772/library/std/src/io/mod.rs:1730:13
[INFO] [stdout]    8:     0x58e46fc69b36 - <std[73adb7dc35730857]::sys::backtrace::BacktraceLock>::print
[INFO] [stdout]                                at /rustc/6b3fa26749ab40e159b2dd5cf577acaaf5902772/library/std/src/sys/backtrace.rs:47:9
[INFO] [stdout]    9:     0x58e46fc69b36 - std[73adb7dc35730857]::panicking::default_hook::{closure#0}
[INFO] [stdout]                                at /rustc/6b3fa26749ab40e159b2dd5cf577acaaf5902772/library/std/src/panicking.rs:292:27
[INFO] [stdout]   10:     0x58e46fc835e9 - std[73adb7dc35730857]::panicking::default_hook
[INFO] [stdout]                                at /rustc/6b3fa26749ab40e159b2dd5cf577acaaf5902772/library/std/src/panicking.rs:316:9
[INFO] [stdout]   11:     0x58e46fc1e650 - <alloc[55a36b64bcbf2c0d]::boxed::Box<dyn for<'a, 'b> core[6883ba1bc0fe4ed1]::ops::function::Fn<(&'a std[73adb7dc35730857]::panic::PanicHookInfo<'b>,), Output = ()> + core[6883ba1bc0fe4ed1]::marker::Send + core[6883ba1bc0fe4ed1]::marker::Sync> as core[6883ba1bc0fe4ed1]::ops::function::Fn<(&std[73adb7dc35730857]::panic::PanicHookInfo,)>>::call
[INFO] [stdout]                                at /rustc/6b3fa26749ab40e159b2dd5cf577acaaf5902772/library/alloc/src/boxed.rs:2333:9
[INFO] [stdout]   12:     0x58e46fc1e650 - test[980ffaebd391d06d]::test_main_inner::<test[980ffaebd391d06d]::test_main_static::{closure#0}>::{closure#0}
[INFO] [stdout]                                at /rustc/6b3fa26749ab40e159b2dd5cf577acaaf5902772/library/test/src/lib.rs:155:21
[INFO] [stdout]   13:     0x58e46fc837a2 - <alloc[55a36b64bcbf2c0d]::boxed::Box<dyn for<'a, 'b> core[6883ba1bc0fe4ed1]::ops::function::Fn<(&'a std[73adb7dc35730857]::panic::PanicHookInfo<'b>,), Output = ()> + core[6883ba1bc0fe4ed1]::marker::Send + core[6883ba1bc0fe4ed1]::marker::Sync> as core[6883ba1bc0fe4ed1]::ops::function::Fn<(&std[73adb7dc35730857]::panic::PanicHookInfo,)>>::call
[INFO] [stdout]                                at /rustc/6b3fa26749ab40e159b2dd5cf577acaaf5902772/library/alloc/src/boxed.rs:2333:9
[INFO] [stdout]   14:     0x58e46fc837a2 - std[73adb7dc35730857]::panicking::panic_with_hook
[INFO] [stdout]                                at /rustc/6b3fa26749ab40e159b2dd5cf577acaaf5902772/library/std/src/panicking.rs:823:13
[INFO] [stdout]   15:     0x58e46fc69be2 - std[73adb7dc35730857]::panicking::panic_handler::{closure#0}
[INFO] [stdout]                                at /rustc/6b3fa26749ab40e159b2dd5cf577acaaf5902772/library/std/src/panicking.rs:688:13
[INFO] [stdout]   16:     0x58e46fc61549 - std[73adb7dc35730857]::sys::backtrace::__rust_end_short_backtrace::<std[73adb7dc35730857]::panicking::panic_handler::{closure#0}, !>
[INFO] [stdout]                                at /rustc/6b3fa26749ab40e159b2dd5cf577acaaf5902772/library/std/src/sys/backtrace.rs:182:18
[INFO] [stdout]   17:     0x58e46fc6a7dd - __rustc[a7b7b02e776dd976]::rust_begin_unwind
[INFO] [stdout]                                at /rustc/6b3fa26749ab40e159b2dd5cf577acaaf5902772/library/std/src/panicking.rs:679:5
[INFO] [stdout]   18:     0x58e46fc9fdcc - core[6883ba1bc0fe4ed1]::panicking::panic_fmt
[INFO] [stdout]                                at /rustc/6b3fa26749ab40e159b2dd5cf577acaaf5902772/library/core/src/panicking.rs:80:14
[INFO] [stdout]   19:     0x58e46fc9fc83 - core[6883ba1bc0fe4ed1]::panicking::assert_failed_inner
[INFO] [stdout]                                at /rustc/6b3fa26749ab40e159b2dd5cf577acaaf5902772/library/core/src/panicking.rs:439:17
[INFO] [stdout]   20:     0x58e46fad9677 - core[6883ba1bc0fe4ed1]::panicking::assert_failed::<disarmv7[4346c0e6621eddbb]::operation::Operation, disarmv7[4346c0e6621eddbb]::operation::Operation>
[INFO] [stdout]                                at /rustc/6b3fa26749ab40e159b2dd5cf577acaaf5902772/library/core/src/panicking.rs:394:5
[INFO] [stdout]   21:     0x58e46fae98ae - disarmv7[4346c0e6621eddbb]::asm::b16::arbitrary_test::test_1101_1010_0011_1001
[INFO] [stdout]                                at /opt/rustwide/workdir/src/asm/b16.rs:99:9
[INFO] [stdout]   22:     0x58e46fae5817 - disarmv7[4346c0e6621eddbb]::asm::b16::arbitrary_test::test_1101_1010_0011_1001::{closure#0}
[INFO] [stdout]                                at /opt/rustwide/workdir/src/asm/b16.rs:91:34
[INFO] [stdout]   23:     0x58e46fa52b76 - <disarmv7[4346c0e6621eddbb]::asm::b16::arbitrary_test::test_1101_1010_0011_1001::{closure#0} as core[6883ba1bc0fe4ed1]::ops::function::FnOnce<()>>::call_once
[INFO] [stdout]                                at /rustc/6b3fa26749ab40e159b2dd5cf577acaaf5902772/library/core/src/ops/function.rs:250:5
[INFO] [stdout]   24:     0x58e46fc1198b - <fn() -> core[6883ba1bc0fe4ed1]::result::Result<(), alloc[55a36b64bcbf2c0d]::string::String> as core[6883ba1bc0fe4ed1]::ops::function::FnOnce<()>>::call_once
[INFO] [stdout]                                at /rustc/6b3fa26749ab40e159b2dd5cf577acaaf5902772/library/core/src/ops/function.rs:250:5
[INFO] [stdout]   25:     0x58e46fc1198b - test[980ffaebd391d06d]::__rust_begin_short_backtrace::<core[6883ba1bc0fe4ed1]::result::Result<(), alloc[55a36b64bcbf2c0d]::string::String>, fn() -> core[6883ba1bc0fe4ed1]::result::Result<(), alloc[55a36b64bcbf2c0d]::string::String>>
[INFO] [stdout]                                at /rustc/6b3fa26749ab40e159b2dd5cf577acaaf5902772/library/test/src/lib.rs:724:18
[INFO] [stdout]   26:     0x58e46fc1efd5 - test[980ffaebd391d06d]::run_test_in_process::{closure#0}
[INFO] [stdout]                                at /rustc/6b3fa26749ab40e159b2dd5cf577acaaf5902772/library/test/src/lib.rs:747:74
[INFO] [stdout]   27:     0x58e46fc1efd5 - <core[6883ba1bc0fe4ed1]::panic::unwind_safe::AssertUnwindSafe<test[980ffaebd391d06d]::run_test_in_process::{closure#0}> as core[6883ba1bc0fe4ed1]::ops::function::FnOnce<()>>::call_once
[INFO] [stdout]                                at /rustc/6b3fa26749ab40e159b2dd5cf577acaaf5902772/library/core/src/panic/unwind_safe.rs:275:9
[INFO] [stdout]   28:     0x58e46fc1efd5 - std[73adb7dc35730857]::panicking::catch_unwind::do_call::<core[6883ba1bc0fe4ed1]::panic::unwind_safe::AssertUnwindSafe<test[980ffaebd391d06d]::run_test_in_process::{closure#0}>, core[6883ba1bc0fe4ed1]::result::Result<(), alloc[55a36b64bcbf2c0d]::string::String>>
[INFO] [stdout]                                at /rustc/6b3fa26749ab40e159b2dd5cf577acaaf5902772/library/std/src/panicking.rs:576:43
[INFO] [stdout]   29:     0x58e46fc1efd5 - std[73adb7dc35730857]::panicking::catch_unwind::<core[6883ba1bc0fe4ed1]::result::Result<(), alloc[55a36b64bcbf2c0d]::string::String>, core[6883ba1bc0fe4ed1]::panic::unwind_safe::AssertUnwindSafe<test[980ffaebd391d06d]::run_test_in_process::{closure#0}>>
[INFO] [stdout]                                at /rustc/6b3fa26749ab40e159b2dd5cf577acaaf5902772/library/std/src/panicking.rs:544:19
[INFO] [stdout]   30:     0x58e46fc1efd5 - std[73adb7dc35730857]::panic::catch_unwind::<core[6883ba1bc0fe4ed1]::panic::unwind_safe::AssertUnwindSafe<test[980ffaebd391d06d]::run_test_in_process::{closure#0}>, core[6883ba1bc0fe4ed1]::result::Result<(), alloc[55a36b64bcbf2c0d]::string::String>>
[INFO] [stdout]                                at /rustc/6b3fa26749ab40e159b2dd5cf577acaaf5902772/library/std/src/panic.rs:359:14
[INFO] [stdout]   31:     0x58e46fc1efd5 - test[980ffaebd391d06d]::run_test_in_process
[INFO] [stdout]                                at /rustc/6b3fa26749ab40e159b2dd5cf577acaaf5902772/library/test/src/lib.rs:747:27
[INFO] [stdout]   32:     0x58e46fc1efd5 - test[980ffaebd391d06d]::run_test::{closure#0}
[INFO] [stdout]                                at /rustc/6b3fa26749ab40e159b2dd5cf577acaaf5902772/library/test/src/lib.rs:668:43
[INFO] [stdout]   33:     0x58e46fc19a84 - test[980ffaebd391d06d]::run_test::{closure#1}
[INFO] [stdout]                                at /rustc/6b3fa26749ab40e159b2dd5cf577acaaf5902772/library/test/src/lib.rs:698:41
[INFO] [stdout]   34:     0x58e46fc19a84 - std[73adb7dc35730857]::sys::backtrace::__rust_begin_short_backtrace::<test[980ffaebd391d06d]::run_test::{closure#1}, ()>
[INFO] [stdout]                                at /rustc/6b3fa26749ab40e159b2dd5cf577acaaf5902772/library/std/src/sys/backtrace.rs:166:18
[INFO] [stdout]   35:     0x58e46fc22122 - std[73adb7dc35730857]::thread::lifecycle::spawn_unchecked::<test[980ffaebd391d06d]::run_test::{closure#1}, ()>::{closure#1}::{closure#0}
[INFO] [stdout]                                at /rustc/6b3fa26749ab40e159b2dd5cf577acaaf5902772/library/std/src/thread/lifecycle.rs:70:13
[INFO] [stdout]   36:     0x58e46fc22122 - <core[6883ba1bc0fe4ed1]::panic::unwind_safe::AssertUnwindSafe<std[73adb7dc35730857]::thread::lifecycle::spawn_unchecked<test[980ffaebd391d06d]::run_test::{closure#1}, ()>::{closure#1}::{closure#0}> as core[6883ba1bc0fe4ed1]::ops::function::FnOnce<()>>::call_once
[INFO] [stdout]                                at /rustc/6b3fa26749ab40e159b2dd5cf577acaaf5902772/library/core/src/panic/unwind_safe.rs:275:9
[INFO] [stdout]   37:     0x58e46fc22122 - std[73adb7dc35730857]::panicking::catch_unwind::do_call::<core[6883ba1bc0fe4ed1]::panic::unwind_safe::AssertUnwindSafe<std[73adb7dc35730857]::thread::lifecycle::spawn_unchecked<test[980ffaebd391d06d]::run_test::{closure#1}, ()>::{closure#1}::{closure#0}>, ()>
[INFO] [stdout]                                at /rustc/6b3fa26749ab40e159b2dd5cf577acaaf5902772/library/std/src/panicking.rs:576:43
[INFO] [stdout]   38:     0x58e46fc22122 - std[73adb7dc35730857]::panicking::catch_unwind::<(), core[6883ba1bc0fe4ed1]::panic::unwind_safe::AssertUnwindSafe<std[73adb7dc35730857]::thread::lifecycle::spawn_unchecked<test[980ffaebd391d06d]::run_test::{closure#1}, ()>::{closure#1}::{closure#0}>>
[INFO] [stdout]                                at /rustc/6b3fa26749ab40e159b2dd5cf577acaaf5902772/library/std/src/panicking.rs:544:19
[INFO] [stdout]   39:     0x58e46fc22122 - std[73adb7dc35730857]::panic::catch_unwind::<core[6883ba1bc0fe4ed1]::panic::unwind_safe::AssertUnwindSafe<std[73adb7dc35730857]::thread::lifecycle::spawn_unchecked<test[980ffaebd391d06d]::run_test::{closure#1}, ()>::{closure#1}::{closure#0}>, ()>
[INFO] [stdout]                                at /rustc/6b3fa26749ab40e159b2dd5cf577acaaf5902772/library/std/src/panic.rs:359:14
[INFO] [stdout]   40:     0x58e46fc22122 - std[73adb7dc35730857]::thread::lifecycle::spawn_unchecked::<test[980ffaebd391d06d]::run_test::{closure#1}, ()>::{closure#1}
[INFO] [stdout]                                at /rustc/6b3fa26749ab40e159b2dd5cf577acaaf5902772/library/std/src/thread/lifecycle.rs:68:26
[INFO] [stdout]   41:     0x58e46fc22122 - <std[73adb7dc35730857]::thread::lifecycle::spawn_unchecked<test[980ffaebd391d06d]::run_test::{closure#1}, ()>::{closure#1} as core[6883ba1bc0fe4ed1]::ops::function::FnOnce<()>>::call_once::{shim:vtable#0}
[INFO] [stdout]                                at /rustc/6b3fa26749ab40e159b2dd5cf577acaaf5902772/library/core/src/ops/function.rs:250:5
[INFO] [stdout]   42:     0x58e46fc8ac4f - <alloc[55a36b64bcbf2c0d]::boxed::Box<dyn core[6883ba1bc0fe4ed1]::ops::function::FnOnce<(), Output = ()> + core[6883ba1bc0fe4ed1]::marker::Send> as core[6883ba1bc0fe4ed1]::ops::function::FnOnce<()>>::call_once
[INFO] [stdout]                                at /rustc/6b3fa26749ab40e159b2dd5cf577acaaf5902772/library/alloc/src/boxed.rs:2319:9
[INFO] [stdout]   43:     0x58e46fc8ac4f - <std[73adb7dc35730857]::sys::thread::unix::Thread>::new::thread_start
[INFO] [stdout]                                at /rustc/6b3fa26749ab40e159b2dd5cf577acaaf5902772/library/std/src/sys/thread/unix.rs:123:17
[INFO] [stdout]   44:     0x73fa828f7aa4 - <unknown>
[INFO] [stdout]   45:     0x73fa82984a64 - clone
[INFO] [stdout]   46:                0x0 - <unknown>
[INFO] [stdout] 
[INFO] [stdout] ---- asm::b32::a6_7::test::test_vpop_t1 stdout ----
[INFO] [stdout] 
[INFO] [stdout] thread 'asm::b32::a6_7::test::test_vpop_t1' (607) panicked at src/asm/b32/a6_7.rs:956:13:
[INFO] [stdout] assertion `left == right` failed
[INFO] [stdout]   left: VPopF64(VPopF64 { imm32: 24, registers: [D1] })
[INFO] [stdout]  right: VPopF64(VPopF64 { imm32: 24, registers: [D1, D2] })
[INFO] [stdout] stack backtrace:
[INFO] [stdout]    0:     0x58e46fc8b3c1 - std[73adb7dc35730857]::backtrace_rs::backtrace::libunwind::trace
[INFO] [stdout]                                at /rustc/6b3fa26749ab40e159b2dd5cf577acaaf5902772/library/std/src/../../backtrace/src/backtrace/libunwind.rs:117:9
[INFO] [stdout]    1:     0x58e46fc8b3c1 - std[73adb7dc35730857]::backtrace_rs::backtrace::trace_unsynchronized::<std[73adb7dc35730857]::sys::backtrace::_print_fmt::{closure#1}>
[INFO] [stdout]                                at /rustc/6b3fa26749ab40e159b2dd5cf577acaaf5902772/library/std/src/../../backtrace/src/backtrace/mod.rs:66:14
[INFO] [stdout]    2:     0x58e46fc8b3c1 - std[73adb7dc35730857]::sys::backtrace::_print_fmt
[INFO] [stdout]                                at /rustc/6b3fa26749ab40e159b2dd5cf577acaaf5902772/library/std/src/sys/backtrace.rs:74:9
[INFO] [stdout]    3:     0x58e46fc8b3c1 - <<std[73adb7dc35730857]::sys::backtrace::BacktraceLock>::print::DisplayBacktrace as core[6883ba1bc0fe4ed1]::fmt::Display>::fmt
[INFO] [stdout]                                at /rustc/6b3fa26749ab40e159b2dd5cf577acaaf5902772/library/std/src/sys/backtrace.rs:44:26
[INFO] [stdout]    4:     0x58e46fc9f63a - <core[6883ba1bc0fe4ed1]::fmt::rt::Argument>::fmt
[INFO] [stdout]                                at /rustc/6b3fa26749ab40e159b2dd5cf577acaaf5902772/library/core/src/fmt/rt.rs:152:76
[INFO] [stdout]    5:     0x58e46fc9f63a - core[6883ba1bc0fe4ed1]::fmt::write
[INFO] [stdout]    6:     0x58e46fc8f87c - std[73adb7dc35730857]::io::default_write_fmt::<alloc[55a36b64bcbf2c0d]::vec::Vec<u8>>
[INFO] [stdout]                                at /rustc/6b3fa26749ab40e159b2dd5cf577acaaf5902772/library/std/src/io/mod.rs:626:11
[INFO] [stdout]    7:     0x58e46fc8f87c - <alloc[55a36b64bcbf2c0d]::vec::Vec<u8> as std[73adb7dc35730857]::io::Write>::write_fmt
[INFO] [stdout]                                at /rustc/6b3fa26749ab40e159b2dd5cf577acaaf5902772/library/std/src/io/mod.rs:1730:13
[INFO] [stdout]    8:     0x58e46fc69b36 - <std[73adb7dc35730857]::sys::backtrace::BacktraceLock>::print
[INFO] [stdout]                                at /rustc/6b3fa26749ab40e159b2dd5cf577acaaf5902772/library/std/src/sys/backtrace.rs:47:9
[INFO] [stdout]    9:     0x58e46fc69b36 - std[73adb7dc35730857]::panicking::default_hook::{closure#0}
[INFO] [stdout]                                at /rustc/6b3fa26749ab40e159b2dd5cf577acaaf5902772/library/std/src/panicking.rs:292:27
[INFO] [stdout]   10:     0x58e46fc835e9 - std[73adb7dc35730857]::panicking::default_hook
[INFO] [stdout]                                at /rustc/6b3fa26749ab40e159b2dd5cf577acaaf5902772/library/std/src/panicking.rs:316:9
[INFO] [stdout]   11:     0x58e46fc1e650 - <alloc[55a36b64bcbf2c0d]::boxed::Box<dyn for<'a, 'b> core[6883ba1bc0fe4ed1]::ops::function::Fn<(&'a std[73adb7dc35730857]::panic::PanicHookInfo<'b>,), Output = ()> + core[6883ba1bc0fe4ed1]::marker::Send + core[6883ba1bc0fe4ed1]::marker::Sync> as core[6883ba1bc0fe4ed1]::ops::function::Fn<(&std[73adb7dc35730857]::panic::PanicHookInfo,)>>::call
[INFO] [stdout]                                at /rustc/6b3fa26749ab40e159b2dd5cf577acaaf5902772/library/alloc/src/boxed.rs:2333:9
[INFO] [stdout]   12:     0x58e46fc1e650 - test[980ffaebd391d06d]::test_main_inner::<test[980ffaebd391d06d]::test_main_static::{closure#0}>::{closure#0}
[INFO] [stdout]                                at /rustc/6b3fa26749ab40e159b2dd5cf577acaaf5902772/library/test/src/lib.rs:155:21
[INFO] [stdout]   13:     0x58e46fc837a2 - <alloc[55a36b64bcbf2c0d]::boxed::Box<dyn for<'a, 'b> core[6883ba1bc0fe4ed1]::ops::function::Fn<(&'a std[73adb7dc35730857]::panic::PanicHookInfo<'b>,), Output = ()> + core[6883ba1bc0fe4ed1]::marker::Send + core[6883ba1bc0fe4ed1]::marker::Sync> as core[6883ba1bc0fe4ed1]::ops::function::Fn<(&std[73adb7dc35730857]::panic::PanicHookInfo,)>>::call
[INFO] [stdout]                                at /rustc/6b3fa26749ab40e159b2dd5cf577acaaf5902772/library/alloc/src/boxed.rs:2333:9
[INFO] [stdout]   14:     0x58e46fc837a2 - std[73adb7dc35730857]::panicking::panic_with_hook
[INFO] [stdout]                                at /rustc/6b3fa26749ab40e159b2dd5cf577acaaf5902772/library/std/src/panicking.rs:823:13
[INFO] [stdout]   15:     0x58e46fc69be2 - std[73adb7dc35730857]::panicking::panic_handler::{closure#0}
[INFO] [stdout]                                at /rustc/6b3fa26749ab40e159b2dd5cf577acaaf5902772/library/std/src/panicking.rs:688:13
[INFO] [stdout]   16:     0x58e46fc61549 - std[73adb7dc35730857]::sys::backtrace::__rust_end_short_backtrace::<std[73adb7dc35730857]::panicking::panic_handler::{closure#0}, !>
[INFO] [stdout]                                at /rustc/6b3fa26749ab40e159b2dd5cf577acaaf5902772/library/std/src/sys/backtrace.rs:182:18
[INFO] [stdout]   17:     0x58e46fc6a7dd - __rustc[a7b7b02e776dd976]::rust_begin_unwind
[INFO] [stdout]                                at /rustc/6b3fa26749ab40e159b2dd5cf577acaaf5902772/library/std/src/panicking.rs:679:5
[INFO] [stdout]   18:     0x58e46fc9fdcc - core[6883ba1bc0fe4ed1]::panicking::panic_fmt
[INFO] [stdout]                                at /rustc/6b3fa26749ab40e159b2dd5cf577acaaf5902772/library/core/src/panicking.rs:80:14
[INFO] [stdout]   19:     0x58e46fc9fc83 - core[6883ba1bc0fe4ed1]::panicking::assert_failed_inner
[INFO] [stdout]                                at /rustc/6b3fa26749ab40e159b2dd5cf577acaaf5902772/library/core/src/panicking.rs:439:17
[INFO] [stdout]   20:     0x58e46fad9677 - core[6883ba1bc0fe4ed1]::panicking::assert_failed::<disarmv7[4346c0e6621eddbb]::operation::Operation, disarmv7[4346c0e6621eddbb]::operation::Operation>
[INFO] [stdout]                                at /rustc/6b3fa26749ab40e159b2dd5cf577acaaf5902772/library/core/src/panicking.rs:394:5
[INFO] [stdout]   21:     0x58e46fb132de - disarmv7[4346c0e6621eddbb]::asm::b32::a6_7::test::test_vpop_t1
[INFO] [stdout]                                at /opt/rustwide/workdir/src/asm/b32/a6_7.rs:468:13
[INFO] [stdout]   22:     0x58e46fb0e937 - disarmv7[4346c0e6621eddbb]::asm::b32::a6_7::test::test_vpop_t1::{closure#0}
[INFO] [stdout]                                at /opt/rustwide/workdir/src/asm/b32/a6_7.rs:932:22
[INFO] [stdout]   23:     0x58e46fa54cb6 - <disarmv7[4346c0e6621eddbb]::asm::b32::a6_7::test::test_vpop_t1::{closure#0} as core[6883ba1bc0fe4ed1]::ops::function::FnOnce<()>>::call_once
[INFO] [stdout]                                at /rustc/6b3fa26749ab40e159b2dd5cf577acaaf5902772/library/core/src/ops/function.rs:250:5
[INFO] [stdout]   24:     0x58e46fc1198b - <fn() -> core[6883ba1bc0fe4ed1]::result::Result<(), alloc[55a36b64bcbf2c0d]::string::String> as core[6883ba1bc0fe4ed1]::ops::function::FnOnce<()>>::call_once
[INFO] [stdout]                                at /rustc/6b3fa26749ab40e159b2dd5cf577acaaf5902772/library/core/src/ops/function.rs:250:5
[INFO] [stdout]   25:     0x58e46fc1198b - test[980ffaebd391d06d]::__rust_begin_short_backtrace::<core[6883ba1bc0fe4ed1]::result::Result<(), alloc[55a36b64bcbf2c0d]::string::String>, fn() -> core[6883ba1bc0fe4ed1]::result::Result<(), alloc[55a36b64bcbf2c0d]::string::String>>
[INFO] [stdout]                                at /rustc/6b3fa26749ab40e159b2dd5cf577acaaf5902772/library/test/src/lib.rs:724:18
[INFO] [stdout]   26:     0x58e46fc1efd5 - test[980ffaebd391d06d]::run_test_in_process::{closure#0}
[INFO] [stdout]                                at /rustc/6b3fa26749ab40e159b2dd5cf577acaaf5902772/library/test/src/lib.rs:747:74
[INFO] [stdout]   27:     0x58e46fc1efd5 - <core[6883ba1bc0fe4ed1]::panic::unwind_safe::AssertUnwindSafe<test[980ffaebd391d06d]::run_test_in_process::{closure#0}> as core[6883ba1bc0fe4ed1]::ops::function::FnOnce<()>>::call_once
[INFO] [stdout]                                at /rustc/6b3fa26749ab40e159b2dd5cf577acaaf5902772/library/core/src/panic/unwind_safe.rs:275:9
[INFO] [stdout]   28:     0x58e46fc1efd5 - std[73adb7dc35730857]::panicking::catch_unwind::do_call::<core[6883ba1bc0fe4ed1]::panic::unwind_safe::AssertUnwindSafe<test[980ffaebd391d06d]::run_test_in_process::{closure#0}>, core[6883ba1bc0fe4ed1]::result::Result<(), alloc[55a36b64bcbf2c0d]::string::String>>
[INFO] [stdout]                                at /rustc/6b3fa26749ab40e159b2dd5cf577acaaf5902772/library/std/src/panicking.rs:576:43
[INFO] [stdout]   29:     0x58e46fc1efd5 - std[73adb7dc35730857]::panicking::catch_unwind::<core[6883ba1bc0fe4ed1]::result::Result<(), alloc[55a36b64bcbf2c0d]::string::String>, core[6883ba1bc0fe4ed1]::panic::unwind_safe::AssertUnwindSafe<test[980ffaebd391d06d]::run_test_in_process::{closure#0}>>
[INFO] [stdout]                                at /rustc/6b3fa26749ab40e159b2dd5cf577acaaf5902772/library/std/src/panicking.rs:544:19
[INFO] [stdout]   30:     0x58e46fc1efd5 - std[73adb7dc35730857]::panic::catch_unwind::<core[6883ba1bc0fe4ed1]::panic::unwind_safe::AssertUnwindSafe<test[980ffaebd391d06d]::run_test_in_process::{closure#0}>, core[6883ba1bc0fe4ed1]::result::Result<(), alloc[55a36b64bcbf2c0d]::string::String>>
[INFO] [stdout]                                at /rustc/6b3fa26749ab40e159b2dd5cf577acaaf5902772/library/std/src/panic.rs:359:14
[INFO] [stdout]   31:     0x58e46fc1efd5 - test[980ffaebd391d06d]::run_test_in_process
[INFO] [stdout]                                at /rustc/6b3fa26749ab40e159b2dd5cf577acaaf5902772/library/test/src/lib.rs:747:27
[INFO] [stdout]   32:     0x58e46fc1efd5 - test[980ffaebd391d06d]::run_test::{closure#0}
[INFO] [stdout]                                at /rustc/6b3fa26749ab40e159b2dd5cf577acaaf5902772/library/test/src/lib.rs:668:43
[INFO] [stdout]   33:     0x58e46fc19a84 - test[980ffaebd391d06d]::run_test::{closure#1}
[INFO] [stdout]                                at /rustc/6b3fa26749ab40e159b2dd5cf577acaaf5902772/library/test/src/lib.rs:698:41
[INFO] [stdout]   34:     0x58e46fc19a84 - std[73adb7dc35730857]::sys::backtrace::__rust_begin_short_backtrace::<test[980ffaebd391d06d]::run_test::{closure#1}, ()>
[INFO] [stdout]                                at /rustc/6b3fa26749ab40e159b2dd5cf577acaaf5902772/library/std/src/sys/backtrace.rs:166:18
[INFO] [stdout]   35:     0x58e46fc22122 - std[73adb7dc35730857]::thread::lifecycle::spawn_unchecked::<test[980ffaebd391d06d]::run_test::{closure#1}, ()>::{closure#1}::{closure#0}
[INFO] [stdout]                                at /rustc/6b3fa26749ab40e159b2dd5cf577acaaf5902772/library/std/src/thread/lifecycle.rs:70:13
[INFO] [stdout]   36:     0x58e46fc22122 - <core[6883ba1bc0fe4ed1]::panic::unwind_safe::AssertUnwindSafe<std[73adb7dc35730857]::thread::lifecycle::spawn_unchecked<test[980ffaebd391d06d]::run_test::{closure#1}, ()>::{closure#1}::{closure#0}> as core[6883ba1bc0fe4ed1]::ops::function::FnOnce<()>>::call_once
[INFO] [stdout]                                at /rustc/6b3fa26749ab40e159b2dd5cf577acaaf5902772/library/core/src/panic/unwind_safe.rs:275:9
[INFO] [stdout]   37:     0x58e46fc22122 - std[73adb7dc35730857]::panicking::catch_unwind::do_call::<core[6883ba1bc0fe4ed1]::panic::unwind_safe::AssertUnwindSafe<std[73adb7dc35730857]::thread::lifecycle::spawn_unchecked<test[980ffaebd391d06d]::run_test::{closure#1}, ()>::{closure#1}::{closure#0}>, ()>
[INFO] [stdout]                                at /rustc/6b3fa26749ab40e159b2dd5cf577acaaf5902772/library/std/src/panicking.rs:576:43
[INFO] [stdout]   38:     0x58e46fc22122 - std[73adb7dc35730857]::panicking::catch_unwind::<(), core[6883ba1bc0fe4ed1]::panic::unwind_safe::AssertUnwindSafe<std[73adb7dc35730857]::thread::lifecycle::spawn_unchecked<test[980ffaebd391d06d]::run_test::{closure#1}, ()>::{closure#1}::{closure#0}>>
[INFO] [stdout]                                at /rustc/6b3fa26749ab40e159b2dd5cf577acaaf5902772/library/std/src/panicking.rs:544:19
[INFO] [stdout]   39:     0x58e46fc22122 - std[73adb7dc35730857]::panic::catch_unwind::<core[6883ba1bc0fe4ed1]::panic::unwind_safe::AssertUnwindSafe<std[73adb7dc35730857]::thread::lifecycle::spawn_unchecked<test[980ffaebd391d06d]::run_test::{closure#1}, ()>::{closure#1}::{closure#0}>, ()>
[INFO] [stdout]                                at /rustc/6b3fa26749ab40e159b2dd5cf577acaaf5902772/library/std/src/panic.rs:359:14
[INFO] [stdout]   40:     0x58e46fc22122 - std[73adb7dc35730857]::thread::lifecycle::spawn_unchecked::<test[980ffaebd391d06d]::run_test::{closure#1}, ()>::{closure#1}
[INFO] [stdout]                                at /rustc/6b3fa26749ab40e159b2dd5cf577acaaf5902772/library/std/src/thread/lifecycle.rs:68:26
[INFO] [stdout]   41:     0x58e46fc22122 - <std[73adb7dc35730857]::thread::lifecycle::spawn_unchecked<test[980ffaebd391d06d]::run_test::{closure#1}, ()>::{closure#1} as core[6883ba1bc0fe4ed1]::ops::function::FnOnce<()>>::call_once::{shim:vtable#0}
[INFO] [stdout]                                at /rustc/6b3fa26749ab40e159b2dd5cf577acaaf5902772/library/core/src/ops/function.rs:250:5
[INFO] [stdout]   42:     0x58e46fc8ac4f - <alloc[55a36b64bcbf2c0d]::boxed::Box<dyn core[6883ba1bc0fe4ed1]::ops::function::FnOnce<(), Output = ()> + core[6883ba1bc0fe4ed1]::marker::Send> as core[6883ba1bc0fe4ed1]::ops::function::FnOnce<()>>::call_once
[INFO] [stdout]                                at /rustc/6b3fa26749ab40e159b2dd5cf577acaaf5902772/library/alloc/src/boxed.rs:2319:9
[INFO] [stdout]   43:     0x58e46fc8ac4f - <std[73adb7dc35730857]::sys::thread::unix::Thread>::new::thread_start
[INFO] [stdout]                                at /rustc/6b3fa26749ab40e159b2dd5cf577acaaf5902772/library/std/src/sys/thread/unix.rs:123:17
[INFO] [stdout]   44:     0x73fa828f7aa4 - <unknown>
[INFO] [stdout]   45:     0x73fa82984a64 - clone
[INFO] [stdout]   46:                0x0 - <unknown>
[INFO] [stdout] 
[INFO] [stdout] ---- asm::b32::a6_7::test::test_vpop_t2 stdout ----
[INFO] [stdout] 
[INFO] [stdout] thread 'asm::b32::a6_7::test::test_vpop_t2' (608) panicked at src/asm/b32/a6_7.rs:997:13:
[INFO] [stdout] assertion `left == right` failed
[INFO] [stdout]   left: VPopF32(VPopF32 { imm32: 24, registers: [S0] })
[INFO] [stdout]  right: VPopF32(VPopF32 { imm32: 24, registers: [S1, S2, S3, S4, S5] })
[INFO] [stdout] stack backtrace:
[INFO] [stdout]    0:     0x58e46fc8b3c1 - std[73adb7dc35730857]::backtrace_rs::backtrace::libunwind::trace
[INFO] [stdout]                                at /rustc/6b3fa26749ab40e159b2dd5cf577acaaf5902772/library/std/src/../../backtrace/src/backtrace/libunwind.rs:117:9
[INFO] [stdout]    1:     0x58e46fc8b3c1 - std[73adb7dc35730857]::backtrace_rs::backtrace::trace_unsynchronized::<std[73adb7dc35730857]::sys::backtrace::_print_fmt::{closure#1}>
[INFO] [stdout]                                at /rustc/6b3fa26749ab40e159b2dd5cf577acaaf5902772/library/std/src/../../backtrace/src/backtrace/mod.rs:66:14
[INFO] [stdout]    2:     0x58e46fc8b3c1 - std[73adb7dc35730857]::sys::backtrace::_print_fmt
[INFO] [stdout]                                at /rustc/6b3fa26749ab40e159b2dd5cf577acaaf5902772/library/std/src/sys/backtrace.rs:74:9
[INFO] [stdout]    3:     0x58e46fc8b3c1 - <<std[73adb7dc35730857]::sys::backtrace::BacktraceLock>::print::DisplayBacktrace as core[6883ba1bc0fe4ed1]::fmt::Display>::fmt
[INFO] [stdout]                                at /rustc/6b3fa26749ab40e159b2dd5cf577acaaf5902772/library/std/src/sys/backtrace.rs:44:26
[INFO] [stdout]    4:     0x58e46fc9f63a - <core[6883ba1bc0fe4ed1]::fmt::rt::Argument>::fmt
[INFO] [stdout]                                at /rustc/6b3fa26749ab40e159b2dd5cf577acaaf5902772/library/core/src/fmt/rt.rs:152:76
[INFO] [stdout]    5:     0x58e46fc9f63a - core[6883ba1bc0fe4ed1]::fmt::write
[INFO] [stdout]    6:     0x58e46fc8f87c - std[73adb7dc35730857]::io::default_write_fmt::<alloc[55a36b64bcbf2c0d]::vec::Vec<u8>>
[INFO] [stdout]                                at /rustc/6b3fa26749ab40e159b2dd5cf577acaaf5902772/library/std/src/io/mod.rs:626:11
[INFO] [stdout]    7:     0x58e46fc8f87c - <alloc[55a36b64bcbf2c0d]::vec::Vec<u8> as std[73adb7dc35730857]::io::Write>::write_fmt
[INFO] [stdout]                                at /rustc/6b3fa26749ab40e159b2dd5cf577acaaf5902772/library/std/src/io/mod.rs:1730:13
[INFO] [stdout]    8:     0x58e46fc69b36 - <std[73adb7dc35730857]::sys::backtrace::BacktraceLock>::print
[INFO] [stdout]                                at /rustc/6b3fa26749ab40e159b2dd5cf577acaaf5902772/library/std/src/sys/backtrace.rs:47:9
[INFO] [stdout]    9:     0x58e46fc69b36 - std[73adb7dc35730857]::panicking::default_hook::{closure#0}
[INFO] [stdout]                                at /rustc/6b3fa26749ab40e159b2dd5cf577acaaf5902772/library/std/src/panicking.rs:292:27
[INFO] [stdout]   10:     0x58e46fc835e9 - std[73adb7dc35730857]::panicking::default_hook
[INFO] [stdout]                                at /rustc/6b3fa26749ab40e159b2dd5cf577acaaf5902772/library/std/src/panicking.rs:316:9
[INFO] [stdout]   11:     0x58e46fc1e650 - <alloc[55a36b64bcbf2c0d]::boxed::Box<dyn for<'a, 'b> core[6883ba1bc0fe4ed1]::ops::function::Fn<(&'a std[73adb7dc35730857]::panic::PanicHookInfo<'b>,), Output = ()> + core[6883ba1bc0fe4ed1]::marker::Send + core[6883ba1bc0fe4ed1]::marker::Sync> as core[6883ba1bc0fe4ed1]::ops::function::Fn<(&std[73adb7dc35730857]::panic::PanicHookInfo,)>>::call
[INFO] [stdout]                                at /rustc/6b3fa26749ab40e159b2dd5cf577acaaf5902772/library/alloc/src/boxed.rs:2333:9
[INFO] [stdout]   12:     0x58e46fc1e650 - test[980ffaebd391d06d]::test_main_inner::<test[980ffaebd391d06d]::test_main_static::{closure#0}>::{closure#0}
[INFO] [stdout]                                at /rustc/6b3fa26749ab40e159b2dd5cf577acaaf5902772/library/test/src/lib.rs:155:21
[INFO] [stdout]   13:     0x58e46fc837a2 - <alloc[55a36b64bcbf2c0d]::boxed::Box<dyn for<'a, 'b> core[6883ba1bc0fe4ed1]::ops::function::Fn<(&'a std[73adb7dc35730857]::panic::PanicHookInfo<'b>,), Output = ()> + core[6883ba1bc0fe4ed1]::marker::Send + core[6883ba1bc0fe4ed1]::marker::Sync> as core[6883ba1bc0fe4ed1]::ops::function::Fn<(&std[73adb7dc35730857]::panic::PanicHookInfo,)>>::call
[INFO] [stdout]                                at /rustc/6b3fa26749ab40e159b2dd5cf577acaaf5902772/library/alloc/src/boxed.rs:2333:9
[INFO] [stdout]   14:     0x58e46fc837a2 - std[73adb7dc35730857]::panicking::panic_with_hook
[INFO] [stdout]                                at /rustc/6b3fa26749ab40e159b2dd5cf577acaaf5902772/library/std/src/panicking.rs:823:13
[INFO] [stdout]   15:     0x58e46fc69be2 - std[73adb7dc35730857]::panicking::panic_handler::{closure#0}
[INFO] [stdout]                                at /rustc/6b3fa26749ab40e159b2dd5cf577acaaf5902772/library/std/src/panicking.rs:688:13
[INFO] [stdout]   16:     0x58e46fc61549 - std[73adb7dc35730857]::sys::backtrace::__rust_end_short_backtrace::<std[73adb7dc35730857]::panicking::panic_handler::{closure#0}, !>
[INFO] [stdout]                                at /rustc/6b3fa26749ab40e159b2dd5cf577acaaf5902772/library/std/src/sys/backtrace.rs:182:18
[INFO] [stdout]   17:     0x58e46fc6a7dd - __rustc[a7b7b02e776dd976]::rust_begin_unwind
[INFO] [stdout]                                at /rustc/6b3fa26749ab40e159b2dd5cf577acaaf5902772/library/std/src/panicking.rs:679:5
[INFO] [stdout]   18:     0x58e46fc9fdcc - core[6883ba1bc0fe4ed1]::panicking::panic_fmt
[INFO] [stdout]                                at /rustc/6b3fa26749ab40e159b2dd5cf577acaaf5902772/library/core/src/panicking.rs:80:14
[INFO] [stdout]   19:     0x58e46fc9fc83 - core[6883ba1bc0fe4ed1]::panicking::assert_failed_inner
[INFO] [stdout]                                at /rustc/6b3fa26749ab40e159b2dd5cf577acaaf5902772/library/core/src/panicking.rs:439:17
[INFO] [stdout]   20:     0x58e46fad9677 - core[6883ba1bc0fe4ed1]::panicking::assert_failed::<disarmv7[4346c0e6621eddbb]::operation::Operation, disarmv7[4346c0e6621eddbb]::operation::Operation>
[INFO] [stdout]                                at /rustc/6b3fa26749ab40e159b2dd5cf577acaaf5902772/library/core/src/panicking.rs:394:5
[INFO] [stdout]   21:     0x58e46fb13de6 - disarmv7[4346c0e6621eddbb]::asm::b32::a6_7::test::test_vpop_t2
[INFO] [stdout]                                at /opt/rustwide/workdir/src/asm/b32/a6_7.rs:468:13
[INFO] [stdout]   22:     0x58e46fb0e967 - disarmv7[4346c0e6621eddbb]::asm::b32::a6_7::test::test_vpop_t2::{closure#0}
[INFO] [stdout]                                at /opt/rustwide/workdir/src/asm/b32/a6_7.rs:967:22
[INFO] [stdout]   23:     0x58e46fa54cf6 - <disarmv7[4346c0e6621eddbb]::asm::b32::a6_7::test::test_vpop_t2::{closure#0} as core[6883ba1bc0fe4ed1]::ops::function::FnOnce<()>>::call_once
[INFO] [stdout]                                at /rustc/6b3fa26749ab40e159b2dd5cf577acaaf5902772/library/core/src/ops/function.rs:250:5
[INFO] [stdout]   24:     0x58e46fc1198b - <fn() -> core[6883ba1bc0fe4ed1]::result::Result<(), alloc[55a36b64bcbf2c0d]::string::String> as core[6883ba1bc0fe4ed1]::ops::function::FnOnce<()>>::call_once
[INFO] [stdout]                                at /rustc/6b3fa26749ab40e159b2dd5cf577acaaf5902772/library/core/src/ops/function.rs:250:5
[INFO] [stdout]   25:     0x58e46fc1198b - test[980ffaebd391d06d]::__rust_begin_short_backtrace::<core[6883ba1bc0fe4ed1]::result::Result<(), alloc[55a36b64bcbf2c0d]::string::String>, fn() -> core[6883ba1bc0fe4ed1]::result::Result<(), alloc[55a36b64bcbf2c0d]::string::String>>
[INFO] [stdout]                                at /rustc/6b3fa26749ab40e159b2dd5cf577acaaf5902772/library/test/src/lib.rs:724:18
[INFO] [stdout]   26:     0x58e46fc1efd5 - test[980ffaebd391d06d]::run_test_in_process::{closure#0}
[INFO] [stdout]                                at /rustc/6b3fa26749ab40e159b2dd5cf577acaaf5902772/library/test/src/lib.rs:747:74
[INFO] [stdout]   27:     0x58e46fc1efd5 - <core[6883ba1bc0fe4ed1]::panic::unwind_safe::AssertUnwindSafe<test[980ffaebd391d06d]::run_test_in_process::{closure#0}> as core[6883ba1bc0fe4ed1]::ops::function::FnOnce<()>>::call_once
[INFO] [stdout]                                at /rustc/6b3fa26749ab40e159b2dd5cf577acaaf5902772/library/core/src/panic/unwind_safe.rs:275:9
[INFO] [stdout]   28:     0x58e46fc1efd5 - std[73adb7dc35730857]::panicking::catch_unwind::do_call::<core[6883ba1bc0fe4ed1]::panic::unwind_safe::AssertUnwindSafe<test[980ffaebd391d06d]::run_test_in_process::{closure#0}>, core[6883ba1bc0fe4ed1]::result::Result<(), alloc[55a36b64bcbf2c0d]::string::String>>
[INFO] [stdout]                                at /rustc/6b3fa26749ab40e159b2dd5cf577acaaf5902772/library/std/src/panicking.rs:576:43
[INFO] [stdout]   29:     0x58e46fc1efd5 - std[73adb7dc35730857]::panicking::catch_unwind::<core[6883ba1bc0fe4ed1]::result::Result<(), alloc[55a36b64bcbf2c0d]::string::String>, core[6883ba1bc0fe4ed1]::panic::unwind_safe::AssertUnwindSafe<test[980ffaebd391d06d]::run_test_in_process::{closure#0}>>
[INFO] [stdout]                                at /rustc/6b3fa26749ab40e159b2dd5cf577acaaf5902772/library/std/src/panicking.rs:544:19
[INFO] [stdout]   30:     0x58e46fc1efd5 - std[73adb7dc35730857]::panic::catch_unwind::<core[6883ba1bc0fe4ed1]::panic::unwind_safe::AssertUnwindSafe<test[980ffaebd391d06d]::run_test_in_process::{closure#0}>, core[6883ba1bc0fe4ed1]::result::Result<(), alloc[55a36b64bcbf2c0d]::string::String>>
[INFO] [stdout]                                at /rustc/6b3fa26749ab40e159b2dd5cf577acaaf5902772/library/std/src/panic.rs:359:14
[INFO] [stdout]   31:     0x58e46fc1efd5 - test[980ffaebd391d06d]::run_test_in_process
[INFO] [stdout]                                at /rustc/6b3fa26749ab40e159b2dd5cf577acaaf5902772/library/test/src/lib.rs:747:27
[INFO] [stdout]   32:     0x58e46fc1efd5 - test[980ffaebd391d06d]::run_test::{closure#0}
[INFO] [stdout]                                at /rustc/6b3fa26749ab40e159b2dd5cf577acaaf5902772/library/test/src/lib.rs:668:43
[INFO] [stderr] error: test failed, to rerun pass `--lib`
[INFO] [stdout]   33:     0x58e46fc19a84 - test[980ffaebd391d06d]::run_test::{closure#1}
[INFO] [stdout]                                at /rustc/6b3fa26749ab40e159b2dd5cf577acaaf5902772/library/test/src/lib.rs:698:41
[INFO] [stdout]   34:     0x58e46fc19a84 - std[73adb7dc35730857]::sys::backtrace::__rust_begin_short_backtrace::<test[980ffaebd391d06d]::run_test::{closure#1}, ()>
[INFO] [stdout]                                at /rustc/6b3fa26749ab40e159b2dd5cf577acaaf5902772/library/std/src/sys/backtrace.rs:166:18
[INFO] [stdout]   35:     0x58e46fc22122 - std[73adb7dc35730857]::thread::lifecycle::spawn_unchecked::<test[980ffaebd391d06d]::run_test::{closure#1}, ()>::{closure#1}::{closure#0}
[INFO] [stdout]                                at /rustc/6b3fa26749ab40e159b2dd5cf577acaaf5902772/library/std/src/thread/lifecycle.rs:70:13
[INFO] [stdout]   36:     0x58e46fc22122 - <core[6883ba1bc0fe4ed1]::panic::unwind_safe::AssertUnwindSafe<std[73adb7dc35730857]::thread::lifecycle::spawn_unchecked<test[980ffaebd391d06d]::run_test::{closure#1}, ()>::{closure#1}::{closure#0}> as core[6883ba1bc0fe4ed1]::ops::function::FnOnce<()>>::call_once
[INFO] [stdout]                                at /rustc/6b3fa26749ab40e159b2dd5cf577acaaf5902772/library/core/src/panic/unwind_safe.rs:275:9
[INFO] [stdout]   37:     0x58e46fc22122 - std[73adb7dc35730857]::panicking::catch_unwind::do_call::<core[6883ba1bc0fe4ed1]::panic::unwind_safe::AssertUnwindSafe<std[73adb7dc35730857]::thread::lifecycle::spawn_unchecked<test[980ffaebd391d06d]::run_test::{closure#1}, ()>::{closure#1}::{closure#0}>, ()>
[INFO] [stdout]                                at /rustc/6b3fa26749ab40e159b2dd5cf577acaaf5902772/library/std/src/panicking.rs:576:43
[INFO] [stdout]   38:     0x58e46fc22122 - std[73adb7dc35730857]::panicking::catch_unwind::<(), core[6883ba1bc0fe4ed1]::panic::unwind_safe::AssertUnwindSafe<std[73adb7dc35730857]::thread::lifecycle::spawn_unchecked<test[980ffaebd391d06d]::run_test::{closure#1}, ()>::{closure#1}::{closure#0}>>
[INFO] [stdout]                                at /rustc/6b3fa26749ab40e159b2dd5cf577acaaf5902772/library/std/src/panicking.rs:544:19
[INFO] [stdout]   39:     0x58e46fc22122 - std[73adb7dc35730857]::panic::catch_unwind::<core[6883ba1bc0fe4ed1]::panic::unwind_safe::AssertUnwindSafe<std[73adb7dc35730857]::thread::lifecycle::spawn_unchecked<test[980ffaebd391d06d]::run_test::{closure#1}, ()>::{closure#1}::{closure#0}>, ()>
[INFO] [stdout]                                at /rustc/6b3fa26749ab40e159b2dd5cf577acaaf5902772/library/std/src/panic.rs:359:14
[INFO] [stdout]   40:     0x58e46fc22122 - std[73adb7dc35730857]::thread::lifecycle::spawn_unchecked::<test[980ffaebd391d06d]::run_test::{closure#1}, ()>::{closure#1}
[INFO] [stdout]                                at /rustc/6b3fa26749ab40e159b2dd5cf577acaaf5902772/library/std/src/thread/lifecycle.rs:68:26
[INFO] [stdout]   41:     0x58e46fc22122 - <std[73adb7dc35730857]::thread::lifecycle::spawn_unchecked<test[980ffaebd391d06d]::run_test::{closure#1}, ()>::{closure#1} as core[6883ba1bc0fe4ed1]::ops::function::FnOnce<()>>::call_once::{shim:vtable#0}
[INFO] [stdout]                                at /rustc/6b3fa26749ab40e159b2dd5cf577acaaf5902772/library/core/src/ops/function.rs:250:5
[INFO] [stdout]   42:     0x58e46fc8ac4f - <alloc[55a36b64bcbf2c0d]::boxed::Box<dyn core[6883ba1bc0fe4ed1]::ops::function::FnOnce<(), Output = ()> + core[6883ba1bc0fe4ed1]::marker::Send> as core[6883ba1bc0fe4ed1]::ops::function::FnOnce<()>>::call_once
[INFO] [stdout]                                at /rustc/6b3fa26749ab40e159b2dd5cf577acaaf5902772/library/alloc/src/boxed.rs:2319:9
[INFO] [stdout]   43:     0x58e46fc8ac4f - <std[73adb7dc35730857]::sys::thread::unix::Thread>::new::thread_start
[INFO] [stdout]                                at /rustc/6b3fa26749ab40e159b2dd5cf577acaaf5902772/library/std/src/sys/thread/unix.rs:123:17
[INFO] [stdout]   44:     0x73fa828f7aa4 - <unknown>
[INFO] [stdout]   45:     0x73fa82984a64 - clone
[INFO] [stdout]   46:                0x0 - <unknown>
[INFO] [stdout] 
[INFO] [stdout] ---- asm::b32::a6_7::test::test_vpush_t2 stdout ----
[INFO] [stdout] 
[INFO] [stdout] thread 'asm::b32::a6_7::test::test_vpush_t2' (610) panicked at src/asm/b32/a6_7.rs:921:13:
[INFO] [stdout] assertion `left == right` failed
[INFO] [stdout]   left: VPushF32(VPushF32 { imm32: 24, registers: [S0] })
[INFO] [stdout]  right: VPushF32(VPushF32 { imm32: 24, registers: [S1, S2, S3, S4, S5] })
[INFO] [stdout] stack backtrace:
[INFO] [stdout]    0:     0x58e46fc8b3c1 - std[73adb7dc35730857]::backtrace_rs::backtrace::libunwind::trace
[INFO] [stdout]                                at /rustc/6b3fa26749ab40e159b2dd5cf577acaaf5902772/library/std/src/../../backtrace/src/backtrace/libunwind.rs:117:9
[INFO] [stdout]    1:     0x58e46fc8b3c1 - std[73adb7dc35730857]::backtrace_rs::backtrace::trace_unsynchronized::<std[73adb7dc35730857]::sys::backtrace::_print_fmt::{closure#1}>
[INFO] [stdout]                                at /rustc/6b3fa26749ab40e159b2dd5cf577acaaf5902772/library/std/src/../../backtrace/src/backtrace/mod.rs:66:14
[INFO] [stdout]    2:     0x58e46fc8b3c1 - std[73adb7dc35730857]::sys::backtrace::_print_fmt
[INFO] [stdout]                                at /rustc/6b3fa26749ab40e159b2dd5cf577acaaf5902772/library/std/src/sys/backtrace.rs:74:9
[INFO] [stdout]    3:     0x58e46fc8b3c1 - <<std[73adb7dc35730857]::sys::backtrace::BacktraceLock>::print::DisplayBacktrace as core[6883ba1bc0fe4ed1]::fmt::Display>::fmt
[INFO] [stdout]                                at /rustc/6b3fa26749ab40e159b2dd5cf577acaaf5902772/library/std/src/sys/backtrace.rs:44:26
[INFO] [stdout]    4:     0x58e46fc9f63a - <core[6883ba1bc0fe4ed1]::fmt::rt::Argument>::fmt
[INFO] [stdout]                                at /rustc/6b3fa26749ab40e159b2dd5cf577acaaf5902772/library/core/src/fmt/rt.rs:152:76
[INFO] [stdout]    5:     0x58e46fc9f63a - core[6883ba1bc0fe4ed1]::fmt::write
[INFO] [stdout]    6:     0x58e46fc8f87c - std[73adb7dc35730857]::io::default_write_fmt::<alloc[55a36b64bcbf2c0d]::vec::Vec<u8>>
[INFO] [stdout]                                at /rustc/6b3fa26749ab40e159b2dd5cf577acaaf5902772/library/std/src/io/mod.rs:626:11
[INFO] [stdout]    7:     0x58e46fc8f87c - <alloc[55a36b64bcbf2c0d]::vec::Vec<u8> as std[73adb7dc35730857]::io::Write>::write_fmt
[INFO] [stdout]                                at /rustc/6b3fa26749ab40e159b2dd5cf577acaaf5902772/library/std/src/io/mod.rs:1730:13
[INFO] [stdout]    8:     0x58e46fc69b36 - <std[73adb7dc35730857]::sys::backtrace::BacktraceLock>::print
[INFO] [stdout]                                at /rustc/6b3fa26749ab40e159b2dd5cf577acaaf5902772/library/std/src/sys/backtrace.rs:47:9
[INFO] [stdout]    9:     0x58e46fc69b36 - std[73adb7dc35730857]::panicking::default_hook::{closure#0}
[INFO] [stdout]                                at /rustc/6b3fa26749ab40e159b2dd5cf577acaaf5902772/library/std/src/panicking.rs:292:27
[INFO] [stdout]   10:     0x58e46fc835e9 - std[73adb7dc35730857]::panicking::default_hook
[INFO] [stdout]                                at /rustc/6b3fa26749ab40e159b2dd5cf577acaaf5902772/library/std/src/panicking.rs:316:9
[INFO] [stdout]   11:     0x58e46fc1e650 - <alloc[55a36b64bcbf2c0d]::boxed::Box<dyn for<'a, 'b> core[6883ba1bc0fe4ed1]::ops::function::Fn<(&'a std[73adb7dc35730857]::panic::PanicHookInfo<'b>,), Output = ()> + core[6883ba1bc0fe4ed1]::marker::Send + core[6883ba1bc0fe4ed1]::marker::Sync> as core[6883ba1bc0fe4ed1]::ops::function::Fn<(&std[73adb7dc35730857]::panic::PanicHookInfo,)>>::call
[INFO] [stdout]                                at /rustc/6b3fa26749ab40e159b2dd5cf577acaaf5902772/library/alloc/src/boxed.rs:2333:9
[INFO] [stdout]   12:     0x58e46fc1e650 - test[980ffaebd391d06d]::test_main_inner::<test[980ffaebd391d06d]::test_main_static::{closure#0}>::{closure#0}
[INFO] [stdout]                                at /rustc/6b3fa26749ab40e159b2dd5cf577acaaf5902772/library/test/src/lib.rs:155:21
[INFO] [stdout]   13:     0x58e46fc837a2 - <alloc[55a36b64bcbf2c0d]::boxed::Box<dyn for<'a, 'b> core[6883ba1bc0fe4ed1]::ops::function::Fn<(&'a std[73adb7dc35730857]::panic::PanicHookInfo<'b>,), Output = ()> + core[6883ba1bc0fe4ed1]::marker::Send + core[6883ba1bc0fe4ed1]::marker::Sync> as core[6883ba1bc0fe4ed1]::ops::function::Fn<(&std[73adb7dc35730857]::panic::PanicHookInfo,)>>::call
[INFO] [stdout]                                at /rustc/6b3fa26749ab40e159b2dd5cf577acaaf5902772/library/alloc/src/boxed.rs:2333:9
[INFO] [stdout]   14:     0x58e46fc837a2 - std[73adb7dc35730857]::panicking::panic_with_hook
[INFO] [stdout]                                at /rustc/6b3fa26749ab40e159b2dd5cf577acaaf5902772/library/std/src/panicking.rs:823:13
[INFO] [stdout]   15:     0x58e46fc69be2 - std[73adb7dc35730857]::panicking::panic_handler::{closure#0}
[INFO] [stdout]                                at /rustc/6b3fa26749ab40e159b2dd5cf577acaaf5902772/library/std/src/panicking.rs:688:13
[INFO] [stdout]   16:     0x58e46fc61549 - std[73adb7dc35730857]::sys::backtrace::__rust_end_short_backtrace::<std[73adb7dc35730857]::panicking::panic_handler::{closure#0}, !>
[INFO] [stdout]                                at /rustc/6b3fa26749ab40e159b2dd5cf577acaaf5902772/library/std/src/sys/backtrace.rs:182:18
[INFO] [stdout]   17:     0x58e46fc6a7dd - __rustc[a7b7b02e776dd976]::rust_begin_unwind
[INFO] [stdout]                                at /rustc/6b3fa26749ab40e159b2dd5cf577acaaf5902772/library/std/src/panicking.rs:679:5
[INFO] [stdout]   18:     0x58e46fc9fdcc - core[6883ba1bc0fe4ed1]::panicking::panic_fmt
[INFO] [stdout]                                at /rustc/6b3fa26749ab40e159b2dd5cf577acaaf5902772/library/core/src/panicking.rs:80:14
[INFO] [stdout]   19:     0x58e46fc9fc83 - core[6883ba1bc0fe4ed1]::panicking::assert_failed_inner
[INFO] [stdout]                                at /rustc/6b3fa26749ab40e159b2dd5cf577acaaf5902772/library/core/src/panicking.rs:439:17
[INFO] [stdout]   20:     0x58e46fad9677 - core[6883ba1bc0fe4ed1]::panicking::assert_failed::<disarmv7[4346c0e6621eddbb]::operation::Operation, disarmv7[4346c0e6621eddbb]::operation::Operation>
[INFO] [stdout]                                at /rustc/6b3fa26749ab40e159b2dd5cf577acaaf5902772/library/core/src/panicking.rs:394:5
[INFO] [stdout]   21:     0x58e46fb16b26 - disarmv7[4346c0e6621eddbb]::asm::b32::a6_7::test::test_vpush_t2
[INFO] [stdout]                                at /opt/rustwide/workdir/src/asm/b32/a6_7.rs:468:13
[INFO] [stdout]   22:     0x58e46fb0ea57 - disarmv7[4346c0e6621eddbb]::asm::b32::a6_7::test::test_vpush_t2::{closure#0}
[INFO] [stdout]                                at /opt/rustwide/workdir/src/asm/b32/a6_7.rs:891:23
[INFO] [stdout]   23:     0x58e46fa54e36 - <disarmv7[4346c0e6621eddbb]::asm::b32::a6_7::test::test_vpush_t2::{closure#0} as core[6883ba1bc0fe4ed1]::ops::function::FnOnce<()>>::call_once
[INFO] [stdout]                                at /rustc/6b3fa26749ab40e159b2dd5cf577acaaf5902772/library/core/src/ops/function.rs:250:5
[INFO] [stdout]   24:     0x58e46fc1198b - <fn() -> core[6883ba1bc0fe4ed1]::result::Result<(), alloc[55a36b64bcbf2c0d]::string::String> as core[6883ba1bc0fe4ed1]::ops::function::FnOnce<()>>::call_once
[INFO] [stdout]                                at /rustc/6b3fa26749ab40e159b2dd5cf577acaaf5902772/library/core/src/ops/function.rs:250:5
[INFO] [stdout]   25:     0x58e46fc1198b - test[980ffaebd391d06d]::__rust_begin_short_backtrace::<core[6883ba1bc0fe4ed1]::result::Result<(), alloc[55a36b64bcbf2c0d]::string::String>, fn() -> core[6883ba1bc0fe4ed1]::result::Result<(), alloc[55a36b64bcbf2c0d]::string::String>>
[INFO] [stdout]                                at /rustc/6b3fa26749ab40e159b2dd5cf577acaaf5902772/library/test/src/lib.rs:724:18
[INFO] [stdout]   26:     0x58e46fc1efd5 - test[980ffaebd391d06d]::run_test_in_process::{closure#0}
[INFO] [stdout]                                at /rustc/6b3fa26749ab40e159b2dd5cf577acaaf5902772/library/test/src/lib.rs:747:74
[INFO] [stdout]   27:     0x58e46fc1efd5 - <core[6883ba1bc0fe4ed1]::panic::unwind_safe::AssertUnwindSafe<test[980ffaebd391d06d]::run_test_in_process::{closure#0}> as core[6883ba1bc0fe4ed1]::ops::function::FnOnce<()>>::call_once
[INFO] [stdout]                                at /rustc/6b3fa26749ab40e159b2dd5cf577acaaf5902772/library/core/src/panic/unwind_safe.rs:275:9
[INFO] [stdout]   28:     0x58e46fc1efd5 - std[73adb7dc35730857]::panicking::catch_unwind::do_call::<core[6883ba1bc0fe4ed1]::panic::unwind_safe::AssertUnwindSafe<test[980ffaebd391d06d]::run_test_in_process::{closure#0}>, core[6883ba1bc0fe4ed1]::result::Result<(), alloc[55a36b64bcbf2c0d]::string::String>>
[INFO] [stdout]                                at /rustc/6b3fa26749ab40e159b2dd5cf577acaaf5902772/library/std/src/panicking.rs:576:43
[INFO] [stdout]   29:     0x58e46fc1efd5 - std[73adb7dc35730857]::panicking::catch_unwind::<core[6883ba1bc0fe4ed1]::result::Result<(), alloc[55a36b64bcbf2c0d]::string::String>, core[6883ba1bc0fe4ed1]::panic::unwind_safe::AssertUnwindSafe<test[980ffaebd391d06d]::run_test_in_process::{closure#0}>>
[INFO] [stdout]                                at /rustc/6b3fa26749ab40e159b2dd5cf577acaaf5902772/library/std/src/panicking.rs:544:19
[INFO] [stdout]   30:     0x58e46fc1efd5 - std[73adb7dc35730857]::panic::catch_unwind::<core[6883ba1bc0fe4ed1]::panic::unwind_safe::AssertUnwindSafe<test[980ffaebd391d06d]::run_test_in_process::{closure#0}>, core[6883ba1bc0fe4ed1]::result::Result<(), alloc[55a36b64bcbf2c0d]::string::String>>
[INFO] [stdout]                                at /rustc/6b3fa26749ab40e159b2dd5cf577acaaf5902772/library/std/src/panic.rs:359:14
[INFO] [stdout]   31:     0x58e46fc1efd5 - test[980ffaebd391d06d]::run_test_in_process
[INFO] [stdout]                                at /rustc/6b3fa26749ab40e159b2dd5cf577acaaf5902772/library/test/src/lib.rs:747:27
[INFO] [stdout]   32:     0x58e46fc1efd5 - test[980ffaebd391d06d]::run_test::{closure#0}
[INFO] [stdout]                                at /rustc/6b3fa26749ab40e159b2dd5cf577acaaf5902772/library/test/src/lib.rs:668:43
[INFO] [stdout]   33:     0x58e46fc19a84 - test[980ffaebd391d06d]::run_test::{closure#1}
[INFO] [stdout]                                at /rustc/6b3fa26749ab40e159b2dd5cf577acaaf5902772/library/test/src/lib.rs:698:41
[INFO] [stdout]   34:     0x58e46fc19a84 - std[73adb7dc35730857]::sys::backtrace::__rust_begin_short_backtrace::<test[980ffaebd391d06d]::run_test::{closure#1}, ()>
[INFO] [stdout]                                at /rustc/6b3fa26749ab40e159b2dd5cf577acaaf5902772/library/std/src/sys/backtrace.rs:166:18
[INFO] [stdout]   35:     0x58e46fc22122 - std[73adb7dc35730857]::thread::lifecycle::spawn_unchecked::<test[980ffaebd391d06d]::run_test::{closure#1}, ()>::{closure#1}::{closure#0}
[INFO] [stdout]                                at /rustc/6b3fa26749ab40e159b2dd5cf577acaaf5902772/library/std/src/thread/lifecycle.rs:70:13
[INFO] [stdout]   36:     0x58e46fc22122 - <core[6883ba1bc0fe4ed1]::panic::unwind_safe::AssertUnwindSafe<std[73adb7dc35730857]::thread::lifecycle::spawn_unchecked<test[980ffaebd391d06d]::run_test::{closure#1}, ()>::{closure#1}::{closure#0}> as core[6883ba1bc0fe4ed1]::ops::function::FnOnce<()>>::call_once
[INFO] [stdout]                                at /rustc/6b3fa26749ab40e159b2dd5cf577acaaf5902772/library/core/src/panic/unwind_safe.rs:275:9
[INFO] [stdout]   37:     0x58e46fc22122 - std[73adb7dc35730857]::panicking::catch_unwind::do_call::<core[6883ba1bc0fe4ed1]::panic::unwind_safe::AssertUnwindSafe<std[73adb7dc35730857]::thread::lifecycle::spawn_unchecked<test[980ffaebd391d06d]::run_test::{closure#1}, ()>::{closure#1}::{closure#0}>, ()>
[INFO] [stdout]                                at /rustc/6b3fa26749ab40e159b2dd5cf577acaaf5902772/library/std/src/panicking.rs:576:43
[INFO] [stdout]   38:     0x58e46fc22122 - std[73adb7dc35730857]::panicking::catch_unwind::<(), core[6883ba1bc0fe4ed1]::panic::unwind_safe::AssertUnwindSafe<std[73adb7dc35730857]::thread::lifecycle::spawn_unchecked<test[980ffaebd391d06d]::run_test::{closure#1}, ()>::{closure#1}::{closure#0}>>
[INFO] [stdout]                                at /rustc/6b3fa26749ab40e159b2dd5cf577acaaf5902772/library/std/src/panicking.rs:544:19
[INFO] [stdout]   39:     0x58e46fc22122 - std[73adb7dc35730857]::panic::catch_unwind::<core[6883ba1bc0fe4ed1]::panic::unwind_safe::AssertUnwindSafe<std[73adb7dc35730857]::thread::lifecycle::spawn_unchecked<test[980ffaebd391d06d]::run_test::{closure#1}, ()>::{closure#1}::{closure#0}>, ()>
[INFO] [stdout]                                at /rustc/6b3fa26749ab40e159b2dd5cf577acaaf5902772/library/std/src/panic.rs:359:14
[INFO] [stdout]   40:     0x58e46fc22122 - std[73adb7dc35730857]::thread::lifecycle::spawn_unchecked::<test[980ffaebd391d06d]::run_test::{closure#1}, ()>::{closure#1}
[INFO] [stdout]                                at /rustc/6b3fa26749ab40e159b2dd5cf577acaaf5902772/library/std/src/thread/lifecycle.rs:68:26
[INFO] [stdout]   41:     0x58e46fc22122 - <std[73adb7dc35730857]::thread::lifecycle::spawn_unchecked<test[980ffaebd391d06d]::run_test::{closure#1}, ()>::{closure#1} as core[6883ba1bc0fe4ed1]::ops::function::FnOnce<()>>::call_once::{shim:vtable#0}
[INFO] [stdout]                                at /rustc/6b3fa26749ab40e159b2dd5cf577acaaf5902772/library/core/src/ops/function.rs:250:5
[INFO] [stdout]   42:     0x58e46fc8ac4f - <alloc[55a36b64bcbf2c0d]::boxed::Box<dyn core[6883ba1bc0fe4ed1]::ops::function::FnOnce<(), Output = ()> + core[6883ba1bc0fe4ed1]::marker::Send> as core[6883ba1bc0fe4ed1]::ops::function::FnOnce<()>>::call_once
[INFO] [stdout]                                at /rustc/6b3fa26749ab40e159b2dd5cf577acaaf5902772/library/alloc/src/boxed.rs:2319:9
[INFO] [stdout]   43:     0x58e46fc8ac4f - <std[73adb7dc35730857]::sys::thread::unix::Thread>::new::thread_start
[INFO] [stdout]                                at /rustc/6b3fa26749ab40e159b2dd5cf577acaaf5902772/library/std/src/sys/thread/unix.rs:123:17
[INFO] [stdout]   44:     0x73fa828f7aa4 - <unknown>
[INFO] [stdout]   45:     0x73fa82984a64 - clone
[INFO] [stdout]   46:                0x0 - <unknown>
[INFO] [stdout] 
[INFO] [stdout] ---- asm::b32::a6_8::test::test_move_core_from_scalar stdout ----
[INFO] [stdout] 
[INFO] [stdout] thread 'asm::b32::a6_8::test::test_move_core_from_scalar' (615) panicked at src/asm/b32/a6_8.rs:319:13:
[INFO] [stdout] assertion `left == right` failed
[INFO] [stdout]   left: VmoveF32(VmoveF32 { to_core: true, sn: S13, rt: R12 })
[INFO] [stdout]  right: VmoveHalfWord(VmoveHalfWord { to_core: true, sn: S13, rt: R12 })
[INFO] [stdout] stack backtrace:
[INFO] [stdout]    0:     0x58e46fc8b3c1 - std[73adb7dc35730857]::backtrace_rs::backtrace::libunwind::trace
[INFO] [stdout]                                at /rustc/6b3fa26749ab40e159b2dd5cf577acaaf5902772/library/std/src/../../backtrace/src/backtrace/libunwind.rs:117:9
[INFO] [stdout]    1:     0x58e46fc8b3c1 - std[73adb7dc35730857]::backtrace_rs::backtrace::trace_unsynchronized::<std[73adb7dc35730857]::sys::backtrace::_print_fmt::{closure#1}>
[INFO] [stdout]                                at /rustc/6b3fa26749ab40e159b2dd5cf577acaaf5902772/library/std/src/../../backtrace/src/backtrace/mod.rs:66:14
[INFO] [stdout]    2:     0x58e46fc8b3c1 - std[73adb7dc35730857]::sys::backtrace::_print_fmt
[INFO] [stdout]                                at /rustc/6b3fa26749ab40e159b2dd5cf577acaaf5902772/library/std/src/sys/backtrace.rs:74:9
[INFO] [stdout]    3:     0x58e46fc8b3c1 - <<std[73adb7dc35730857]::sys::backtrace::BacktraceLock>::print::DisplayBacktrace as core[6883ba1bc0fe4ed1]::fmt::Display>::fmt
[INFO] [stdout]                                at /rustc/6b3fa26749ab40e159b2dd5cf577acaaf5902772/library/std/src/sys/backtrace.rs:44:26
[INFO] [stdout]    4:     0x58e46fc9f63a - <core[6883ba1bc0fe4ed1]::fmt::rt::Argument>::fmt
[INFO] [stdout]                                at /rustc/6b3fa26749ab40e159b2dd5cf577acaaf5902772/library/core/src/fmt/rt.rs:152:76
[INFO] [stdout]    5:     0x58e46fc9f63a - core[6883ba1bc0fe4ed1]::fmt::write
[INFO] [stdout]    6:     0x58e46fc8f87c - std[73adb7dc35730857]::io::default_write_fmt::<alloc[55a36b64bcbf2c0d]::vec::Vec<u8>>
[INFO] [stdout]                                at /rustc/6b3fa26749ab40e159b2dd5cf577acaaf5902772/library/std/src/io/mod.rs:626:11
[INFO] [stdout]    7:     0x58e46fc8f87c - <alloc[55a36b64bcbf2c0d]::vec::Vec<u8> as std[73adb7dc35730857]::io::Write>::write_fmt
[INFO] [stdout]                                at /rustc/6b3fa26749ab40e159b2dd5cf577acaaf5902772/library/std/src/io/mod.rs:1730:13
[INFO] [stdout]    8:     0x58e46fc69b36 - <std[73adb7dc35730857]::sys::backtrace::BacktraceLock>::print
[INFO] [stdout]                                at /rustc/6b3fa26749ab40e159b2dd5cf577acaaf5902772/library/std/src/sys/backtrace.rs:47:9
[INFO] [stdout]    9:     0x58e46fc69b36 - std[73adb7dc35730857]::panicking::default_hook::{closure#0}
[INFO] [stdout]                                at /rustc/6b3fa26749ab40e159b2dd5cf577acaaf5902772/library/std/src/panicking.rs:292:27
[INFO] [stdout]   10:     0x58e46fc835e9 - std[73adb7dc35730857]::panicking::default_hook
[INFO] [stdout]                                at /rustc/6b3fa26749ab40e159b2dd5cf577acaaf5902772/library/std/src/panicking.rs:316:9
[INFO] [stdout]   11:     0x58e46fc1e650 - <alloc[55a36b64bcbf2c0d]::boxed::Box<dyn for<'a, 'b> core[6883ba1bc0fe4ed1]::ops::function::Fn<(&'a std[73adb7dc35730857]::panic::PanicHookInfo<'b>,), Output = ()> + core[6883ba1bc0fe4ed1]::marker::Send + core[6883ba1bc0fe4ed1]::marker::Sync> as core[6883ba1bc0fe4ed1]::ops::function::Fn<(&std[73adb7dc35730857]::panic::PanicHookInfo,)>>::call
[INFO] [stdout]                                at /rustc/6b3fa26749ab40e159b2dd5cf577acaaf5902772/library/alloc/src/boxed.rs:2333:9
[INFO] [stdout]   12:     0x58e46fc1e650 - test[980ffaebd391d06d]::test_main_inner::<test[980ffaebd391d06d]::test_main_static::{closure#0}>::{closure#0}
[INFO] [stdout]                                at /rustc/6b3fa26749ab40e159b2dd5cf577acaaf5902772/library/test/src/lib.rs:155:21
[INFO] [stdout]   13:     0x58e46fc837a2 - <alloc[55a36b64bcbf2c0d]::boxed::Box<dyn for<'a, 'b> core[6883ba1bc0fe4ed1]::ops::function::Fn<(&'a std[73adb7dc35730857]::panic::PanicHookInfo<'b>,), Output = ()> + core[6883ba1bc0fe4ed1]::marker::Send + core[6883ba1bc0fe4ed1]::marker::Sync> as core[6883ba1bc0fe4ed1]::ops::function::Fn<(&std[73adb7dc35730857]::panic::PanicHookInfo,)>>::call
[INFO] [stdout]                                at /rustc/6b3fa26749ab40e159b2dd5cf577acaaf5902772/library/alloc/src/boxed.rs:2333:9
[INFO] [stdout]   14:     0x58e46fc837a2 - std[73adb7dc35730857]::panicking::panic_with_hook
[INFO] [stdout]                                at /rustc/6b3fa26749ab40e159b2dd5cf577acaaf5902772/library/std/src/panicking.rs:823:13
[INFO] [stdout]   15:     0x58e46fc69be2 - std[73adb7dc35730857]::panicking::panic_handler::{closure#0}
[INFO] [stdout]                                at /rustc/6b3fa26749ab40e159b2dd5cf577acaaf5902772/library/std/src/panicking.rs:688:13
[INFO] [stdout]   16:     0x58e46fc61549 - std[73adb7dc35730857]::sys::backtrace::__rust_end_short_backtrace::<std[73adb7dc35730857]::panicking::panic_handler::{closure#0}, !>
[INFO] [stdout]                                at /rustc/6b3fa26749ab40e159b2dd5cf577acaaf5902772/library/std/src/sys/backtrace.rs:182:18
[INFO] [stdout]   17:     0x58e46fc6a7dd - __rustc[a7b7b02e776dd976]::rust_begin_unwind
[INFO] [stdout]                                at /rustc/6b3fa26749ab40e159b2dd5cf577acaaf5902772/library/std/src/panicking.rs:679:5
[INFO] [stdout]   18:     0x58e46fc9fdcc - core[6883ba1bc0fe4ed1]::panicking::panic_fmt
[INFO] [stdout]                                at /rustc/6b3fa26749ab40e159b2dd5cf577acaaf5902772/library/core/src/panicking.rs:80:14
[INFO] [stdout]   19:     0x58e46fc9fc83 - core[6883ba1bc0fe4ed1]::panicking::assert_failed_inner
[INFO] [stdout]                                at /rustc/6b3fa26749ab40e159b2dd5cf577acaaf5902772/library/core/src/panicking.rs:439:17
[INFO] [stdout]   20:     0x58e46fad9677 - core[6883ba1bc0fe4ed1]::panicking::assert_failed::<disarmv7[4346c0e6621eddbb]::operation::Operation, disarmv7[4346c0e6621eddbb]::operation::Operation>
[INFO] [stdout]                                at /rustc/6b3fa26749ab40e159b2dd5cf577acaaf5902772/library/core/src/panicking.rs:394:5
[INFO] [stdout]   21:     0x58e46faa7834 - disarmv7[4346c0e6621eddbb]::asm::b32::a6_8::test::test_move_core_from_scalar
[INFO] [stdout]                                at /opt/rustwide/workdir/src/asm/b32/a6_8.rs:254:13
[INFO] [stdout]   22:     0x58e46faa6557 - disarmv7[4346c0e6621eddbb]::asm::b32::a6_8::test::test_move_core_from_scalar::{closure#0}
[INFO] [stdout]                                at /opt/rustwide/workdir/src/asm/b32/a6_8.rs:308:36
[INFO] [stdout]   23:     0x58e46fa54ef6 - <disarmv7[4346c0e6621eddbb]::asm::b32::a6_8::test::test_move_core_from_scalar::{closure#0} as core[6883ba1bc0fe4ed1]::ops::function::FnOnce<()>>::call_once
[INFO] [stdout]                                at /rustc/6b3fa26749ab40e159b2dd5cf577acaaf5902772/library/core/src/ops/function.rs:250:5
[INFO] [stdout]   24:     0x58e46fc1198b - <fn() -> core[6883ba1bc0fe4ed1]::result::Result<(), alloc[55a36b64bcbf2c0d]::string::String> as core[6883ba1bc0fe4ed1]::ops::function::FnOnce<()>>::call_once
[INFO] [stdout]                                at /rustc/6b3fa26749ab40e159b2dd5cf577acaaf5902772/library/core/src/ops/function.rs:250:5
[INFO] [stdout]   25:     0x58e46fc1198b - test[980ffaebd391d06d]::__rust_begin_short_backtrace::<core[6883ba1bc0fe4ed1]::result::Result<(), alloc[55a36b64bcbf2c0d]::string::String>, fn() -> core[6883ba1bc0fe4ed1]::result::Result<(), alloc[55a36b64bcbf2c0d]::string::String>>
[INFO] [stdout]                                at /rustc/6b3fa26749ab40e159b2dd5cf577acaaf5902772/library/test/src/lib.rs:724:18
[INFO] [stdout]   26:     0x58e46fc1efd5 - test[980ffaebd391d06d]::run_test_in_process::{closure#0}
[INFO] [stdout]                                at /rustc/6b3fa26749ab40e159b2dd5cf577acaaf5902772/library/test/src/lib.rs:747:74
[INFO] [stdout]   27:     0x58e46fc1efd5 - <core[6883ba1bc0fe4ed1]::panic::unwind_safe::AssertUnwindSafe<test[980ffaebd391d06d]::run_test_in_process::{closure#0}> as core[6883ba1bc0fe4ed1]::ops::function::FnOnce<()>>::call_once
[INFO] [stdout]                                at /rustc/6b3fa26749ab40e159b2dd5cf577acaaf5902772/library/core/src/panic/unwind_safe.rs:275:9
[INFO] [stdout]   28:     0x58e46fc1efd5 - std[73adb7dc35730857]::panicking::catch_unwind::do_call::<core[6883ba1bc0fe4ed1]::panic::unwind_safe::AssertUnwindSafe<test[980ffaebd391d06d]::run_test_in_process::{closure#0}>, core[6883ba1bc0fe4ed1]::result::Result<(), alloc[55a36b64bcbf2c0d]::string::String>>
[INFO] [stdout]                                at /rustc/6b3fa26749ab40e159b2dd5cf577acaaf5902772/library/std/src/panicking.rs:576:43
[INFO] [stdout]   29:     0x58e46fc1efd5 - std[73adb7dc35730857]::panicking::catch_unwind::<core[6883ba1bc0fe4ed1]::result::Result<(), alloc[55a36b64bcbf2c0d]::string::String>, core[6883ba1bc0fe4ed1]::panic::unwind_safe::AssertUnwindSafe<test[980ffaebd391d06d]::run_test_in_process::{closure#0}>>
[INFO] [stdout]                                at /rustc/6b3fa26749ab40e159b2dd5cf577acaaf5902772/library/std/src/panicking.rs:544:19
[INFO] [stdout]   30:     0x58e46fc1efd5 - std[73adb7dc35730857]::panic::catch_unwind::<core[6883ba1bc0fe4ed1]::panic::unwind_safe::AssertUnwindSafe<test[980ffaebd391d06d]::run_test_in_process::{closure#0}>, core[6883ba1bc0fe4ed1]::result::Result<(), alloc[55a36b64bcbf2c0d]::string::String>>
[INFO] [stdout]                                at /rustc/6b3fa26749ab40e159b2dd5cf577acaaf5902772/library/std/src/panic.rs:359:14
[INFO] [stdout]   31:     0x58e46fc1efd5 - test[980ffaebd391d06d]::run_test_in_process
[INFO] [stdout]                                at /rustc/6b3fa26749ab40e159b2dd5cf577acaaf5902772/library/test/src/lib.rs:747:27
[INFO] [stdout]   32:     0x58e46fc1efd5 - test[980ffaebd391d06d]::run_test::{closure#0}
[INFO] [stdout]                                at /rustc/6b3fa26749ab40e159b2dd5cf577acaaf5902772/library/test/src/lib.rs:668:43
[INFO] [stdout]   33:     0x58e46fc19a84 - test[980ffaebd391d06d]::run_test::{closure#1}
[INFO] [stdout]                                at /rustc/6b3fa26749ab40e159b2dd5cf577acaaf5902772/library/test/src/lib.rs:698:41
[INFO] [stdout]   34:     0x58e46fc19a84 - std[73adb7dc35730857]::sys::backtrace::__rust_begin_short_backtrace::<test[980ffaebd391d06d]::run_test::{closure#1}, ()>
[INFO] [stdout]                                at /rustc/6b3fa26749ab40e159b2dd5cf577acaaf5902772/library/std/src/sys/backtrace.rs:166:18
[INFO] [stdout]   35:     0x58e46fc22122 - std[73adb7dc35730857]::thread::lifecycle::spawn_unchecked::<test[980ffaebd391d06d]::run_test::{closure#1}, ()>::{closure#1}::{closure#0}
[INFO] [stdout]                                at /rustc/6b3fa26749ab40e159b2dd5cf577acaaf5902772/library/std/src/thread/lifecycle.rs:70:13
[INFO] [stdout]   36:     0x58e46fc22122 - <core[6883ba1bc0fe4ed1]::panic::unwind_safe::AssertUnwindSafe<std[73adb7dc35730857]::thread::lifecycle::spawn_unchecked<test[980ffaebd391d06d]::run_test::{closure#1}, ()>::{closure#1}::{closure#0}> as core[6883ba1bc0fe4ed1]::ops::function::FnOnce<()>>::call_once
[INFO] [stdout]                                at /rustc/6b3fa26749ab40e159b2dd5cf577acaaf5902772/library/core/src/panic/unwind_safe.rs:275:9
[INFO] [stdout]   37:     0x58e46fc22122 - std[73adb7dc35730857]::panicking::catch_unwind::do_call::<core[6883ba1bc0fe4ed1]::panic::unwind_safe::AssertUnwindSafe<std[73adb7dc35730857]::thread::lifecycle::spawn_unchecked<test[980ffaebd391d06d]::run_test::{closure#1}, ()>::{closure#1}::{closure#0}>, ()>
[INFO] [stdout]                                at /rustc/6b3fa26749ab40e159b2dd5cf577acaaf5902772/library/std/src/panicking.rs:576:43
[INFO] [stdout]   38:     0x58e46fc22122 - std[73adb7dc35730857]::panicking::catch_unwind::<(), core[6883ba1bc0fe4ed1]::panic::unwind_safe::AssertUnwindSafe<std[73adb7dc35730857]::thread::lifecycle::spawn_unchecked<test[980ffaebd391d06d]::run_test::{closure#1}, ()>::{closure#1}::{closure#0}>>
[INFO] [stdout]                                at /rustc/6b3fa26749ab40e159b2dd5cf577acaaf5902772/library/std/src/panicking.rs:544:19
[INFO] [stdout]   39:     0x58e46fc22122 - std[73adb7dc35730857]::panic::catch_unwind::<core[6883ba1bc0fe4ed1]::panic::unwind_safe::AssertUnwindSafe<std[73adb7dc35730857]::thread::lifecycle::spawn_unchecked<test[980ffaebd391d06d]::run_test::{closure#1}, ()>::{closure#1}::{closure#0}>, ()>
[INFO] [stdout]                                at /rustc/6b3fa26749ab40e159b2dd5cf577acaaf5902772/library/std/src/panic.rs:359:14
[INFO] [stdout]   40:     0x58e46fc22122 - std[73adb7dc35730857]::thread::lifecycle::spawn_unchecked::<test[980ffaebd391d06d]::run_test::{closure#1}, ()>::{closure#1}
[INFO] [stdout]                                at /rustc/6b3fa26749ab40e159b2dd5cf577acaaf5902772/library/std/src/thread/lifecycle.rs:68:26
[INFO] [stdout]   41:     0x58e46fc22122 - <std[73adb7dc35730857]::thread::lifecycle::spawn_unchecked<test[980ffaebd391d06d]::run_test::{closure#1}, ()>::{closure#1} as core[6883ba1bc0fe4ed1]::ops::function::FnOnce<()>>::call_once::{shim:vtable#0}
[INFO] [stdout]                                at /rustc/6b3fa26749ab40e159b2dd5cf577acaaf5902772/library/core/src/ops/function.rs:250:5
[INFO] [stdout]   42:     0x58e46fc8ac4f - <alloc[55a36b64bcbf2c0d]::boxed::Box<dyn core[6883ba1bc0fe4ed1]::ops::function::FnOnce<(), Output = ()> + core[6883ba1bc0fe4ed1]::marker::Send> as core[6883ba1bc0fe4ed1]::ops::function::FnOnce<()>>::call_once
[INFO] [stdout]                                at /rustc/6b3fa26749ab40e159b2dd5cf577acaaf5902772/library/alloc/src/boxed.rs:2319:9
[INFO] [stdout]   43:     0x58e46fc8ac4f - <std[73adb7dc35730857]::sys::thread::unix::Thread>::new::thread_start
[INFO] [stdout]                                at /rustc/6b3fa26749ab40e159b2dd5cf577acaaf5902772/library/std/src/sys/thread/unix.rs:123:17
[INFO] [stdout]   44:     0x73fa828f7aa4 - <unknown>
[INFO] [stdout]   45:     0x73fa82984a64 - clone
[INFO] [stdout]   46:                0x0 - <unknown>
[INFO] [stdout] 
[INFO] [stdout] ---- asm::b32::a6_7::test::test_vpush_t1 stdout ----
[INFO] [stdout] 
[INFO] [stdout] thread 'asm::b32::a6_7::test::test_vpush_t1' (609) panicked at src/asm/b32/a6_7.rs:880:13:
[INFO] [stdout] assertion `left == right` failed
[INFO] [stdout]   left: VPushF64(VPushF64 { imm32: 24, registers: [D1] })
[INFO] [stdout]  right: VPushF64(VPushF64 { imm32: 24, registers: [D1, D2] })
[INFO] [stdout] stack backtrace:
[INFO] [stdout]    0:     0x58e46fc8b3c1 - std[73adb7dc35730857]::backtrace_rs::backtrace::libunwind::trace
[INFO] [stdout]                                at /rustc/6b3fa26749ab40e159b2dd5cf577acaaf5902772/library/std/src/../../backtrace/src/backtrace/libunwind.rs:117:9
[INFO] [stdout]    1:     0x58e46fc8b3c1 - std[73adb7dc35730857]::backtrace_rs::backtrace::trace_unsynchronized::<std[73adb7dc35730857]::sys::backtrace::_print_fmt::{closure#1}>
[INFO] [stdout]                                at /rustc/6b3fa26749ab40e159b2dd5cf577acaaf5902772/library/std/src/../../backtrace/src/backtrace/mod.rs:66:14
[INFO] [stdout]    2:     0x58e46fc8b3c1 - std[73adb7dc35730857]::sys::backtrace::_print_fmt
[INFO] [stdout]                                at /rustc/6b3fa26749ab40e159b2dd5cf577acaaf5902772/library/std/src/sys/backtrace.rs:74:9
[INFO] [stdout]    3:     0x58e46fc8b3c1 - <<std[73adb7dc35730857]::sys::backtrace::BacktraceLock>::print::DisplayBacktrace as core[6883ba1bc0fe4ed1]::fmt::Display>::fmt
[INFO] [stdout]                                at /rustc/6b3fa26749ab40e159b2dd5cf577acaaf5902772/library/std/src/sys/backtrace.rs:44:26
[INFO] [stdout]    4:     0x58e46fc9f63a - <core[6883ba1bc0fe4ed1]::fmt::rt::Argument>::fmt
[INFO] [stdout]                                at /rustc/6b3fa26749ab40e159b2dd5cf577acaaf5902772/library/core/src/fmt/rt.rs:152:76
[INFO] [stdout]    5:     0x58e46fc9f63a - core[6883ba1bc0fe4ed1]::fmt::write
[INFO] [stdout]    6:     0x58e46fc8f87c - std[73adb7dc35730857]::io::default_write_fmt::<alloc[55a36b64bcbf2c0d]::vec::Vec<u8>>
[INFO] [stdout]                                at /rustc/6b3fa26749ab40e159b2dd5cf577acaaf5902772/library/std/src/io/mod.rs:626:11
[INFO] [stdout]    7:     0x58e46fc8f87c - <alloc[55a36b64bcbf2c0d]::vec::Vec<u8> as std[73adb7dc35730857]::io::Write>::write_fmt
[INFO] [stdout]                                at /rustc/6b3fa26749ab40e159b2dd5cf577acaaf5902772/library/std/src/io/mod.rs:1730:13
[INFO] [stdout]    8:     0x58e46fc69b36 - <std[73adb7dc35730857]::sys::backtrace::BacktraceLock>::print
[INFO] [stdout]                                at /rustc/6b3fa26749ab40e159b2dd5cf577acaaf5902772/library/std/src/sys/backtrace.rs:47:9
[INFO] [stdout]    9:     0x58e46fc69b36 - std[73adb7dc35730857]::panicking::default_hook::{closure#0}
[INFO] [stdout]                                at /rustc/6b3fa26749ab40e159b2dd5cf577acaaf5902772/library/std/src/panicking.rs:292:27
[INFO] [stdout]   10:     0x58e46fc835e9 - std[73adb7dc35730857]::panicking::default_hook
[INFO] [stdout]                                at /rustc/6b3fa26749ab40e159b2dd5cf577acaaf5902772/library/std/src/panicking.rs:316:9
[INFO] [stdout]   11:     0x58e46fc1e650 - <alloc[55a36b64bcbf2c0d]::boxed::Box<dyn for<'a, 'b> core[6883ba1bc0fe4ed1]::ops::function::Fn<(&'a std[73adb7dc35730857]::panic::PanicHookInfo<'b>,), Output = ()> + core[6883ba1bc0fe4ed1]::marker::Send + core[6883ba1bc0fe4ed1]::marker::Sync> as core[6883ba1bc0fe4ed1]::ops::function::Fn<(&std[73adb7dc35730857]::panic::PanicHookInfo,)>>::call
[INFO] [stdout]                                at /rustc/6b3fa26749ab40e159b2dd5cf577acaaf5902772/library/alloc/src/boxed.rs:2333:9
[INFO] [stdout]   12:     0x58e46fc1e650 - test[980ffaebd391d06d]::test_main_inner::<test[980ffaebd391d06d]::test_main_static::{closure#0}>::{closure#0}
[INFO] [stdout]                                at /rustc/6b3fa26749ab40e159b2dd5cf577acaaf5902772/library/test/src/lib.rs:155:21
[INFO] [stdout]   13:     0x58e46fc837a2 - <alloc[55a36b64bcbf2c0d]::boxed::Box<dyn for<'a, 'b> core[6883ba1bc0fe4ed1]::ops::function::Fn<(&'a std[73adb7dc35730857]::panic::PanicHookInfo<'b>,), Output = ()> + core[6883ba1bc0fe4ed1]::marker::Send + core[6883ba1bc0fe4ed1]::marker::Sync> as core[6883ba1bc0fe4ed1]::ops::function::Fn<(&std[73adb7dc35730857]::panic::PanicHookInfo,)>>::call
[INFO] [stdout]                                at /rustc/6b3fa26749ab40e159b2dd5cf577acaaf5902772/library/alloc/src/boxed.rs:2333:9
[INFO] [stdout]   14:     0x58e46fc837a2 - std[73adb7dc35730857]::panicking::panic_with_hook
[INFO] [stdout]                                at /rustc/6b3fa26749ab40e159b2dd5cf577acaaf5902772/library/std/src/panicking.rs:823:13
[INFO] [stdout]   15:     0x58e46fc69be2 - std[73adb7dc35730857]::panicking::panic_handler::{closure#0}
[INFO] [stdout]                                at /rustc/6b3fa26749ab40e159b2dd5cf577acaaf5902772/library/std/src/panicking.rs:688:13
[INFO] [stdout]   16:     0x58e46fc61549 - std[73adb7dc35730857]::sys::backtrace::__rust_end_short_backtrace::<std[73adb7dc35730857]::panicking::panic_handler::{closure#0}, !>
[INFO] [stdout]                                at /rustc/6b3fa26749ab40e159b2dd5cf577acaaf5902772/library/std/src/sys/backtrace.rs:182:18
[INFO] [stdout]   17:     0x58e46fc6a7dd - __rustc[a7b7b02e776dd976]::rust_begin_unwind
[INFO] [stdout]                                at /rustc/6b3fa26749ab40e159b2dd5cf577acaaf5902772/library/std/src/panicking.rs:679:5
[INFO] [stdout]   18:     0x58e46fc9fdcc - core[6883ba1bc0fe4ed1]::panicking::panic_fmt
[INFO] [stdout]                                at /rustc/6b3fa26749ab40e159b2dd5cf577acaaf5902772/library/core/src/panicking.rs:80:14
[INFO] [stdout]   19:     0x58e46fc9fc83 - core[6883ba1bc0fe4ed1]::panicking::assert_failed_inner
[INFO] [stdout]                                at /rustc/6b3fa26749ab40e159b2dd5cf577acaaf5902772/library/core/src/panicking.rs:439:17
[INFO] [stdout]   20:     0x58e46fad9677 - core[6883ba1bc0fe4ed1]::panicking::assert_failed::<disarmv7[4346c0e6621eddbb]::operation::Operation, disarmv7[4346c0e6621eddbb]::operation::Operation>
[INFO] [stdout]                                at /rustc/6b3fa26749ab40e159b2dd5cf577acaaf5902772/library/core/src/panicking.rs:394:5
[INFO] [stdout]   21:     0x58e46fb1601e - disarmv7[4346c0e6621eddbb]::asm::b32::a6_7::test::test_vpush_t1
[INFO] [stdout]                                at /opt/rustwide/workdir/src/asm/b32/a6_7.rs:468:13
[INFO] [stdout]   22:     0x58e46fb0ea27 - disarmv7[4346c0e6621eddbb]::asm::b32::a6_7::test::test_vpush_t1::{closure#0}
[INFO] [stdout]                                at /opt/rustwide/workdir/src/asm/b32/a6_7.rs:856:23
[INFO] [stdout]   23:     0x58e46fa54df6 - <disarmv7[4346c0e6621eddbb]::asm::b32::a6_7::test::test_vpush_t1::{closure#0} as core[6883ba1bc0fe4ed1]::ops::function::FnOnce<()>>::call_once
[INFO] [stdout]                                at /rustc/6b3fa26749ab40e159b2dd5cf577acaaf5902772/library/core/src/ops/function.rs:250:5
[INFO] [stdout]   24:     0x58e46fc1198b - <fn() -> core[6883ba1bc0fe4ed1]::result::Result<(), alloc[55a36b64bcbf2c0d]::string::String> as core[6883ba1bc0fe4ed1]::ops::function::FnOnce<()>>::call_once
[INFO] [stdout]                                at /rustc/6b3fa26749ab40e159b2dd5cf577acaaf5902772/library/core/src/ops/function.rs:250:5
[INFO] [stdout]   25:     0x58e46fc1198b - test[980ffaebd391d06d]::__rust_begin_short_backtrace::<core[6883ba1bc0fe4ed1]::result::Result<(), alloc[55a36b64bcbf2c0d]::string::String>, fn() -> core[6883ba1bc0fe4ed1]::result::Result<(), alloc[55a36b64bcbf2c0d]::string::String>>
[INFO] [stdout]                                at /rustc/6b3fa26749ab40e159b2dd5cf577acaaf5902772/library/test/src/lib.rs:724:18
[INFO] [stdout]   26:     0x58e46fc1efd5 - test[980ffaebd391d06d]::run_test_in_process::{closure#0}
[INFO] [stdout]                                at /rustc/6b3fa26749ab40e159b2dd5cf577acaaf5902772/library/test/src/lib.rs:747:74
[INFO] [stdout]   27:     0x58e46fc1efd5 - <core[6883ba1bc0fe4ed1]::panic::unwind_safe::AssertUnwindSafe<test[980ffaebd391d06d]::run_test_in_process::{closure#0}> as core[6883ba1bc0fe4ed1]::ops::function::FnOnce<()>>::call_once
[INFO] [stdout]                                at /rustc/6b3fa26749ab40e159b2dd5cf577acaaf5902772/library/core/src/panic/unwind_safe.rs:275:9
[INFO] [stdout]   28:     0x58e46fc1efd5 - std[73adb7dc35730857]::panicking::catch_unwind::do_call::<core[6883ba1bc0fe4ed1]::panic::unwind_safe::AssertUnwindSafe<test[980ffaebd391d06d]::run_test_in_process::{closure#0}>, core[6883ba1bc0fe4ed1]::result::Result<(), alloc[55a36b64bcbf2c0d]::string::String>>
[INFO] [stdout]                                at /rustc/6b3fa26749ab40e159b2dd5cf577acaaf5902772/library/std/src/panicking.rs:576:43
[INFO] [stdout]   29:     0x58e46fc1efd5 - std[73adb7dc35730857]::panicking::catch_unwind::<core[6883ba1bc0fe4ed1]::result::Result<(), alloc[55a36b64bcbf2c0d]::string::String>, core[6883ba1bc0fe4ed1]::panic::unwind_safe::AssertUnwindSafe<test[980ffaebd391d06d]::run_test_in_process::{closure#0}>>
[INFO] [stdout]                                at /rustc/6b3fa26749ab40e159b2dd5cf577acaaf5902772/library/std/src/panicking.rs:544:19
[INFO] [stdout]   30:     0x58e46fc1efd5 - std[73adb7dc35730857]::panic::catch_unwind::<core[6883ba1bc0fe4ed1]::panic::unwind_safe::AssertUnwindSafe<test[980ffaebd391d06d]::run_test_in_process::{closure#0}>, core[6883ba1bc0fe4ed1]::result::Result<(), alloc[55a36b64bcbf2c0d]::string::String>>
[INFO] [stdout]                                at /rustc/6b3fa26749ab40e159b2dd5cf577acaaf5902772/library/std/src/panic.rs:359:14
[INFO] [stdout]   31:     0x58e46fc1efd5 - test[980ffaebd391d06d]::run_test_in_process
[INFO] [stdout]                                at /rustc/6b3fa26749ab40e159b2dd5cf577acaaf5902772/library/test/src/lib.rs:747:27
[INFO] [stdout]   32:     0x58e46fc1efd5 - test[980ffaebd391d06d]::run_test::{closure#0}
[INFO] [stdout]                                at /rustc/6b3fa26749ab40e159b2dd5cf577acaaf5902772/library/test/src/lib.rs:668:43
[INFO] [stdout]   33:     0x58e46fc19a84 - test[980ffaebd391d06d]::run_test::{closure#1}
[INFO] [stdout]                                at /rustc/6b3fa26749ab40e159b2dd5cf577acaaf5902772/library/test/src/lib.rs:698:41
[INFO] [stdout]   34:     0x58e46fc19a84 - std[73adb7dc35730857]::sys::backtrace::__rust_begin_short_backtrace::<test[980ffaebd391d06d]::run_test::{closure#1}, ()>
[INFO] [stdout]                                at /rustc/6b3fa26749ab40e159b2dd5cf577acaaf5902772/library/std/src/sys/backtrace.rs:166:18
[INFO] [stdout]   35:     0x58e46fc22122 - std[73adb7dc35730857]::thread::lifecycle::spawn_unchecked::<test[980ffaebd391d06d]::run_test::{closure#1}, ()>::{closure#1}::{closure#0}
[INFO] [stdout]                                at /rustc/6b3fa26749ab40e159b2dd5cf577acaaf5902772/library/std/src/thread/lifecycle.rs:70:13
[INFO] [stdout]   36:     0x58e46fc22122 - <core[6883ba1bc0fe4ed1]::panic::unwind_safe::AssertUnwindSafe<std[73adb7dc35730857]::thread::lifecycle::spawn_unchecked<test[980ffaebd391d06d]::run_test::{closure#1}, ()>::{closure#1}::{closure#0}> as core[6883ba1bc0fe4ed1]::ops::function::FnOnce<()>>::call_once
[INFO] [stdout]                                at /rustc/6b3fa26749ab40e159b2dd5cf577acaaf5902772/library/core/src/panic/unwind_safe.rs:275:9
[INFO] [stdout]   37:     0x58e46fc22122 - std[73adb7dc35730857]::panicking::catch_unwind::do_call::<core[6883ba1bc0fe4ed1]::panic::unwind_safe::AssertUnwindSafe<std[73adb7dc35730857]::thread::lifecycle::spawn_unchecked<test[980ffaebd391d06d]::run_test::{closure#1}, ()>::{closure#1}::{closure#0}>, ()>
[INFO] [stdout]                                at /rustc/6b3fa26749ab40e159b2dd5cf577acaaf5902772/library/std/src/panicking.rs:576:43
[INFO] [stdout]   38:     0x58e46fc22122 - std[73adb7dc35730857]::panicking::catch_unwind::<(), core[6883ba1bc0fe4ed1]::panic::unwind_safe::AssertUnwindSafe<std[73adb7dc35730857]::thread::lifecycle::spawn_unchecked<test[980ffaebd391d06d]::run_test::{closure#1}, ()>::{closure#1}::{closure#0}>>
[INFO] [stdout]                                at /rustc/6b3fa26749ab40e159b2dd5cf577acaaf5902772/library/std/src/panicking.rs:544:19
[INFO] [stdout]   39:     0x58e46fc22122 - std[73adb7dc35730857]::panic::catch_unwind::<core[6883ba1bc0fe4ed1]::panic::unwind_safe::AssertUnwindSafe<std[73adb7dc35730857]::thread::lifecycle::spawn_unchecked<test[980ffaebd391d06d]::run_test::{closure#1}, ()>::{closure#1}::{closure#0}>, ()>
[INFO] [stdout]                                at /rustc/6b3fa26749ab40e159b2dd5cf577acaaf5902772/library/std/src/panic.rs:359:14
[INFO] [stdout]   40:     0x58e46fc22122 - std[73adb7dc35730857]::thread::lifecycle::spawn_unchecked::<test[980ffaebd391d06d]::run_test::{closure#1}, ()>::{closure#1}
[INFO] [stdout]                                at /rustc/6b3fa26749ab40e159b2dd5cf577acaaf5902772/library/std/src/thread/lifecycle.rs:68:26
[INFO] [stdout]   41:     0x58e46fc22122 - <std[73adb7dc35730857]::thread::lifecycle::spawn_unchecked<test[980ffaebd391d06d]::run_test::{closure#1}, ()>::{closure#1} as core[6883ba1bc0fe4ed1]::ops::function::FnOnce<()>>::call_once::{shim:vtable#0}
[INFO] [stdout]                                at /rustc/6b3fa26749ab40e159b2dd5cf577acaaf5902772/library/core/src/ops/function.rs:250:5
[INFO] [stdout]   42:     0x58e46fc8ac4f - <alloc[55a36b64bcbf2c0d]::boxed::Box<dyn core[6883ba1bc0fe4ed1]::ops::function::FnOnce<(), Output = ()> + core[6883ba1bc0fe4ed1]::marker::Send> as core[6883ba1bc0fe4ed1]::ops::function::FnOnce<()>>::call_once
[INFO] [stdout]                                at /rustc/6b3fa26749ab40e159b2dd5cf577acaaf5902772/library/alloc/src/boxed.rs:2319:9
[INFO] [stdout]   43:     0x58e46fc8ac4f - <std[73adb7dc35730857]::sys::thread::unix::Thread>::new::thread_start
[INFO] [stdout]                                at /rustc/6b3fa26749ab40e159b2dd5cf577acaaf5902772/library/std/src/sys/thread/unix.rs:123:17
[INFO] [stdout]   44:     0x73fa828f7aa4 - <unknown>
[INFO] [stdout]   45:     0x73fa82984a64 - clone
[INFO] [stdout]   46:                0x0 - <unknown>
[INFO] [stdout] 
[INFO] [stdout] ---- asm::b32::a6_8::test::test_move_core_to_scalar stdout ----
[INFO] [stdout] 
[INFO] [stdout] thread 'asm::b32::a6_8::test::test_move_core_to_scalar' (616) panicked at src/asm/b32/a6_8.rs:296:13:
[INFO] [stdout] assertion `left == right` failed
[INFO] [stdout]   left: VmoveF32(VmoveF32 { to_core: false, sn: S13, rt: R12 })
[INFO] [stdout]  right: VmoveHalfWord(VmoveHalfWord { to_core: false, sn: S13, rt: R12 })
[INFO] [stdout] stack backtrace:
[INFO] [stdout]    0:     0x58e46fc8b3c1 - std[73adb7dc35730857]::backtrace_rs::backtrace::libunwind::trace
[INFO] [stdout]                                at /rustc/6b3fa26749ab40e159b2dd5cf577acaaf5902772/library/std/src/../../backtrace/src/backtrace/libunwind.rs:117:9
[INFO] [stdout]    1:     0x58e46fc8b3c1 - std[73adb7dc35730857]::backtrace_rs::backtrace::trace_unsynchronized::<std[73adb7dc35730857]::sys::backtrace::_print_fmt::{closure#1}>
[INFO] [stdout]                                at /rustc/6b3fa26749ab40e159b2dd5cf577acaaf5902772/library/std/src/../../backtrace/src/backtrace/mod.rs:66:14
[INFO] [stdout]    2:     0x58e46fc8b3c1 - std[73adb7dc35730857]::sys::backtrace::_print_fmt
[INFO] [stdout]                                at /rustc/6b3fa26749ab40e159b2dd5cf577acaaf5902772/library/std/src/sys/backtrace.rs:74:9
[INFO] [stdout]    3:     0x58e46fc8b3c1 - <<std[73adb7dc35730857]::sys::backtrace::BacktraceLock>::print::DisplayBacktrace as core[6883ba1bc0fe4ed1]::fmt::Display>::fmt
[INFO] [stdout]                                at /rustc/6b3fa26749ab40e159b2dd5cf577acaaf5902772/library/std/src/sys/backtrace.rs:44:26
[INFO] [stdout]    4:     0x58e46fc9f63a - <core[6883ba1bc0fe4ed1]::fmt::rt::Argument>::fmt
[INFO] [stdout]                                at /rustc/6b3fa26749ab40e159b2dd5cf577acaaf5902772/library/core/src/fmt/rt.rs:152:76
[INFO] [stdout]    5:     0x58e46fc9f63a - core[6883ba1bc0fe4ed1]::fmt::write
[INFO] [stdout]    6:     0x58e46fc8f87c - std[73adb7dc35730857]::io::default_write_fmt::<alloc[55a36b64bcbf2c0d]::vec::Vec<u8>>
[INFO] [stdout]                                at /rustc/6b3fa26749ab40e159b2dd5cf577acaaf5902772/library/std/src/io/mod.rs:626:11
[INFO] [stdout]    7:     0x58e46fc8f87c - <alloc[55a36b64bcbf2c0d]::vec::Vec<u8> as std[73adb7dc35730857]::io::Write>::write_fmt
[INFO] [stdout]                                at /rustc/6b3fa26749ab40e159b2dd5cf577acaaf5902772/library/std/src/io/mod.rs:1730:13
[INFO] [stdout]    8:     0x58e46fc69b36 - <std[73adb7dc35730857]::sys::backtrace::BacktraceLock>::print
[INFO] [stdout]                                at /rustc/6b3fa26749ab40e159b2dd5cf577acaaf5902772/library/std/src/sys/backtrace.rs:47:9
[INFO] [stdout]    9:     0x58e46fc69b36 - std[73adb7dc35730857]::panicking::default_hook::{closure#0}
[INFO] [stdout]                                at /rustc/6b3fa26749ab40e159b2dd5cf577acaaf5902772/library/std/src/panicking.rs:292:27
[INFO] [stdout]   10:     0x58e46fc835e9 - std[73adb7dc35730857]::panicking::default_hook
[INFO] [stdout]                                at /rustc/6b3fa26749ab40e159b2dd5cf577acaaf5902772/library/std/src/panicking.rs:316:9
[INFO] [stdout]   11:     0x58e46fc1e650 - <alloc[55a36b64bcbf2c0d]::boxed::Box<dyn for<'a, 'b> core[6883ba1bc0fe4ed1]::ops::function::Fn<(&'a std[73adb7dc35730857]::panic::PanicHookInfo<'b>,), Output = ()> + core[6883ba1bc0fe4ed1]::marker::Send + core[6883ba1bc0fe4ed1]::marker::Sync> as core[6883ba1bc0fe4ed1]::ops::function::Fn<(&std[73adb7dc35730857]::panic::PanicHookInfo,)>>::call
[INFO] [stdout]                                at /rustc/6b3fa26749ab40e159b2dd5cf577acaaf5902772/library/alloc/src/boxed.rs:2333:9
[INFO] [stdout]   12:     0x58e46fc1e650 - test[980ffaebd391d06d]::test_main_inner::<test[980ffaebd391d06d]::test_main_static::{closure#0}>::{closure#0}
[INFO] [stdout]                                at /rustc/6b3fa26749ab40e159b2dd5cf577acaaf5902772/library/test/src/lib.rs:155:21
[INFO] [stdout]   13:     0x58e46fc837a2 - <alloc[55a36b64bcbf2c0d]::boxed::Box<dyn for<'a, 'b> core[6883ba1bc0fe4ed1]::ops::function::Fn<(&'a std[73adb7dc35730857]::panic::PanicHookInfo<'b>,), Output = ()> + core[6883ba1bc0fe4ed1]::marker::Send + core[6883ba1bc0fe4ed1]::marker::Sync> as core[6883ba1bc0fe4ed1]::ops::function::Fn<(&std[73adb7dc35730857]::panic::PanicHookInfo,)>>::call
[INFO] [stdout]                                at /rustc/6b3fa26749ab40e159b2dd5cf577acaaf5902772/library/alloc/src/boxed.rs:2333:9
[INFO] [stdout]   14:     0x58e46fc837a2 - std[73adb7dc35730857]::panicking::panic_with_hook
[INFO] [stdout]                                at /rustc/6b3fa26749ab40e159b2dd5cf577acaaf5902772/library/std/src/panicking.rs:823:13
[INFO] [stdout]   15:     0x58e46fc69be2 - std[73adb7dc35730857]::panicking::panic_handler::{closure#0}
[INFO] [stdout]                                at /rustc/6b3fa26749ab40e159b2dd5cf577acaaf5902772/library/std/src/panicking.rs:688:13
[INFO] [stdout]   16:     0x58e46fc61549 - std[73adb7dc35730857]::sys::backtrace::__rust_end_short_backtrace::<std[73adb7dc35730857]::panicking::panic_handler::{closure#0}, !>
[INFO] [stdout]                                at /rustc/6b3fa26749ab40e159b2dd5cf577acaaf5902772/library/std/src/sys/backtrace.rs:182:18
[INFO] [stdout]   17:     0x58e46fc6a7dd - __rustc[a7b7b02e776dd976]::rust_begin_unwind
[INFO] [stdout]                                at /rustc/6b3fa26749ab40e159b2dd5cf577acaaf5902772/library/std/src/panicking.rs:679:5
[INFO] [stdout]   18:     0x58e46fc9fdcc - core[6883ba1bc0fe4ed1]::panicking::panic_fmt
[INFO] [stdout]                                at /rustc/6b3fa26749ab40e159b2dd5cf577acaaf5902772/library/core/src/panicking.rs:80:14
[INFO] [stdout]   19:     0x58e46fc9fc83 - core[6883ba1bc0fe4ed1]::panicking::assert_failed_inner
[INFO] [stdout]                                at /rustc/6b3fa26749ab40e159b2dd5cf577acaaf5902772/library/core/src/panicking.rs:439:17
[INFO] [stdout]   20:     0x58e46fad9677 - core[6883ba1bc0fe4ed1]::panicking::assert_failed::<disarmv7[4346c0e6621eddbb]::operation::Operation, disarmv7[4346c0e6621eddbb]::operation::Operation>
[INFO] [stdout]                                at /rustc/6b3fa26749ab40e159b2dd5cf577acaaf5902772/library/core/src/panicking.rs:394:5
[INFO] [stdout]   21:     0x58e46faa7304 - disarmv7[4346c0e6621eddbb]::asm::b32::a6_8::test::test_move_core_to_scalar
[INFO] [stdout]                                at /opt/rustwide/workdir/src/asm/b32/a6_8.rs:254:13
[INFO] [stdout]   22:     0x58e46faa6527 - disarmv7[4346c0e6621eddbb]::asm::b32::a6_8::test::test_move_core_to_scalar::{closure#0}
[INFO] [stdout]                                at /opt/rustwide/workdir/src/asm/b32/a6_8.rs:285:34
[INFO] [stdout]   23:     0x58e46fa54eb6 - <disarmv7[4346c0e6621eddbb]::asm::b32::a6_8::test::test_move_core_to_scalar::{closure#0} as core[6883ba1bc0fe4ed1]::ops::function::FnOnce<()>>::call_once
[INFO] [stdout]                                at /rustc/6b3fa26749ab40e159b2dd5cf577acaaf5902772/library/core/src/ops/function.rs:250:5
[INFO] [stdout]   24:     0x58e46fc1198b - <fn() -> core[6883ba1bc0fe4ed1]::result::Result<(), alloc[55a36b64bcbf2c0d]::string::String> as core[6883ba1bc0fe4ed1]::ops::function::FnOnce<()>>::call_once
[INFO] [stdout]                                at /rustc/6b3fa26749ab40e159b2dd5cf577acaaf5902772/library/core/src/ops/function.rs:250:5
[INFO] [stdout]   25:     0x58e46fc1198b - test[980ffaebd391d06d]::__rust_begin_short_backtrace::<core[6883ba1bc0fe4ed1]::result::Result<(), alloc[55a36b64bcbf2c0d]::string::String>, fn() -> core[6883ba1bc0fe4ed1]::result::Result<(), alloc[55a36b64bcbf2c0d]::string::String>>
[INFO] [stdout]                                at /rustc/6b3fa26749ab40e159b2dd5cf577acaaf5902772/library/test/src/lib.rs:724:18
[INFO] [stdout]   26:     0x58e46fc1efd5 - test[980ffaebd391d06d]::run_test_in_process::{closure#0}
[INFO] [stdout]                                at /rustc/6b3fa26749ab40e159b2dd5cf577acaaf5902772/library/test/src/lib.rs:747:74
[INFO] [stdout]   27:     0x58e46fc1efd5 - <core[6883ba1bc0fe4ed1]::panic::unwind_safe::AssertUnwindSafe<test[980ffaebd391d06d]::run_test_in_process::{closure#0}> as core[6883ba1bc0fe4ed1]::ops::function::FnOnce<()>>::call_once
[INFO] [stdout]                                at /rustc/6b3fa26749ab40e159b2dd5cf577acaaf5902772/library/core/src/panic/unwind_safe.rs:275:9
[INFO] [stdout]   28:     0x58e46fc1efd5 - std[73adb7dc35730857]::panicking::catch_unwind::do_call::<core[6883ba1bc0fe4ed1]::panic::unwind_safe::AssertUnwindSafe<test[980ffaebd391d06d]::run_test_in_process::{closure#0}>, core[6883ba1bc0fe4ed1]::result::Result<(), alloc[55a36b64bcbf2c0d]::string::String>>
[INFO] [stdout]                                at /rustc/6b3fa26749ab40e159b2dd5cf577acaaf5902772/library/std/src/panicking.rs:576:43
[INFO] [stdout]   29:     0x58e46fc1efd5 - std[73adb7dc35730857]::panicking::catch_unwind::<core[6883ba1bc0fe4ed1]::result::Result<(), alloc[55a36b64bcbf2c0d]::string::String>, core[6883ba1bc0fe4ed1]::panic::unwind_safe::AssertUnwindSafe<test[980ffaebd391d06d]::run_test_in_process::{closure#0}>>
[INFO] [stdout]                                at /rustc/6b3fa26749ab40e159b2dd5cf577acaaf5902772/library/std/src/panicking.rs:544:19
[INFO] [stdout]   30:     0x58e46fc1efd5 - std[73adb7dc35730857]::panic::catch_unwind::<core[6883ba1bc0fe4ed1]::panic::unwind_safe::AssertUnwindSafe<test[980ffaebd391d06d]::run_test_in_process::{closure#0}>, core[6883ba1bc0fe4ed1]::result::Result<(), alloc[55a36b64bcbf2c0d]::string::String>>
[INFO] [stdout]                                at /rustc/6b3fa26749ab40e159b2dd5cf577acaaf5902772/library/std/src/panic.rs:359:14
[INFO] [stdout]   31:     0x58e46fc1efd5 - test[980ffaebd391d06d]::run_test_in_process
[INFO] [stdout]                                at /rustc/6b3fa26749ab40e159b2dd5cf577acaaf5902772/library/test/src/lib.rs:747:27
[INFO] [stdout]   32:     0x58e46fc1efd5 - test[980ffaebd391d06d]::run_test::{closure#0}
[INFO] [stdout]                                at /rustc/6b3fa26749ab40e159b2dd5cf577acaaf5902772/library/test/src/lib.rs:668:43
[INFO] [stdout]   33:     0x58e46fc19a84 - test[980ffaebd391d06d]::run_test::{closure#1}
[INFO] [stdout]                                at /rustc/6b3fa26749ab40e159b2dd5cf577acaaf5902772/library/test/src/lib.rs:698:41
[INFO] [stdout]   34:     0x58e46fc19a84 - std[73adb7dc35730857]::sys::backtrace::__rust_begin_short_backtrace::<test[980ffaebd391d06d]::run_test::{closure#1}, ()>
[INFO] [stdout]                                at /rustc/6b3fa26749ab40e159b2dd5cf577acaaf5902772/library/std/src/sys/backtrace.rs:166:18
[INFO] [stdout]   35:     0x58e46fc22122 - std[73adb7dc35730857]::thread::lifecycle::spawn_unchecked::<test[980ffaebd391d06d]::run_test::{closure#1}, ()>::{closure#1}::{closure#0}
[INFO] [stdout]                                at /rustc/6b3fa26749ab40e159b2dd5cf577acaaf5902772/library/std/src/thread/lifecycle.rs:70:13
[INFO] [stdout]   36:     0x58e46fc22122 - <core[6883ba1bc0fe4ed1]::panic::unwind_safe::AssertUnwindSafe<std[73adb7dc35730857]::thread::lifecycle::spawn_unchecked<test[980ffaebd391d06d]::run_test::{closure#1}, ()>::{closure#1}::{closure#0}> as core[6883ba1bc0fe4ed1]::ops::function::FnOnce<()>>::call_once
[INFO] [stdout]                                at /rustc/6b3fa26749ab40e159b2dd5cf577acaaf5902772/library/core/src/panic/unwind_safe.rs:275:9
[INFO] [stdout]   37:     0x58e46fc22122 - std[73adb7dc35730857]::panicking::catch_unwind::do_call::<core[6883ba1bc0fe4ed1]::panic::unwind_safe::AssertUnwindSafe<std[73adb7dc35730857]::thread::lifecycle::spawn_unchecked<test[980ffaebd391d06d]::run_test::{closure#1}, ()>::{closure#1}::{closure#0}>, ()>
[INFO] [stdout]                                at /rustc/6b3fa26749ab40e159b2dd5cf577acaaf5902772/library/std/src/panicking.rs:576:43
[INFO] [stdout]   38:     0x58e46fc22122 - std[73adb7dc35730857]::panicking::catch_unwind::<(), core[6883ba1bc0fe4ed1]::panic::unwind_safe::AssertUnwindSafe<std[73adb7dc35730857]::thread::lifecycle::spawn_unchecked<test[980ffaebd391d06d]::run_test::{closure#1}, ()>::{closure#1}::{closure#0}>>
[INFO] [stdout]                                at /rustc/6b3fa26749ab40e159b2dd5cf577acaaf5902772/library/std/src/panicking.rs:544:19
[INFO] [stdout]   39:     0x58e46fc22122 - std[73adb7dc35730857]::panic::catch_unwind::<core[6883ba1bc0fe4ed1]::panic::unwind_safe::AssertUnwindSafe<std[73adb7dc35730857]::thread::lifecycle::spawn_unchecked<test[980ffaebd391d06d]::run_test::{closure#1}, ()>::{closure#1}::{closure#0}>, ()>
[INFO] [stdout]                                at /rustc/6b3fa26749ab40e159b2dd5cf577acaaf5902772/library/std/src/panic.rs:359:14
[INFO] [stdout]   40:     0x58e46fc22122 - std[73adb7dc35730857]::thread::lifecycle::spawn_unchecked::<test[980ffaebd391d06d]::run_test::{closure#1}, ()>::{closure#1}
[INFO] [stdout]                                at /rustc/6b3fa26749ab40e159b2dd5cf577acaaf5902772/library/std/src/thread/lifecycle.rs:68:26
[INFO] [stdout]   41:     0x58e46fc22122 - <std[73adb7dc35730857]::thread::lifecycle::spawn_unchecked<test[980ffaebd391d06d]::run_test::{closure#1}, ()>::{closure#1} as core[6883ba1bc0fe4ed1]::ops::function::FnOnce<()>>::call_once::{shim:vtable#0}
[INFO] [stdout]                                at /rustc/6b3fa26749ab40e159b2dd5cf577acaaf5902772/library/core/src/ops/function.rs:250:5
[INFO] [stdout]   42:     0x58e46fc8ac4f - <alloc[55a36b64bcbf2c0d]::boxed::Box<dyn core[6883ba1bc0fe4ed1]::ops::function::FnOnce<(), Output = ()> + core[6883ba1bc0fe4ed1]::marker::Send> as core[6883ba1bc0fe4ed1]::ops::function::FnOnce<()>>::call_once
[INFO] [stdout]                                at /rustc/6b3fa26749ab40e159b2dd5cf577acaaf5902772/library/alloc/src/boxed.rs:2319:9
[INFO] [stdout]   43:     0x58e46fc8ac4f - <std[73adb7dc35730857]::sys::thread::unix::Thread>::new::thread_start
[INFO] [stdout]                                at /rustc/6b3fa26749ab40e159b2dd5cf577acaaf5902772/library/std/src/sys/thread/unix.rs:123:17
[INFO] [stdout]   44:     0x73fa828f7aa4 - <unknown>
[INFO] [stdout]   45:     0x73fa82984a64 - clone
[INFO] [stdout]   46:                0x0 - <unknown>
[INFO] [stdout] 
[INFO] [stdout] ---- asm::b32::a6_9::test::test_movexfer32 stdout ----
[INFO] [stdout] 
[INFO] [stdout] thread 'asm::b32::a6_9::test::test_movexfer32' (620) panicked at src/asm/b32/a6_9.rs:118:9:
[INFO] [stdout] assertion `left == right` failed
[INFO] [stdout]   left: VmoveDoubleF32(VmoveDoubleF32 { to_core: false, rt: R1, rt2: R12, sm: S2, sm1: S3 })
[INFO] [stdout]  right: VmoveDoubleF32(VmoveDoubleF32 { to_core: false, rt: R1, rt2: R12, sm: S3, sm1: S4 })
[INFO] [stdout] stack backtrace:
[INFO] [stdout]    0:     0x58e46fc8b3c1 - std[73adb7dc35730857]::backtrace_rs::backtrace::libunwind::trace
[INFO] [stdout]                                at /rustc/6b3fa26749ab40e159b2dd5cf577acaaf5902772/library/std/src/../../backtrace/src/backtrace/libunwind.rs:117:9
[INFO] [stdout]    1:     0x58e46fc8b3c1 - std[73adb7dc35730857]::backtrace_rs::backtrace::trace_unsynchronized::<std[73adb7dc35730857]::sys::backtrace::_print_fmt::{closure#1}>
[INFO] [stdout]                                at /rustc/6b3fa26749ab40e159b2dd5cf577acaaf5902772/library/std/src/../../backtrace/src/backtrace/mod.rs:66:14
[INFO] [stdout]    2:     0x58e46fc8b3c1 - std[73adb7dc35730857]::sys::backtrace::_print_fmt
[INFO] [stdout]                                at /rustc/6b3fa26749ab40e159b2dd5cf577acaaf5902772/library/std/src/sys/backtrace.rs:74:9
[INFO] [stdout]    3:     0x58e46fc8b3c1 - <<std[73adb7dc35730857]::sys::backtrace::BacktraceLock>::print::DisplayBacktrace as core[6883ba1bc0fe4ed1]::fmt::Display>::fmt
[INFO] [stdout]                                at /rustc/6b3fa26749ab40e159b2dd5cf577acaaf5902772/library/std/src/sys/backtrace.rs:44:26
[INFO] [stdout]    4:     0x58e46fc9f63a - <core[6883ba1bc0fe4ed1]::fmt::rt::Argument>::fmt
[INFO] [stdout]                                at /rustc/6b3fa26749ab40e159b2dd5cf577acaaf5902772/library/core/src/fmt/rt.rs:152:76
[INFO] [stdout]    5:     0x58e46fc9f63a - core[6883ba1bc0fe4ed1]::fmt::write
[INFO] [stdout]    6:     0x58e46fc8f87c - std[73adb7dc35730857]::io::default_write_fmt::<alloc[55a36b64bcbf2c0d]::vec::Vec<u8>>
[INFO] [stdout]                                at /rustc/6b3fa26749ab40e159b2dd5cf577acaaf5902772/library/std/src/io/mod.rs:626:11
[INFO] [stdout]    7:     0x58e46fc8f87c - <alloc[55a36b64bcbf2c0d]::vec::Vec<u8> as std[73adb7dc35730857]::io::Write>::write_fmt
[INFO] [stdout]                                at /rustc/6b3fa26749ab40e159b2dd5cf577acaaf5902772/library/std/src/io/mod.rs:1730:13
[INFO] [stdout]    8:     0x58e46fc69b36 - <std[73adb7dc35730857]::sys::backtrace::BacktraceLock>::print
[INFO] [stdout]                                at /rustc/6b3fa26749ab40e159b2dd5cf577acaaf5902772/library/std/src/sys/backtrace.rs:47:9
[INFO] [stdout]    9:     0x58e46fc69b36 - std[73adb7dc35730857]::panicking::default_hook::{closure#0}
[INFO] [stdout]                                at /rustc/6b3fa26749ab40e159b2dd5cf577acaaf5902772/library/std/src/panicking.rs:292:27
[INFO] [stdout]   10:     0x58e46fc835e9 - std[73adb7dc35730857]::panicking::default_hook
[INFO] [stdout]                                at /rustc/6b3fa26749ab40e159b2dd5cf577acaaf5902772/library/std/src/panicking.rs:316:9
[INFO] [stdout]   11:     0x58e46fc1e650 - <alloc[55a36b64bcbf2c0d]::boxed::Box<dyn for<'a, 'b> core[6883ba1bc0fe4ed1]::ops::function::Fn<(&'a std[73adb7dc35730857]::panic::PanicHookInfo<'b>,), Output = ()> + core[6883ba1bc0fe4ed1]::marker::Send + core[6883ba1bc0fe4ed1]::marker::Sync> as core[6883ba1bc0fe4ed1]::ops::function::Fn<(&std[73adb7dc35730857]::panic::PanicHookInfo,)>>::call
[INFO] [stdout]                                at /rustc/6b3fa26749ab40e159b2dd5cf577acaaf5902772/library/alloc/src/boxed.rs:2333:9
[INFO] [stdout]   12:     0x58e46fc1e650 - test[980ffaebd391d06d]::test_main_inner::<test[980ffaebd391d06d]::test_main_static::{closure#0}>::{closure#0}
[INFO] [stdout]                                at /rustc/6b3fa26749ab40e159b2dd5cf577acaaf5902772/library/test/src/lib.rs:155:21
[INFO] [stdout]   13:     0x58e46fc837a2 - <alloc[55a36b64bcbf2c0d]::boxed::Box<dyn for<'a, 'b> core[6883ba1bc0fe4ed1]::ops::function::Fn<(&'a std[73adb7dc35730857]::panic::PanicHookInfo<'b>,), Output = ()> + core[6883ba1bc0fe4ed1]::marker::Send + core[6883ba1bc0fe4ed1]::marker::Sync> as core[6883ba1bc0fe4ed1]::ops::function::Fn<(&std[73adb7dc35730857]::panic::PanicHookInfo,)>>::call
[INFO] [stdout]                                at /rustc/6b3fa26749ab40e159b2dd5cf577acaaf5902772/library/alloc/src/boxed.rs:2333:9
[INFO] [stdout]   14:     0x58e46fc837a2 - std[73adb7dc35730857]::panicking::panic_with_hook
[INFO] [stdout]                                at /rustc/6b3fa26749ab40e159b2dd5cf577acaaf5902772/library/std/src/panicking.rs:823:13
[INFO] [stdout]   15:     0x58e46fc69be2 - std[73adb7dc35730857]::panicking::panic_handler::{closure#0}
[INFO] [stdout]                                at /rustc/6b3fa26749ab40e159b2dd5cf577acaaf5902772/library/std/src/panicking.rs:688:13
[INFO] [stdout]   16:     0x58e46fc61549 - std[73adb7dc35730857]::sys::backtrace::__rust_end_short_backtrace::<std[73adb7dc35730857]::panicking::panic_handler::{closure#0}, !>
[INFO] [stdout]                                at /rustc/6b3fa26749ab40e159b2dd5cf577acaaf5902772/library/std/src/sys/backtrace.rs:182:18
[INFO] [stdout]   17:     0x58e46fc6a7dd - __rustc[a7b7b02e776dd976]::rust_begin_unwind
[INFO] [stdout]                                at /rustc/6b3fa26749ab40e159b2dd5cf577acaaf5902772/library/std/src/panicking.rs:679:5
[INFO] [stdout]   18:     0x58e46fc9fdcc - core[6883ba1bc0fe4ed1]::panicking::panic_fmt
[INFO] [stdout]                                at /rustc/6b3fa26749ab40e159b2dd5cf577acaaf5902772/library/core/src/panicking.rs:80:14
[INFO] [stdout]   19:     0x58e46fc9fc83 - core[6883ba1bc0fe4ed1]::panicking::assert_failed_inner
[INFO] [stdout]                                at /rustc/6b3fa26749ab40e159b2dd5cf577acaaf5902772/library/core/src/panicking.rs:439:17
[INFO] [stdout]   20:     0x58e46fad9677 - core[6883ba1bc0fe4ed1]::panicking::assert_failed::<disarmv7[4346c0e6621eddbb]::operation::Operation, disarmv7[4346c0e6621eddbb]::operation::Operation>
[INFO] [stdout]                                at /rustc/6b3fa26749ab40e159b2dd5cf577acaaf5902772/library/core/src/panicking.rs:394:5
[INFO] [stdout]   21:     0x58e46fb41ee4 - disarmv7[4346c0e6621eddbb]::asm::b32::a6_9::test::test_movexfer32
[INFO] [stdout]                                at /opt/rustwide/workdir/src/asm/b32/a6_9.rs:111:13
[INFO] [stdout]   22:     0x58e46fb41427 - disarmv7[4346c0e6621eddbb]::asm::b32::a6_9::test::test_movexfer32::{closure#0}
[INFO] [stdout]                                at /opt/rustwide/workdir/src/asm/b32/a6_9.rs:116:25
[INFO] [stdout]   23:     0x58e46fa54fb6 - <disarmv7[4346c0e6621eddbb]::asm::b32::a6_9::test::test_movexfer32::{closure#0} as core[6883ba1bc0fe4ed1]::ops::function::FnOnce<()>>::call_once
[INFO] [stdout]                                at /rustc/6b3fa26749ab40e159b2dd5cf577acaaf5902772/library/core/src/ops/function.rs:250:5
[INFO] [stdout]   24:     0x58e46fc1198b - <fn() -> core[6883ba1bc0fe4ed1]::result::Result<(), alloc[55a36b64bcbf2c0d]::string::String> as core[6883ba1bc0fe4ed1]::ops::function::FnOnce<()>>::call_once
[INFO] [stdout]                                at /rustc/6b3fa26749ab40e159b2dd5cf577acaaf5902772/library/core/src/ops/function.rs:250:5
[INFO] [stdout]   25:     0x58e46fc1198b - test[980ffaebd391d06d]::__rust_begin_short_backtrace::<core[6883ba1bc0fe4ed1]::result::Result<(), alloc[55a36b64bcbf2c0d]::string::String>, fn() -> core[6883ba1bc0fe4ed1]::result::Result<(), alloc[55a36b64bcbf2c0d]::string::String>>
[INFO] [stdout]                                at /rustc/6b3fa26749ab40e159b2dd5cf577acaaf5902772/library/test/src/lib.rs:724:18
[INFO] [stdout]   26:     0x58e46fc1efd5 - test[980ffaebd391d06d]::run_test_in_process::{closure#0}
[INFO] [stdout]                                at /rustc/6b3fa26749ab40e159b2dd5cf577acaaf5902772/library/test/src/lib.rs:747:74
[INFO] [stdout]   27:     0x58e46fc1efd5 - <core[6883ba1bc0fe4ed1]::panic::unwind_safe::AssertUnwindSafe<test[980ffaebd391d06d]::run_test_in_process::{closure#0}> as core[6883ba1bc0fe4ed1]::ops::function::FnOnce<()>>::call_once
[INFO] [stdout]                                at /rustc/6b3fa26749ab40e159b2dd5cf577acaaf5902772/library/core/src/panic/unwind_safe.rs:275:9
[INFO] [stdout]   28:     0x58e46fc1efd5 - std[73adb7dc35730857]::panicking::catch_unwind::do_call::<core[6883ba1bc0fe4ed1]::panic::unwind_safe::AssertUnwindSafe<test[980ffaebd391d06d]::run_test_in_process::{closure#0}>, core[6883ba1bc0fe4ed1]::result::Result<(), alloc[55a36b64bcbf2c0d]::string::String>>
[INFO] [stdout]                                at /rustc/6b3fa26749ab40e159b2dd5cf577acaaf5902772/library/std/src/panicking.rs:576:43
[INFO] [stdout]   29:     0x58e46fc1efd5 - std[73adb7dc35730857]::panicking::catch_unwind::<core[6883ba1bc0fe4ed1]::result::Result<(), alloc[55a36b64bcbf2c0d]::string::String>, core[6883ba1bc0fe4ed1]::panic::unwind_safe::AssertUnwindSafe<test[980ffaebd391d06d]::run_test_in_process::{closure#0}>>
[INFO] [stdout]                                at /rustc/6b3fa26749ab40e159b2dd5cf577acaaf5902772/library/std/src/panicking.rs:544:19
[INFO] [stdout]   30:     0x58e46fc1efd5 - std[73adb7dc35730857]::panic::catch_unwind::<core[6883ba1bc0fe4ed1]::panic::unwind_safe::AssertUnwindSafe<test[980ffaebd391d06d]::run_test_in_process::{closure#0}>, core[6883ba1bc0fe4ed1]::result::Result<(), alloc[55a36b64bcbf2c0d]::string::String>>
[INFO] [stdout]                                at /rustc/6b3fa26749ab40e159b2dd5cf577acaaf5902772/library/std/src/panic.rs:359:14
[INFO] [stdout]   31:     0x58e46fc1efd5 - test[980ffaebd391d06d]::run_test_in_process
[INFO] [stdout]                                at /rustc/6b3fa26749ab40e159b2dd5cf577acaaf5902772/library/test/src/lib.rs:747:27
[INFO] [stdout]   32:     0x58e46fc1efd5 - test[980ffaebd391d06d]::run_test::{closure#0}
[INFO] [stdout]                                at /rustc/6b3fa26749ab40e159b2dd5cf577acaaf5902772/library/test/src/lib.rs:668:43
[INFO] [stdout]   33:     0x58e46fc19a84 - test[980ffaebd391d06d]::run_test::{closure#1}
[INFO] [stdout]                                at /rustc/6b3fa26749ab40e159b2dd5cf577acaaf5902772/library/test/src/lib.rs:698:41
[INFO] [stdout]   34:     0x58e46fc19a84 - std[73adb7dc35730857]::sys::backtrace::__rust_begin_short_backtrace::<test[980ffaebd391d06d]::run_test::{closure#1}, ()>
[INFO] [stdout]                                at /rustc/6b3fa26749ab40e159b2dd5cf577acaaf5902772/library/std/src/sys/backtrace.rs:166:18
[INFO] [stdout]   35:     0x58e46fc22122 - std[73adb7dc35730857]::thread::lifecycle::spawn_unchecked::<test[980ffaebd391d06d]::run_test::{closure#1}, ()>::{closure#1}::{closure#0}
[INFO] [stdout]                                at /rustc/6b3fa26749ab40e159b2dd5cf577acaaf5902772/library/std/src/thread/lifecycle.rs:70:13
[INFO] [stdout]   36:     0x58e46fc22122 - <core[6883ba1bc0fe4ed1]::panic::unwind_safe::AssertUnwindSafe<std[73adb7dc35730857]::thread::lifecycle::spawn_unchecked<test[980ffaebd391d06d]::run_test::{closure#1}, ()>::{closure#1}::{closure#0}> as core[6883ba1bc0fe4ed1]::ops::function::FnOnce<()>>::call_once
[INFO] [stdout]                                at /rustc/6b3fa26749ab40e159b2dd5cf577acaaf5902772/library/core/src/panic/unwind_safe.rs:275:9
[INFO] [stdout]   37:     0x58e46fc22122 - std[73adb7dc35730857]::panicking::catch_unwind::do_call::<core[6883ba1bc0fe4ed1]::panic::unwind_safe::AssertUnwindSafe<std[73adb7dc35730857]::thread::lifecycle::spawn_unchecked<test[980ffaebd391d06d]::run_test::{closure#1}, ()>::{closure#1}::{closure#0}>, ()>
[INFO] [stdout]                                at /rustc/6b3fa26749ab40e159b2dd5cf577acaaf5902772/library/std/src/panicking.rs:576:43
[INFO] [stdout]   38:     0x58e46fc22122 - std[73adb7dc35730857]::panicking::catch_unwind::<(), core[6883ba1bc0fe4ed1]::panic::unwind_safe::AssertUnwindSafe<std[73adb7dc35730857]::thread::lifecycle::spawn_unchecked<test[980ffaebd391d06d]::run_test::{closure#1}, ()>::{closure#1}::{closure#0}>>
[INFO] [stdout]                                at /rustc/6b3fa26749ab40e159b2dd5cf577acaaf5902772/library/std/src/panicking.rs:544:19
[INFO] [stdout]   39:     0x58e46fc22122 - std[73adb7dc35730857]::panic::catch_unwind::<core[6883ba1bc0fe4ed1]::panic::unwind_safe::AssertUnwindSafe<std[73adb7dc35730857]::thread::lifecycle::spawn_unchecked<test[980ffaebd391d06d]::run_test::{closure#1}, ()>::{closure#1}::{closure#0}>, ()>
[INFO] [stdout]                                at /rustc/6b3fa26749ab40e159b2dd5cf577acaaf5902772/library/std/src/panic.rs:359:14
[INFO] [stdout]   40:     0x58e46fc22122 - std[73adb7dc35730857]::thread::lifecycle::spawn_unchecked::<test[980ffaebd391d06d]::run_test::{closure#1}, ()>::{closure#1}
[INFO] [stdout]                                at /rustc/6b3fa26749ab40e159b2dd5cf577acaaf5902772/library/std/src/thread/lifecycle.rs:68:26
[INFO] [stdout]   41:     0x58e46fc22122 - <std[73adb7dc35730857]::thread::lifecycle::spawn_unchecked<test[980ffaebd391d06d]::run_test::{closure#1}, ()>::{closure#1} as core[6883ba1bc0fe4ed1]::ops::function::FnOnce<()>>::call_once::{shim:vtable#0}
[INFO] [stdout]                                at /rustc/6b3fa26749ab40e159b2dd5cf577acaaf5902772/library/core/src/ops/function.rs:250:5
[INFO] [stdout]   42:     0x58e46fc8ac4f - <alloc[55a36b64bcbf2c0d]::boxed::Box<dyn core[6883ba1bc0fe4ed1]::ops::function::FnOnce<(), Output = ()> + core[6883ba1bc0fe4ed1]::marker::Send> as core[6883ba1bc0fe4ed1]::ops::function::FnOnce<()>>::call_once
[INFO] [stdout]                                at /rustc/6b3fa26749ab40e159b2dd5cf577acaaf5902772/library/alloc/src/boxed.rs:2319:9
[INFO] [stdout]   43:     0x58e46fc8ac4f - <std[73adb7dc35730857]::sys::thread::unix::Thread>::new::thread_start
[INFO] [stdout]                                at /rustc/6b3fa26749ab40e159b2dd5cf577acaaf5902772/library/std/src/sys/thread/unix.rs:123:17
[INFO] [stdout]   44:     0x73fa828f7aa4 - <unknown>
[INFO] [stdout]   45:     0x73fa82984a64 - clone
[INFO] [stdout]   46:                0x0 - <unknown>
[INFO] [stdout] 
[INFO] [stdout] 
[INFO] [stdout] failures:
[INFO] [stdout]     asm::b16::arbitrary_test::test_1101_1010_0011_1001
[INFO] [stdout]     asm::b32::a6_7::test::test_vpop_t1
[INFO] [stdout]     asm::b32::a6_7::test::test_vpop_t2
[INFO] [stdout]     asm::b32::a6_7::test::test_vpush_t1
[INFO] [stdout]     asm::b32::a6_7::test::test_vpush_t2
[INFO] [stdout]     asm::b32::a6_8::test::test_move_core_from_scalar
[INFO] [stdout]     asm::b32::a6_8::test::test_move_core_to_scalar
[INFO] [stdout]     asm::b32::a6_9::test::test_movexfer32
[INFO] [stdout] 
[INFO] [stdout] test result: FAILED. 362 passed; 8 failed; 2 ignored; 0 measured; 0 filtered out; finished in 0.05s
[INFO] [stdout] 
[INFO] running `Command { std: "docker" "inspect" "4dc5774af0af232742cb084914c92b628bede6db1f341e01b1f7a50d5d1ba765", kill_on_drop: false }`
[INFO] running `Command { std: "docker" "rm" "-f" "4dc5774af0af232742cb084914c92b628bede6db1f341e01b1f7a50d5d1ba765", kill_on_drop: false }`
[INFO] [stdout] 4dc5774af0af232742cb084914c92b628bede6db1f341e01b1f7a50d5d1ba765
