[INFO] cloning repository https://github.com/crustyrustacean/url-shortener-v1
[INFO] running `Command { std: "git" "-c" "credential.helper=" "-c" "credential.helper=/workspace/cargo-home/bin/git-credential-null" "clone" "--bare" "https://github.com/crustyrustacean/url-shortener-v1" "/workspace/cache/git-repos/https%3A%2F%2Fgithub.com%2Fcrustyrustacean%2Furl-shortener-v1", kill_on_drop: false }`
[INFO] [stderr] Cloning into bare repository '/workspace/cache/git-repos/https%3A%2F%2Fgithub.com%2Fcrustyrustacean%2Furl-shortener-v1'...
[INFO] running `Command { std: "git" "rev-parse" "HEAD", kill_on_drop: false }`
[INFO] [stdout] 87089a1e82d8720e4da7fc29ec32df6ea6f85c16
[INFO] testing crustyrustacean/url-shortener-v1 against 1.98.0-beta.1 for beta-1.98-2
[INFO] running `Command { std: "git" "clone" "/workspace/cache/git-repos/https%3A%2F%2Fgithub.com%2Fcrustyrustacean%2Furl-shortener-v1" "/workspace/builds/worker-4-tc2/source", kill_on_drop: false }`
[INFO] [stderr] Cloning into '/workspace/builds/worker-4-tc2/source'...
[INFO] [stderr] done.
[INFO] started tweaking git repo https://github.com/crustyrustacean/url-shortener-v1
[INFO] finished tweaking git repo https://github.com/crustyrustacean/url-shortener-v1
[INFO] tweaked toml for git repo https://github.com/crustyrustacean/url-shortener-v1 written to /workspace/builds/worker-4-tc2/source/Cargo.toml
[INFO] validating manifest of git repo https://github.com/crustyrustacean/url-shortener-v1 on toolchain 1.98.0-beta.1
[INFO] running `Command { std: CARGO_HOME="/workspace/cargo-home" RUSTUP_HOME="/workspace/rustup-home" "/workspace/cargo-home/bin/cargo" "+1.98.0-beta.1" "metadata" "--manifest-path" "Cargo.toml" "--no-deps", kill_on_drop: false }`
[INFO] crate git repo https://github.com/crustyrustacean/url-shortener-v1 already has a lockfile, it will not be regenerated
[INFO] running `Command { std: CARGO_HOME="/workspace/cargo-home" RUSTUP_HOME="/workspace/rustup-home" "/workspace/cargo-home/bin/cargo" "+1.98.0-beta.1" "fetch" "--manifest-path" "Cargo.toml", kill_on_drop: false }`
[INFO] running `Command { std: "docker" "create" "-v" "/var/lib/crater-agent-workspace/builds/worker-4-tc2/source:/opt/rustwide/workdir:ro,Z" "-v" "/var/lib/crater-agent-workspace/builds/worker-4-tc2/target:/opt/rustwide/target:rw,Z" "-v" "/var/lib/crater-agent-workspace/cargo-home:/opt/rustwide/cargo-home:ro,Z" "-v" "/var/lib/crater-agent-workspace/rustup-home:/opt/rustwide/rustup-home:ro,Z" "-m" "1610612736" "--network" "none" "ghcr.io/rust-lang/crates-build-env/linux@sha256:3d5ced03c013a94a2f102a4510f48a6e9184255caf5fd8244f58017bde7f5210" "sleep" "infinity", kill_on_drop: false }`
[INFO] [stdout] 13942ff0dede965d4d3c40270e2f5591f5686f85a95a86d86f0477c436cd1110
[INFO] running `Command { std: "docker" "start" "13942ff0dede965d4d3c40270e2f5591f5686f85a95a86d86f0477c436cd1110", kill_on_drop: false }`
[INFO] running `Command { std: "docker" "inspect" "13942ff0dede965d4d3c40270e2f5591f5686f85a95a86d86f0477c436cd1110", kill_on_drop: false }`
[INFO] running `Command { std: "docker" "exec" "-e" "SOURCE_DIR=/opt/rustwide/workdir" "-e" "CARGO_HOME=/opt/rustwide/cargo-home" "-e" "RUSTUP_HOME=/opt/rustwide/rustup-home" "-e" "CARGO_TARGET_DIR=/opt/rustwide/target" "-w" "/opt/rustwide/workdir" "--user" "0:0" "13942ff0dede965d4d3c40270e2f5591f5686f85a95a86d86f0477c436cd1110" "/opt/rustwide/cargo-home/bin/cargo" "+1.98.0-beta.1" "metadata" "--no-deps" "--format-version=1", kill_on_drop: false }`
[INFO] running `Command { std: "docker" "inspect" "13942ff0dede965d4d3c40270e2f5591f5686f85a95a86d86f0477c436cd1110", kill_on_drop: false }`
[INFO] running `Command { std: "docker" "exec" "-e" "SOURCE_DIR=/opt/rustwide/workdir" "-e" "CARGO_HOME=/opt/rustwide/cargo-home" "-e" "RUSTUP_HOME=/opt/rustwide/rustup-home" "-e" "CARGO_TARGET_DIR=/opt/rustwide/target" "-e" "CARGO_INCREMENTAL=0" "-e" "RUST_BACKTRACE=full" "-e" "RUSTFLAGS=--cap-lints=warn" "-e" "RUSTDOCFLAGS=--cap-lints=warn" "-w" "/opt/rustwide/workdir" "--user" "0:0" "13942ff0dede965d4d3c40270e2f5591f5686f85a95a86d86f0477c436cd1110" "/opt/rustwide/cargo-home/bin/cargo" "+1.98.0-beta.1" "build" "--frozen" "--message-format=json", kill_on_drop: false }`
[INFO] [stderr]    Compiling serde v1.0.223
[INFO] [stderr]    Compiling libc v0.2.175
[INFO] [stderr]    Compiling serde_core v1.0.223
[INFO] [stderr]    Compiling serde_json v1.0.145
[INFO] [stderr]    Compiling find-msvc-tools v0.1.1
[INFO] [stderr]    Compiling tracing-core v0.1.34
[INFO] [stderr]    Compiling serde_derive v1.0.223
[INFO] [stderr]    Compiling tracing-attributes v0.1.30
[INFO] [stderr]    Compiling tokio-macros v2.5.0
[INFO] [stderr]    Compiling hashbrown v0.15.5
[INFO] [stderr]    Compiling num-traits v0.2.19
[INFO] [stderr]    Compiling rustls v0.23.31
[INFO] [stderr]    Compiling ppv-lite86 v0.2.21
[INFO] [stderr]    Compiling futures-util v0.3.31
[INFO] [stderr]    Compiling thiserror v2.0.16
[INFO] [stderr]    Compiling cc v1.2.37
[INFO] [stderr]    Compiling thiserror-impl v2.0.16
[INFO] [stderr]    Compiling crossbeam-utils v0.8.21
[INFO] [stderr]    Compiling webpki-roots v0.26.11
[INFO] [stderr]    Compiling typeshare-annotation v1.0.4
[INFO] [stderr]    Compiling strum_macros v0.27.2
[INFO] [stderr]    Compiling crc v3.3.0
[INFO] [stderr]    Compiling anyhow v1.0.99
[INFO] [stderr]    Compiling sha1 v0.10.6
[INFO] [stderr]    Compiling hmac v0.12.1
[INFO] [stderr]    Compiling log v0.4.28
[INFO] [stderr]    Compiling socket2 v0.6.0
[INFO] [stderr]    Compiling mio v1.0.4
[INFO] [stderr]    Compiling getrandom v0.2.16
[INFO] [stderr]    Compiling signal-hook-registry v1.4.6
[INFO] [stderr]    Compiling indexmap v2.11.1
[INFO] [stderr]    Compiling getrandom v0.3.3
[INFO] [stderr]    Compiling rand_core v0.6.4
[INFO] [stderr]    Compiling tracing v0.1.41
[INFO] [stderr]    Compiling concurrent-queue v2.5.0
[INFO] [stderr]    Compiling ring v0.17.14
[INFO] [stderr]    Compiling rand_chacha v0.3.1
[INFO] [stderr]    Compiling hashlink v0.10.0
[INFO] [stderr]    Compiling crossbeam-queue v0.3.12
[INFO] [stderr]    Compiling rand_core v0.9.3
[INFO] [stderr]    Compiling event-listener v5.4.1
[INFO] [stderr]    Compiling tokio v1.47.1
[INFO] [stderr]    Compiling atoi v2.0.0
[INFO] [stderr]    Compiling uuid v1.18.1
[INFO] [stderr]    Compiling stringprep v0.1.5
[INFO] [stderr]    Compiling rand_chacha v0.9.0
[INFO] [stderr]    Compiling hkdf v0.12.4
[INFO] [stderr]    Compiling sha2 v0.10.9
[INFO] [stderr]    Compiling md-5 v0.10.6
[INFO] [stderr]    Compiling home v0.5.11
[INFO] [stderr]    Compiling whoami v1.6.1
[INFO] [stderr]    Compiling base64 v0.22.1
[INFO] [stderr]    Compiling rand v0.9.2
[INFO] [stderr]    Compiling rand v0.8.5
[INFO] [stderr]    Compiling futures-channel v0.3.31
[INFO] [stderr]    Compiling headers-core v0.3.0
[INFO] [stderr]    Compiling regex-automata v0.4.10
[INFO] [stderr]    Compiling headers v0.4.1
[INFO] [stderr]    Compiling proc-macro-error-attr2 v2.0.0
[INFO] [stderr]    Compiling strfmt v0.2.5
[INFO] [stderr]    Compiling proc-macro-error2 v2.0.1
[INFO] [stderr]    Compiling axum-core v0.5.2
[INFO] [stderr]    Compiling deranged v0.5.3
[INFO] [stderr]    Compiling tracing-log v0.2.0
[INFO] [stderr]    Compiling thread_local v1.1.9
[INFO] [stderr]    Compiling nu-ansi-term v0.50.1
[INFO] [stderr]    Compiling strum v0.27.2
[INFO] [stderr]    Compiling ahash v0.8.12
[INFO] [stderr]    Compiling gethostname v0.2.3
[INFO] [stderr]    Compiling tracing-log v0.1.4
[INFO] [stderr]    Compiling axum-macros v0.5.0
[INFO] [stderr]    Compiling nanoid v0.4.0
[INFO] [stderr]    Compiling semver v1.0.27
[INFO] [stderr]    Compiling serde_path_to_error v0.1.19
[INFO] [stderr]    Compiling time v0.3.43
[INFO] [stderr]    Compiling smallvec v1.15.1
[INFO] [stderr]    Compiling serde_urlencoded v0.7.1
[INFO] [stderr]    Compiling chrono v0.4.42
[INFO] [stderr]    Compiling either v1.15.0
[INFO] [stderr]    Compiling parking_lot_core v0.9.11
[INFO] [stderr]    Compiling icu_normalizer v2.0.0
[INFO] [stderr]    Compiling parking_lot v0.12.4
[INFO] [stderr]    Compiling idna_adapter v1.2.1
[INFO] [stderr]    Compiling futures-intrusive v0.5.0
[INFO] [stderr]    Compiling idna v1.1.0
[INFO] [stderr]    Compiling url v2.5.7
[INFO] [stderr]    Compiling tokio-stream v0.1.17
[INFO] [stderr]    Compiling rustls-webpki v0.103.5
[INFO] [stderr]    Compiling typeshare v1.0.4
[INFO] [stderr]    Compiling shuttle-common v0.57.0
[INFO] [stderr]    Compiling matchers v0.2.0
[INFO] [stderr]    Compiling regex v1.11.2
[INFO] [stderr]    Compiling tracing-subscriber v0.3.20
[INFO] [stderr]    Compiling tracing-bunyan-formatter v0.3.10
[INFO] [stderr]    Compiling shuttle-ifc v0.57.0
[INFO] [stderr]    Compiling shuttle-codegen v0.57.0
[INFO] [stderr]    Compiling shuttle-service v0.57.0
[INFO] [stderr]    Compiling sqlx-core v0.8.6
[INFO] [stderr]    Compiling tungstenite v0.27.0
[INFO] [stderr]    Compiling tokio-util v0.7.16
[INFO] [stderr]    Compiling tower v0.5.2
[INFO] [stderr]    Compiling tokio-rustls v0.26.2
[INFO] [stderr]    Compiling h2 v0.4.12
[INFO] [stderr]    Compiling tokio-tungstenite v0.27.0
[INFO] [stderr]    Compiling tower-http v0.6.6
[INFO] [stderr]    Compiling sqlx-postgres v0.8.6
[INFO] [stderr]    Compiling hyper v1.7.0
[INFO] [stderr]    Compiling hyper-util v0.1.16
[INFO] [stderr]    Compiling sqlx-macros-core v0.8.6
[INFO] [stderr]    Compiling hyper-rustls v0.27.7
[INFO] [stderr]    Compiling axum v0.8.4
[INFO] [stderr]    Compiling reqwest v0.12.23
[INFO] [stderr]    Compiling sqlx-macros v0.8.6
[INFO] [stderr]    Compiling sqlx v0.8.6
[INFO] [stderr]    Compiling reqwest-middleware v0.4.2
[INFO] [stderr]    Compiling shuttle-shared-db v0.57.0
[INFO] [stderr]    Compiling shuttle-api-client v0.57.0
[INFO] [stderr]    Compiling shuttle-runtime v0.57.0
[INFO] [stderr]    Compiling shuttle-axum v0.57.0
[INFO] [stderr]    Compiling axum-extra v0.10.1
[INFO] [stderr]    Compiling url-shortener-v1 v0.6.1 (/opt/rustwide/workdir)
[INFO] [stderr]     Finished `dev` profile [unoptimized + debuginfo] target(s) in 1m 50s
[INFO] [stderr] warning: the following packages contain code that will be rejected by a future version of Rust: proc-macro-error2 v2.0.1
[INFO] [stderr] note: to see what the problems were, use the option `--future-incompat-report`, or run `cargo report future-incompatibilities --id 2`
[INFO] running `Command { std: "docker" "inspect" "13942ff0dede965d4d3c40270e2f5591f5686f85a95a86d86f0477c436cd1110", kill_on_drop: false }`
[INFO] running `Command { std: "docker" "exec" "-e" "SOURCE_DIR=/opt/rustwide/workdir" "-e" "CARGO_HOME=/opt/rustwide/cargo-home" "-e" "RUSTUP_HOME=/opt/rustwide/rustup-home" "-e" "CARGO_TARGET_DIR=/opt/rustwide/target" "-e" "CARGO_INCREMENTAL=0" "-e" "RUST_BACKTRACE=full" "-e" "RUSTFLAGS=--cap-lints=warn" "-e" "RUSTDOCFLAGS=--cap-lints=warn" "-w" "/opt/rustwide/workdir" "--user" "0:0" "13942ff0dede965d4d3c40270e2f5591f5686f85a95a86d86f0477c436cd1110" "/opt/rustwide/cargo-home/bin/cargo" "+1.98.0-beta.1" "test" "--frozen" "--no-run" "--message-format=json", kill_on_drop: false }`
[INFO] [stderr]    Compiling futures-util v0.3.31
[INFO] [stderr]    Compiling rustls v0.23.31
[INFO] [stderr]    Compiling bitflags v2.9.4
[INFO] [stderr]    Compiling either v1.15.0
[INFO] [stderr]    Compiling num-traits v0.2.19
[INFO] [stderr]    Compiling openssl-sys v0.9.109
[INFO] [stderr]    Compiling tokio-stream v0.1.17
[INFO] [stderr]    Compiling chrono v0.4.42
[INFO] [stderr]    Compiling darling_core v0.20.11
[INFO] [stderr]    Compiling pin-project-internal v1.1.10
[INFO] [stderr]    Compiling socket2 v0.5.10
[INFO] [stderr]    Compiling rustix v1.1.2
[INFO] [stderr]    Compiling bollard-buildkit-proto v0.6.1
[INFO] [stderr]    Compiling regex-automata v0.4.10
[INFO] [stderr]    Compiling itertools v0.14.0
[INFO] [stderr]    Compiling atoi v2.0.0
[INFO] [stderr]    Compiling structmeta-derive v0.3.0
[INFO] [stderr]    Compiling openssl v0.10.73
[INFO] [stderr]    Compiling native-tls v0.2.14
[INFO] [stderr]    Compiling async-stream-impl v0.3.6
[INFO] [stderr]    Compiling serde_repr v0.1.20
[INFO] [stderr]    Compiling num v0.4.3
[INFO] [stderr]    Compiling rustls-native-certs v0.8.1
[INFO] [stderr]    Compiling async-stream v0.3.6
[INFO] [stderr]    Compiling rustls-pemfile v2.2.0
[INFO] [stderr]    Compiling filetime v0.2.26
[INFO] [stderr]    Compiling docker_credential v1.3.2
[INFO] [stderr]    Compiling ulid v1.2.1
[INFO] [stderr]    Compiling pin-project v1.1.10
[INFO] [stderr]    Compiling etcetera v0.10.0
[INFO] [stderr]    Compiling winnow v0.7.13
[INFO] [stderr]    Compiling toml_datetime v0.7.0
[INFO] [stderr]    Compiling structmeta v0.3.0
[INFO] [stderr]    Compiling typeshare v1.0.4
[INFO] [stderr]    Compiling serde_spanned v1.0.0
[INFO] [stderr]    Compiling shuttle-common v0.57.0
[INFO] [stderr]    Compiling toml_writer v1.0.2
[INFO] [stderr]    Compiling prost-derive v0.13.5
[INFO] [stderr]    Compiling darling_macro v0.20.11
[INFO] [stderr]    Compiling darling v0.20.11
[INFO] [stderr]    Compiling serde_with_macros v3.14.0
[INFO] [stderr]    Compiling xattr v1.5.1
[INFO] [stderr]    Compiling tokio-tar v0.3.1
[INFO] [stderr]    Compiling regex v1.11.2
[INFO] [stderr]    Compiling prost v0.13.5
[INFO] [stderr]    Compiling serde_with v3.14.0
[INFO] [stderr]    Compiling prost-types v0.13.5
[INFO] [stderr]    Compiling toml_parser v1.0.2
[INFO] [stderr]    Compiling parse-display-derive v0.9.1
[INFO] [stderr]    Compiling hyper-util v0.1.16
[INFO] [stderr]    Compiling tower v0.5.2
[INFO] [stderr]    Compiling futures-executor v0.3.31
[INFO] [stderr]    Compiling futures v0.3.31
[INFO] [stderr]    Compiling toml v0.9.5
[INFO] [stderr]    Compiling shuttle-service v0.57.0
[INFO] [stderr]    Compiling tokio-rustls v0.26.2
[INFO] [stderr]    Compiling tungstenite v0.27.0
[INFO] [stderr]    Compiling ureq v2.12.1
[INFO] [stderr]    Compiling sqlx-core v0.8.6
[INFO] [stderr]    Compiling shuttle-ifc v0.57.0
[INFO] [stderr]    Compiling tower-http v0.6.6
[INFO] [stderr]    Compiling shuttle-codegen v0.57.0
[INFO] [stderr]    Compiling parse-display v0.9.1
[INFO] [stderr]    Compiling tokio-tungstenite v0.27.0
[INFO] [stderr]    Compiling hyper-rustls v0.27.7
[INFO] [stderr]    Compiling axum v0.8.4
[INFO] [stderr]    Compiling hyper-timeout v0.5.2
[INFO] [stderr]    Compiling hyperlocal v0.9.1
[INFO] [stderr]    Compiling tokio-native-tls v0.3.1
[INFO] [stderr]    Compiling hyper-tls v0.6.0
[INFO] [stderr]    Compiling reqwest v0.12.23
[INFO] [stderr]    Compiling sqlx-postgres v0.8.6
[INFO] [stderr]    Compiling reqwest-middleware v0.4.2
[INFO] [stderr]    Compiling shuttle-api-client v0.57.0
[INFO] [stderr]    Compiling shuttle-runtime v0.57.0
[INFO] [stderr]    Compiling tonic v0.13.1
[INFO] [stderr]    Compiling shuttle-axum v0.57.0
[INFO] [stderr]    Compiling axum-extra v0.10.1
[INFO] [stderr]    Compiling sqlx-macros-core v0.8.6
[INFO] [stderr]    Compiling sqlx-macros v0.8.6
[INFO] [stderr]    Compiling sqlx v0.8.6
[INFO] [stderr]    Compiling shuttle-shared-db v0.57.0
[INFO] [stderr]    Compiling url-shortener-v1 v0.6.1 (/opt/rustwide/workdir)
[INFO] [stderr]    Compiling bollard-stubs v1.48.3-rc.28.0.4
[INFO] [stderr]    Compiling bollard v0.19.1
[INFO] [stderr]    Compiling testcontainers v0.25.0
[INFO] [stderr]    Compiling testcontainers-modules v0.13.0
[INFO] [stderr]     Finished `test` profile [unoptimized + debuginfo] target(s) in 1m 55s
[INFO] [stderr] warning: the following packages contain code that will be rejected by a future version of Rust: proc-macro-error2 v2.0.1
[INFO] [stderr] note: to see what the problems were, use the option `--future-incompat-report`, or run `cargo report future-incompatibilities --id 2`
[INFO] running `Command { std: "docker" "inspect" "13942ff0dede965d4d3c40270e2f5591f5686f85a95a86d86f0477c436cd1110", kill_on_drop: false }`
[INFO] running `Command { std: "docker" "exec" "-e" "SOURCE_DIR=/opt/rustwide/workdir" "-e" "CARGO_HOME=/opt/rustwide/cargo-home" "-e" "RUSTUP_HOME=/opt/rustwide/rustup-home" "-e" "CARGO_TARGET_DIR=/opt/rustwide/target" "-e" "CARGO_INCREMENTAL=0" "-e" "RUST_BACKTRACE=full" "-e" "RUSTFLAGS=--cap-lints=warn" "-e" "RUSTDOCFLAGS=--cap-lints=warn" "-w" "/opt/rustwide/workdir" "--user" "0:0" "13942ff0dede965d4d3c40270e2f5591f5686f85a95a86d86f0477c436cd1110" "/opt/rustwide/cargo-home/bin/cargo" "+1.98.0-beta.1" "test" "--frozen", kill_on_drop: false }`
[INFO] [stderr]     Finished `test` profile [unoptimized + debuginfo] target(s) in 0.83s
[INFO] [stderr] warning: the following packages contain code that will be rejected by a future version of Rust: proc-macro-error2 v2.0.1
[INFO] [stderr] note: to see what the problems were, use the option `--future-incompat-report`, or run `cargo report future-incompatibilities --id 2`
[INFO] [stderr]      Running unittests src/lib/lib.rs (/opt/rustwide/target/debug/deps/url_shortener_v1_lib-d77ae480e5c923ab)
[INFO] [stderr]      Running unittests src/bin/main.rs (/opt/rustwide/target/debug/deps/url_shortener_v1-95142723c464b209)
[INFO] [stdout] 
[INFO] [stdout] running 0 tests
[INFO] [stdout] 
[INFO] [stdout] test result: ok. 0 passed; 0 failed; 0 ignored; 0 measured; 0 filtered out; finished in 0.00s
[INFO] [stdout] 
[INFO] [stdout] 
[INFO] [stdout] running 0 tests
[INFO] [stderr]      Running tests/api/main.rs (/opt/rustwide/target/debug/deps/api-15f90243293daf5e)
[INFO] [stdout] 
[INFO] [stdout] test result: ok. 0 passed; 0 failed; 0 ignored; 0 measured; 0 filtered out; finished in 0.00s
[INFO] [stdout] 
[INFO] [stdout] 
[INFO] [stdout] running 3 tests
[INFO] [stdout] test health_check::health_check_returns_200_ok_and_json_envelope ... FAILED
[INFO] [stdout] test redirect::redirect_endpoint_sends_user_to_shortened_destination_url ... FAILED
[INFO] [stdout] test shorten::shorten_endpoint_returns_the_shortened_url_and_200_ok ... FAILED
[INFO] [stdout] 
[INFO] [stdout] failures:
[INFO] [stdout] 
[INFO] [stdout] ---- health_check::health_check_returns_200_ok_and_json_envelope stdout ----
[INFO] [stdout] 
[INFO] [stdout] thread 'health_check::health_check_returns_200_ok_and_json_envelope' (4033) panicked at tests/api/helpers.rs:55:18:
[INFO] [stdout] Failed to start Postgres testcontainer: Client(Init(SocketNotFoundError("/var/run/docker.sock")))
[INFO] [stdout] stack backtrace:
[INFO] [stdout]    0:     0x5aeeb8936631 - std[73adb7dc35730857]::backtrace_rs::backtrace::libunwind::trace
[INFO] [stdout]                                at /rustc/6b3fa26749ab40e159b2dd5cf577acaaf5902772/library/std/src/../../backtrace/src/backtrace/libunwind.rs:117:9
[INFO] [stdout]    1:     0x5aeeb8936631 - std[73adb7dc35730857]::backtrace_rs::backtrace::trace_unsynchronized::<std[73adb7dc35730857]::sys::backtrace::_print_fmt::{closure#1}>
[INFO] [stdout]                                at /rustc/6b3fa26749ab40e159b2dd5cf577acaaf5902772/library/std/src/../../backtrace/src/backtrace/mod.rs:66:14
[INFO] [stdout]    2:     0x5aeeb8936631 - std[73adb7dc35730857]::sys::backtrace::_print_fmt
[INFO] [stdout]                                at /rustc/6b3fa26749ab40e159b2dd5cf577acaaf5902772/library/std/src/sys/backtrace.rs:74:9
[INFO] [stdout]    3:     0x5aeeb8936631 - <<std[73adb7dc35730857]::sys::backtrace::BacktraceLock>::print::DisplayBacktrace as core[6883ba1bc0fe4ed1]::fmt::Display>::fmt
[INFO] [stdout]                                at /rustc/6b3fa26749ab40e159b2dd5cf577acaaf5902772/library/std/src/sys/backtrace.rs:44:26
[INFO] [stdout]    4:     0x5aeeb895017a - <core[6883ba1bc0fe4ed1]::fmt::rt::Argument>::fmt
[INFO] [stdout]                                at /rustc/6b3fa26749ab40e159b2dd5cf577acaaf5902772/library/core/src/fmt/rt.rs:152:76
[INFO] [stdout]    5:     0x5aeeb895017a - core[6883ba1bc0fe4ed1]::fmt::write
[INFO] [stdout]    6:     0x5aeeb893be0c - std[73adb7dc35730857]::io::default_write_fmt::<alloc[55a36b64bcbf2c0d]::vec::Vec<u8>>
[INFO] [stdout]                                at /rustc/6b3fa26749ab40e159b2dd5cf577acaaf5902772/library/std/src/io/mod.rs:626:11
[INFO] [stdout]    7:     0x5aeeb893be0c - <alloc[55a36b64bcbf2c0d]::vec::Vec<u8> as std[73adb7dc35730857]::io::Write>::write_fmt
[INFO] [stdout]                                at /rustc/6b3fa26749ab40e159b2dd5cf577acaaf5902772/library/std/src/io/mod.rs:1730:13
[INFO] [stdout]    8:     0x5aeeb8911d56 - <std[73adb7dc35730857]::sys::backtrace::BacktraceLock>::print
[INFO] [stdout]                                at /rustc/6b3fa26749ab40e159b2dd5cf577acaaf5902772/library/std/src/sys/backtrace.rs:47:9
[INFO] [stdout]    9:     0x5aeeb8911d56 - std[73adb7dc35730857]::panicking::default_hook::{closure#0}
[INFO] [stdout]                                at /rustc/6b3fa26749ab40e159b2dd5cf577acaaf5902772/library/std/src/panicking.rs:292:27
[INFO] [stdout]   10:     0x5aeeb892d509 - std[73adb7dc35730857]::panicking::default_hook
[INFO] [stdout]                                at /rustc/6b3fa26749ab40e159b2dd5cf577acaaf5902772/library/std/src/panicking.rs:316:9
[INFO] [stdout]   11:     0x5aeeb780e940 - <alloc[55a36b64bcbf2c0d]::boxed::Box<dyn for<'a, 'b> core[6883ba1bc0fe4ed1]::ops::function::Fn<(&'a std[73adb7dc35730857]::panic::PanicHookInfo<'b>,), Output = ()> + core[6883ba1bc0fe4ed1]::marker::Send + core[6883ba1bc0fe4ed1]::marker::Sync> as core[6883ba1bc0fe4ed1]::ops::function::Fn<(&std[73adb7dc35730857]::panic::PanicHookInfo,)>>::call
[INFO] [stdout]                                at /rustc/6b3fa26749ab40e159b2dd5cf577acaaf5902772/library/alloc/src/boxed.rs:2333:9
[INFO] [stdout]   12:     0x5aeeb780e940 - test[980ffaebd391d06d]::test_main_inner::<test[980ffaebd391d06d]::test_main_static::{closure#0}>::{closure#0}
[INFO] [stdout]                                at /rustc/6b3fa26749ab40e159b2dd5cf577acaaf5902772/library/test/src/lib.rs:155:21
[INFO] [stdout]   13:     0x5aeeb892d832 - <alloc[55a36b64bcbf2c0d]::boxed::Box<dyn for<'a, 'b> core[6883ba1bc0fe4ed1]::ops::function::Fn<(&'a std[73adb7dc35730857]::panic::PanicHookInfo<'b>,), Output = ()> + core[6883ba1bc0fe4ed1]::marker::Send + core[6883ba1bc0fe4ed1]::marker::Sync> as core[6883ba1bc0fe4ed1]::ops::function::Fn<(&std[73adb7dc35730857]::panic::PanicHookInfo,)>>::call
[INFO] [stdout]                                at /rustc/6b3fa26749ab40e159b2dd5cf577acaaf5902772/library/alloc/src/boxed.rs:2333:9
[INFO] [stdout]   14:     0x5aeeb892d832 - std[73adb7dc35730857]::panicking::panic_with_hook
[INFO] [stdout]                                at /rustc/6b3fa26749ab40e159b2dd5cf577acaaf5902772/library/std/src/panicking.rs:823:13
[INFO] [stdout]   15:     0x5aeeb8911e02 - std[73adb7dc35730857]::panicking::panic_handler::{closure#0}
[INFO] [stdout]                                at /rustc/6b3fa26749ab40e159b2dd5cf577acaaf5902772/library/std/src/panicking.rs:688:13
[INFO] [stdout]   16:     0x5aeeb8908eb9 - std[73adb7dc35730857]::sys::backtrace::__rust_end_short_backtrace::<std[73adb7dc35730857]::panicking::panic_handler::{closure#0}, !>
[INFO] [stdout]                                at /rustc/6b3fa26749ab40e159b2dd5cf577acaaf5902772/library/std/src/sys/backtrace.rs:182:18
[INFO] [stdout]   17:     0x5aeeb8912cfd - __rustc[a7b7b02e776dd976]::rust_begin_unwind
[INFO] [stdout]                                at /rustc/6b3fa26749ab40e159b2dd5cf577acaaf5902772/library/std/src/panicking.rs:679:5
[INFO] [stdout]   18:     0x5aeeb8950a2c - core[6883ba1bc0fe4ed1]::panicking::panic_fmt
[INFO] [stdout]                                at /rustc/6b3fa26749ab40e159b2dd5cf577acaaf5902772/library/core/src/panicking.rs:80:14
[INFO] [stdout]   19:     0x5aeeb8950772 - core[6883ba1bc0fe4ed1]::result::unwrap_failed
[INFO] [stdout]                                at /rustc/6b3fa26749ab40e159b2dd5cf577acaaf5902772/library/core/src/result.rs:1870:5
[INFO] [stdout]   20:     0x5aeeb771769c - <core[6883ba1bc0fe4ed1]::result::Result<testcontainers[fbee45903d15529b]::core::containers::async_container::ContainerAsync<testcontainers_modules[879ca4db4a6b092]::postgres::Postgres>, testcontainers[fbee45903d15529b]::core::error::TestcontainersError>>::expect
[INFO] [stdout]                                at /rustc/6b3fa26749ab40e159b2dd5cf577acaaf5902772/library/core/src/result.rs:1183:23
[INFO] [stdout]   21:     0x5aeeb76ff5eb - api[4ec27caaa2c20b5e]::helpers::get_postgres_container::{closure#0}::{closure#0}::{closure#0}
[INFO] [stdout]                                at /opt/rustwide/workdir/tests/api/helpers.rs:55:18
[INFO] [stdout]   22:     0x5aeeb77991ad - <tokio[55ce698a9376a796]::sync::once_cell::OnceCell<testcontainers[fbee45903d15529b]::core::containers::async_container::ContainerAsync<testcontainers_modules[879ca4db4a6b092]::postgres::Postgres>>>::get_or_init::<api[4ec27caaa2c20b5e]::helpers::get_postgres_container::{closure#0}::{closure#0}, api[4ec27caaa2c20b5e]::helpers::get_postgres_container::{closure#0}::{closure#0}::{closure#0}>::{closure#0}
[INFO] [stdout]                                at /opt/rustwide/cargo-home/registry/src/index.crates.io-1949cf8c6b5b557f/tokio-1.47.1/src/sync/once_cell.rs:368:37
[INFO] [stdout]   23:     0x5aeeb7701ea4 - api[4ec27caaa2c20b5e]::helpers::get_postgres_container::{closure#0}
[INFO] [stdout]                                at /opt/rustwide/workdir/tests/api/helpers.rs:57:10
[INFO] [stdout]   24:     0x5aeeb7702676 - api[4ec27caaa2c20b5e]::helpers::spawn_app::{closure#0}
[INFO] [stdout]                                at /opt/rustwide/workdir/tests/api/helpers.rs:169:46
[INFO] [stdout]   25:     0x5aeeb76ecb0c - api[4ec27caaa2c20b5e]::health_check::health_check_returns_200_ok_and_json_envelope::{closure#0}
[INFO] [stdout]                                at /opt/rustwide/workdir/tests/api/health_check.rs:11:27
[INFO] [stdout]   26:     0x5aeeb771d8a2 - <core[6883ba1bc0fe4ed1]::pin::Pin<&mut dyn core[6883ba1bc0fe4ed1]::future::future::Future<Output = ()>> as core[6883ba1bc0fe4ed1]::future::future::Future>::poll
[INFO] [stdout]                                at /rustc/6b3fa26749ab40e159b2dd5cf577acaaf5902772/library/core/src/future/future.rs:133:9
[INFO] [stdout]   27:     0x5aeeb771d91d - <core[6883ba1bc0fe4ed1]::pin::Pin<&mut core[6883ba1bc0fe4ed1]::pin::Pin<&mut dyn core[6883ba1bc0fe4ed1]::future::future::Future<Output = ()>>> as core[6883ba1bc0fe4ed1]::future::future::Future>::poll
[INFO] [stdout]                                at /rustc/6b3fa26749ab40e159b2dd5cf577acaaf5902772/library/core/src/future/future.rs:133:9
[INFO] [stdout]   28:     0x5aeeb773df7d - <tokio[55ce698a9376a796]::runtime::scheduler::current_thread::CoreGuard>::block_on::<core[6883ba1bc0fe4ed1]::pin::Pin<&mut core[6883ba1bc0fe4ed1]::pin::Pin<&mut dyn core[6883ba1bc0fe4ed1]::future::future::Future<Output = ()>>>>::{closure#0}::{closure#0}::{closure#0}
[INFO] [stdout]                                at /opt/rustwide/cargo-home/registry/src/index.crates.io-1949cf8c6b5b557f/tokio-1.47.1/src/runtime/scheduler/current_thread/mod.rs:742:70
[INFO] [stdout]   29:     0x5aeeb773de7b - tokio[55ce698a9376a796]::task::coop::with_budget::<core[6883ba1bc0fe4ed1]::task::poll::Poll<()>, <tokio[55ce698a9376a796]::runtime::scheduler::current_thread::CoreGuard>::block_on<core[6883ba1bc0fe4ed1]::pin::Pin<&mut core[6883ba1bc0fe4ed1]::pin::Pin<&mut dyn core[6883ba1bc0fe4ed1]::future::future::Future<Output = ()>>>>::{closure#0}::{closure#0}::{closure#0}>
[INFO] [stdout]                                at /opt/rustwide/cargo-home/registry/src/index.crates.io-1949cf8c6b5b557f/tokio-1.47.1/src/task/coop/mod.rs:167:5
[INFO] [stdout]   30:     0x5aeeb773de7b - tokio[55ce698a9376a796]::task::coop::budget::<core[6883ba1bc0fe4ed1]::task::poll::Poll<()>, <tokio[55ce698a9376a796]::runtime::scheduler::current_thread::CoreGuard>::block_on<core[6883ba1bc0fe4ed1]::pin::Pin<&mut core[6883ba1bc0fe4ed1]::pin::Pin<&mut dyn core[6883ba1bc0fe4ed1]::future::future::Future<Output = ()>>>>::{closure#0}::{closure#0}::{closure#0}>
[INFO] [stdout]                                at /opt/rustwide/cargo-home/registry/src/index.crates.io-1949cf8c6b5b557f/tokio-1.47.1/src/task/coop/mod.rs:133:5
[INFO] [stdout]   31:     0x5aeeb773de7b - <tokio[55ce698a9376a796]::runtime::scheduler::current_thread::CoreGuard>::block_on::<core[6883ba1bc0fe4ed1]::pin::Pin<&mut core[6883ba1bc0fe4ed1]::pin::Pin<&mut dyn core[6883ba1bc0fe4ed1]::future::future::Future<Output = ()>>>>::{closure#0}::{closure#0}
[INFO] [stdout]                                at /opt/rustwide/cargo-home/registry/src/index.crates.io-1949cf8c6b5b557f/tokio-1.47.1/src/runtime/scheduler/current_thread/mod.rs:742:25
[INFO] [stdout]   32:     0x5aeeb7727480 - <tokio[55ce698a9376a796]::runtime::scheduler::current_thread::Context>::enter::<core[6883ba1bc0fe4ed1]::task::poll::Poll<()>, <tokio[55ce698a9376a796]::runtime::scheduler::current_thread::CoreGuard>::block_on<core[6883ba1bc0fe4ed1]::pin::Pin<&mut core[6883ba1bc0fe4ed1]::pin::Pin<&mut dyn core[6883ba1bc0fe4ed1]::future::future::Future<Output = ()>>>>::{closure#0}::{closure#0}>
[INFO] [stdout]                                at /opt/rustwide/cargo-home/registry/src/index.crates.io-1949cf8c6b5b557f/tokio-1.47.1/src/runtime/scheduler/current_thread/mod.rs:432:19
[INFO] [stdout]   33:     0x5aeeb773a6ad - <tokio[55ce698a9376a796]::runtime::scheduler::current_thread::CoreGuard>::block_on::<core[6883ba1bc0fe4ed1]::pin::Pin<&mut core[6883ba1bc0fe4ed1]::pin::Pin<&mut dyn core[6883ba1bc0fe4ed1]::future::future::Future<Output = ()>>>>::{closure#0}
[INFO] [stdout]                                at /opt/rustwide/cargo-home/registry/src/index.crates.io-1949cf8c6b5b557f/tokio-1.47.1/src/runtime/scheduler/current_thread/mod.rs:741:44
[INFO] [stdout]   34:     0x5aeeb7739994 - <tokio[55ce698a9376a796]::runtime::scheduler::current_thread::CoreGuard>::enter::<<tokio[55ce698a9376a796]::runtime::scheduler::current_thread::CoreGuard>::block_on<core[6883ba1bc0fe4ed1]::pin::Pin<&mut core[6883ba1bc0fe4ed1]::pin::Pin<&mut dyn core[6883ba1bc0fe4ed1]::future::future::Future<Output = ()>>>>::{closure#0}, core[6883ba1bc0fe4ed1]::option::Option<()>>::{closure#0}
[INFO] [stdout]                                at /opt/rustwide/cargo-home/registry/src/index.crates.io-1949cf8c6b5b557f/tokio-1.47.1/src/runtime/scheduler/current_thread/mod.rs:829:68
[INFO] [stdout]   35:     0x5aeeb774547b - <tokio[55ce698a9376a796]::runtime::context::scoped::Scoped<tokio[55ce698a9376a796]::runtime::scheduler::Context>>::set::<<tokio[55ce698a9376a796]::runtime::scheduler::current_thread::CoreGuard>::enter<<tokio[55ce698a9376a796]::runtime::scheduler::current_thread::CoreGuard>::block_on<core[6883ba1bc0fe4ed1]::pin::Pin<&mut core[6883ba1bc0fe4ed1]::pin::Pin<&mut dyn core[6883ba1bc0fe4ed1]::future::future::Future<Output = ()>>>>::{closure#0}, core[6883ba1bc0fe4ed1]::option::Option<()>>::{closure#0}, (alloc[55a36b64bcbf2c0d]::boxed::Box<tokio[55ce698a9376a796]::runtime::scheduler::current_thread::Core>, core[6883ba1bc0fe4ed1]::option::Option<()>)>
[INFO] [stdout]                                at /opt/rustwide/cargo-home/registry/src/index.crates.io-1949cf8c6b5b557f/tokio-1.47.1/src/runtime/context/scoped.rs:40:9
[INFO] [stdout]   36:     0x5aeeb774d389 - tokio[55ce698a9376a796]::runtime::context::set_scheduler::<(alloc[55a36b64bcbf2c0d]::boxed::Box<tokio[55ce698a9376a796]::runtime::scheduler::current_thread::Core>, core[6883ba1bc0fe4ed1]::option::Option<()>), <tokio[55ce698a9376a796]::runtime::scheduler::current_thread::CoreGuard>::enter<<tokio[55ce698a9376a796]::runtime::scheduler::current_thread::CoreGuard>::block_on<core[6883ba1bc0fe4ed1]::pin::Pin<&mut core[6883ba1bc0fe4ed1]::pin::Pin<&mut dyn core[6883ba1bc0fe4ed1]::future::future::Future<Output = ()>>>>::{closure#0}, core[6883ba1bc0fe4ed1]::option::Option<()>>::{closure#0}>::{closure#0}
[INFO] [stdout]                                at /opt/rustwide/cargo-home/registry/src/index.crates.io-1949cf8c6b5b557f/tokio-1.47.1/src/runtime/context.rs:176:38
[INFO] [stdout]   37:     0x5aeeb77ae9a2 - <std[73adb7dc35730857]::thread::local::LocalKey<tokio[55ce698a9376a796]::runtime::context::Context>>::try_with::<tokio[55ce698a9376a796]::runtime::context::set_scheduler<(alloc[55a36b64bcbf2c0d]::boxed::Box<tokio[55ce698a9376a796]::runtime::scheduler::current_thread::Core>, core[6883ba1bc0fe4ed1]::option::Option<()>), <tokio[55ce698a9376a796]::runtime::scheduler::current_thread::CoreGuard>::enter<<tokio[55ce698a9376a796]::runtime::scheduler::current_thread::CoreGuard>::block_on<core[6883ba1bc0fe4ed1]::pin::Pin<&mut core[6883ba1bc0fe4ed1]::pin::Pin<&mut dyn core[6883ba1bc0fe4ed1]::future::future::Future<Output = ()>>>>::{closure#0}, core[6883ba1bc0fe4ed1]::option::Option<()>>::{closure#0}>::{closure#0}, (alloc[55a36b64bcbf2c0d]::boxed::Box<tokio[55ce698a9376a796]::runtime::scheduler::current_thread::Core>, core[6883ba1bc0fe4ed1]::option::Option<()>)>
[INFO] [stdout]                                at /rustc/6b3fa26749ab40e159b2dd5cf577acaaf5902772/library/std/src/thread/local.rs:463:12
[INFO] [stdout]   38:     0x5aeeb77ae3de - <std[73adb7dc35730857]::thread::local::LocalKey<tokio[55ce698a9376a796]::runtime::context::Context>>::with::<tokio[55ce698a9376a796]::runtime::context::set_scheduler<(alloc[55a36b64bcbf2c0d]::boxed::Box<tokio[55ce698a9376a796]::runtime::scheduler::current_thread::Core>, core[6883ba1bc0fe4ed1]::option::Option<()>), <tokio[55ce698a9376a796]::runtime::scheduler::current_thread::CoreGuard>::enter<<tokio[55ce698a9376a796]::runtime::scheduler::current_thread::CoreGuard>::block_on<core[6883ba1bc0fe4ed1]::pin::Pin<&mut core[6883ba1bc0fe4ed1]::pin::Pin<&mut dyn core[6883ba1bc0fe4ed1]::future::future::Future<Output = ()>>>>::{closure#0}, core[6883ba1bc0fe4ed1]::option::Option<()>>::{closure#0}>::{closure#0}, (alloc[55a36b64bcbf2c0d]::boxed::Box<tokio[55ce698a9376a796]::runtime::scheduler::current_thread::Core>, core[6883ba1bc0fe4ed1]::option::Option<()>)>
[INFO] [stdout]                                at /rustc/6b3fa26749ab40e159b2dd5cf577acaaf5902772/library/std/src/thread/local.rs:427:20
[INFO] [stdout]   39:     0x5aeeb774768d - tokio[55ce698a9376a796]::runtime::context::set_scheduler::<(alloc[55a36b64bcbf2c0d]::boxed::Box<tokio[55ce698a9376a796]::runtime::scheduler::current_thread::Core>, core[6883ba1bc0fe4ed1]::option::Option<()>), <tokio[55ce698a9376a796]::runtime::scheduler::current_thread::CoreGuard>::enter<<tokio[55ce698a9376a796]::runtime::scheduler::current_thread::CoreGuard>::block_on<core[6883ba1bc0fe4ed1]::pin::Pin<&mut core[6883ba1bc0fe4ed1]::pin::Pin<&mut dyn core[6883ba1bc0fe4ed1]::future::future::Future<Output = ()>>>>::{closure#0}, core[6883ba1bc0fe4ed1]::option::Option<()>>::{closure#0}>
[INFO] [stdout]                                at /opt/rustwide/cargo-home/registry/src/index.crates.io-1949cf8c6b5b557f/tokio-1.47.1/src/runtime/context.rs:176:17
[INFO] [stdout]   40:     0x5aeeb7733b00 - <tokio[55ce698a9376a796]::runtime::scheduler::current_thread::CoreGuard>::enter::<<tokio[55ce698a9376a796]::runtime::scheduler::current_thread::CoreGuard>::block_on<core[6883ba1bc0fe4ed1]::pin::Pin<&mut core[6883ba1bc0fe4ed1]::pin::Pin<&mut dyn core[6883ba1bc0fe4ed1]::future::future::Future<Output = ()>>>>::{closure#0}, core[6883ba1bc0fe4ed1]::option::Option<()>>
[INFO] [stdout]                                at /opt/rustwide/cargo-home/registry/src/index.crates.io-1949cf8c6b5b557f/tokio-1.47.1/src/runtime/scheduler/current_thread/mod.rs:829:27
[INFO] [stdout]   41:     0x5aeeb7733df6 - <tokio[55ce698a9376a796]::runtime::scheduler::current_thread::CoreGuard>::block_on::<core[6883ba1bc0fe4ed1]::pin::Pin<&mut core[6883ba1bc0fe4ed1]::pin::Pin<&mut dyn core[6883ba1bc0fe4ed1]::future::future::Future<Output = ()>>>>
[INFO] [stdout]                                at /opt/rustwide/cargo-home/registry/src/index.crates.io-1949cf8c6b5b557f/tokio-1.47.1/src/runtime/scheduler/current_thread/mod.rs:729:24
[INFO] [stdout]   42:     0x5aeeb77393b0 - <tokio[55ce698a9376a796]::runtime::scheduler::current_thread::CurrentThread>::block_on::<core[6883ba1bc0fe4ed1]::pin::Pin<&mut dyn core[6883ba1bc0fe4ed1]::future::future::Future<Output = ()>>>::{closure#0}
[INFO] [stdout]                                at /opt/rustwide/cargo-home/registry/src/index.crates.io-1949cf8c6b5b557f/tokio-1.47.1/src/runtime/scheduler/current_thread/mod.rs:200:33
[INFO] [stdout]   43:     0x5aeeb77629a3 - tokio[55ce698a9376a796]::runtime::context::runtime::enter_runtime::<<tokio[55ce698a9376a796]::runtime::scheduler::current_thread::CurrentThread>::block_on<core[6883ba1bc0fe4ed1]::pin::Pin<&mut dyn core[6883ba1bc0fe4ed1]::future::future::Future<Output = ()>>>::{closure#0}, ()>
[INFO] [stdout]                                at /opt/rustwide/cargo-home/registry/src/index.crates.io-1949cf8c6b5b557f/tokio-1.47.1/src/runtime/context/runtime.rs:65:16
[INFO] [stdout]   44:     0x5aeeb7726ee1 - <tokio[55ce698a9376a796]::runtime::scheduler::current_thread::CurrentThread>::block_on::<core[6883ba1bc0fe4ed1]::pin::Pin<&mut dyn core[6883ba1bc0fe4ed1]::future::future::Future<Output = ()>>>
[INFO] [stdout]                                at /opt/rustwide/cargo-home/registry/src/index.crates.io-1949cf8c6b5b557f/tokio-1.47.1/src/runtime/scheduler/current_thread/mod.rs:188:9
[INFO] [stdout]   45:     0x5aeeb7713f84 - <tokio[55ce698a9376a796]::runtime::runtime::Runtime>::block_on_inner::<core[6883ba1bc0fe4ed1]::pin::Pin<&mut dyn core[6883ba1bc0fe4ed1]::future::future::Future<Output = ()>>>
[INFO] [stdout]                                at /opt/rustwide/cargo-home/registry/src/index.crates.io-1949cf8c6b5b557f/tokio-1.47.1/src/runtime/runtime.rs:356:52
[INFO] [stdout]   46:     0x5aeeb771414f - <tokio[55ce698a9376a796]::runtime::runtime::Runtime>::block_on::<core[6883ba1bc0fe4ed1]::pin::Pin<&mut dyn core[6883ba1bc0fe4ed1]::future::future::Future<Output = ()>>>
[INFO] [stdout]                                at /opt/rustwide/cargo-home/registry/src/index.crates.io-1949cf8c6b5b557f/tokio-1.47.1/src/runtime/runtime.rs:330:18
[INFO] [stdout]   47:     0x5aeeb76f10b3 - api[4ec27caaa2c20b5e]::health_check::health_check_returns_200_ok_and_json_envelope
[INFO] [stdout]                                at /opt/rustwide/workdir/tests/api/health_check.rs:50:49
[INFO] [stdout]   48:     0x5aeeb76ec937 - api[4ec27caaa2c20b5e]::health_check::health_check_returns_200_ok_and_json_envelope::{closure#0}
[INFO] [stdout]                                at /opt/rustwide/workdir/tests/api/health_check.rs:9:57
[INFO] [stdout]   49:     0x5aeeb76ca466 - <api[4ec27caaa2c20b5e]::health_check::health_check_returns_200_ok_and_json_envelope::{closure#0} as core[6883ba1bc0fe4ed1]::ops::function::FnOnce<()>>::call_once
[INFO] [stdout]                                at /rustc/6b3fa26749ab40e159b2dd5cf577acaaf5902772/library/core/src/ops/function.rs:250:5
[INFO] [stdout]   50:     0x5aeeb7801c7b - <fn() -> core[6883ba1bc0fe4ed1]::result::Result<(), alloc[55a36b64bcbf2c0d]::string::String> as core[6883ba1bc0fe4ed1]::ops::function::FnOnce<()>>::call_once
[INFO] [stdout]                                at /rustc/6b3fa26749ab40e159b2dd5cf577acaaf5902772/library/core/src/ops/function.rs:250:5
[INFO] [stdout]   51:     0x5aeeb7801c7b - test[980ffaebd391d06d]::__rust_begin_short_backtrace::<core[6883ba1bc0fe4ed1]::result::Result<(), alloc[55a36b64bcbf2c0d]::string::String>, fn() -> core[6883ba1bc0fe4ed1]::result::Result<(), alloc[55a36b64bcbf2c0d]::string::String>>
[INFO] [stdout]                                at /rustc/6b3fa26749ab40e159b2dd5cf577acaaf5902772/library/test/src/lib.rs:724:18
[INFO] [stdout]   52:     0x5aeeb780f2c5 - test[980ffaebd391d06d]::run_test_in_process::{closure#0}
[INFO] [stdout]                                at /rustc/6b3fa26749ab40e159b2dd5cf577acaaf5902772/library/test/src/lib.rs:747:74
[INFO] [stdout]   53:     0x5aeeb780f2c5 - <core[6883ba1bc0fe4ed1]::panic::unwind_safe::AssertUnwindSafe<test[980ffaebd391d06d]::run_test_in_process::{closure#0}> as core[6883ba1bc0fe4ed1]::ops::function::FnOnce<()>>::call_once
[INFO] [stdout]                                at /rustc/6b3fa26749ab40e159b2dd5cf577acaaf5902772/library/core/src/panic/unwind_safe.rs:275:9
[INFO] [stdout]   54:     0x5aeeb780f2c5 - std[73adb7dc35730857]::panicking::catch_unwind::do_call::<core[6883ba1bc0fe4ed1]::panic::unwind_safe::AssertUnwindSafe<test[980ffaebd391d06d]::run_test_in_process::{closure#0}>, core[6883ba1bc0fe4ed1]::result::Result<(), alloc[55a36b64bcbf2c0d]::string::String>>
[INFO] [stdout]                                at /rustc/6b3fa26749ab40e159b2dd5cf577acaaf5902772/library/std/src/panicking.rs:576:43
[INFO] [stdout]   55:     0x5aeeb780f2c5 - std[73adb7dc35730857]::panicking::catch_unwind::<core[6883ba1bc0fe4ed1]::result::Result<(), alloc[55a36b64bcbf2c0d]::string::String>, core[6883ba1bc0fe4ed1]::panic::unwind_safe::AssertUnwindSafe<test[980ffaebd391d06d]::run_test_in_process::{closure#0}>>
[INFO] [stdout]                                at /rustc/6b3fa26749ab40e159b2dd5cf577acaaf5902772/library/std/src/panicking.rs:544:19
[INFO] [stdout]   56:     0x5aeeb780f2c5 - std[73adb7dc35730857]::panic::catch_unwind::<core[6883ba1bc0fe4ed1]::panic::unwind_safe::AssertUnwindSafe<test[980ffaebd391d06d]::run_test_in_process::{closure#0}>, core[6883ba1bc0fe4ed1]::result::Result<(), alloc[55a36b64bcbf2c0d]::string::String>>
[INFO] [stdout]                                at /rustc/6b3fa26749ab40e159b2dd5cf577acaaf5902772/library/std/src/panic.rs:359:14
[INFO] [stdout]   57:     0x5aeeb780f2c5 - test[980ffaebd391d06d]::run_test_in_process
[INFO] [stdout]                                at /rustc/6b3fa26749ab40e159b2dd5cf577acaaf5902772/library/test/src/lib.rs:747:27
[INFO] [stdout]   58:     0x5aeeb780f2c5 - test[980ffaebd391d06d]::run_test::{closure#0}
[INFO] [stdout]                                at /rustc/6b3fa26749ab40e159b2dd5cf577acaaf5902772/library/test/src/lib.rs:668:43
[INFO] [stdout]   59:     0x5aeeb7809d74 - test[980ffaebd391d06d]::run_test::{closure#1}
[INFO] [stdout]                                at /rustc/6b3fa26749ab40e159b2dd5cf577acaaf5902772/library/test/src/lib.rs:698:41
[INFO] [stdout]   60:     0x5aeeb7809d74 - std[73adb7dc35730857]::sys::backtrace::__rust_begin_short_backtrace::<test[980ffaebd391d06d]::run_test::{closure#1}, ()>
[INFO] [stdout]                                at /rustc/6b3fa26749ab40e159b2dd5cf577acaaf5902772/library/std/src/sys/backtrace.rs:166:18
[INFO] [stdout]   61:     0x5aeeb7812412 - std[73adb7dc35730857]::thread::lifecycle::spawn_unchecked::<test[980ffaebd391d06d]::run_test::{closure#1}, ()>::{closure#1}::{closure#0}
[INFO] [stdout]                                at /rustc/6b3fa26749ab40e159b2dd5cf577acaaf5902772/library/std/src/thread/lifecycle.rs:70:13
[INFO] [stdout]   62:     0x5aeeb7812412 - <core[6883ba1bc0fe4ed1]::panic::unwind_safe::AssertUnwindSafe<std[73adb7dc35730857]::thread::lifecycle::spawn_unchecked<test[980ffaebd391d06d]::run_test::{closure#1}, ()>::{closure#1}::{closure#0}> as core[6883ba1bc0fe4ed1]::ops::function::FnOnce<()>>::call_once
[INFO] [stdout]                                at /rustc/6b3fa26749ab40e159b2dd5cf577acaaf5902772/library/core/src/panic/unwind_safe.rs:275:9
[INFO] [stdout]   63:     0x5aeeb7812412 - std[73adb7dc35730857]::panicking::catch_unwind::do_call::<core[6883ba1bc0fe4ed1]::panic::unwind_safe::AssertUnwindSafe<std[73adb7dc35730857]::thread::lifecycle::spawn_unchecked<test[980ffaebd391d06d]::run_test::{closure#1}, ()>::{closure#1}::{closure#0}>, ()>
[INFO] [stdout]                                at /rustc/6b3fa26749ab40e159b2dd5cf577acaaf5902772/library/std/src/panicking.rs:576:43
[INFO] [stdout]   64:     0x5aeeb7812412 - std[73adb7dc35730857]::panicking::catch_unwind::<(), core[6883ba1bc0fe4ed1]::panic::unwind_safe::AssertUnwindSafe<std[73adb7dc35730857]::thread::lifecycle::spawn_unchecked<test[980ffaebd391d06d]::run_test::{closure#1}, ()>::{closure#1}::{closure#0}>>
[INFO] [stdout]                                at /rustc/6b3fa26749ab40e159b2dd5cf577acaaf5902772/library/std/src/panicking.rs:544:19
[INFO] [stdout]   65:     0x5aeeb7812412 - std[73adb7dc35730857]::panic::catch_unwind::<core[6883ba1bc0fe4ed1]::panic::unwind_safe::AssertUnwindSafe<std[73adb7dc35730857]::thread::lifecycle::spawn_unchecked<test[980ffaebd391d06d]::run_test::{closure#1}, ()>::{closure#1}::{closure#0}>, ()>
[INFO] [stdout]                                at /rustc/6b3fa26749ab40e159b2dd5cf577acaaf5902772/library/std/src/panic.rs:359:14
[INFO] [stdout]   66:     0x5aeeb7812412 - std[73adb7dc35730857]::thread::lifecycle::spawn_unchecked::<test[980ffaebd391d06d]::run_test::{closure#1}, ()>::{closure#1}
[INFO] [stdout]                                at /rustc/6b3fa26749ab40e159b2dd5cf577acaaf5902772/library/std/src/thread/lifecycle.rs:68:26
[INFO] [stdout]   67:     0x5aeeb7812412 - <std[73adb7dc35730857]::thread::lifecycle::spawn_unchecked<test[980ffaebd391d06d]::run_test::{closure#1}, ()>::{closure#1} as core[6883ba1bc0fe4ed1]::ops::function::FnOnce<()>>::call_once::{shim:vtable#0}
[INFO] [stdout]                                at /rustc/6b3fa26749ab40e159b2dd5cf577acaaf5902772/library/core/src/ops/function.rs:250:5
[INFO] [stdout]   68:     0x5aeeb893546f - <alloc[55a36b64bcbf2c0d]::boxed::Box<dyn core[6883ba1bc0fe4ed1]::ops::function::FnOnce<(), Output = ()> + core[6883ba1bc0fe4ed1]::marker::Send> as core[6883ba1bc0fe4ed1]::ops::function::FnOnce<()>>::call_once
[INFO] [stdout]                                at /rustc/6b3fa26749ab40e159b2dd5cf577acaaf5902772/library/alloc/src/boxed.rs:2319:9
[INFO] [stdout]   69:     0x5aeeb893546f - <std[73adb7dc35730857]::sys::thread::unix::Thread>::new::thread_start
[INFO] [stdout]                                at /rustc/6b3fa26749ab40e159b2dd5cf577acaaf5902772/library/std/src/sys/thread/unix.rs:123:17
[INFO] [stdout]   70:     0x7a878ca71aa4 - <unknown>
[INFO] [stdout]   71:     0x7a878cafea64 - clone
[INFO] [stdout]   72:                0x0 - <unknown>
[INFO] [stdout] 
[INFO] [stdout] ---- redirect::redirect_endpoint_sends_user_to_shortened_destination_url stdout ----
[INFO] [stdout] 
[INFO] [stdout] thread 'redirect::redirect_endpoint_sends_user_to_shortened_destination_url' (4034) panicked at tests/api/helpers.rs:55:18:
[INFO] [stdout] Failed to start Postgres testcontainer: Client(Init(SocketNotFoundError("/var/run/docker.sock")))
[INFO] [stdout] stack backtrace:
[INFO] [stdout]    0:     0x5aeeb8936631 - std[73adb7dc35730857]::backtrace_rs::backtrace::libunwind::trace
[INFO] [stdout]                                at /rustc/6b3fa26749ab40e159b2dd5cf577acaaf5902772/library/std/src/../../backtrace/src/backtrace/libunwind.rs:117:9
[INFO] [stdout]    1:     0x5aeeb8936631 - std[73adb7dc35730857]::backtrace_rs::backtrace::trace_unsynchronized::<std[73adb7dc35730857]::sys::backtrace::_print_fmt::{closure#1}>
[INFO] [stdout]                                at /rustc/6b3fa26749ab40e159b2dd5cf577acaaf5902772/library/std/src/../../backtrace/src/backtrace/mod.rs:66:14
[INFO] [stdout]    2:     0x5aeeb8936631 - std[73adb7dc35730857]::sys::backtrace::_print_fmt
[INFO] [stdout]                                at /rustc/6b3fa26749ab40e159b2dd5cf577acaaf5902772/library/std/src/sys/backtrace.rs:74:9
[INFO] [stdout]    3:     0x5aeeb8936631 - <<std[73adb7dc35730857]::sys::backtrace::BacktraceLock>::print::DisplayBacktrace as core[6883ba1bc0fe4ed1]::fmt::Display>::fmt
[INFO] [stdout]                                at /rustc/6b3fa26749ab40e159b2dd5cf577acaaf5902772/library/std/src/sys/backtrace.rs:44:26
[INFO] [stdout]    4:     0x5aeeb895017a - <core[6883ba1bc0fe4ed1]::fmt::rt::Argument>::fmt
[INFO] [stdout]                                at /rustc/6b3fa26749ab40e159b2dd5cf577acaaf5902772/library/core/src/fmt/rt.rs:152:76
[INFO] [stdout]    5:     0x5aeeb895017a - core[6883ba1bc0fe4ed1]::fmt::write
[INFO] [stdout]    6:     0x5aeeb893be0c - std[73adb7dc35730857]::io::default_write_fmt::<alloc[55a36b64bcbf2c0d]::vec::Vec<u8>>
[INFO] [stdout]                                at /rustc/6b3fa26749ab40e159b2dd5cf577acaaf5902772/library/std/src/io/mod.rs:626:11
[INFO] [stdout]    7:     0x5aeeb893be0c - <alloc[55a36b64bcbf2c0d]::vec::Vec<u8> as std[73adb7dc35730857]::io::Write>::write_fmt
[INFO] [stdout]                                at /rustc/6b3fa26749ab40e159b2dd5cf577acaaf5902772/library/std/src/io/mod.rs:1730:13
[INFO] [stdout]    8:     0x5aeeb8911d56 - <std[73adb7dc35730857]::sys::backtrace::BacktraceLock>::print
[INFO] [stdout]                                at /rustc/6b3fa26749ab40e159b2dd5cf577acaaf5902772/library/std/src/sys/backtrace.rs:47:9
[INFO] [stdout]    9:     0x5aeeb8911d56 - std[73adb7dc35730857]::panicking::default_hook::{closure#0}
[INFO] [stdout]                                at /rustc/6b3fa26749ab40e159b2dd5cf577acaaf5902772/library/std/src/panicking.rs:292:27
[INFO] [stdout]   10:     0x5aeeb892d509 - std[73adb7dc35730857]::panicking::default_hook
[INFO] [stdout]                                at /rustc/6b3fa26749ab40e159b2dd5cf577acaaf5902772/library/std/src/panicking.rs:316:9
[INFO] [stdout]   11:     0x5aeeb780e940 - <alloc[55a36b64bcbf2c0d]::boxed::Box<dyn for<'a, 'b> core[6883ba1bc0fe4ed1]::ops::function::Fn<(&'a std[73adb7dc35730857]::panic::PanicHookInfo<'b>,), Output = ()> + core[6883ba1bc0fe4ed1]::marker::Send + core[6883ba1bc0fe4ed1]::marker::Sync> as core[6883ba1bc0fe4ed1]::ops::function::Fn<(&std[73adb7dc35730857]::panic::PanicHookInfo,)>>::call
[INFO] [stdout]                                at /rustc/6b3fa26749ab40e159b2dd5cf577acaaf5902772/library/alloc/src/boxed.rs:2333:9
[INFO] [stdout]   12:     0x5aeeb780e940 - test[980ffaebd391d06d]::test_main_inner::<test[980ffaebd391d06d]::test_main_static::{closure#0}>::{closure#0}
[INFO] [stdout]                                at /rustc/6b3fa26749ab40e159b2dd5cf577acaaf5902772/library/test/src/lib.rs:155:21
[INFO] [stdout]   13:     0x5aeeb892d832 - <alloc[55a36b64bcbf2c0d]::boxed::Box<dyn for<'a, 'b> core[6883ba1bc0fe4ed1]::ops::function::Fn<(&'a std[73adb7dc35730857]::panic::PanicHookInfo<'b>,), Output = ()> + core[6883ba1bc0fe4ed1]::marker::Send + core[6883ba1bc0fe4ed1]::marker::Sync> as core[6883ba1bc0fe4ed1]::ops::function::Fn<(&std[73adb7dc35730857]::panic::PanicHookInfo,)>>::call
[INFO] [stdout]                                at /rustc/6b3fa26749ab40e159b2dd5cf577acaaf5902772/library/alloc/src/boxed.rs:2333:9
[INFO] [stdout]   14:     0x5aeeb892d832 - std[73adb7dc35730857]::panicking::panic_with_hook
[INFO] [stdout]                                at /rustc/6b3fa26749ab40e159b2dd5cf577acaaf5902772/library/std/src/panicking.rs:823:13
[INFO] [stdout]   15:     0x5aeeb8911e02 - std[73adb7dc35730857]::panicking::panic_handler::{closure#0}
[INFO] [stdout]                                at /rustc/6b3fa26749ab40e159b2dd5cf577acaaf5902772/library/std/src/panicking.rs:688:13
[INFO] [stdout]   16:     0x5aeeb8908eb9 - std[73adb7dc35730857]::sys::backtrace::__rust_end_short_backtrace::<std[73adb7dc35730857]::panicking::panic_handler::{closure#0}, !>
[INFO] [stdout]                                at /rustc/6b3fa26749ab40e159b2dd5cf577acaaf5902772/library/std/src/sys/backtrace.rs:182:18
[INFO] [stdout]   17:     0x5aeeb8912cfd - __rustc[a7b7b02e776dd976]::rust_begin_unwind
[INFO] [stdout]                                at /rustc/6b3fa26749ab40e159b2dd5cf577acaaf5902772/library/std/src/panicking.rs:679:5
[INFO] [stdout]   18:     0x5aeeb8950a2c - core[6883ba1bc0fe4ed1]::panicking::panic_fmt
[INFO] [stdout]                                at /rustc/6b3fa26749ab40e159b2dd5cf577acaaf5902772/library/core/src/panicking.rs:80:14
[INFO] [stdout]   19:     0x5aeeb8950772 - core[6883ba1bc0fe4ed1]::result::unwrap_failed
[INFO] [stdout]                                at /rustc/6b3fa26749ab40e159b2dd5cf577acaaf5902772/library/core/src/result.rs:1870:5
[INFO] [stdout]   20:     0x5aeeb771769c - <core[6883ba1bc0fe4ed1]::result::Result<testcontainers[fbee45903d15529b]::core::containers::async_container::ContainerAsync<testcontainers_modules[879ca4db4a6b092]::postgres::Postgres>, testcontainers[fbee45903d15529b]::core::error::TestcontainersError>>::expect
[INFO] [stdout]                                at /rustc/6b3fa26749ab40e159b2dd5cf577acaaf5902772/library/core/src/result.rs:1183:23
[INFO] [stdout]   21:     0x5aeeb76ff5eb - api[4ec27caaa2c20b5e]::helpers::get_postgres_container::{closure#0}::{closure#0}::{closure#0}
[INFO] [stdout]                                at /opt/rustwide/workdir/tests/api/helpers.rs:55:18
[INFO] [stdout]   22:     0x5aeeb77991ad - <tokio[55ce698a9376a796]::sync::once_cell::OnceCell<testcontainers[fbee45903d15529b]::core::containers::async_container::ContainerAsync<testcontainers_modules[879ca4db4a6b092]::postgres::Postgres>>>::get_or_init::<api[4ec27caaa2c20b5e]::helpers::get_postgres_container::{closure#0}::{closure#0}, api[4ec27caaa2c20b5e]::helpers::get_postgres_container::{closure#0}::{closure#0}::{closure#0}>::{closure#0}
[INFO] [stdout]                                at /opt/rustwide/cargo-home/registry/src/index.crates.io-1949cf8c6b5b557f/tokio-1.47.1/src/sync/once_cell.rs:368:37
[INFO] [stdout]   23:     0x5aeeb7701ea4 - api[4ec27caaa2c20b5e]::helpers::get_postgres_container::{closure#0}
[INFO] [stdout]                                at /opt/rustwide/workdir/tests/api/helpers.rs:57:10
[INFO] [stdout]   24:     0x5aeeb7702676 - api[4ec27caaa2c20b5e]::helpers::spawn_app::{closure#0}
[INFO] [stdout]                                at /opt/rustwide/workdir/tests/api/helpers.rs:169:46
[INFO] [stdout]   25:     0x5aeeb76ee460 - api[4ec27caaa2c20b5e]::redirect::redirect_endpoint_sends_user_to_shortened_destination_url::{closure#0}
[INFO] [stdout]                                at /opt/rustwide/workdir/tests/api/redirect.rs:13:27
[INFO] [stdout]   26:     0x5aeeb771d8a2 - <core[6883ba1bc0fe4ed1]::pin::Pin<&mut dyn core[6883ba1bc0fe4ed1]::future::future::Future<Output = ()>> as core[6883ba1bc0fe4ed1]::future::future::Future>::poll
[INFO] [stdout]                                at /rustc/6b3fa26749ab40e159b2dd5cf577acaaf5902772/library/core/src/future/future.rs:133:9
[INFO] [stdout]   27:     0x5aeeb771d91d - <core[6883ba1bc0fe4ed1]::pin::Pin<&mut core[6883ba1bc0fe4ed1]::pin::Pin<&mut dyn core[6883ba1bc0fe4ed1]::future::future::Future<Output = ()>>> as core[6883ba1bc0fe4ed1]::future::future::Future>::poll
[INFO] [stdout]                                at /rustc/6b3fa26749ab40e159b2dd5cf577acaaf5902772/library/core/src/future/future.rs:133:9
[INFO] [stdout]   28:     0x5aeeb773df7d - <tokio[55ce698a9376a796]::runtime::scheduler::current_thread::CoreGuard>::block_on::<core[6883ba1bc0fe4ed1]::pin::Pin<&mut core[6883ba1bc0fe4ed1]::pin::Pin<&mut dyn core[6883ba1bc0fe4ed1]::future::future::Future<Output = ()>>>>::{closure#0}::{closure#0}::{closure#0}
[INFO] [stdout]                                at /opt/rustwide/cargo-home/registry/src/index.crates.io-1949cf8c6b5b557f/tokio-1.47.1/src/runtime/scheduler/current_thread/mod.rs:742:70
[INFO] [stdout]   29:     0x5aeeb773de7b - tokio[55ce698a9376a796]::task::coop::with_budget::<core[6883ba1bc0fe4ed1]::task::poll::Poll<()>, <tokio[55ce698a9376a796]::runtime::scheduler::current_thread::CoreGuard>::block_on<core[6883ba1bc0fe4ed1]::pin::Pin<&mut core[6883ba1bc0fe4ed1]::pin::Pin<&mut dyn core[6883ba1bc0fe4ed1]::future::future::Future<Output = ()>>>>::{closure#0}::{closure#0}::{closure#0}>
[INFO] [stdout]                                at /opt/rustwide/cargo-home/registry/src/index.crates.io-1949cf8c6b5b557f/tokio-1.47.1/src/task/coop/mod.rs:167:5
[INFO] [stdout]   30:     0x5aeeb773de7b - tokio[55ce698a9376a796]::task::coop::budget::<core[6883ba1bc0fe4ed1]::task::poll::Poll<()>, <tokio[55ce698a9376a796]::runtime::scheduler::current_thread::CoreGuard>::block_on<core[6883ba1bc0fe4ed1]::pin::Pin<&mut core[6883ba1bc0fe4ed1]::pin::Pin<&mut dyn core[6883ba1bc0fe4ed1]::future::future::Future<Output = ()>>>>::{closure#0}::{closure#0}::{closure#0}>
[INFO] [stdout]                                at /opt/rustwide/cargo-home/registry/src/index.crates.io-1949cf8c6b5b557f/tokio-1.47.1/src/task/coop/mod.rs:133:5
[INFO] [stdout]   31:     0x5aeeb773de7b - <tokio[55ce698a9376a796]::runtime::scheduler::current_thread::CoreGuard>::block_on::<core[6883ba1bc0fe4ed1]::pin::Pin<&mut core[6883ba1bc0fe4ed1]::pin::Pin<&mut dyn core[6883ba1bc0fe4ed1]::future::future::Future<Output = ()>>>>::{closure#0}::{closure#0}
[INFO] [stdout]                                at /opt/rustwide/cargo-home/registry/src/index.crates.io-1949cf8c6b5b557f/tokio-1.47.1/src/runtime/scheduler/current_thread/mod.rs:742:25
[INFO] [stdout]   32:     0x5aeeb7727480 - <tokio[55ce698a9376a796]::runtime::scheduler::current_thread::Context>::enter::<core[6883ba1bc0fe4ed1]::task::poll::Poll<()>, <tokio[55ce698a9376a796]::runtime::scheduler::current_thread::CoreGuard>::block_on<core[6883ba1bc0fe4ed1]::pin::Pin<&mut core[6883ba1bc0fe4ed1]::pin::Pin<&mut dyn core[6883ba1bc0fe4ed1]::future::future::Future<Output = ()>>>>::{closure#0}::{closure#0}>
[INFO] [stdout]                                at /opt/rustwide/cargo-home/registry/src/index.crates.io-1949cf8c6b5b557f/tokio-1.47.1/src/runtime/scheduler/current_thread/mod.rs:432:19
[INFO] [stdout]   33:     0x5aeeb773a6ad - <tokio[55ce698a9376a796]::runtime::scheduler::current_thread::CoreGuard>::block_on::<core[6883ba1bc0fe4ed1]::pin::Pin<&mut core[6883ba1bc0fe4ed1]::pin::Pin<&mut dyn core[6883ba1bc0fe4ed1]::future::future::Future<Output = ()>>>>::{closure#0}
[INFO] [stdout]                                at /opt/rustwide/cargo-home/registry/src/index.crates.io-1949cf8c6b5b557f/tokio-1.47.1/src/runtime/scheduler/current_thread/mod.rs:741:44
[INFO] [stdout]   34:     0x5aeeb7739994 - <tokio[55ce698a9376a796]::runtime::scheduler::current_thread::CoreGuard>::enter::<<tokio[55ce698a9376a796]::runtime::scheduler::current_thread::CoreGuard>::block_on<core[6883ba1bc0fe4ed1]::pin::Pin<&mut core[6883ba1bc0fe4ed1]::pin::Pin<&mut dyn core[6883ba1bc0fe4ed1]::future::future::Future<Output = ()>>>>::{closure#0}, core[6883ba1bc0fe4ed1]::option::Option<()>>::{closure#0}
[INFO] [stdout]                                at /opt/rustwide/cargo-home/registry/src/index.crates.io-1949cf8c6b5b557f/tokio-1.47.1/src/runtime/scheduler/current_thread/mod.rs:829:68
[INFO] [stdout]   35:     0x5aeeb774547b - <tokio[55ce698a9376a796]::runtime::context::scoped::Scoped<tokio[55ce698a9376a796]::runtime::scheduler::Context>>::set::<<tokio[55ce698a9376a796]::runtime::scheduler::current_thread::CoreGuard>::enter<<tokio[55ce698a9376a796]::runtime::scheduler::current_thread::CoreGuard>::block_on<core[6883ba1bc0fe4ed1]::pin::Pin<&mut core[6883ba1bc0fe4ed1]::pin::Pin<&mut dyn core[6883ba1bc0fe4ed1]::future::future::Future<Output = ()>>>>::{closure#0}, core[6883ba1bc0fe4ed1]::option::Option<()>>::{closure#0}, (alloc[55a36b64bcbf2c0d]::boxed::Box<tokio[55ce698a9376a796]::runtime::scheduler::current_thread::Core>, core[6883ba1bc0fe4ed1]::option::Option<()>)>
[INFO] [stdout]                                at /opt/rustwide/cargo-home/registry/src/index.crates.io-1949cf8c6b5b557f/tokio-1.47.1/src/runtime/context/scoped.rs:40:9
[INFO] [stdout]   36:     0x5aeeb774d389 - tokio[55ce698a9376a796]::runtime::context::set_scheduler::<(alloc[55a36b64bcbf2c0d]::boxed::Box<tokio[55ce698a9376a796]::runtime::scheduler::current_thread::Core>, core[6883ba1bc0fe4ed1]::option::Option<()>), <tokio[55ce698a9376a796]::runtime::scheduler::current_thread::CoreGuard>::enter<<tokio[55ce698a9376a796]::runtime::scheduler::current_thread::CoreGuard>::block_on<core[6883ba1bc0fe4ed1]::pin::Pin<&mut core[6883ba1bc0fe4ed1]::pin::Pin<&mut dyn core[6883ba1bc0fe4ed1]::future::future::Future<Output = ()>>>>::{closure#0}, core[6883ba1bc0fe4ed1]::option::Option<()>>::{closure#0}>::{closure#0}
[INFO] [stdout]                                at /opt/rustwide/cargo-home/registry/src/index.crates.io-1949cf8c6b5b557f/tokio-1.47.1/src/runtime/context.rs:176:38
[INFO] [stdout]   37:     0x5aeeb77ae9a2 - <std[73adb7dc35730857]::thread::local::LocalKey<tokio[55ce698a9376a796]::runtime::context::Context>>::try_with::<tokio[55ce698a9376a796]::runtime::context::set_scheduler<(alloc[55a36b64bcbf2c0d]::boxed::Box<tokio[55ce698a9376a796]::runtime::scheduler::current_thread::Core>, core[6883ba1bc0fe4ed1]::option::Option<()>), <tokio[55ce698a9376a796]::runtime::scheduler::current_thread::CoreGuard>::enter<<tokio[55ce698a9376a796]::runtime::scheduler::current_thread::CoreGuard>::block_on<core[6883ba1bc0fe4ed1]::pin::Pin<&mut core[6883ba1bc0fe4ed1]::pin::Pin<&mut dyn core[6883ba1bc0fe4ed1]::future::future::Future<Output = ()>>>>::{closure#0}, core[6883ba1bc0fe4ed1]::option::Option<()>>::{closure#0}>::{closure#0}, (alloc[55a36b64bcbf2c0d]::boxed::Box<tokio[55ce698a9376a796]::runtime::scheduler::current_thread::Core>, core[6883ba1bc0fe4ed1]::option::Option<()>)>
[INFO] [stdout]                                at /rustc/6b3fa26749ab40e159b2dd5cf577acaaf5902772/library/std/src/thread/local.rs:463:12
[INFO] [stdout]   38:     0x5aeeb77ae3de - <std[73adb7dc35730857]::thread::local::LocalKey<tokio[55ce698a9376a796]::runtime::context::Context>>::with::<tokio[55ce698a9376a796]::runtime::context::set_scheduler<(alloc[55a36b64bcbf2c0d]::boxed::Box<tokio[55ce698a9376a796]::runtime::scheduler::current_thread::Core>, core[6883ba1bc0fe4ed1]::option::Option<()>), <tokio[55ce698a9376a796]::runtime::scheduler::current_thread::CoreGuard>::enter<<tokio[55ce698a9376a796]::runtime::scheduler::current_thread::CoreGuard>::block_on<core[6883ba1bc0fe4ed1]::pin::Pin<&mut core[6883ba1bc0fe4ed1]::pin::Pin<&mut dyn core[6883ba1bc0fe4ed1]::future::future::Future<Output = ()>>>>::{closure#0}, core[6883ba1bc0fe4ed1]::option::Option<()>>::{closure#0}>::{closure#0}, (alloc[55a36b64bcbf2c0d]::boxed::Box<tokio[55ce698a9376a796]::runtime::scheduler::current_thread::Core>, core[6883ba1bc0fe4ed1]::option::Option<()>)>
[INFO] [stdout]                                at /rustc/6b3fa26749ab40e159b2dd5cf577acaaf5902772/library/std/src/thread/local.rs:427:20
[INFO] [stdout]   39:     0x5aeeb774768d - tokio[55ce698a9376a796]::runtime::context::set_scheduler::<(alloc[55a36b64bcbf2c0d]::boxed::Box<tokio[55ce698a9376a796]::runtime::scheduler::current_thread::Core>, core[6883ba1bc0fe4ed1]::option::Option<()>), <tokio[55ce698a9376a796]::runtime::scheduler::current_thread::CoreGuard>::enter<<tokio[55ce698a9376a796]::runtime::scheduler::current_thread::CoreGuard>::block_on<core[6883ba1bc0fe4ed1]::pin::Pin<&mut core[6883ba1bc0fe4ed1]::pin::Pin<&mut dyn core[6883ba1bc0fe4ed1]::future::future::Future<Output = ()>>>>::{closure#0}, core[6883ba1bc0fe4ed1]::option::Option<()>>::{closure#0}>
[INFO] [stdout]                                at /opt/rustwide/cargo-home/registry/src/index.crates.io-1949cf8c6b5b557f/tokio-1.47.1/src/runtime/context.rs:176:17
[INFO] [stdout]   40:     0x5aeeb7733b00 - <tokio[55ce698a9376a796]::runtime::scheduler::current_thread::CoreGuard>::enter::<<tokio[55ce698a9376a796]::runtime::scheduler::current_thread::CoreGuard>::block_on<core[6883ba1bc0fe4ed1]::pin::Pin<&mut core[6883ba1bc0fe4ed1]::pin::Pin<&mut dyn core[6883ba1bc0fe4ed1]::future::future::Future<Output = ()>>>>::{closure#0}, core[6883ba1bc0fe4ed1]::option::Option<()>>
[INFO] [stdout]                                at /opt/rustwide/cargo-home/registry/src/index.crates.io-1949cf8c6b5b557f/tokio-1.47.1/src/runtime/scheduler/current_thread/mod.rs:829:27
[INFO] [stdout]   41:     0x5aeeb7733df6 - <tokio[55ce698a9376a796]::runtime::scheduler::current_thread::CoreGuard>::block_on::<core[6883ba1bc0fe4ed1]::pin::Pin<&mut core[6883ba1bc0fe4ed1]::pin::Pin<&mut dyn core[6883ba1bc0fe4ed1]::future::future::Future<Output = ()>>>>
[INFO] [stdout]                                at /opt/rustwide/cargo-home/registry/src/index.crates.io-1949cf8c6b5b557f/tokio-1.47.1/src/runtime/scheduler/current_thread/mod.rs:729:24
[INFO] [stdout]   42:     0x5aeeb77393b0 - <tokio[55ce698a9376a796]::runtime::scheduler::current_thread::CurrentThread>::block_on::<core[6883ba1bc0fe4ed1]::pin::Pin<&mut dyn core[6883ba1bc0fe4ed1]::future::future::Future<Output = ()>>>::{closure#0}
[INFO] [stdout]                                at /opt/rustwide/cargo-home/registry/src/index.crates.io-1949cf8c6b5b557f/tokio-1.47.1/src/runtime/scheduler/current_thread/mod.rs:200:33
[INFO] [stdout]   43:     0x5aeeb77629a3 - tokio[55ce698a9376a796]::runtime::context::runtime::enter_runtime::<<tokio[55ce698a9376a796]::runtime::scheduler::current_thread::CurrentThread>::block_on<core[6883ba1bc0fe4ed1]::pin::Pin<&mut dyn core[6883ba1bc0fe4ed1]::future::future::Future<Output = ()>>>::{closure#0}, ()>
[INFO] [stdout]                                at /opt/rustwide/cargo-home/registry/src/index.crates.io-1949cf8c6b5b557f/tokio-1.47.1/src/runtime/context/runtime.rs:65:16
[INFO] [stdout]   44:     0x5aeeb7726ee1 - <tokio[55ce698a9376a796]::runtime::scheduler::current_thread::CurrentThread>::block_on::<core[6883ba1bc0fe4ed1]::pin::Pin<&mut dyn core[6883ba1bc0fe4ed1]::future::future::Future<Output = ()>>>
[INFO] [stdout]                                at /opt/rustwide/cargo-home/registry/src/index.crates.io-1949cf8c6b5b557f/tokio-1.47.1/src/runtime/scheduler/current_thread/mod.rs:188:9
[INFO] [stdout]   45:     0x5aeeb7713f84 - <tokio[55ce698a9376a796]::runtime::runtime::Runtime>::block_on_inner::<core[6883ba1bc0fe4ed1]::pin::Pin<&mut dyn core[6883ba1bc0fe4ed1]::future::future::Future<Output = ()>>>
[INFO] [stdout]                                at /opt/rustwide/cargo-home/registry/src/index.crates.io-1949cf8c6b5b557f/tokio-1.47.1/src/runtime/runtime.rs:356:52
[INFO] [stdout]   46:     0x5aeeb771414f - <tokio[55ce698a9376a796]::runtime::runtime::Runtime>::block_on::<core[6883ba1bc0fe4ed1]::pin::Pin<&mut dyn core[6883ba1bc0fe4ed1]::future::future::Future<Output = ()>>>
[INFO] [stdout]                                at /opt/rustwide/cargo-home/registry/src/index.crates.io-1949cf8c6b5b557f/tokio-1.47.1/src/runtime/runtime.rs:330:18
[INFO] [stdout]   47:     0x5aeeb76f1453 - api[4ec27caaa2c20b5e]::redirect::redirect_endpoint_sends_user_to_shortened_destination_url
[INFO] [stdout]                                at /opt/rustwide/workdir/tests/api/redirect.rs:42:42
[INFO] [stdout]   48:     0x5aeeb76ee297 - api[4ec27caaa2c20b5e]::redirect::redirect_endpoint_sends_user_to_shortened_destination_url::{closure#0}
[INFO] [stdout]                                at /opt/rustwide/workdir/tests/api/redirect.rs:11:69
[INFO] [stdout]   49:     0x5aeeb76ca516 - <api[4ec27caaa2c20b5e]::redirect::redirect_endpoint_sends_user_to_shortened_destination_url::{closure#0} as core[6883ba1bc0fe4ed1]::ops::function::FnOnce<()>>::call_once
[INFO] [stdout]                                at /rustc/6b3fa26749ab40e159b2dd5cf577acaaf5902772/library/core/src/ops/function.rs:250:5
[INFO] [stdout]   50:     0x5aeeb7801c7b - <fn() -> core[6883ba1bc0fe4ed1]::result::Result<(), alloc[55a36b64bcbf2c0d]::string::String> as core[6883ba1bc0fe4ed1]::ops::function::FnOnce<()>>::call_once
[INFO] [stdout]                                at /rustc/6b3fa26749ab40e159b2dd5cf577acaaf5902772/library/core/src/ops/function.rs:250:5
[INFO] [stdout]   51:     0x5aeeb7801c7b - test[980ffaebd391d06d]::__rust_begin_short_backtrace::<core[6883ba1bc0fe4ed1]::result::Result<(), alloc[55a36b64bcbf2c0d]::string::String>, fn() -> core[6883ba1bc0fe4ed1]::result::Result<(), alloc[55a36b64bcbf2c0d]::string::String>>
[INFO] [stdout]                                at /rustc/6b3fa26749ab40e159b2dd5cf577acaaf5902772/library/test/src/lib.rs:724:18
[INFO] [stdout]   52:     0x5aeeb780f2c5 - test[980ffaebd391d06d]::run_test_in_process::{closure#0}
[INFO] [stdout]                                at /rustc/6b3fa26749ab40e159b2dd5cf577acaaf5902772/library/test/src/lib.rs:747:74
[INFO] [stdout]   53:     0x5aeeb780f2c5 - <core[6883ba1bc0fe4ed1]::panic::unwind_safe::AssertUnwindSafe<test[980ffaebd391d06d]::run_test_in_process::{closure#0}> as core[6883ba1bc0fe4ed1]::ops::function::FnOnce<()>>::call_once
[INFO] [stdout]                                at /rustc/6b3fa26749ab40e159b2dd5cf577acaaf5902772/library/core/src/panic/unwind_safe.rs:275:9
[INFO] [stdout]   54:     0x5aeeb780f2c5 - std[73adb7dc35730857]::panicking::catch_unwind::do_call::<core[6883ba1bc0fe4ed1]::panic::unwind_safe::AssertUnwindSafe<test[980ffaebd391d06d]::run_test_in_process::{closure#0}>, core[6883ba1bc0fe4ed1]::result::Result<(), alloc[55a36b64bcbf2c0d]::string::String>>
[INFO] [stdout]                                at /rustc/6b3fa26749ab40e159b2dd5cf577acaaf5902772/library/std/src/panicking.rs:576:43
[INFO] [stdout]   55:     0x5aeeb780f2c5 - std[73adb7dc35730857]::panicking::catch_unwind::<core[6883ba1bc0fe4ed1]::result::Result<(), alloc[55a36b64bcbf2c0d]::string::String>, core[6883ba1bc0fe4ed1]::panic::unwind_safe::AssertUnwindSafe<test[980ffaebd391d06d]::run_test_in_process::{closure#0}>>
[INFO] [stdout]                                at /rustc/6b3fa26749ab40e159b2dd5cf577acaaf5902772/library/std/src/panicking.rs:544:19
[INFO] [stdout]   56:     0x5aeeb780f2c5 - std[73adb7dc35730857]::panic::catch_unwind::<core[6883ba1bc0fe4ed1]::panic::unwind_safe::AssertUnwindSafe<test[980ffaebd391d06d]::run_test_in_process::{closure#0}>, core[6883ba1bc0fe4ed1]::result::Result<(), alloc[55a36b64bcbf2c0d]::string::String>>
[INFO] [stdout]                                at /rustc/6b3fa26749ab40e159b2dd5cf577acaaf5902772/library/std/src/panic.rs:359:14
[INFO] [stdout]   57:     0x5aeeb780f2c5 - test[980ffaebd391d06d]::run_test_in_process
[INFO] [stdout]                                at /rustc/6b3fa26749ab40e159b2dd5cf577acaaf5902772/library/test/src/lib.rs:747:27
[INFO] [stdout]   58:     0x5aeeb780f2c5 - test[980ffaebd391d06d]::run_test::{closure#0}
[INFO] [stdout]                                at /rustc/6b3fa26749ab40e159b2dd5cf577acaaf5902772/library/test/src/lib.rs:668:43
[INFO] [stdout]   59:     0x5aeeb7809d74 - test[980ffaebd391d06d]::run_test::{closure#1}
[INFO] [stdout]                                at /rustc/6b3fa26749ab40e159b2dd5cf577acaaf5902772/library/test/src/lib.rs:698:41
[INFO] [stdout]   60:     0x5aeeb7809d74 - std[73adb7dc35730857]::sys::backtrace::__rust_begin_short_backtrace::<test[980ffaebd391d06d]::run_test::{closure#1}, ()>
[INFO] [stdout]                                at /rustc/6b3fa26749ab40e159b2dd5cf577acaaf5902772/library/std/src/sys/backtrace.rs:166:18
[INFO] [stdout]   61:     0x5aeeb7812412 - std[73adb7dc35730857]::thread::lifecycle::spawn_unchecked::<test[980ffaebd391d06d]::run_test::{closure#1}, ()>::{closure#1}::{closure#0}
[INFO] [stdout]                                at /rustc/6b3fa26749ab40e159b2dd5cf577acaaf5902772/library/std/src/thread/lifecycle.rs:70:13
[INFO] [stdout]   62:     0x5aeeb7812412 - <core[6883ba1bc0fe4ed1]::panic::unwind_safe::AssertUnwindSafe<std[73adb7dc35730857]::thread::lifecycle::spawn_unchecked<test[980ffaebd391d06d]::run_test::{closure#1}, ()>::{closure#1}::{closure#0}> as core[6883ba1bc0fe4ed1]::ops::function::FnOnce<()>>::call_once
[INFO] [stdout]                                at /rustc/6b3fa26749ab40e159b2dd5cf577acaaf5902772/library/core/src/panic/unwind_safe.rs:275:9
[INFO] [stdout]   63:     0x5aeeb7812412 - std[73adb7dc35730857]::panicking::catch_unwind::do_call::<core[6883ba1bc0fe4ed1]::panic::unwind_safe::AssertUnwindSafe<std[73adb7dc35730857]::thread::lifecycle::spawn_unchecked<test[980ffaebd391d06d]::run_test::{closure#1}, ()>::{closure#1}::{closure#0}>, ()>
[INFO] [stdout]                                at /rustc/6b3fa26749ab40e159b2dd5cf577acaaf5902772/library/std/src/panicking.rs:576:43
[INFO] [stdout]   64:     0x5aeeb7812412 - std[73adb7dc35730857]::panicking::catch_unwind::<(), core[6883ba1bc0fe4ed1]::panic::unwind_safe::AssertUnwindSafe<std[73adb7dc35730857]::thread::lifecycle::spawn_unchecked<test[980ffaebd391d06d]::run_test::{closure#1}, ()>::{closure#1}::{closure#0}>>
[INFO] [stdout]                                at /rustc/6b3fa26749ab40e159b2dd5cf577acaaf5902772/library/std/src/panicking.rs:544:19
[INFO] [stdout]   65:     0x5aeeb7812412 - std[73adb7dc35730857]::panic::catch_unwind::<core[6883ba1bc0fe4ed1]::panic::unwind_safe::AssertUnwindSafe<std[73adb7dc35730857]::thread::lifecycle::spawn_unchecked<test[980ffaebd391d06d]::run_test::{closure#1}, ()>::{closure#1}::{closure#0}>, ()>
[INFO] [stdout]                                at /rustc/6b3fa26749ab40e159b2dd5cf577acaaf5902772/library/std/src/panic.rs:359:14
[INFO] [stdout]   66:     0x5aeeb7812412 - std[73adb7dc35730857]::thread::lifecycle::spawn_unchecked::<test[980ffaebd391d06d]::run_test::{closure#1}, ()>::{closure#1}
[INFO] [stderr] error: test failed, to rerun pass `--test api`
[INFO] [stdout]                                at /rustc/6b3fa26749ab40e159b2dd5cf577acaaf5902772/library/std/src/thread/lifecycle.rs:68:26
[INFO] [stdout]   67:     0x5aeeb7812412 - <std[73adb7dc35730857]::thread::lifecycle::spawn_unchecked<test[980ffaebd391d06d]::run_test::{closure#1}, ()>::{closure#1} as core[6883ba1bc0fe4ed1]::ops::function::FnOnce<()>>::call_once::{shim:vtable#0}
[INFO] [stdout]                                at /rustc/6b3fa26749ab40e159b2dd5cf577acaaf5902772/library/core/src/ops/function.rs:250:5
[INFO] [stdout]   68:     0x5aeeb893546f - <alloc[55a36b64bcbf2c0d]::boxed::Box<dyn core[6883ba1bc0fe4ed1]::ops::function::FnOnce<(), Output = ()> + core[6883ba1bc0fe4ed1]::marker::Send> as core[6883ba1bc0fe4ed1]::ops::function::FnOnce<()>>::call_once
[INFO] [stdout]                                at /rustc/6b3fa26749ab40e159b2dd5cf577acaaf5902772/library/alloc/src/boxed.rs:2319:9
[INFO] [stdout]   69:     0x5aeeb893546f - <std[73adb7dc35730857]::sys::thread::unix::Thread>::new::thread_start
[INFO] [stdout]                                at /rustc/6b3fa26749ab40e159b2dd5cf577acaaf5902772/library/std/src/sys/thread/unix.rs:123:17
[INFO] [stdout]   70:     0x7a878ca71aa4 - <unknown>
[INFO] [stdout]   71:     0x7a878cafea64 - clone
[INFO] [stdout]   72:                0x0 - <unknown>
[INFO] [stdout] 
[INFO] [stdout] ---- shorten::shorten_endpoint_returns_the_shortened_url_and_200_ok stdout ----
[INFO] [stdout] 
[INFO] [stdout] thread 'shorten::shorten_endpoint_returns_the_shortened_url_and_200_ok' (4035) panicked at tests/api/helpers.rs:55:18:
[INFO] [stdout] Failed to start Postgres testcontainer: Client(Init(SocketNotFoundError("/var/run/docker.sock")))
[INFO] [stdout] stack backtrace:
[INFO] [stdout]    0:     0x5aeeb8936631 - std[73adb7dc35730857]::backtrace_rs::backtrace::libunwind::trace
[INFO] [stdout]                                at /rustc/6b3fa26749ab40e159b2dd5cf577acaaf5902772/library/std/src/../../backtrace/src/backtrace/libunwind.rs:117:9
[INFO] [stdout]    1:     0x5aeeb8936631 - std[73adb7dc35730857]::backtrace_rs::backtrace::trace_unsynchronized::<std[73adb7dc35730857]::sys::backtrace::_print_fmt::{closure#1}>
[INFO] [stdout]                                at /rustc/6b3fa26749ab40e159b2dd5cf577acaaf5902772/library/std/src/../../backtrace/src/backtrace/mod.rs:66:14
[INFO] [stdout]    2:     0x5aeeb8936631 - std[73adb7dc35730857]::sys::backtrace::_print_fmt
[INFO] [stdout]                                at /rustc/6b3fa26749ab40e159b2dd5cf577acaaf5902772/library/std/src/sys/backtrace.rs:74:9
[INFO] [stdout]    3:     0x5aeeb8936631 - <<std[73adb7dc35730857]::sys::backtrace::BacktraceLock>::print::DisplayBacktrace as core[6883ba1bc0fe4ed1]::fmt::Display>::fmt
[INFO] [stdout]                                at /rustc/6b3fa26749ab40e159b2dd5cf577acaaf5902772/library/std/src/sys/backtrace.rs:44:26
[INFO] [stdout]    4:     0x5aeeb895017a - <core[6883ba1bc0fe4ed1]::fmt::rt::Argument>::fmt
[INFO] [stdout]                                at /rustc/6b3fa26749ab40e159b2dd5cf577acaaf5902772/library/core/src/fmt/rt.rs:152:76
[INFO] [stdout]    5:     0x5aeeb895017a - core[6883ba1bc0fe4ed1]::fmt::write
[INFO] [stdout]    6:     0x5aeeb893be0c - std[73adb7dc35730857]::io::default_write_fmt::<alloc[55a36b64bcbf2c0d]::vec::Vec<u8>>
[INFO] [stdout]                                at /rustc/6b3fa26749ab40e159b2dd5cf577acaaf5902772/library/std/src/io/mod.rs:626:11
[INFO] [stdout]    7:     0x5aeeb893be0c - <alloc[55a36b64bcbf2c0d]::vec::Vec<u8> as std[73adb7dc35730857]::io::Write>::write_fmt
[INFO] [stdout]                                at /rustc/6b3fa26749ab40e159b2dd5cf577acaaf5902772/library/std/src/io/mod.rs:1730:13
[INFO] [stdout]    8:     0x5aeeb8911d56 - <std[73adb7dc35730857]::sys::backtrace::BacktraceLock>::print
[INFO] [stdout]                                at /rustc/6b3fa26749ab40e159b2dd5cf577acaaf5902772/library/std/src/sys/backtrace.rs:47:9
[INFO] [stdout]    9:     0x5aeeb8911d56 - std[73adb7dc35730857]::panicking::default_hook::{closure#0}
[INFO] [stdout]                                at /rustc/6b3fa26749ab40e159b2dd5cf577acaaf5902772/library/std/src/panicking.rs:292:27
[INFO] [stdout]   10:     0x5aeeb892d509 - std[73adb7dc35730857]::panicking::default_hook
[INFO] [stdout]                                at /rustc/6b3fa26749ab40e159b2dd5cf577acaaf5902772/library/std/src/panicking.rs:316:9
[INFO] [stdout]   11:     0x5aeeb780e940 - <alloc[55a36b64bcbf2c0d]::boxed::Box<dyn for<'a, 'b> core[6883ba1bc0fe4ed1]::ops::function::Fn<(&'a std[73adb7dc35730857]::panic::PanicHookInfo<'b>,), Output = ()> + core[6883ba1bc0fe4ed1]::marker::Send + core[6883ba1bc0fe4ed1]::marker::Sync> as core[6883ba1bc0fe4ed1]::ops::function::Fn<(&std[73adb7dc35730857]::panic::PanicHookInfo,)>>::call
[INFO] [stdout]                                at /rustc/6b3fa26749ab40e159b2dd5cf577acaaf5902772/library/alloc/src/boxed.rs:2333:9
[INFO] [stdout]   12:     0x5aeeb780e940 - test[980ffaebd391d06d]::test_main_inner::<test[980ffaebd391d06d]::test_main_static::{closure#0}>::{closure#0}
[INFO] [stdout]                                at /rustc/6b3fa26749ab40e159b2dd5cf577acaaf5902772/library/test/src/lib.rs:155:21
[INFO] [stdout]   13:     0x5aeeb892d832 - <alloc[55a36b64bcbf2c0d]::boxed::Box<dyn for<'a, 'b> core[6883ba1bc0fe4ed1]::ops::function::Fn<(&'a std[73adb7dc35730857]::panic::PanicHookInfo<'b>,), Output = ()> + core[6883ba1bc0fe4ed1]::marker::Send + core[6883ba1bc0fe4ed1]::marker::Sync> as core[6883ba1bc0fe4ed1]::ops::function::Fn<(&std[73adb7dc35730857]::panic::PanicHookInfo,)>>::call
[INFO] [stdout]                                at /rustc/6b3fa26749ab40e159b2dd5cf577acaaf5902772/library/alloc/src/boxed.rs:2333:9
[INFO] [stdout]   14:     0x5aeeb892d832 - std[73adb7dc35730857]::panicking::panic_with_hook
[INFO] [stdout]                                at /rustc/6b3fa26749ab40e159b2dd5cf577acaaf5902772/library/std/src/panicking.rs:823:13
[INFO] [stdout]   15:     0x5aeeb8911e02 - std[73adb7dc35730857]::panicking::panic_handler::{closure#0}
[INFO] [stdout]                                at /rustc/6b3fa26749ab40e159b2dd5cf577acaaf5902772/library/std/src/panicking.rs:688:13
[INFO] [stdout]   16:     0x5aeeb8908eb9 - std[73adb7dc35730857]::sys::backtrace::__rust_end_short_backtrace::<std[73adb7dc35730857]::panicking::panic_handler::{closure#0}, !>
[INFO] [stdout]                                at /rustc/6b3fa26749ab40e159b2dd5cf577acaaf5902772/library/std/src/sys/backtrace.rs:182:18
[INFO] [stdout]   17:     0x5aeeb8912cfd - __rustc[a7b7b02e776dd976]::rust_begin_unwind
[INFO] [stdout]                                at /rustc/6b3fa26749ab40e159b2dd5cf577acaaf5902772/library/std/src/panicking.rs:679:5
[INFO] [stdout]   18:     0x5aeeb8950a2c - core[6883ba1bc0fe4ed1]::panicking::panic_fmt
[INFO] [stdout]                                at /rustc/6b3fa26749ab40e159b2dd5cf577acaaf5902772/library/core/src/panicking.rs:80:14
[INFO] [stdout]   19:     0x5aeeb8950772 - core[6883ba1bc0fe4ed1]::result::unwrap_failed
[INFO] [stdout]                                at /rustc/6b3fa26749ab40e159b2dd5cf577acaaf5902772/library/core/src/result.rs:1870:5
[INFO] [stdout]   20:     0x5aeeb771769c - <core[6883ba1bc0fe4ed1]::result::Result<testcontainers[fbee45903d15529b]::core::containers::async_container::ContainerAsync<testcontainers_modules[879ca4db4a6b092]::postgres::Postgres>, testcontainers[fbee45903d15529b]::core::error::TestcontainersError>>::expect
[INFO] [stdout]                                at /rustc/6b3fa26749ab40e159b2dd5cf577acaaf5902772/library/core/src/result.rs:1183:23
[INFO] [stdout]   21:     0x5aeeb76ff5eb - api[4ec27caaa2c20b5e]::helpers::get_postgres_container::{closure#0}::{closure#0}::{closure#0}
[INFO] [stdout]                                at /opt/rustwide/workdir/tests/api/helpers.rs:55:18
[INFO] [stdout]   22:     0x5aeeb77991ad - <tokio[55ce698a9376a796]::sync::once_cell::OnceCell<testcontainers[fbee45903d15529b]::core::containers::async_container::ContainerAsync<testcontainers_modules[879ca4db4a6b092]::postgres::Postgres>>>::get_or_init::<api[4ec27caaa2c20b5e]::helpers::get_postgres_container::{closure#0}::{closure#0}, api[4ec27caaa2c20b5e]::helpers::get_postgres_container::{closure#0}::{closure#0}::{closure#0}>::{closure#0}
[INFO] [stdout]                                at /opt/rustwide/cargo-home/registry/src/index.crates.io-1949cf8c6b5b557f/tokio-1.47.1/src/sync/once_cell.rs:368:37
[INFO] [stdout]   23:     0x5aeeb7701ea4 - api[4ec27caaa2c20b5e]::helpers::get_postgres_container::{closure#0}
[INFO] [stdout]                                at /opt/rustwide/workdir/tests/api/helpers.rs:57:10
[INFO] [stdout]   24:     0x5aeeb7702676 - api[4ec27caaa2c20b5e]::helpers::spawn_app::{closure#0}
[INFO] [stdout]                                at /opt/rustwide/workdir/tests/api/helpers.rs:169:46
[INFO] [stdout]   25:     0x5aeeb76ed93f - api[4ec27caaa2c20b5e]::shorten::shorten_endpoint_returns_the_shortened_url_and_200_ok::{closure#0}
[INFO] [stdout]                                at /opt/rustwide/workdir/tests/api/shorten.rs:14:27
[INFO] [stdout]   26:     0x5aeeb771d8a2 - <core[6883ba1bc0fe4ed1]::pin::Pin<&mut dyn core[6883ba1bc0fe4ed1]::future::future::Future<Output = ()>> as core[6883ba1bc0fe4ed1]::future::future::Future>::poll
[INFO] [stdout]                                at /rustc/6b3fa26749ab40e159b2dd5cf577acaaf5902772/library/core/src/future/future.rs:133:9
[INFO] [stdout]   27:     0x5aeeb771d91d - <core[6883ba1bc0fe4ed1]::pin::Pin<&mut core[6883ba1bc0fe4ed1]::pin::Pin<&mut dyn core[6883ba1bc0fe4ed1]::future::future::Future<Output = ()>>> as core[6883ba1bc0fe4ed1]::future::future::Future>::poll
[INFO] [stdout]                                at /rustc/6b3fa26749ab40e159b2dd5cf577acaaf5902772/library/core/src/future/future.rs:133:9
[INFO] [stdout]   28:     0x5aeeb773df7d - <tokio[55ce698a9376a796]::runtime::scheduler::current_thread::CoreGuard>::block_on::<core[6883ba1bc0fe4ed1]::pin::Pin<&mut core[6883ba1bc0fe4ed1]::pin::Pin<&mut dyn core[6883ba1bc0fe4ed1]::future::future::Future<Output = ()>>>>::{closure#0}::{closure#0}::{closure#0}
[INFO] [stdout]                                at /opt/rustwide/cargo-home/registry/src/index.crates.io-1949cf8c6b5b557f/tokio-1.47.1/src/runtime/scheduler/current_thread/mod.rs:742:70
[INFO] [stdout]   29:     0x5aeeb773de7b - tokio[55ce698a9376a796]::task::coop::with_budget::<core[6883ba1bc0fe4ed1]::task::poll::Poll<()>, <tokio[55ce698a9376a796]::runtime::scheduler::current_thread::CoreGuard>::block_on<core[6883ba1bc0fe4ed1]::pin::Pin<&mut core[6883ba1bc0fe4ed1]::pin::Pin<&mut dyn core[6883ba1bc0fe4ed1]::future::future::Future<Output = ()>>>>::{closure#0}::{closure#0}::{closure#0}>
[INFO] [stdout]                                at /opt/rustwide/cargo-home/registry/src/index.crates.io-1949cf8c6b5b557f/tokio-1.47.1/src/task/coop/mod.rs:167:5
[INFO] [stdout]   30:     0x5aeeb773de7b - tokio[55ce698a9376a796]::task::coop::budget::<core[6883ba1bc0fe4ed1]::task::poll::Poll<()>, <tokio[55ce698a9376a796]::runtime::scheduler::current_thread::CoreGuard>::block_on<core[6883ba1bc0fe4ed1]::pin::Pin<&mut core[6883ba1bc0fe4ed1]::pin::Pin<&mut dyn core[6883ba1bc0fe4ed1]::future::future::Future<Output = ()>>>>::{closure#0}::{closure#0}::{closure#0}>
[INFO] [stdout]                                at /opt/rustwide/cargo-home/registry/src/index.crates.io-1949cf8c6b5b557f/tokio-1.47.1/src/task/coop/mod.rs:133:5
[INFO] [stdout]   31:     0x5aeeb773de7b - <tokio[55ce698a9376a796]::runtime::scheduler::current_thread::CoreGuard>::block_on::<core[6883ba1bc0fe4ed1]::pin::Pin<&mut core[6883ba1bc0fe4ed1]::pin::Pin<&mut dyn core[6883ba1bc0fe4ed1]::future::future::Future<Output = ()>>>>::{closure#0}::{closure#0}
[INFO] [stdout]                                at /opt/rustwide/cargo-home/registry/src/index.crates.io-1949cf8c6b5b557f/tokio-1.47.1/src/runtime/scheduler/current_thread/mod.rs:742:25
[INFO] [stdout]   32:     0x5aeeb7727480 - <tokio[55ce698a9376a796]::runtime::scheduler::current_thread::Context>::enter::<core[6883ba1bc0fe4ed1]::task::poll::Poll<()>, <tokio[55ce698a9376a796]::runtime::scheduler::current_thread::CoreGuard>::block_on<core[6883ba1bc0fe4ed1]::pin::Pin<&mut core[6883ba1bc0fe4ed1]::pin::Pin<&mut dyn core[6883ba1bc0fe4ed1]::future::future::Future<Output = ()>>>>::{closure#0}::{closure#0}>
[INFO] [stdout]                                at /opt/rustwide/cargo-home/registry/src/index.crates.io-1949cf8c6b5b557f/tokio-1.47.1/src/runtime/scheduler/current_thread/mod.rs:432:19
[INFO] [stdout]   33:     0x5aeeb773a6ad - <tokio[55ce698a9376a796]::runtime::scheduler::current_thread::CoreGuard>::block_on::<core[6883ba1bc0fe4ed1]::pin::Pin<&mut core[6883ba1bc0fe4ed1]::pin::Pin<&mut dyn core[6883ba1bc0fe4ed1]::future::future::Future<Output = ()>>>>::{closure#0}
[INFO] [stdout]                                at /opt/rustwide/cargo-home/registry/src/index.crates.io-1949cf8c6b5b557f/tokio-1.47.1/src/runtime/scheduler/current_thread/mod.rs:741:44
[INFO] [stdout]   34:     0x5aeeb7739994 - <tokio[55ce698a9376a796]::runtime::scheduler::current_thread::CoreGuard>::enter::<<tokio[55ce698a9376a796]::runtime::scheduler::current_thread::CoreGuard>::block_on<core[6883ba1bc0fe4ed1]::pin::Pin<&mut core[6883ba1bc0fe4ed1]::pin::Pin<&mut dyn core[6883ba1bc0fe4ed1]::future::future::Future<Output = ()>>>>::{closure#0}, core[6883ba1bc0fe4ed1]::option::Option<()>>::{closure#0}
[INFO] [stdout]                                at /opt/rustwide/cargo-home/registry/src/index.crates.io-1949cf8c6b5b557f/tokio-1.47.1/src/runtime/scheduler/current_thread/mod.rs:829:68
[INFO] [stdout]   35:     0x5aeeb774547b - <tokio[55ce698a9376a796]::runtime::context::scoped::Scoped<tokio[55ce698a9376a796]::runtime::scheduler::Context>>::set::<<tokio[55ce698a9376a796]::runtime::scheduler::current_thread::CoreGuard>::enter<<tokio[55ce698a9376a796]::runtime::scheduler::current_thread::CoreGuard>::block_on<core[6883ba1bc0fe4ed1]::pin::Pin<&mut core[6883ba1bc0fe4ed1]::pin::Pin<&mut dyn core[6883ba1bc0fe4ed1]::future::future::Future<Output = ()>>>>::{closure#0}, core[6883ba1bc0fe4ed1]::option::Option<()>>::{closure#0}, (alloc[55a36b64bcbf2c0d]::boxed::Box<tokio[55ce698a9376a796]::runtime::scheduler::current_thread::Core>, core[6883ba1bc0fe4ed1]::option::Option<()>)>
[INFO] [stdout]                                at /opt/rustwide/cargo-home/registry/src/index.crates.io-1949cf8c6b5b557f/tokio-1.47.1/src/runtime/context/scoped.rs:40:9
[INFO] [stdout]   36:     0x5aeeb774d389 - tokio[55ce698a9376a796]::runtime::context::set_scheduler::<(alloc[55a36b64bcbf2c0d]::boxed::Box<tokio[55ce698a9376a796]::runtime::scheduler::current_thread::Core>, core[6883ba1bc0fe4ed1]::option::Option<()>), <tokio[55ce698a9376a796]::runtime::scheduler::current_thread::CoreGuard>::enter<<tokio[55ce698a9376a796]::runtime::scheduler::current_thread::CoreGuard>::block_on<core[6883ba1bc0fe4ed1]::pin::Pin<&mut core[6883ba1bc0fe4ed1]::pin::Pin<&mut dyn core[6883ba1bc0fe4ed1]::future::future::Future<Output = ()>>>>::{closure#0}, core[6883ba1bc0fe4ed1]::option::Option<()>>::{closure#0}>::{closure#0}
[INFO] [stdout]                                at /opt/rustwide/cargo-home/registry/src/index.crates.io-1949cf8c6b5b557f/tokio-1.47.1/src/runtime/context.rs:176:38
[INFO] [stdout]   37:     0x5aeeb77ae9a2 - <std[73adb7dc35730857]::thread::local::LocalKey<tokio[55ce698a9376a796]::runtime::context::Context>>::try_with::<tokio[55ce698a9376a796]::runtime::context::set_scheduler<(alloc[55a36b64bcbf2c0d]::boxed::Box<tokio[55ce698a9376a796]::runtime::scheduler::current_thread::Core>, core[6883ba1bc0fe4ed1]::option::Option<()>), <tokio[55ce698a9376a796]::runtime::scheduler::current_thread::CoreGuard>::enter<<tokio[55ce698a9376a796]::runtime::scheduler::current_thread::CoreGuard>::block_on<core[6883ba1bc0fe4ed1]::pin::Pin<&mut core[6883ba1bc0fe4ed1]::pin::Pin<&mut dyn core[6883ba1bc0fe4ed1]::future::future::Future<Output = ()>>>>::{closure#0}, core[6883ba1bc0fe4ed1]::option::Option<()>>::{closure#0}>::{closure#0}, (alloc[55a36b64bcbf2c0d]::boxed::Box<tokio[55ce698a9376a796]::runtime::scheduler::current_thread::Core>, core[6883ba1bc0fe4ed1]::option::Option<()>)>
[INFO] [stdout]                                at /rustc/6b3fa26749ab40e159b2dd5cf577acaaf5902772/library/std/src/thread/local.rs:463:12
[INFO] [stdout]   38:     0x5aeeb77ae3de - <std[73adb7dc35730857]::thread::local::LocalKey<tokio[55ce698a9376a796]::runtime::context::Context>>::with::<tokio[55ce698a9376a796]::runtime::context::set_scheduler<(alloc[55a36b64bcbf2c0d]::boxed::Box<tokio[55ce698a9376a796]::runtime::scheduler::current_thread::Core>, core[6883ba1bc0fe4ed1]::option::Option<()>), <tokio[55ce698a9376a796]::runtime::scheduler::current_thread::CoreGuard>::enter<<tokio[55ce698a9376a796]::runtime::scheduler::current_thread::CoreGuard>::block_on<core[6883ba1bc0fe4ed1]::pin::Pin<&mut core[6883ba1bc0fe4ed1]::pin::Pin<&mut dyn core[6883ba1bc0fe4ed1]::future::future::Future<Output = ()>>>>::{closure#0}, core[6883ba1bc0fe4ed1]::option::Option<()>>::{closure#0}>::{closure#0}, (alloc[55a36b64bcbf2c0d]::boxed::Box<tokio[55ce698a9376a796]::runtime::scheduler::current_thread::Core>, core[6883ba1bc0fe4ed1]::option::Option<()>)>
[INFO] [stdout]                                at /rustc/6b3fa26749ab40e159b2dd5cf577acaaf5902772/library/std/src/thread/local.rs:427:20
[INFO] [stdout]   39:     0x5aeeb774768d - tokio[55ce698a9376a796]::runtime::context::set_scheduler::<(alloc[55a36b64bcbf2c0d]::boxed::Box<tokio[55ce698a9376a796]::runtime::scheduler::current_thread::Core>, core[6883ba1bc0fe4ed1]::option::Option<()>), <tokio[55ce698a9376a796]::runtime::scheduler::current_thread::CoreGuard>::enter<<tokio[55ce698a9376a796]::runtime::scheduler::current_thread::CoreGuard>::block_on<core[6883ba1bc0fe4ed1]::pin::Pin<&mut core[6883ba1bc0fe4ed1]::pin::Pin<&mut dyn core[6883ba1bc0fe4ed1]::future::future::Future<Output = ()>>>>::{closure#0}, core[6883ba1bc0fe4ed1]::option::Option<()>>::{closure#0}>
[INFO] [stdout]                                at /opt/rustwide/cargo-home/registry/src/index.crates.io-1949cf8c6b5b557f/tokio-1.47.1/src/runtime/context.rs:176:17
[INFO] [stdout]   40:     0x5aeeb7733b00 - <tokio[55ce698a9376a796]::runtime::scheduler::current_thread::CoreGuard>::enter::<<tokio[55ce698a9376a796]::runtime::scheduler::current_thread::CoreGuard>::block_on<core[6883ba1bc0fe4ed1]::pin::Pin<&mut core[6883ba1bc0fe4ed1]::pin::Pin<&mut dyn core[6883ba1bc0fe4ed1]::future::future::Future<Output = ()>>>>::{closure#0}, core[6883ba1bc0fe4ed1]::option::Option<()>>
[INFO] [stdout]                                at /opt/rustwide/cargo-home/registry/src/index.crates.io-1949cf8c6b5b557f/tokio-1.47.1/src/runtime/scheduler/current_thread/mod.rs:829:27
[INFO] [stdout]   41:     0x5aeeb7733df6 - <tokio[55ce698a9376a796]::runtime::scheduler::current_thread::CoreGuard>::block_on::<core[6883ba1bc0fe4ed1]::pin::Pin<&mut core[6883ba1bc0fe4ed1]::pin::Pin<&mut dyn core[6883ba1bc0fe4ed1]::future::future::Future<Output = ()>>>>
[INFO] [stdout]                                at /opt/rustwide/cargo-home/registry/src/index.crates.io-1949cf8c6b5b557f/tokio-1.47.1/src/runtime/scheduler/current_thread/mod.rs:729:24
[INFO] [stdout]   42:     0x5aeeb77393b0 - <tokio[55ce698a9376a796]::runtime::scheduler::current_thread::CurrentThread>::block_on::<core[6883ba1bc0fe4ed1]::pin::Pin<&mut dyn core[6883ba1bc0fe4ed1]::future::future::Future<Output = ()>>>::{closure#0}
[INFO] [stdout]                                at /opt/rustwide/cargo-home/registry/src/index.crates.io-1949cf8c6b5b557f/tokio-1.47.1/src/runtime/scheduler/current_thread/mod.rs:200:33
[INFO] [stdout]   43:     0x5aeeb77629a3 - tokio[55ce698a9376a796]::runtime::context::runtime::enter_runtime::<<tokio[55ce698a9376a796]::runtime::scheduler::current_thread::CurrentThread>::block_on<core[6883ba1bc0fe4ed1]::pin::Pin<&mut dyn core[6883ba1bc0fe4ed1]::future::future::Future<Output = ()>>>::{closure#0}, ()>
[INFO] [stdout]                                at /opt/rustwide/cargo-home/registry/src/index.crates.io-1949cf8c6b5b557f/tokio-1.47.1/src/runtime/context/runtime.rs:65:16
[INFO] [stdout]   44:     0x5aeeb7726ee1 - <tokio[55ce698a9376a796]::runtime::scheduler::current_thread::CurrentThread>::block_on::<core[6883ba1bc0fe4ed1]::pin::Pin<&mut dyn core[6883ba1bc0fe4ed1]::future::future::Future<Output = ()>>>
[INFO] [stdout]                                at /opt/rustwide/cargo-home/registry/src/index.crates.io-1949cf8c6b5b557f/tokio-1.47.1/src/runtime/scheduler/current_thread/mod.rs:188:9
[INFO] [stdout]   45:     0x5aeeb7713f84 - <tokio[55ce698a9376a796]::runtime::runtime::Runtime>::block_on_inner::<core[6883ba1bc0fe4ed1]::pin::Pin<&mut dyn core[6883ba1bc0fe4ed1]::future::future::Future<Output = ()>>>
[INFO] [stdout]                                at /opt/rustwide/cargo-home/registry/src/index.crates.io-1949cf8c6b5b557f/tokio-1.47.1/src/runtime/runtime.rs:356:52
[INFO] [stdout]   46:     0x5aeeb771414f - <tokio[55ce698a9376a796]::runtime::runtime::Runtime>::block_on::<core[6883ba1bc0fe4ed1]::pin::Pin<&mut dyn core[6883ba1bc0fe4ed1]::future::future::Future<Output = ()>>>
[INFO] [stdout]                                at /opt/rustwide/cargo-home/registry/src/index.crates.io-1949cf8c6b5b557f/tokio-1.47.1/src/runtime/runtime.rs:330:18
[INFO] [stdout]   47:     0x5aeeb76f1283 - api[4ec27caaa2c20b5e]::shorten::shorten_endpoint_returns_the_shortened_url_and_200_ok
[INFO] [stdout]                                at /opt/rustwide/workdir/tests/api/shorten.rs:35:35
[INFO] [stdout]   48:     0x5aeeb76ed747 - api[4ec27caaa2c20b5e]::shorten::shorten_endpoint_returns_the_shortened_url_and_200_ok::{closure#0}
[INFO] [stdout]                                at /opt/rustwide/workdir/tests/api/shorten.rs:12:65
[INFO] [stdout]   49:     0x5aeeb76ca4d6 - <api[4ec27caaa2c20b5e]::shorten::shorten_endpoint_returns_the_shortened_url_and_200_ok::{closure#0} as core[6883ba1bc0fe4ed1]::ops::function::FnOnce<()>>::call_once
[INFO] [stdout]                                at /rustc/6b3fa26749ab40e159b2dd5cf577acaaf5902772/library/core/src/ops/function.rs:250:5
[INFO] [stdout]   50:     0x5aeeb7801c7b - <fn() -> core[6883ba1bc0fe4ed1]::result::Result<(), alloc[55a36b64bcbf2c0d]::string::String> as core[6883ba1bc0fe4ed1]::ops::function::FnOnce<()>>::call_once
[INFO] [stdout]                                at /rustc/6b3fa26749ab40e159b2dd5cf577acaaf5902772/library/core/src/ops/function.rs:250:5
[INFO] [stdout]   51:     0x5aeeb7801c7b - test[980ffaebd391d06d]::__rust_begin_short_backtrace::<core[6883ba1bc0fe4ed1]::result::Result<(), alloc[55a36b64bcbf2c0d]::string::String>, fn() -> core[6883ba1bc0fe4ed1]::result::Result<(), alloc[55a36b64bcbf2c0d]::string::String>>
[INFO] [stdout]                                at /rustc/6b3fa26749ab40e159b2dd5cf577acaaf5902772/library/test/src/lib.rs:724:18
[INFO] [stdout]   52:     0x5aeeb780f2c5 - test[980ffaebd391d06d]::run_test_in_process::{closure#0}
[INFO] [stdout]                                at /rustc/6b3fa26749ab40e159b2dd5cf577acaaf5902772/library/test/src/lib.rs:747:74
[INFO] [stdout]   53:     0x5aeeb780f2c5 - <core[6883ba1bc0fe4ed1]::panic::unwind_safe::AssertUnwindSafe<test[980ffaebd391d06d]::run_test_in_process::{closure#0}> as core[6883ba1bc0fe4ed1]::ops::function::FnOnce<()>>::call_once
[INFO] [stdout]                                at /rustc/6b3fa26749ab40e159b2dd5cf577acaaf5902772/library/core/src/panic/unwind_safe.rs:275:9
[INFO] [stdout]   54:     0x5aeeb780f2c5 - std[73adb7dc35730857]::panicking::catch_unwind::do_call::<core[6883ba1bc0fe4ed1]::panic::unwind_safe::AssertUnwindSafe<test[980ffaebd391d06d]::run_test_in_process::{closure#0}>, core[6883ba1bc0fe4ed1]::result::Result<(), alloc[55a36b64bcbf2c0d]::string::String>>
[INFO] [stdout]                                at /rustc/6b3fa26749ab40e159b2dd5cf577acaaf5902772/library/std/src/panicking.rs:576:43
[INFO] [stdout]   55:     0x5aeeb780f2c5 - std[73adb7dc35730857]::panicking::catch_unwind::<core[6883ba1bc0fe4ed1]::result::Result<(), alloc[55a36b64bcbf2c0d]::string::String>, core[6883ba1bc0fe4ed1]::panic::unwind_safe::AssertUnwindSafe<test[980ffaebd391d06d]::run_test_in_process::{closure#0}>>
[INFO] [stdout]                                at /rustc/6b3fa26749ab40e159b2dd5cf577acaaf5902772/library/std/src/panicking.rs:544:19
[INFO] [stdout]   56:     0x5aeeb780f2c5 - std[73adb7dc35730857]::panic::catch_unwind::<core[6883ba1bc0fe4ed1]::panic::unwind_safe::AssertUnwindSafe<test[980ffaebd391d06d]::run_test_in_process::{closure#0}>, core[6883ba1bc0fe4ed1]::result::Result<(), alloc[55a36b64bcbf2c0d]::string::String>>
[INFO] [stdout]                                at /rustc/6b3fa26749ab40e159b2dd5cf577acaaf5902772/library/std/src/panic.rs:359:14
[INFO] [stdout]   57:     0x5aeeb780f2c5 - test[980ffaebd391d06d]::run_test_in_process
[INFO] [stdout]                                at /rustc/6b3fa26749ab40e159b2dd5cf577acaaf5902772/library/test/src/lib.rs:747:27
[INFO] [stdout]   58:     0x5aeeb780f2c5 - test[980ffaebd391d06d]::run_test::{closure#0}
[INFO] [stdout]                                at /rustc/6b3fa26749ab40e159b2dd5cf577acaaf5902772/library/test/src/lib.rs:668:43
[INFO] [stdout]   59:     0x5aeeb7809d74 - test[980ffaebd391d06d]::run_test::{closure#1}
[INFO] [stdout]                                at /rustc/6b3fa26749ab40e159b2dd5cf577acaaf5902772/library/test/src/lib.rs:698:41
[INFO] [stdout]   60:     0x5aeeb7809d74 - std[73adb7dc35730857]::sys::backtrace::__rust_begin_short_backtrace::<test[980ffaebd391d06d]::run_test::{closure#1}, ()>
[INFO] [stdout]                                at /rustc/6b3fa26749ab40e159b2dd5cf577acaaf5902772/library/std/src/sys/backtrace.rs:166:18
[INFO] [stdout]   61:     0x5aeeb7812412 - std[73adb7dc35730857]::thread::lifecycle::spawn_unchecked::<test[980ffaebd391d06d]::run_test::{closure#1}, ()>::{closure#1}::{closure#0}
[INFO] [stdout]                                at /rustc/6b3fa26749ab40e159b2dd5cf577acaaf5902772/library/std/src/thread/lifecycle.rs:70:13
[INFO] [stdout]   62:     0x5aeeb7812412 - <core[6883ba1bc0fe4ed1]::panic::unwind_safe::AssertUnwindSafe<std[73adb7dc35730857]::thread::lifecycle::spawn_unchecked<test[980ffaebd391d06d]::run_test::{closure#1}, ()>::{closure#1}::{closure#0}> as core[6883ba1bc0fe4ed1]::ops::function::FnOnce<()>>::call_once
[INFO] [stdout]                                at /rustc/6b3fa26749ab40e159b2dd5cf577acaaf5902772/library/core/src/panic/unwind_safe.rs:275:9
[INFO] [stdout]   63:     0x5aeeb7812412 - std[73adb7dc35730857]::panicking::catch_unwind::do_call::<core[6883ba1bc0fe4ed1]::panic::unwind_safe::AssertUnwindSafe<std[73adb7dc35730857]::thread::lifecycle::spawn_unchecked<test[980ffaebd391d06d]::run_test::{closure#1}, ()>::{closure#1}::{closure#0}>, ()>
[INFO] [stdout]                                at /rustc/6b3fa26749ab40e159b2dd5cf577acaaf5902772/library/std/src/panicking.rs:576:43
[INFO] [stdout]   64:     0x5aeeb7812412 - std[73adb7dc35730857]::panicking::catch_unwind::<(), core[6883ba1bc0fe4ed1]::panic::unwind_safe::AssertUnwindSafe<std[73adb7dc35730857]::thread::lifecycle::spawn_unchecked<test[980ffaebd391d06d]::run_test::{closure#1}, ()>::{closure#1}::{closure#0}>>
[INFO] [stdout]                                at /rustc/6b3fa26749ab40e159b2dd5cf577acaaf5902772/library/std/src/panicking.rs:544:19
[INFO] [stdout]   65:     0x5aeeb7812412 - std[73adb7dc35730857]::panic::catch_unwind::<core[6883ba1bc0fe4ed1]::panic::unwind_safe::AssertUnwindSafe<std[73adb7dc35730857]::thread::lifecycle::spawn_unchecked<test[980ffaebd391d06d]::run_test::{closure#1}, ()>::{closure#1}::{closure#0}>, ()>
[INFO] [stdout]                                at /rustc/6b3fa26749ab40e159b2dd5cf577acaaf5902772/library/std/src/panic.rs:359:14
[INFO] [stdout]   66:     0x5aeeb7812412 - std[73adb7dc35730857]::thread::lifecycle::spawn_unchecked::<test[980ffaebd391d06d]::run_test::{closure#1}, ()>::{closure#1}
[INFO] [stdout]                                at /rustc/6b3fa26749ab40e159b2dd5cf577acaaf5902772/library/std/src/thread/lifecycle.rs:68:26
[INFO] [stdout]   67:     0x5aeeb7812412 - <std[73adb7dc35730857]::thread::lifecycle::spawn_unchecked<test[980ffaebd391d06d]::run_test::{closure#1}, ()>::{closure#1} as core[6883ba1bc0fe4ed1]::ops::function::FnOnce<()>>::call_once::{shim:vtable#0}
[INFO] [stdout]                                at /rustc/6b3fa26749ab40e159b2dd5cf577acaaf5902772/library/core/src/ops/function.rs:250:5
[INFO] [stdout]   68:     0x5aeeb893546f - <alloc[55a36b64bcbf2c0d]::boxed::Box<dyn core[6883ba1bc0fe4ed1]::ops::function::FnOnce<(), Output = ()> + core[6883ba1bc0fe4ed1]::marker::Send> as core[6883ba1bc0fe4ed1]::ops::function::FnOnce<()>>::call_once
[INFO] [stdout]                                at /rustc/6b3fa26749ab40e159b2dd5cf577acaaf5902772/library/alloc/src/boxed.rs:2319:9
[INFO] [stdout]   69:     0x5aeeb893546f - <std[73adb7dc35730857]::sys::thread::unix::Thread>::new::thread_start
[INFO] [stdout]                                at /rustc/6b3fa26749ab40e159b2dd5cf577acaaf5902772/library/std/src/sys/thread/unix.rs:123:17
[INFO] [stdout]   70:     0x7a878ca71aa4 - <unknown>
[INFO] [stdout]   71:     0x7a878cafea64 - clone
[INFO] [stdout]   72:                0x0 - <unknown>
[INFO] [stdout] 
[INFO] [stdout] 
[INFO] [stdout] failures:
[INFO] [stdout]     health_check::health_check_returns_200_ok_and_json_envelope
[INFO] [stdout]     redirect::redirect_endpoint_sends_user_to_shortened_destination_url
[INFO] [stdout]     shorten::shorten_endpoint_returns_the_shortened_url_and_200_ok
[INFO] [stdout] 
[INFO] [stdout] test result: FAILED. 0 passed; 3 failed; 0 ignored; 0 measured; 0 filtered out; finished in 0.14s
[INFO] [stdout] 
[INFO] running `Command { std: "docker" "inspect" "13942ff0dede965d4d3c40270e2f5591f5686f85a95a86d86f0477c436cd1110", kill_on_drop: false }`
[INFO] running `Command { std: "docker" "rm" "-f" "13942ff0dede965d4d3c40270e2f5591f5686f85a95a86d86f0477c436cd1110", kill_on_drop: false }`
[INFO] [stdout] 13942ff0dede965d4d3c40270e2f5591f5686f85a95a86d86f0477c436cd1110
