[INFO] fetching crate tenrso-decomp 0.1.0-rc.1...
[INFO] testing tenrso-decomp-0.1.0-rc.1 against 1.97.0-beta.6 for beta-1.98-2
[INFO] extracting crate tenrso-decomp 0.1.0-rc.1 into /workspace/builds/worker-2-tc1/source
[INFO] started tweaking crates.io crate tenrso-decomp 0.1.0-rc.1
[INFO] removed 0 missing examples
[INFO] removed 0 missing tests
[INFO] finished tweaking crates.io crate tenrso-decomp 0.1.0-rc.1
[INFO] tweaked toml for crates.io crate tenrso-decomp 0.1.0-rc.1 written to /workspace/builds/worker-2-tc1/source/Cargo.toml
[INFO] validating manifest of crates.io crate tenrso-decomp 0.1.0-rc.1 on toolchain 1.97.0-beta.6
[INFO] running `Command { std: CARGO_HOME="/workspace/cargo-home" RUSTUP_HOME="/workspace/rustup-home" "/workspace/cargo-home/bin/cargo" "+1.97.0-beta.6" "metadata" "--manifest-path" "Cargo.toml" "--no-deps", kill_on_drop: false }`
[INFO] crate crates.io crate tenrso-decomp 0.1.0-rc.1 already has a lockfile, it will not be regenerated
[INFO] running `Command { std: CARGO_HOME="/workspace/cargo-home" RUSTUP_HOME="/workspace/rustup-home" "/workspace/cargo-home/bin/cargo" "+1.97.0-beta.6" "fetch" "--manifest-path" "Cargo.toml", kill_on_drop: false }`
[INFO] [stderr]     Updating crates.io index
[INFO] [stderr]  Downloading crates ...
[INFO] [stderr]   Downloaded wide v1.1.1
[INFO] [stderr]   Downloaded approx v0.5.1
[INFO] [stderr]   Downloaded oxicode_derive v0.1.0
[INFO] [stderr]   Downloaded alloca v0.4.0
[INFO] [stderr]   Downloaded page_size v0.6.0
[INFO] [stderr]   Downloaded rawpointer v0.2.1
[INFO] [stderr]   Downloaded ndarray-rand v0.16.0
[INFO] [stderr]   Downloaded oxiarc-zstd v0.2.1
[INFO] [stderr]   Downloaded criterion-plot v0.8.2
[INFO] [stderr]   Downloaded bytemuck_derive v1.10.2
[INFO] [stderr]   Downloaded tenrso-core v0.1.0-rc.1
[INFO] [stderr]   Downloaded oxiarc-core v0.2.1
[INFO] [stderr]   Downloaded tempfile v3.26.0
[INFO] [stderr]   Downloaded oxiarc-lz4 v0.2.1
[INFO] [stderr]   Downloaded matrixmultiply v0.3.10
[INFO] [stderr]   Downloaded oxiblas-ndarray v0.1.2
[INFO] [stderr]   Downloaded oxiblas-matrix v0.1.2
[INFO] [stderr]   Downloaded oxiblas-core v0.1.2
[INFO] [stderr]   Downloaded oxicode v0.1.1
[INFO] [stderr]   Downloaded safe_arch v1.0.0
[INFO] [stderr]   Downloaded rand_distr v0.5.1
[INFO] [stderr]   Downloaded zerocopy-derive v0.8.40
[INFO] [stderr]   Downloaded crossbeam-channel v0.5.15
[INFO] [stderr]   Downloaded tenrso-kernels v0.1.0-rc.1
[INFO] [stderr]   Downloaded criterion v0.8.2
[INFO] [stderr]   Downloaded oxiblas-blas v0.1.2
[INFO] [stderr]   Downloaded rayon v1.11.0
[INFO] [stderr]   Downloaded proptest v1.10.0
[INFO] [stderr]   Downloaded zerocopy v0.8.40
[INFO] [stderr]   Downloaded ndarray v0.17.2
[INFO] [stderr]   Downloaded oxiblas-lapack v0.1.2
[INFO] [stderr]   Downloaded libc v0.2.182
[INFO] [stderr]   Downloaded scirs2-linalg v0.3.0
[INFO] [stderr]   Downloaded scirs2-core v0.3.0
[INFO] running `Command { std: "docker" "create" "-v" "/var/lib/crater-agent-workspace/builds/worker-2-tc1/source:/opt/rustwide/workdir:ro,Z" "-v" "/var/lib/crater-agent-workspace/builds/worker-2-tc1/target:/opt/rustwide/target:rw,Z" "-v" "/var/lib/crater-agent-workspace/cargo-home:/opt/rustwide/cargo-home:ro,Z" "-v" "/var/lib/crater-agent-workspace/rustup-home:/opt/rustwide/rustup-home:ro,Z" "-m" "1610612736" "--network" "none" "ghcr.io/rust-lang/crates-build-env/linux@sha256:3d5ced03c013a94a2f102a4510f48a6e9184255caf5fd8244f58017bde7f5210" "sleep" "infinity", kill_on_drop: false }`
[INFO] [stdout] 1caf276804a7d82533c986d09d7e26fd72aabc30d396f915d0bbf15151076d41
[INFO] running `Command { std: "docker" "start" "1caf276804a7d82533c986d09d7e26fd72aabc30d396f915d0bbf15151076d41", kill_on_drop: false }`
[INFO] running `Command { std: "docker" "inspect" "1caf276804a7d82533c986d09d7e26fd72aabc30d396f915d0bbf15151076d41", kill_on_drop: false }`
[INFO] running `Command { std: "docker" "exec" "-e" "SOURCE_DIR=/opt/rustwide/workdir" "-e" "CARGO_HOME=/opt/rustwide/cargo-home" "-e" "RUSTUP_HOME=/opt/rustwide/rustup-home" "-e" "CARGO_TARGET_DIR=/opt/rustwide/target" "-w" "/opt/rustwide/workdir" "--user" "0:0" "1caf276804a7d82533c986d09d7e26fd72aabc30d396f915d0bbf15151076d41" "/opt/rustwide/cargo-home/bin/cargo" "+1.97.0-beta.6" "metadata" "--no-deps" "--format-version=1", kill_on_drop: false }`
[INFO] running `Command { std: "docker" "inspect" "1caf276804a7d82533c986d09d7e26fd72aabc30d396f915d0bbf15151076d41", kill_on_drop: false }`
[INFO] running `Command { std: "docker" "exec" "-e" "SOURCE_DIR=/opt/rustwide/workdir" "-e" "CARGO_HOME=/opt/rustwide/cargo-home" "-e" "RUSTUP_HOME=/opt/rustwide/rustup-home" "-e" "CARGO_TARGET_DIR=/opt/rustwide/target" "-e" "CARGO_INCREMENTAL=0" "-e" "RUST_BACKTRACE=full" "-e" "RUSTFLAGS=--cap-lints=warn" "-e" "RUSTDOCFLAGS=--cap-lints=warn" "-w" "/opt/rustwide/workdir" "--user" "0:0" "1caf276804a7d82533c986d09d7e26fd72aabc30d396f915d0bbf15151076d41" "/opt/rustwide/cargo-home/bin/cargo" "+1.97.0-beta.6" "build" "--frozen" "--message-format=json", kill_on_drop: false }`
[INFO] [stderr]    Compiling libc v0.2.182
[INFO] [stderr]    Compiling zerocopy v0.8.40
[INFO] [stderr]    Compiling num-traits v0.2.19
[INFO] [stderr]    Compiling matrixmultiply v0.3.10
[INFO] [stderr]    Compiling crossbeam-queue v0.3.12
[INFO] [stderr]    Compiling crossbeam-channel v0.5.15
[INFO] [stderr]    Compiling bytemuck_derive v1.10.2
[INFO] [stderr]    Compiling zerocopy-derive v0.8.40
[INFO] [stderr]    Compiling scirs2-core v0.3.0
[INFO] [stderr]    Compiling memchr v2.8.0
[INFO] [stderr]    Compiling oxicode_derive v0.1.0
[INFO] [stderr]    Compiling oxiarc-core v0.2.1
[INFO] [stderr]    Compiling oxiarc-lz4 v0.2.1
[INFO] [stderr]    Compiling oxiarc-zstd v0.2.1
[INFO] [stderr]    Compiling oxicode v0.1.1
[INFO] [stderr]    Compiling crossbeam v0.8.4
[INFO] [stderr]    Compiling serde_json v1.0.149
[INFO] [stderr]    Compiling approx v0.5.1
[INFO] [stderr]    Compiling num-integer v0.1.46
[INFO] [stderr]    Compiling chrono v0.4.44
[INFO] [stderr]    Compiling bytemuck v1.25.0
[INFO] [stderr]    Compiling num-complex v0.4.6
[INFO] [stderr]    Compiling safe_arch v1.0.0
[INFO] [stderr]    Compiling getrandom v0.3.4
[INFO] [stderr]    Compiling getrandom v0.4.2
[INFO] [stderr]    Compiling parking_lot_core v0.9.12
[INFO] [stderr]    Compiling num_cpus v1.17.0
[INFO] [stderr]    Compiling rand_core v0.9.5
[INFO] [stderr]    Compiling uuid v1.22.0
[INFO] [stderr]    Compiling wide v1.1.1
[INFO] [stderr]    Compiling parking_lot v0.12.5
[INFO] [stderr]    Compiling oxiblas-core v0.1.2
[INFO] [stderr]    Compiling ndarray v0.17.2
[INFO] [stderr]    Compiling oxiblas-matrix v0.1.2
[INFO] [stderr]    Compiling oxiblas-blas v0.1.2
[INFO] [stderr]    Compiling oxiblas-lapack v0.1.2
[INFO] [stderr]    Compiling ppv-lite86 v0.2.21
[INFO] [stderr]    Compiling half v2.7.1
[INFO] [stderr]    Compiling rand_chacha v0.9.0
[INFO] [stderr]    Compiling rand v0.9.2
[INFO] [stderr]    Compiling rand_distr v0.5.1
[INFO] [stderr]    Compiling ndarray-rand v0.16.0
[INFO] [stderr]    Compiling oxiblas-ndarray v0.1.2
[INFO] [stderr]    Compiling tenrso-core v0.1.0-rc.1
[INFO] [stderr]    Compiling scirs2-linalg v0.3.0
[INFO] [stderr]    Compiling tenrso-kernels v0.1.0-rc.1
[INFO] [stderr]    Compiling tenrso-decomp v0.1.0-rc.1 (/opt/rustwide/workdir)
[INFO] [stderr]     Finished `dev` profile [unoptimized + debuginfo] target(s) in 1m 15s
[INFO] running `Command { std: "docker" "inspect" "1caf276804a7d82533c986d09d7e26fd72aabc30d396f915d0bbf15151076d41", kill_on_drop: false }`
[INFO] running `Command { std: "docker" "exec" "-e" "SOURCE_DIR=/opt/rustwide/workdir" "-e" "CARGO_HOME=/opt/rustwide/cargo-home" "-e" "RUSTUP_HOME=/opt/rustwide/rustup-home" "-e" "CARGO_TARGET_DIR=/opt/rustwide/target" "-e" "CARGO_INCREMENTAL=0" "-e" "RUST_BACKTRACE=full" "-e" "RUSTFLAGS=--cap-lints=warn" "-e" "RUSTDOCFLAGS=--cap-lints=warn" "-w" "/opt/rustwide/workdir" "--user" "0:0" "1caf276804a7d82533c986d09d7e26fd72aabc30d396f915d0bbf15151076d41" "/opt/rustwide/cargo-home/bin/cargo" "+1.97.0-beta.6" "test" "--frozen" "--no-run" "--message-format=json", kill_on_drop: false }`
[INFO] [stderr]    Compiling regex-syntax v0.8.10
[INFO] [stderr]    Compiling alloca v0.4.0
[INFO] [stderr]    Compiling rustix v1.1.4
[INFO] [stderr]    Compiling fastrand v2.3.0
[INFO] [stderr]    Compiling ndarray v0.17.2
[INFO] [stderr]    Compiling clap_builder v4.5.60
[INFO] [stderr]    Compiling ciborium-ll v0.2.2
[INFO] [stderr]    Compiling wait-timeout v0.2.1
[INFO] [stderr]    Compiling itertools v0.13.0
[INFO] [stderr]    Compiling bit-vec v0.8.0
[INFO] [stderr]    Compiling quick-error v1.2.3
[INFO] [stderr]    Compiling plotters v0.3.7
[INFO] [stderr]    Compiling tinytemplate v1.2.1
[INFO] [stderr]    Compiling rand_xorshift v0.4.0
[INFO] [stderr]    Compiling page_size v0.6.0
[INFO] [stderr]    Compiling unarray v0.1.4
[INFO] [stderr]    Compiling ciborium v0.2.2
[INFO] [stderr]    Compiling bit-set v0.8.0
[INFO] [stderr]    Compiling tempfile v3.26.0
[INFO] [stderr]    Compiling rusty-fork v0.3.1
[INFO] [stderr]    Compiling criterion-plot v0.8.2
[INFO] [stderr]    Compiling clap v4.5.60
[INFO] [stderr]    Compiling regex-automata v0.4.14
[INFO] [stderr]    Compiling proptest v1.10.0
[INFO] [stderr]    Compiling regex v1.12.3
[INFO] [stderr]    Compiling ndarray-rand v0.16.0
[INFO] [stderr]    Compiling oxiblas-ndarray v0.1.2
[INFO] [stderr]    Compiling criterion v0.8.2
[INFO] [stderr]    Compiling scirs2-core v0.3.0
[INFO] [stderr]    Compiling scirs2-linalg v0.3.0
[INFO] [stderr]    Compiling tenrso-core v0.1.0-rc.1
[INFO] [stderr]    Compiling tenrso-kernels v0.1.0-rc.1
[INFO] [stderr]    Compiling tenrso-decomp v0.1.0-rc.1 (/opt/rustwide/workdir)
[INFO] [stderr]     Finished `test` profile [unoptimized + debuginfo] target(s) in 1m 12s
[INFO] running `Command { std: "docker" "inspect" "1caf276804a7d82533c986d09d7e26fd72aabc30d396f915d0bbf15151076d41", kill_on_drop: false }`
[INFO] running `Command { std: "docker" "exec" "-e" "SOURCE_DIR=/opt/rustwide/workdir" "-e" "CARGO_HOME=/opt/rustwide/cargo-home" "-e" "RUSTUP_HOME=/opt/rustwide/rustup-home" "-e" "CARGO_TARGET_DIR=/opt/rustwide/target" "-e" "CARGO_INCREMENTAL=0" "-e" "RUST_BACKTRACE=full" "-e" "RUSTFLAGS=--cap-lints=warn" "-e" "RUSTDOCFLAGS=--cap-lints=warn" "-w" "/opt/rustwide/workdir" "--user" "0:0" "1caf276804a7d82533c986d09d7e26fd72aabc30d396f915d0bbf15151076d41" "/opt/rustwide/cargo-home/bin/cargo" "+1.97.0-beta.6" "test" "--frozen", kill_on_drop: false }`
[INFO] [stderr]     Finished `test` profile [unoptimized + debuginfo] target(s) in 0.29s
[INFO] [stderr]      Running unittests src/lib.rs (/opt/rustwide/target/debug/deps/tenrso_decomp-a2c326292dfb776a)
[INFO] [stdout] 
[INFO] [stdout] running 167 tests
[INFO] [stdout] test cp::tests::test_constraints_effective_params ... ok
[INFO] [stdout] test cp::tests::test_cp_als_nonnegative_validates_input ... ok
[INFO] [stdout] test cp::tests::test_cp_als_nonnegative_skip_validation ... ok
[INFO] [stdout] test cp::tests::test_cp_als_elastic_net ... ok
[INFO] [stdout] test cp::tests::test_cp_als_orthogonal ... ok
[INFO] [stdout] test cp::tests::test_constraint_combinations ... ok
[INFO] [stdout] test cp::tests::test_convergence_diagnostics ... ok
[INFO] [stdout] test cp::tests::test_cp_completion_mask_validation ... ok
[INFO] [stdout] test cp::tests::test_cp_completion_no_observed_entries ... ok
[INFO] [stdout] test cp::tests::test_cp_als_l1_regularized ... ok
[INFO] [stdout] test cp::tests::test_cp_completion_basic ... ok
[INFO] [stdout] test cp::tests::test_cp_als_nonnegative ... ok
[INFO] [stdout] test cp::tests::test_cp_als_tikhonov_order_0 ... ok
[INFO] [stdout] test cp::tests::test_cp_als_tikhonov_order_1 ... ok
[INFO] [stdout] test cp::tests::test_cp_randomized_invalid_params ... ok
[INFO] [stdout] test cp::tests::test_elastic_net_components ... ok
[INFO] [stdout] test cp::tests::test_cp_als_basic ... ok
[INFO] [stdout] test cp::tests::test_gram_matrix ... ok
[INFO] [stdout] test cp::tests::test_cp_als_tikhonov_order_2 ... ok
[INFO] [stdout] test cp::tests::test_cp_incremental_shape_mismatch ... ok
[INFO] [stdout] test cp::tests::test_nonneg_with_l1 ... ok
[INFO] [stdout] test cp::tests::test_regularization_validation ... ok
[INFO] [stdout] test cp::tests::test_soft_threshold_function ... ok
[INFO] [stdout] test cp::tests::test_tikhonov_gram_modification_order_0 ... ok
[INFO] [stdout] test cp::tests::test_cp_als_l2_regularized ... ok
[INFO] [stdout] test cp::tests::test_validate_nonnegative ... ok
[INFO] [stdout] test cp::tests::test_oscillation_detection ... ok
[INFO] [stdout] test cp::tests::test_cp_als_accelerated_reconstruction ... ok
[INFO] [stdout] test cp::tests::test_cp_incremental_invalid_mode ... ok
[INFO] [stdout] test cp::tests::test_cp_als_accelerated_basic ... ok
[INFO] [stdout] test cp::tests::test_convergence_fit_history ... ok
[INFO] [stdout] test property_tests::tests::completion_preserves_observed_pattern ... ok
[INFO] [stdout] test cp::tests::test_cp_als_accelerated_faster_convergence ... ok
[INFO] [stdout] test cp::tests::test_cp_randomized_basic ... ok
[INFO] [stdout] test cp::tests::test_cp_als_l2_shrinks_factors ... ok
[INFO] [stdout] test cp::tests::test_cp_incremental_append_mode ... ok
[INFO] [stdout] test cp::tests::test_cp_incremental_sliding_window ... ok
[INFO] [stdout] test property_tests::tests::cp_orthogonal_factors_are_orthogonal ... ok
[INFO] [stdout] test property_tests::tests::cp_oscillation_detection_works ... ok
[INFO] [stdout] test property_tests::tests::cp_l2_regularization_reduces_norms ... ok
[INFO] [stdout] test cp::tests::test_nnsvd_initialization ... ok
[INFO] [stdout] test cp::tests::test_cp_als_nonnegative_with_nnsvd_init ... ok
[INFO] [stdout] test property_tests::tests::cp_convergence_info_tracks_fit ... ok
[INFO] [stdout] test property_tests::tests::cp_recovers_exact_low_rank ... ok
[INFO] [stdout] test property_tests::tests::cp_overspecified_rank_converges ... ok
[INFO] [stdout] test cp::tests::test_leverage_score_initialization ... ok
[INFO] [stdout] test property_tests::tests::completion_fits_observed_entries ... ok
[INFO] [stdout] test property_tests::tests::completion_respects_rank_constraint ... ok
[INFO] [stdout] test property_tests::tests::all_methods_produce_valid_reconstructions ... ok
[INFO] [stdout] test cp::tests::test_cp_als_l1_promotes_sparsity ... ok
[INFO] [stdout] test property_tests::tests::randomized_cp_reconstruction_quality ... FAILED
[INFO] [stdout] test property_tests::tests::randomized_cp_comparable_to_standard ... ok
[INFO] [stdout] test property_tests::tests::cp_als_monotone_convergence ... ok
[INFO] [stdout] test property_tests::tests::randomized_cp_converges_with_iterations ... ok
[INFO] [stdout] test property_tests::tests::tt_cores_have_correct_shapes ... ok
[INFO] [stdout] test property_tests::tests::tt_matvec_scaling_is_correct ... ok
[INFO] [stdout] test property_tests::tests::cp_accelerated_faster_convergence ... ok
[INFO] [stdout] test property_tests::tests::randomized_cp_sketch_size_affects_quality ... ok
[INFO] [stdout] test property_tests::tests::tt_compression_is_effective ... ok
[INFO] [stdout] test property_tests::tests::tucker_completion_fits_observed_entries ... ignored
[INFO] [stdout] test property_tests::tests::tt_matvec_ranks_multiply ... ok
[INFO] [stdout] test property_tests::tests::cp_nonnegative_factors_are_nonnegative ... ok
[INFO] [stdout] test property_tests::tests::tucker_completion_respects_rank_constraint ... ignored
[INFO] [stdout] test property_tests::tests::randomized_cp_produces_valid_dimensions ... ok
[INFO] [stdout] test property_tests::tests::tt_reconstruction_error_bounded ... ok
[INFO] [stdout] test property_tests::tests::cp_reconstruction_invariant_to_scaling ... ok
[INFO] [stdout] test property_tests::tests::cp_reconstruction_error_matches_fit ... ok
[INFO] [stdout] test property_tests::tests::tt_ranks_respect_max_ranks ... ok
[INFO] [stdout] test property_tests::tests::tt_matvec_identity_preserves_vector ... ok
[INFO] [stdout] test property_tests::tests::completion_improves_with_more_observations ... ok
[INFO] [stdout] test rank_selection::tests::test_convert_mask_to_t ... ok
[INFO] [stdout] test rank_selection::tests::test_cp_num_params ... ok
[INFO] [stdout] test property_tests::tests::tt_matvec_dimension_mismatch_fails ... ok
[INFO] [stdout] test property_tests::tests::cp_weights_are_nonnegative ... ok
[INFO] [stdout] test property_tests::tests::tucker_nonnegative_all_components_nonnegative ... ok
[INFO] [stdout] test rank_selection::tests::test_cp_rank_cv_invalid_params ... ok
[INFO] [stdout] test rank_selection::tests::test_create_cv_split ... ok
[INFO] [stdout] test rank_selection::tests::test_elbow_detection ... ok
[INFO] [stdout] test property_tests::tests::tucker_completion_preserves_low_rank_structure ... ok
[INFO] [stdout] test rank_selection::tests::test_information_criterion_ordering ... ok
[INFO] [stdout] test rank_selection::tests::test_masked_error_empty_mask ... ok
[INFO] [stdout] test rank_selection::tests::test_rank_selection_result_improvement ... ok
[INFO] [stdout] test rank_selection::tests::test_rank_selection_strategies_are_different ... ok
[INFO] [stdout] test rank_selection::tests::test_masked_reconstruction_error ... ok
[INFO] [stdout] test rank_selection::tests::test_scree_plot_data_basic ... ok
[INFO] [stdout] test rank_selection::tests::test_scree_plot_elbow_detection ... ok
[INFO] [stdout] test rank_selection::tests::test_scree_plot_rank_for_variance ... ok
[INFO] [stdout] test rank_selection::tests::test_select_rank_auto_combined ... ok
[INFO] [stdout] test rank_selection::tests::test_select_rank_auto_cv ... ok
[INFO] [stdout] test rank_selection::tests::test_select_rank_auto_elbow ... ok
[INFO] [stdout] test rank_selection::tests::test_select_rank_auto_ic ... ok
[INFO] [stdout] test rank_selection::tests::test_select_rank_auto_variance_threshold ... ok
[INFO] [stdout] test rank_selection::tests::test_select_rank_prefers_parsimony ... ok
[INFO] [stdout] test rank_selection::tests::test_tt_num_params ... ok
[INFO] [stdout] test rank_selection::tests::test_tucker_num_params ... ok
[INFO] [stdout] test property_tests::tests::tucker_nonnegative_correct_dimensions ... ok
[INFO] [stdout] test tt::tests::test_tt_compression ... ok
[INFO] [stdout] test property_tests::tests::tucker_error_decreases_with_rank ... ok
[INFO] [stdout] test tt::tests::test_tt_effective_rank ... ok
[INFO] [stdout] test tt::tests::test_tt_eval_at ... ok
[INFO] [stdout] test rank_selection::tests::test_cp_rank_cross_validation_basic ... ok
[INFO] [stdout] test rank_selection::tests::test_cp_rank_cross_validation_training_vs_validation_error ... ok
[INFO] [stdout] test tt::tests::test_tt_eval_at_bounds_checking ... ok
[INFO] [stdout] test tt::tests::test_tt_frobenius_norm ... ok
[INFO] [stdout] test tt::tests::test_tt_matrix_from_diagonal ... ok
[INFO] [stdout] test tt::tests::test_tt_matvec_basic ... ok
[INFO] [stdout] test tt::tests::test_tt_matvec_dimension_mismatch ... ok
[INFO] [stdout] test tt::tests::test_tt_frobenius_norm_properties ... ok
[INFO] [stdout] test tt::tests::test_tt_matvec_scaling ... ok
[INFO] [stdout] test tt::tests::test_tt_max_rank ... ok
[INFO] [stdout] test tt::tests::test_tt_matvec_ranks ... ok
[INFO] [stdout] test tt::tests::test_tt_dot_basic ... ok
[INFO] [stdout] test tt::tests::test_tt_reconstruction ... ok
[INFO] [stdout] test property_tests::tests::tucker_hooi_never_worse_than_hosvd ... ok
[INFO] [stdout] test tt::tests::test_tt_hadamard_basic ... ok
[INFO] [stdout] test tt::tests::test_tt_round_preserves_accuracy ... ok
[INFO] [stdout] test property_tests::tests::cp_nonnegative_reconstruction_quality ... ok
[INFO] [stdout] test tt::tests::test_tt_svd_basic ... ok
[INFO] [stdout] test tucker::tests::test_extract_columns ... ok
[INFO] [stdout] test tt::tests::test_tt_add_basic ... ok
[INFO] [stdout] test tt::tests::test_tt_operations_shape_mismatch ... ok
[INFO] [stdout] test tt::tests::test_tt_round_reconstruction ... ok
[INFO] [stdout] test property_tests::tests::tucker_hooi_improves_over_hosvd ... ok
[INFO] [stdout] test tucker::tests::test_tucker_auto_rank_invalid_params ... ok
[INFO] [stdout] test tucker::tests::test_tucker_auto_rank_comparison ... ok
[INFO] [stdout] test tt::tests::test_tt_round_basic ... ok
[INFO] [stdout] test rank_selection::tests::test_cp_rank_cross_validation_overfitting_detection ... ok
[INFO] [stdout] test tucker::tests::test_tucker_completion_mask_validation ... ok
[INFO] [stdout] test tucker::tests::test_tucker_completion_no_observed_entries ... ok
[INFO] [stdout] test tucker::tests::test_tucker_completion_rank_validation ... ok
[INFO] [stdout] test tucker::tests::test_tucker_completion_convergence ... ok
[INFO] [stdout] test tucker::tests::test_tucker_hosvd_basic ... ok
[INFO] [stdout] test tucker::tests::test_tucker_nonnegative_basic ... ok
[INFO] [stdout] test tucker::tests::test_tucker_nonnegative_convergence ... ok
[INFO] [stdout] test tucker::tests::test_tucker_nonnegative_negative_input ... ok
[INFO] [stdout] test tucker::tests::test_tucker_nonnegative_rank_validation ... ok
[INFO] [stdout] test tucker::tests::test_tucker_nonnegative_reconstruction ... ok
[INFO] [stdout] test tt::tests::test_tt_round_compression ... ok
[INFO] [stdout] test property_tests::tests::cp_all_init_strategies_converge ... ok
[INFO] [stdout] test tt::tests::test_tt_add_with_rounding ... ok
[INFO] [stdout] test property_tests::tests::tucker_auto_rank_preserves_energy ... ok
[INFO] [stdout] test tucker::tests::test_tucker_completion_basic ... ok
[INFO] [stdout] test property_tests::tests::cp_reconstruction_error_decreases_with_rank ... ok
[INFO] [stdout] test tucker::tests::test_tucker_randomized_power_iters ... ok
[INFO] [stdout] test tucker::tests::test_tucker_reconstruction ... ok
[INFO] [stdout] test utils::tests::test_analyze_factor ... ok
[INFO] [stdout] test utils::tests::test_compare_reconstructions ... ok
[INFO] [stdout] test utils::tests::test_decomp_stats_quality_score ... ok
[INFO] [stdout] test utils::tests::test_estimate_cp_rank ... ok
[INFO] [stdout] test tucker::tests::test_tucker_auto_rank_energy ... ok
[INFO] [stdout] test utils::tests::test_orthogonality_error_identity ... ok
[INFO] [stdout] test utils::tests::test_orthogonality_error_random ... ok
[INFO] [stdout] test tucker::tests::test_tucker_nonnegative_vs_hosvd ... ok
[INFO] [stdout] test tucker::tests::test_tucker_auto_rank_threshold ... ok
[INFO] [stdout] test property_tests::tests::tucker_completion_improves_with_more_observations ... ok
[INFO] [stdout] test tucker::tests::test_tucker_randomized_reconstruction ... ok
[INFO] [stdout] test tt::tests::test_tt_round_ranks_not_exceed_max ... ok
[INFO] [stdout] test tucker::tests::test_tucker_completion_reconstruction ... ok
[INFO] [stdout] test property_tests::tests::tucker_factors_are_orthogonal ... ok
[INFO] [stdout] test tucker::tests::test_tucker_randomized_basic ... ok
[INFO] [stdout] test tucker::tests::test_tucker_completion_high_missing_rate ... ok
[INFO] [stdout] test tucker::tests::test_tucker_auto_rank_fixed ... ok
[INFO] [stdout] test tucker::tests::test_tucker_randomized_vs_hosvd ... ok
[INFO] [stdout] test property_tests::tests::tucker_core_has_correct_shape ... ok
[INFO] [stdout] test tucker::tests::test_tucker_randomized_oversampling ... ok
[INFO] [stdout] test tucker::tests::test_tucker_randomized_compression ... ok
[INFO] [stdout] test utils::tests::test_estimate_tucker_ranks ... ok
[INFO] [stdout] 
[INFO] [stdout] failures:
[INFO] [stdout] 
[INFO] [stdout] ---- property_tests::tests::randomized_cp_reconstruction_quality stdout ----
[INFO] [stdout] 
[INFO] [stdout] thread 'property_tests::tests::randomized_cp_reconstruction_quality' (1632) panicked at src/property_tests.rs:1258:5:
[INFO] [stdout] Test failed: Reconstruction error should be reasonable, got 0.860589 at src/property_tests.rs:1287.
[INFO] [stdout] minimal failing input: size = 8, rank = 2
[INFO] [stdout] 	successes: 0
[INFO] [stdout] 	local rejects: 0
[INFO] [stdout] 	global rejects: 0
[INFO] [stdout] 
[INFO] [stdout] stack backtrace:
[INFO] [stdout]    0:     0x5b49cc2aba58 - std[10d71ac2c42b111e]::backtrace_rs::backtrace::libunwind::trace
[INFO] [stdout]                                at /rustc/b2282dd5646a57d570fc86fbe8df0e8826665ef6/library/std/src/../../backtrace/src/backtrace/libunwind.rs:117:9
[INFO] [stdout]    1:     0x5b49cc2aba58 - std[10d71ac2c42b111e]::backtrace_rs::backtrace::trace_unsynchronized::<std[10d71ac2c42b111e]::sys::backtrace::_print_fmt::{closure#1}>
[INFO] [stdout]                                at /rustc/b2282dd5646a57d570fc86fbe8df0e8826665ef6/library/std/src/../../backtrace/src/backtrace/mod.rs:66:14
[INFO] [stdout]    2:     0x5b49cc2aba58 - std[10d71ac2c42b111e]::sys::backtrace::_print_fmt
[INFO] [stdout]                                at /rustc/b2282dd5646a57d570fc86fbe8df0e8826665ef6/library/std/src/sys/backtrace.rs:74:9
[INFO] [stdout]    3:     0x5b49cc2aba58 - <<std[10d71ac2c42b111e]::sys::backtrace::BacktraceLock>::print::DisplayBacktrace as core[8fb95b77d25ab6c8]::fmt::Display>::fmt
[INFO] [stdout]                                at /rustc/b2282dd5646a57d570fc86fbe8df0e8826665ef6/library/std/src/sys/backtrace.rs:44:26
[INFO] [stdout]    4:     0x5b49cc2c24aa - <core[8fb95b77d25ab6c8]::fmt::rt::Argument>::fmt
[INFO] [stdout]                                at /rustc/b2282dd5646a57d570fc86fbe8df0e8826665ef6/library/core/src/fmt/rt.rs:152:76
[INFO] [stdout]    5:     0x5b49cc2c24aa - core[8fb95b77d25ab6c8]::fmt::write
[INFO] [stdout]    6:     0x5b49cc2b0b32 - std[10d71ac2c42b111e]::io::default_write_fmt::<alloc[a7ee25936407c584]::vec::Vec<u8>>
[INFO] [stdout]                                at /rustc/b2282dd5646a57d570fc86fbe8df0e8826665ef6/library/std/src/io/mod.rs:622:11
[INFO] [stdout]    7:     0x5b49cc2b0b32 - <alloc[a7ee25936407c584]::vec::Vec<u8> as std[10d71ac2c42b111e]::io::Write>::write_fmt
[INFO] [stdout]                                at /rustc/b2282dd5646a57d570fc86fbe8df0e8826665ef6/library/std/src/io/mod.rs:1977:13
[INFO] [stdout]    8:     0x5b49cc288e26 - <std[10d71ac2c42b111e]::sys::backtrace::BacktraceLock>::print
[INFO] [stdout]                                at /rustc/b2282dd5646a57d570fc86fbe8df0e8826665ef6/library/std/src/sys/backtrace.rs:47:9
[INFO] [stdout]    9:     0x5b49cc288e26 - std[10d71ac2c42b111e]::panicking::default_hook::{closure#0}
[INFO] [stdout]                                at /rustc/b2282dd5646a57d570fc86fbe8df0e8826665ef6/library/std/src/panicking.rs:292:27
[INFO] [stdout]   10:     0x5b49cc2a3cc9 - std[10d71ac2c42b111e]::panicking::default_hook
[INFO] [stdout]                                at /rustc/b2282dd5646a57d570fc86fbe8df0e8826665ef6/library/std/src/panicking.rs:316:9
[INFO] [stdout]   11:     0x5b49cc03ae7c - <alloc[a7ee25936407c584]::boxed::Box<dyn for<'a, 'b> core[8fb95b77d25ab6c8]::ops::function::Fn<(&'a std[10d71ac2c42b111e]::panic::PanicHookInfo<'b>,), Output = ()> + core[8fb95b77d25ab6c8]::marker::Sync + core[8fb95b77d25ab6c8]::marker::Send> as core[8fb95b77d25ab6c8]::ops::function::Fn<(&std[10d71ac2c42b111e]::panic::PanicHookInfo,)>>::call
[INFO] [stdout]                                at /rustc/b2282dd5646a57d570fc86fbe8df0e8826665ef6/library/alloc/src/boxed.rs:2289:9
[INFO] [stdout]   12:     0x5b49cc03ae7c - test[213991da798b1c03]::test_main_inner::<test[213991da798b1c03]::test_main_static::{closure#0}>::{closure#0}
[INFO] [stdout]                                at /rustc/b2282dd5646a57d570fc86fbe8df0e8826665ef6/library/test/src/lib.rs:155:21
[INFO] [stdout]   13:     0x5b49cc2a3e82 - <alloc[a7ee25936407c584]::boxed::Box<dyn for<'a, 'b> core[8fb95b77d25ab6c8]::ops::function::Fn<(&'a std[10d71ac2c42b111e]::panic::PanicHookInfo<'b>,), Output = ()> + core[8fb95b77d25ab6c8]::marker::Sync + core[8fb95b77d25ab6c8]::marker::Send> as core[8fb95b77d25ab6c8]::ops::function::Fn<(&std[10d71ac2c42b111e]::panic::PanicHookInfo,)>>::call
[INFO] [stdout]                                at /rustc/b2282dd5646a57d570fc86fbe8df0e8826665ef6/library/alloc/src/boxed.rs:2289:9
[INFO] [stdout]   14:     0x5b49cc2a3e82 - std[10d71ac2c42b111e]::panicking::panic_with_hook
[INFO] [stdout]                                at /rustc/b2282dd5646a57d570fc86fbe8df0e8826665ef6/library/std/src/panicking.rs:833:13
[INFO] [stdout]   15:     0x5b49cc288ee2 - std[10d71ac2c42b111e]::panicking::panic_handler::{closure#0}
[INFO] [stdout]                                at /rustc/b2282dd5646a57d570fc86fbe8df0e8826665ef6/library/std/src/panicking.rs:698:13
[INFO] [stdout]   16:     0x5b49cc27d949 - std[10d71ac2c42b111e]::sys::backtrace::__rust_end_short_backtrace::<std[10d71ac2c42b111e]::panicking::panic_handler::{closure#0}, !>
[INFO] [stdout]                                at /rustc/b2282dd5646a57d570fc86fbe8df0e8826665ef6/library/std/src/sys/backtrace.rs:182:18
[INFO] [stdout]   17:     0x5b49cc289d8d - __rustc[3be9ba60078d4c86]::rust_begin_unwind
[INFO] [stdout]                                at /rustc/b2282dd5646a57d570fc86fbe8df0e8826665ef6/library/std/src/panicking.rs:689:5
[INFO] [stdout]   18:     0x5b49cc2c2c6c - core[8fb95b77d25ab6c8]::panicking::panic_fmt
[INFO] [stdout]                                at /rustc/b2282dd5646a57d570fc86fbe8df0e8826665ef6/library/core/src/panicking.rs:80:14
[INFO] [stdout]   19:     0x5b49cbefc9e8 - tenrso_decomp[540d36169571984c]::property_tests::tests::randomized_cp_reconstruction_quality
[INFO] [stdout]                                at /opt/rustwide/cargo-home/registry/src/index.crates.io-1949cf8c6b5b557f/proptest-1.10.0/src/sugar.rs:163:17
[INFO] [stdout]   20:     0x5b49cbecee47 - tenrso_decomp[540d36169571984c]::property_tests::tests::randomized_cp_reconstruction_quality::{closure#0}
[INFO] [stdout]                                at /opt/rustwide/cargo-home/registry/src/index.crates.io-1949cf8c6b5b557f/proptest-1.10.0/src/sugar.rs:159:28
[INFO] [stdout]   21:     0x5b49cbff7b36 - <tenrso_decomp[540d36169571984c]::property_tests::tests::randomized_cp_reconstruction_quality::{closure#0} as core[8fb95b77d25ab6c8]::ops::function::FnOnce<()>>::call_once
[INFO] [stdout]                                at /rustc/b2282dd5646a57d570fc86fbe8df0e8826665ef6/library/core/src/ops/function.rs:250:5
[INFO] [stdout]   22:     0x5b49cc02df5b - <fn() -> core[8fb95b77d25ab6c8]::result::Result<(), alloc[a7ee25936407c584]::string::String> as core[8fb95b77d25ab6c8]::ops::function::FnOnce<()>>::call_once
[INFO] [stdout]                                at /rustc/b2282dd5646a57d570fc86fbe8df0e8826665ef6/library/core/src/ops/function.rs:250:5
[INFO] [stdout]   23:     0x5b49cc02df5b - test[213991da798b1c03]::__rust_begin_short_backtrace::<core[8fb95b77d25ab6c8]::result::Result<(), alloc[a7ee25936407c584]::string::String>, fn() -> core[8fb95b77d25ab6c8]::result::Result<(), alloc[a7ee25936407c584]::string::String>>
[INFO] [stdout]                                at /rustc/b2282dd5646a57d570fc86fbe8df0e8826665ef6/library/test/src/lib.rs:724:18
[INFO] [stdout]   24:     0x5b49cc03b7d5 - test[213991da798b1c03]::run_test_in_process::{closure#0}
[INFO] [stdout]                                at /rustc/b2282dd5646a57d570fc86fbe8df0e8826665ef6/library/test/src/lib.rs:747:74
[INFO] [stdout]   25:     0x5b49cc03b7d5 - <core[8fb95b77d25ab6c8]::panic::unwind_safe::AssertUnwindSafe<test[213991da798b1c03]::run_test_in_process::{closure#0}> as core[8fb95b77d25ab6c8]::ops::function::FnOnce<()>>::call_once
[INFO] [stdout]                                at /rustc/b2282dd5646a57d570fc86fbe8df0e8826665ef6/library/core/src/panic/unwind_safe.rs:275:9
[INFO] [stdout]   26:     0x5b49cc03b7d5 - std[10d71ac2c42b111e]::panicking::catch_unwind::do_call::<core[8fb95b77d25ab6c8]::panic::unwind_safe::AssertUnwindSafe<test[213991da798b1c03]::run_test_in_process::{closure#0}>, core[8fb95b77d25ab6c8]::result::Result<(), alloc[a7ee25936407c584]::string::String>>
[INFO] [stdout]                                at /rustc/b2282dd5646a57d570fc86fbe8df0e8826665ef6/library/std/src/panicking.rs:581:40
[INFO] [stdout]   27:     0x5b49cc03b7d5 - std[10d71ac2c42b111e]::panicking::catch_unwind::<core[8fb95b77d25ab6c8]::result::Result<(), alloc[a7ee25936407c584]::string::String>, core[8fb95b77d25ab6c8]::panic::unwind_safe::AssertUnwindSafe<test[213991da798b1c03]::run_test_in_process::{closure#0}>>
[INFO] [stdout]                                at /rustc/b2282dd5646a57d570fc86fbe8df0e8826665ef6/library/std/src/panicking.rs:544:19
[INFO] [stdout]   28:     0x5b49cc03b7d5 - std[10d71ac2c42b111e]::panic::catch_unwind::<core[8fb95b77d25ab6c8]::panic::unwind_safe::AssertUnwindSafe<test[213991da798b1c03]::run_test_in_process::{closure#0}>, core[8fb95b77d25ab6c8]::result::Result<(), alloc[a7ee25936407c584]::string::String>>
[INFO] [stdout]                                at /rustc/b2282dd5646a57d570fc86fbe8df0e8826665ef6/library/std/src/panic.rs:359:14
[INFO] [stdout]   29:     0x5b49cc03b7d5 - test[213991da798b1c03]::run_test_in_process
[INFO] [stdout]                                at /rustc/b2282dd5646a57d570fc86fbe8df0e8826665ef6/library/test/src/lib.rs:747:27
[INFO] [stdout]   30:     0x5b49cc03b7d5 - test[213991da798b1c03]::run_test::{closure#0}
[INFO] [stdout]                                at /rustc/b2282dd5646a57d570fc86fbe8df0e8826665ef6/library/test/src/lib.rs:668:43
[INFO] [stdout]   31:     0x5b49cc0350e4 - test[213991da798b1c03]::run_test::{closure#1}
[INFO] [stdout]                                at /rustc/b2282dd5646a57d570fc86fbe8df0e8826665ef6/library/test/src/lib.rs:698:41
[INFO] [stdout]   32:     0x5b49cc0350e4 - std[10d71ac2c42b111e]::sys::backtrace::__rust_begin_short_backtrace::<test[213991da798b1c03]::run_test::{closure#1}, ()>
[INFO] [stdout]                                at /rustc/b2282dd5646a57d570fc86fbe8df0e8826665ef6/library/std/src/sys/backtrace.rs:166:18
[INFO] [stdout]   33:     0x5b49cc03e852 - std[10d71ac2c42b111e]::thread::lifecycle::spawn_unchecked::<test[213991da798b1c03]::run_test::{closure#1}, ()>::{closure#1}::{closure#0}
[INFO] [stdout]                                at /rustc/b2282dd5646a57d570fc86fbe8df0e8826665ef6/library/std/src/thread/lifecycle.rs:70:13
[INFO] [stdout]   34:     0x5b49cc03e852 - <core[8fb95b77d25ab6c8]::panic::unwind_safe::AssertUnwindSafe<std[10d71ac2c42b111e]::thread::lifecycle::spawn_unchecked<test[213991da798b1c03]::run_test::{closure#1}, ()>::{closure#1}::{closure#0}> as core[8fb95b77d25ab6c8]::ops::function::FnOnce<()>>::call_once
[INFO] [stdout]                                at /rustc/b2282dd5646a57d570fc86fbe8df0e8826665ef6/library/core/src/panic/unwind_safe.rs:275:9
[INFO] [stdout]   35:     0x5b49cc03e852 - std[10d71ac2c42b111e]::panicking::catch_unwind::do_call::<core[8fb95b77d25ab6c8]::panic::unwind_safe::AssertUnwindSafe<std[10d71ac2c42b111e]::thread::lifecycle::spawn_unchecked<test[213991da798b1c03]::run_test::{closure#1}, ()>::{closure#1}::{closure#0}>, ()>
[INFO] [stdout]                                at /rustc/b2282dd5646a57d570fc86fbe8df0e8826665ef6/library/std/src/panicking.rs:581:40
[INFO] [stdout]   36:     0x5b49cc03e852 - std[10d71ac2c42b111e]::panicking::catch_unwind::<(), core[8fb95b77d25ab6c8]::panic::unwind_safe::AssertUnwindSafe<std[10d71ac2c42b111e]::thread::lifecycle::spawn_unchecked<test[213991da798b1c03]::run_test::{closure#1}, ()>::{closure#1}::{closure#0}>>
[INFO] [stdout]                                at /rustc/b2282dd5646a57d570fc86fbe8df0e8826665ef6/library/std/src/panicking.rs:544:19
[INFO] [stdout]   37:     0x5b49cc03e852 - std[10d71ac2c42b111e]::panic::catch_unwind::<core[8fb95b77d25ab6c8]::panic::unwind_safe::AssertUnwindSafe<std[10d71ac2c42b111e]::thread::lifecycle::spawn_unchecked<test[213991da798b1c03]::run_test::{closure#1}, ()>::{closure#1}::{closure#0}>, ()>
[INFO] [stdout]                                at /rustc/b2282dd5646a57d570fc86fbe8df0e8826665ef6/library/std/src/panic.rs:359:14
[INFO] [stdout]   38:     0x5b49cc03e852 - std[10d71ac2c42b111e]::thread::lifecycle::spawn_unchecked::<test[213991da798b1c03]::run_test::{closure#1}, ()>::{closure#1}
[INFO] [stdout]                                at /rustc/b2282dd5646a57d570fc86fbe8df0e8826665ef6/library/std/src/thread/lifecycle.rs:68:26
[INFO] [stdout]   39:     0x5b49cc03e852 - <std[10d71ac2c42b111e]::thread::lifecycle::spawn_unchecked<test[213991da798b1c03]::run_test::{closure#1}, ()>::{closure#1} as core[8fb95b77d25ab6c8]::ops::function::FnOnce<()>>::call_once::{shim:vtable#0}
[INFO] [stdout]                                at /rustc/b2282dd5646a57d570fc86fbe8df0e8826665ef6/library/core/src/ops/function.rs:250:5
[INFO] [stdout]   40:     0x5b49cc2ab3bf - <alloc[a7ee25936407c584]::boxed::Box<dyn core[8fb95b77d25ab6c8]::ops::function::FnOnce<(), Output = ()> + core[8fb95b77d25ab6c8]::marker::Send> as core[8fb95b77d25ab6c8]::ops::function::FnOnce<()>>::call_once
[INFO] [stdout]                                at /rustc/b2282dd5646a57d570fc86fbe8df0e8826665ef6/library/alloc/src/boxed.rs:2275:9
[INFO] [stdout]   41:     0x5b49cc2ab3bf - <std[10d71ac2c42b111e]::sys::thread::unix::Thread>::new::thread_start
[INFO] [stdout]                                at /rustc/b2282dd5646a57d570fc86fbe8df0e8826665ef6/library/std/src/sys/thread/unix.rs:118:17
[INFO] [stdout]   42:     0x7fe5456f2aa4 - <unknown>
[INFO] [stdout]   43:     0x7fe54577fa64 - clone
[INFO] [stdout]   44:                0x0 - <unknown>
[INFO] [stdout] 
[INFO] [stdout] 
[INFO] [stdout] failures:
[INFO] [stdout]     property_tests::tests::randomized_cp_reconstruction_quality
[INFO] [stdout] 
[INFO] [stdout] test result: FAILED. 164 passed; 1 failed; 2 ignored; 0 measured; 0 filtered out; finished in 13.90s
[INFO] [stdout] 
[INFO] [stderr] error: test failed, to rerun pass `--lib`
[INFO] running `Command { std: "docker" "inspect" "1caf276804a7d82533c986d09d7e26fd72aabc30d396f915d0bbf15151076d41", kill_on_drop: false }`
[INFO] running `Command { std: "docker" "rm" "-f" "1caf276804a7d82533c986d09d7e26fd72aabc30d396f915d0bbf15151076d41", kill_on_drop: false }`
[INFO] [stdout] 1caf276804a7d82533c986d09d7e26fd72aabc30d396f915d0bbf15151076d41
