[INFO] fetching crate cultura 1.0.0...
[INFO] testing cultura-1.0.0 against 1.97.0-beta.6 for beta-1.98-2
[INFO] extracting crate cultura 1.0.0 into /workspace/builds/worker-2-tc1/source
[INFO] started tweaking crates.io crate cultura 1.0.0
[INFO] finished tweaking crates.io crate cultura 1.0.0
[INFO] tweaked toml for crates.io crate cultura 1.0.0 written to /workspace/builds/worker-2-tc1/source/Cargo.toml
[INFO] validating manifest of crates.io crate cultura 1.0.0 on toolchain 1.97.0-beta.6
[INFO] running `Command { std: CARGO_HOME="/workspace/cargo-home" RUSTUP_HOME="/workspace/rustup-home" "/workspace/cargo-home/bin/cargo" "+1.97.0-beta.6" "metadata" "--manifest-path" "Cargo.toml" "--no-deps", kill_on_drop: false }`
[INFO] crate crates.io crate cultura 1.0.0 already has a lockfile, it will not be regenerated
[INFO] running `Command { std: CARGO_HOME="/workspace/cargo-home" RUSTUP_HOME="/workspace/rustup-home" "/workspace/cargo-home/bin/cargo" "+1.97.0-beta.6" "fetch" "--manifest-path" "Cargo.toml", kill_on_drop: false }`
[INFO] [stderr]     Updating crates.io index
[INFO] [stderr]  Downloading crates ...
[INFO] [stderr]   Downloaded getrandom v0.2.9
[INFO] [stderr]   Downloaded uuid v1.3.3
[INFO] [stderr]   Downloaded typetag v0.2.8
[INFO] [stderr]   Downloaded typetag-impl v0.2.8
[INFO] [stderr]   Downloaded errno-dragonfly v0.1.2
[INFO] [stderr]   Downloaded mac v0.1.1
[INFO] [stderr]   Downloaded new_debug_unreachable v1.0.4
[INFO] [stderr]   Downloaded phf_codegen v0.8.0
[INFO] [stderr]   Downloaded phf_generator v0.8.0
[INFO] [stderr]   Downloaded proc-macro-hack v0.5.20+deprecated
[INFO] [stderr]   Downloaded phf_macros v0.8.0
[INFO] [stderr]   Downloaded matches v0.1.10
[INFO] [stderr]   Downloaded phf_codegen v0.10.0
[INFO] [stderr]   Downloaded ego-tree v0.6.2
[INFO] [stderr]   Downloaded fallible-streaming-iterator v0.1.9
[INFO] [stderr]   Downloaded futf v0.1.5
[INFO] [stderr]   Downloaded rand_pcg v0.2.1
[INFO] [stderr]   Downloaded fxhash v0.2.1
[INFO] [stderr]   Downloaded semver v1.0.17
[INFO] [stderr]   Downloaded dtoa-short v0.3.3
[INFO] [stderr]   Downloaded inventory v0.3.6
[INFO] [stderr]   Downloaded phf_shared v0.8.0
[INFO] [stderr]   Downloaded cssparser-macros v0.6.0
[INFO] [stderr]   Downloaded phf_shared v0.10.0
[INFO] [stderr]   Downloaded phf_generator v0.10.0
[INFO] [stderr]   Downloaded wasm-bindgen-shared v0.2.86
[INFO] [stderr]   Downloaded hermit-abi v0.3.1
[INFO] [stderr]   Downloaded ghost v0.1.9
[INFO] [stderr]   Downloaded serde_spanned v0.6.2
[INFO] [stderr]   Downloaded phf v0.8.0
[INFO] [stderr]   Downloaded string_cache_codegen v0.5.2
[INFO] [stderr]   Downloaded wasm-bindgen-macro v0.2.86
[INFO] [stderr]   Downloaded dtoa v0.4.8
[INFO] [stderr]   Downloaded try-lock v0.2.4
[INFO] [stderr]   Downloaded dyn-clone v1.0.11
[INFO] [stderr]   Downloaded itoa v1.0.6
[INFO] [stderr]   Downloaded phf v0.10.1
[INFO] [stderr]   Downloaded bitflags v2.3.1
[INFO] [stderr]   Downloaded wasm-bindgen-futures v0.4.36
[INFO] [stderr]   Downloaded structopt-derive v0.4.18
[INFO] [stderr]   Downloaded servo_arc v0.2.0
[INFO] [stderr]   Downloaded daemonize v0.5.0
[INFO] [stderr]   Downloaded quote v1.0.28
[INFO] [stderr]   Downloaded toml_datetime v0.6.2
[INFO] [stderr]   Downloaded errno v0.3.1
[INFO] [stderr]   Downloaded scraper v0.16.0
[INFO] [stderr]   Downloaded nodrop v0.1.14
[INFO] [stderr]   Downloaded parking_lot_core v0.9.7
[INFO] [stderr]   Downloaded getopts v0.2.21
[INFO] [stderr]   Downloaded wasm-bindgen-macro-support v0.2.86
[INFO] [stderr]   Downloaded erased-serde v0.3.25
[INFO] [stderr]   Downloaded string_cache v0.8.7
[INFO] [stderr]   Downloaded colored v2.0.0
[INFO] [stderr]   Downloaded iana-time-zone v0.1.56
[INFO] [stderr]   Downloaded wasm-bindgen-backend v0.2.86
[INFO] [stderr]   Downloaded time v0.1.45
[INFO] [stderr]   Downloaded markup5ever v0.11.0
[INFO] [stderr]   Downloaded once_cell v1.17.2
[INFO] [stderr]   Downloaded tempfile v3.5.0
[INFO] [stderr]   Downloaded tendril v0.4.3
[INFO] [stderr]   Downloaded selectors v0.24.0
[INFO] [stderr]   Downloaded log v0.4.18
[INFO] [stderr]   Downloaded ahash v0.8.3
[INFO] [stderr]   Downloaded hashlink v0.8.2
[INFO] [stderr]   Downloaded ryu v1.0.13
[INFO] [stderr]   Downloaded proc-macro2 v1.0.59
[INFO] [stderr]   Downloaded toml v0.7.4
[INFO] [stderr]   Downloaded cssparser v0.29.6
[INFO] [stderr]   Downloaded security-framework-sys v2.9.0
[INFO] [stderr]   Downloaded unicode-ident v1.0.9
[INFO] [stderr]   Downloaded unicode-bidi v0.3.13
[INFO] [stderr]   Downloaded socket2 v0.4.9
[INFO] [stderr]   Downloaded ipnet v2.7.2
[INFO] [stderr]   Downloaded serde_derive v1.0.163
[INFO] [stderr]   Downloaded structopt v0.3.26
[INFO] [stderr]   Downloaded bytes v1.4.0
[INFO] [stderr]   Downloaded schannel v0.1.21
[INFO] [stderr]   Downloaded tracing-core v0.1.31
[INFO] [stderr]   Downloaded html5ever v0.26.0
[INFO] [stderr]   Downloaded security-framework v2.9.1
[INFO] [stderr]   Downloaded openssl-sys v0.9.88
[INFO] [stderr]   Downloaded base64 v0.21.2
[INFO] [stderr]   Downloaded serde v1.0.163
[INFO] [stderr]   Downloaded toml_edit v0.19.10
[INFO] [stderr]   Downloaded bumpalo v3.13.0
[INFO] [stderr]   Downloaded js-sys v0.3.63
[INFO] [stderr]   Downloaded mio v0.8.8
[INFO] [stderr]   Downloaded http v0.2.9
[INFO] [stderr]   Downloaded unicode-segmentation v1.10.1
[INFO] [stderr]   Downloaded tokio-util v0.7.8
[INFO] [stderr]   Downloaded nix v0.26.2
[INFO] [stderr]   Downloaded serde_json v1.0.96
[INFO] [stderr]   Downloaded winnow v0.4.6
[INFO] [stderr]   Downloaded rusqlite v0.29.0
[INFO] [stderr]   Downloaded reqwest v0.11.18
[INFO] [stderr]   Downloaded h2 v0.3.19
[INFO] [stderr]   Downloaded wasm-bindgen v0.2.86
[INFO] [stderr]   Downloaded chrono v0.4.26
[INFO] [stderr]   Downloaded hyper v0.14.26
[INFO] [stderr]   Downloaded syn v2.0.18
[INFO] [stderr]   Downloaded regex v1.8.3
[INFO] [stderr]   Downloaded openssl v0.10.54
[INFO] [stderr]   Downloaded rustix v0.37.19
[INFO] [stderr]   Downloaded regex-syntax v0.7.2
[INFO] [stderr]   Downloaded libc v0.2.144
[INFO] [stderr]   Downloaded web-sys v0.3.63
[INFO] [stderr]   Downloaded tokio v1.28.2
[INFO] [stderr]   Downloaded libsqlite3-sys v0.26.0
[INFO] running `Command { std: "docker" "create" "-v" "/var/lib/crater-agent-workspace/builds/worker-2-tc1/source:/opt/rustwide/workdir:ro,Z" "-v" "/var/lib/crater-agent-workspace/builds/worker-2-tc1/target:/opt/rustwide/target:rw,Z" "-v" "/var/lib/crater-agent-workspace/cargo-home:/opt/rustwide/cargo-home:ro,Z" "-v" "/var/lib/crater-agent-workspace/rustup-home:/opt/rustwide/rustup-home:ro,Z" "-m" "1610612736" "--network" "none" "ghcr.io/rust-lang/crates-build-env/linux@sha256:3d5ced03c013a94a2f102a4510f48a6e9184255caf5fd8244f58017bde7f5210" "sleep" "infinity", kill_on_drop: false }`
[INFO] [stdout] 13ad26d7d44cccfd4e1441431322eef5ea5d014bbefb9c945617b6d71d3a8da2
[INFO] running `Command { std: "docker" "start" "13ad26d7d44cccfd4e1441431322eef5ea5d014bbefb9c945617b6d71d3a8da2", kill_on_drop: false }`
[INFO] running `Command { std: "docker" "inspect" "13ad26d7d44cccfd4e1441431322eef5ea5d014bbefb9c945617b6d71d3a8da2", kill_on_drop: false }`
[INFO] running `Command { std: "docker" "exec" "-e" "SOURCE_DIR=/opt/rustwide/workdir" "-e" "CARGO_HOME=/opt/rustwide/cargo-home" "-e" "RUSTUP_HOME=/opt/rustwide/rustup-home" "-e" "CARGO_TARGET_DIR=/opt/rustwide/target" "-w" "/opt/rustwide/workdir" "--user" "0:0" "13ad26d7d44cccfd4e1441431322eef5ea5d014bbefb9c945617b6d71d3a8da2" "/opt/rustwide/cargo-home/bin/cargo" "+1.97.0-beta.6" "metadata" "--no-deps" "--format-version=1", kill_on_drop: false }`
[INFO] running `Command { std: "docker" "inspect" "13ad26d7d44cccfd4e1441431322eef5ea5d014bbefb9c945617b6d71d3a8da2", kill_on_drop: false }`
[INFO] running `Command { std: "docker" "exec" "-e" "SOURCE_DIR=/opt/rustwide/workdir" "-e" "CARGO_HOME=/opt/rustwide/cargo-home" "-e" "RUSTUP_HOME=/opt/rustwide/rustup-home" "-e" "CARGO_TARGET_DIR=/opt/rustwide/target" "-e" "CARGO_INCREMENTAL=0" "-e" "RUST_BACKTRACE=full" "-e" "RUSTFLAGS=--cap-lints=warn" "-e" "RUSTDOCFLAGS=--cap-lints=warn" "-w" "/opt/rustwide/workdir" "--user" "0:0" "13ad26d7d44cccfd4e1441431322eef5ea5d014bbefb9c945617b6d71d3a8da2" "/opt/rustwide/cargo-home/bin/cargo" "+1.97.0-beta.6" "build" "--frozen" "--message-format=json", kill_on_drop: false }`
[INFO] [stderr]    Compiling proc-macro2 v1.0.59
[INFO] [stderr]    Compiling unicode-ident v1.0.9
[INFO] [stderr]    Compiling quote v1.0.28
[INFO] [stderr]    Compiling libc v0.2.144
[INFO] [stderr]    Compiling autocfg v1.1.0
[INFO] [stderr]    Compiling siphasher v0.3.10
[INFO] [stderr]    Compiling ppv-lite86 v0.2.17
[INFO] [stderr]    Compiling once_cell v1.17.2
[INFO] [stderr]    Compiling syn v1.0.109
[INFO] [stderr]    Compiling getrandom v0.1.16
[INFO] [stderr]    Compiling serde v1.0.163
[INFO] [stderr]    Compiling version_check v0.9.4
[INFO] [stderr]    Compiling cc v1.0.79
[INFO] [stderr]    Compiling pkg-config v0.3.27
[INFO] [stderr]    Compiling log v0.4.18
[INFO] [stderr]    Compiling itoa v1.0.6
[INFO] [stderr]    Compiling pin-project-lite v0.2.9
[INFO] [stderr]    Compiling smallvec v1.10.0
[INFO] [stderr]    Compiling phf_shared v0.10.0
[INFO] [stderr]    Compiling phf_shared v0.8.0
[INFO] [stderr]    Compiling memchr v2.5.0
[INFO] [stderr]    Compiling futures-core v0.3.28
[INFO] [stderr]    Compiling bytes v1.4.0
[INFO] [stderr]    Compiling futures-task v0.3.28
[INFO] [stderr]    Compiling parking_lot_core v0.9.7
[INFO] [stderr]    Compiling proc-macro-hack v0.5.20+deprecated
[INFO] [stderr]    Compiling hashbrown v0.12.3
[INFO] [stderr]    Compiling tracing-core v0.1.31
[INFO] [stderr]    Compiling scopeguard v1.1.0
[INFO] [stderr]    Compiling getrandom v0.2.9
[INFO] [stderr]    Compiling futures-util v0.3.28
[INFO] [stderr]    Compiling openssl v0.10.54
[INFO] [stderr]    Compiling ahash v0.8.3
[INFO] [stderr]    Compiling new_debug_unreachable v1.0.4
[INFO] [stderr]    Compiling tokio v1.28.2
[INFO] [stderr]    Compiling indexmap v1.9.3
[INFO] [stderr]    Compiling slab v0.4.8
[INFO] [stderr]    Compiling lock_api v0.4.9
[INFO] [stderr]    Compiling rand_core v0.5.1
[INFO] [stderr]    Compiling rand_core v0.6.4
[INFO] [stderr]    Compiling proc-macro-error-attr v1.0.4
[INFO] [stderr]    Compiling http v0.2.9
[INFO] [stderr]    Compiling rand_chacha v0.2.2
[INFO] [stderr]    Compiling rand_pcg v0.2.1
[INFO] [stderr]    Compiling rand_chacha v0.3.1
[INFO] [stderr]    Compiling tracing v0.1.37
[INFO] [stderr]    Compiling syn v2.0.18
[INFO] [stderr]    Compiling native-tls v0.2.11
[INFO] [stderr]    Compiling rand v0.7.3
[INFO] [stderr]    Compiling rand v0.8.5
[INFO] [stderr]    Compiling mac v0.1.1
[INFO] [stderr]    Compiling futures-io v0.3.28
[INFO] [stderr]    Compiling socket2 v0.4.9
[INFO] [stderr]    Compiling mio v0.8.8
[INFO] [stderr]    Compiling num_cpus v1.15.0
[INFO] [stderr]    Compiling httparse v1.8.0
[INFO] [stderr]    Compiling precomputed-hash v0.1.1
[INFO] [stderr]    Compiling futures-sink v0.3.28
[INFO] [stderr]    Compiling futures-channel v0.3.28
[INFO] [stderr]    Compiling unicode-width v0.1.10
[INFO] [stderr]    Compiling tinyvec v1.6.0
[INFO] [stderr]    Compiling parking_lot v0.12.1
[INFO] [stderr]    Compiling futf v0.1.5
[INFO] [stderr]    Compiling proc-macro-error v1.0.4
[INFO] [stderr]    Compiling percent-encoding v2.2.0
[INFO] [stderr]    Compiling openssl-sys v0.9.88
[INFO] [stderr]    Compiling dtoa v0.4.8
[INFO] [stderr]    Compiling utf-8 v0.7.6
[INFO] [stderr]    Compiling try-lock v0.2.4
[INFO] [stderr]    Compiling openssl-probe v0.1.5
[INFO] [stderr]    Compiling want v0.3.0
[INFO] [stderr]    Compiling phf_generator v0.8.0
[INFO] [stderr]    Compiling dtoa-short v0.3.3
[INFO] [stderr]    Compiling tendril v0.4.3
[INFO] [stderr]    Compiling http-body v0.4.5
[INFO] [stderr]    Compiling libsqlite3-sys v0.26.0
[INFO] [stderr]    Compiling phf_codegen v0.8.0
[INFO] [stderr]    Compiling form_urlencoded v1.1.0
[INFO] [stderr]    Compiling selectors v0.24.0
[INFO] [stderr]    Compiling phf_generator v0.10.0
[INFO] [stderr]    Compiling atty v0.2.14
[INFO] [stderr]    Compiling num-traits v0.2.15
[INFO] [stderr]    Compiling memoffset v0.7.1
[INFO] [stderr]    Compiling string_cache_codegen v0.5.2
[INFO] [stderr]    Compiling phf_codegen v0.10.0
[INFO] [stderr]    Compiling phf v0.10.1
[INFO] [stderr]    Compiling tower-service v0.3.2
[INFO] [stderr]    Compiling httpdate v1.0.2
[INFO] [stderr]    Compiling serde_json v1.0.96
[INFO] [stderr]    Compiling byteorder v1.4.3
[INFO] [stderr]    Compiling nodrop v0.1.14
[INFO] [stderr]    Compiling ryu v1.0.13
[INFO] [stderr]    Compiling unicode-segmentation v1.10.1
[INFO] [stderr]    Compiling unicode-bidi v0.3.13
[INFO] [stderr]    Compiling matches v0.1.10
[INFO] [stderr]    Compiling erased-serde v0.3.25
[INFO] [stderr]    Compiling stable_deref_trait v1.2.0
[INFO] [stderr]    Compiling servo_arc v0.2.0
[INFO] [stderr]    Compiling hashbrown v0.13.2
[INFO] [stderr]    Compiling fxhash v0.2.1
[INFO] [stderr]    Compiling textwrap v0.11.0
[INFO] [stderr]    Compiling unicode-normalization v0.1.22
[INFO] [stderr]    Compiling winnow v0.4.6
[INFO] [stderr]    Compiling strsim v0.8.0
[INFO] [stderr]    Compiling lazy_static v1.4.0
[INFO] [stderr]    Compiling markup5ever v0.11.0
[INFO] [stderr]    Compiling ansi_term v0.12.1
[INFO] [stderr]    Compiling heck v0.3.3
[INFO] [stderr]    Compiling getopts v0.2.21
[INFO] [stderr]    Compiling time v0.1.45
[INFO] [stderr]    Compiling aho-corasick v1.0.1
[INFO] [stderr]    Compiling clap v2.34.0
[INFO] [stderr]    Compiling idna v0.3.0
[INFO] [stderr]    Compiling hashlink v0.8.2
[INFO] [stderr]    Compiling encoding_rs v0.8.32
[INFO] [stderr]    Compiling bitflags v2.3.1
[INFO] [stderr]    Compiling ego-tree v0.6.2
[INFO] [stderr]    Compiling iana-time-zone v0.1.56
[INFO] [stderr]    Compiling fallible-iterator v0.2.0
[INFO] [stderr]    Compiling url v2.3.1
[INFO] [stderr]    Compiling fallible-streaming-iterator v0.1.9
[INFO] [stderr]    Compiling regex-syntax v0.7.2
[INFO] [stderr]    Compiling base64 v0.21.2
[INFO] [stderr]    Compiling ipnet v2.7.2
[INFO] [stderr]    Compiling nix v0.26.2
[INFO] [stderr]    Compiling chrono v0.4.26
[INFO] [stderr]    Compiling colored v2.0.0
[INFO] [stderr]    Compiling uuid v1.3.3
[INFO] [stderr]    Compiling daemonize v0.5.0
[INFO] [stderr]    Compiling dyn-clone v1.0.11
[INFO] [stderr]    Compiling home v0.5.5
[INFO] [stderr]    Compiling serde_derive v1.0.163
[INFO] [stderr]    Compiling openssl-macros v0.1.1
[INFO] [stderr]    Compiling ghost v0.1.9
[INFO] [stderr]    Compiling typetag-impl v0.2.8
[INFO] [stderr]    Compiling regex v1.8.3
[INFO] [stderr]    Compiling inventory v0.3.6
[INFO] [stderr]    Compiling phf_macros v0.8.0
[INFO] [stderr]    Compiling cssparser v0.29.6
[INFO] [stderr]    Compiling cssparser-macros v0.6.0
[INFO] [stderr]    Compiling html5ever v0.26.0
[INFO] [stderr]    Compiling derive_more v0.99.17
[INFO] [stderr]    Compiling structopt-derive v0.4.18
[INFO] [stderr]    Compiling phf v0.8.0
[INFO] [stderr]    Compiling tokio-util v0.7.8
[INFO] [stderr]    Compiling structopt v0.3.26
[INFO] [stderr]    Compiling h2 v0.3.19
[INFO] [stderr]    Compiling tokio-native-tls v0.3.1
[INFO] [stderr]    Compiling hyper v0.14.26
[INFO] [stderr]    Compiling string_cache v0.8.7
[INFO] [stderr]    Compiling serde_spanned v0.6.2
[INFO] [stderr]    Compiling toml_datetime v0.6.2
[INFO] [stderr]    Compiling serde_urlencoded v0.7.1
[INFO] [stderr]    Compiling toml_edit v0.19.10
[INFO] [stderr]    Compiling typetag v0.2.8
[INFO] [stderr]    Compiling scraper v0.16.0
[INFO] [stderr]    Compiling hyper-tls v0.5.0
[INFO] [stderr]    Compiling reqwest v0.11.18
[INFO] [stderr]    Compiling toml v0.7.4
[INFO] [stderr]    Compiling rusqlite v0.29.0
[INFO] [stderr]    Compiling cultura v1.0.0 (/opt/rustwide/workdir)
[INFO] [stdout] warning: non-local `impl` definition, `impl` blocks should be written at the same level as their item
[INFO] [stdout]  --> src/third_part/mod.rs:5:1
[INFO] [stdout]   |
[INFO] [stdout] 5 | #[typetag::serde(tag = "provider")]
[INFO] [stdout]   | ^^^^^^^^^^^^^^^^^^^^^^^^^^^^^^^^^^^
[INFO] [stdout]   | |
[INFO] [stdout]   | `Serialize` is not local
[INFO] [stdout]   | move the `impl` block outside of this constant `_Crawler_registry`
[INFO] [stdout] 6 | pub trait Crawler: DynClone {
[INFO] [stdout]   |           ------- `Crawler` is not local
[INFO] [stdout]   |
[INFO] [stdout]   = note: the attribute macro `typetag::serde` defines the non-local `impl`, and may need to be changed
[INFO] [stdout]   = note: the attribute macro `typetag::serde` may come from an old version of the `typetag_impl` crate, try updating your dependency with `cargo update -p typetag_impl`
[INFO] [stdout]   = note: an `impl` is never scoped, even when it is nested inside an item, as it may impact type checking outside of that item, which can be the case if neither the trait or the self type are at the same nesting level as the `impl`
[INFO] [stdout]   = note: items in an anonymous const item (`const _: () = { ... }`) are treated as in the same scope as the anonymous const's declaration for the purpose of this lint
[INFO] [stdout]   = note: `#[warn(non_local_definitions)]` on by default
[INFO] [stdout]   = note: this warning originates in the attribute macro `typetag::serde` (in Nightly builds, run with -Z macro-backtrace for more info)
[INFO] [stdout] 
[INFO] [stdout] 
[INFO] [stdout] warning: non-local `impl` definition, `impl` blocks should be written at the same level as their item
[INFO] [stdout]  --> src/third_part/mod.rs:5:1
[INFO] [stdout]   |
[INFO] [stdout] 5 | #[typetag::serde(tag = "provider")]
[INFO] [stdout]   | ^^^^^^^^^^^^^^^^^^^^^^^^^^^^^^^^^^^
[INFO] [stdout]   | |
[INFO] [stdout]   | `Send` is not local
[INFO] [stdout]   | `Serialize` is not local
[INFO] [stdout]   | move the `impl` block outside of this constant `_Crawler_registry`
[INFO] [stdout] 6 | pub trait Crawler: DynClone {
[INFO] [stdout]   |           ------- `Crawler` is not local
[INFO] [stdout]   |
[INFO] [stdout]   = note: the attribute macro `typetag::serde` defines the non-local `impl`, and may need to be changed
[INFO] [stdout]   = note: the attribute macro `typetag::serde` may come from an old version of the `typetag_impl` crate, try updating your dependency with `cargo update -p typetag_impl`
[INFO] [stdout]   = note: an `impl` is never scoped, even when it is nested inside an item, as it may impact type checking outside of that item, which can be the case if neither the trait or the self type are at the same nesting level as the `impl`
[INFO] [stdout]   = note: items in an anonymous const item (`const _: () = { ... }`) are treated as in the same scope as the anonymous const's declaration for the purpose of this lint
[INFO] [stdout]   = note: this warning originates in the attribute macro `typetag::serde` (in Nightly builds, run with -Z macro-backtrace for more info)
[INFO] [stdout] 
[INFO] [stdout] 
[INFO] [stdout] warning: non-local `impl` definition, `impl` blocks should be written at the same level as their item
[INFO] [stdout]  --> src/third_part/mod.rs:5:1
[INFO] [stdout]   |
[INFO] [stdout] 5 | #[typetag::serde(tag = "provider")]
[INFO] [stdout]   | ^^^^^^^^^^^^^^^^^^^^^^^^^^^^^^^^^^^
[INFO] [stdout]   | |
[INFO] [stdout]   | `Sync` is not local
[INFO] [stdout]   | `Serialize` is not local
[INFO] [stdout]   | move the `impl` block outside of this constant `_Crawler_registry`
[INFO] [stdout] 6 | pub trait Crawler: DynClone {
[INFO] [stdout]   |           ------- `Crawler` is not local
[INFO] [stdout]   |
[INFO] [stdout]   = note: the attribute macro `typetag::serde` defines the non-local `impl`, and may need to be changed
[INFO] [stdout]   = note: the attribute macro `typetag::serde` may come from an old version of the `typetag_impl` crate, try updating your dependency with `cargo update -p typetag_impl`
[INFO] [stdout]   = note: an `impl` is never scoped, even when it is nested inside an item, as it may impact type checking outside of that item, which can be the case if neither the trait or the self type are at the same nesting level as the `impl`
[INFO] [stdout]   = note: items in an anonymous const item (`const _: () = { ... }`) are treated as in the same scope as the anonymous const's declaration for the purpose of this lint
[INFO] [stdout]   = note: this warning originates in the attribute macro `typetag::serde` (in Nightly builds, run with -Z macro-backtrace for more info)
[INFO] [stdout] 
[INFO] [stdout] 
[INFO] [stdout] warning: non-local `impl` definition, `impl` blocks should be written at the same level as their item
[INFO] [stdout]  --> src/third_part/mod.rs:5:1
[INFO] [stdout]   |
[INFO] [stdout] 5 | #[typetag::serde(tag = "provider")]
[INFO] [stdout]   | ^^^^^^^^^^^^^^^^^^^^^^^^^^^^^^^^^^^
[INFO] [stdout]   | |
[INFO] [stdout]   | `Send` is not local
[INFO] [stdout]   | `Sync` is not local
[INFO] [stdout]   | `Serialize` is not local
[INFO] [stdout]   | move the `impl` block outside of this constant `_Crawler_registry`
[INFO] [stdout] 6 | pub trait Crawler: DynClone {
[INFO] [stdout]   |           ------- `Crawler` is not local
[INFO] [stdout]   |
[INFO] [stdout]   = note: the attribute macro `typetag::serde` defines the non-local `impl`, and may need to be changed
[INFO] [stdout]   = note: the attribute macro `typetag::serde` may come from an old version of the `typetag_impl` crate, try updating your dependency with `cargo update -p typetag_impl`
[INFO] [stdout]   = note: an `impl` is never scoped, even when it is nested inside an item, as it may impact type checking outside of that item, which can be the case if neither the trait or the self type are at the same nesting level as the `impl`
[INFO] [stdout]   = note: items in an anonymous const item (`const _: () = { ... }`) are treated as in the same scope as the anonymous const's declaration for the purpose of this lint
[INFO] [stdout]   = note: this warning originates in the attribute macro `typetag::serde` (in Nightly builds, run with -Z macro-backtrace for more info)
[INFO] [stdout] 
[INFO] [stdout] 
[INFO] [stdout] warning: non-local `impl` definition, `impl` blocks should be written at the same level as their item
[INFO] [stdout]  --> src/third_part/mod.rs:5:1
[INFO] [stdout]   |
[INFO] [stdout] 5 | #[typetag::serde(tag = "provider")]
[INFO] [stdout]   | ^^^^^^^^^^^^^^^^^^^^^^^^^^^^^^^^^^^ move the `impl` block outside of this constant `_Crawler_registry`
[INFO] [stdout] 6 | pub trait Crawler: DynClone {
[INFO] [stdout]   |           ------- `Crawler` is not local
[INFO] [stdout]   |
[INFO] [stdout]   = note: the attribute macro `typetag::serde` defines the non-local `impl`, and may need to be changed
[INFO] [stdout]   = note: the attribute macro `typetag::serde` may come from an old version of the `typetag_impl` crate, try updating your dependency with `cargo update -p typetag_impl`
[INFO] [stdout]   = note: an `impl` is never scoped, even when it is nested inside an item, as it may impact type checking outside of that item, which can be the case if neither the trait or the self type are at the same nesting level as the `impl`
[INFO] [stdout]   = note: items in an anonymous const item (`const _: () = { ... }`) are treated as in the same scope as the anonymous const's declaration for the purpose of this lint
[INFO] [stdout]   = note: this warning originates in the attribute macro `typetag::serde` (in Nightly builds, run with -Z macro-backtrace for more info)
[INFO] [stdout] 
[INFO] [stdout] 
[INFO] [stdout] warning: non-local `impl` definition, `impl` blocks should be written at the same level as their item
[INFO] [stdout]  --> src/third_part/mod.rs:5:1
[INFO] [stdout]   |
[INFO] [stdout] 5 | #[typetag::serde(tag = "provider")]
[INFO] [stdout]   | ^^^^^^^^^^^^^^^^^^^^^^^^^^^^^^^^^^^
[INFO] [stdout]   | |
[INFO] [stdout]   | `Strictest` is not local
[INFO] [stdout]   | move the `impl` block outside of this constant `_Crawler_registry`
[INFO] [stdout] 6 | pub trait Crawler: DynClone {
[INFO] [stdout]   |           ------- `Crawler` is not local
[INFO] [stdout]   |
[INFO] [stdout]   = note: the attribute macro `typetag::serde` defines the non-local `impl`, and may need to be changed
[INFO] [stdout]   = note: the attribute macro `typetag::serde` may come from an old version of the `typetag_impl` crate, try updating your dependency with `cargo update -p typetag_impl`
[INFO] [stdout]   = note: an `impl` is never scoped, even when it is nested inside an item, as it may impact type checking outside of that item, which can be the case if neither the trait or the self type are at the same nesting level as the `impl`
[INFO] [stdout]   = note: items in an anonymous const item (`const _: () = { ... }`) are treated as in the same scope as the anonymous const's declaration for the purpose of this lint
[INFO] [stdout]   = note: this warning originates in the attribute macro `typetag::serde` (in Nightly builds, run with -Z macro-backtrace for more info)
[INFO] [stdout] 
[INFO] [stdout] 
[INFO] [stdout] warning: non-local `impl` definition, `impl` blocks should be written at the same level as their item
[INFO] [stdout]  --> src/third_part/mod.rs:5:1
[INFO] [stdout]   |
[INFO] [stdout] 5 | #[typetag::serde(tag = "provider")]
[INFO] [stdout]   | -^^^^^^^^^^^^^^^^^^^^^^^^^^^^^^^^^^
[INFO] [stdout]   | |
[INFO] [stdout]   | `Box` is not local
[INFO] [stdout]   | `Deserialize` is not local
[INFO] [stdout]   | move the `impl` block outside of this constant `_Crawler_registry`
[INFO] [stdout] 6 | pub trait Crawler: DynClone {
[INFO] [stdout]   |           ------- `Crawler` is not local
[INFO] [stdout]   |
[INFO] [stdout]   = note: the attribute macro `typetag::serde` defines the non-local `impl`, and may need to be changed
[INFO] [stdout]   = note: the attribute macro `typetag::serde` may come from an old version of the `typetag_impl` crate, try updating your dependency with `cargo update -p typetag_impl`
[INFO] [stdout]   = note: an `impl` is never scoped, even when it is nested inside an item, as it may impact type checking outside of that item, which can be the case if neither the trait or the self type are at the same nesting level as the `impl`
[INFO] [stdout]   = note: items in an anonymous const item (`const _: () = { ... }`) are treated as in the same scope as the anonymous const's declaration for the purpose of this lint
[INFO] [stdout]   = note: this warning originates in the attribute macro `typetag::serde` (in Nightly builds, run with -Z macro-backtrace for more info)
[INFO] [stdout] 
[INFO] [stdout] 
[INFO] [stderr]     Finished `dev` profile [unoptimized + debuginfo] target(s) in 1m 21s
[INFO] [stderr] warning: the following packages contain code that will be rejected by a future version of Rust: openssl v0.10.54
[INFO] [stderr] note: to see what the problems were, use the option `--future-incompat-report`, or run `cargo report future-incompatibilities --id 2`
[INFO] running `Command { std: "docker" "inspect" "13ad26d7d44cccfd4e1441431322eef5ea5d014bbefb9c945617b6d71d3a8da2", kill_on_drop: false }`
[INFO] running `Command { std: "docker" "exec" "-e" "SOURCE_DIR=/opt/rustwide/workdir" "-e" "CARGO_HOME=/opt/rustwide/cargo-home" "-e" "RUSTUP_HOME=/opt/rustwide/rustup-home" "-e" "CARGO_TARGET_DIR=/opt/rustwide/target" "-e" "CARGO_INCREMENTAL=0" "-e" "RUST_BACKTRACE=full" "-e" "RUSTFLAGS=--cap-lints=warn" "-e" "RUSTDOCFLAGS=--cap-lints=warn" "-w" "/opt/rustwide/workdir" "--user" "0:0" "13ad26d7d44cccfd4e1441431322eef5ea5d014bbefb9c945617b6d71d3a8da2" "/opt/rustwide/cargo-home/bin/cargo" "+1.97.0-beta.6" "test" "--frozen" "--no-run" "--message-format=json", kill_on_drop: false }`
[INFO] [stderr]    Compiling ppv-lite86 v0.2.17
[INFO] [stderr]    Compiling getrandom v0.2.9
[INFO] [stderr]    Compiling rustix v0.37.19
[INFO] [stderr]    Compiling io-lifetimes v1.0.11
[INFO] [stderr]    Compiling rand_core v0.6.4
[INFO] [stderr]    Compiling rand_chacha v0.2.2
[INFO] [stderr]    Compiling rand_chacha v0.3.1
[INFO] [stderr]    Compiling rand v0.7.3
[INFO] [stderr]    Compiling ahash v0.8.3
[INFO] [stderr]    Compiling uuid v1.3.3
[INFO] [stderr]    Compiling rand v0.8.5
[INFO] [stderr]    Compiling hashbrown v0.13.2
[INFO] [stderr]    Compiling phf_generator v0.10.0
[INFO] [stderr]    Compiling string_cache_codegen v0.5.2
[INFO] [stderr]    Compiling phf_codegen v0.10.0
[INFO] [stderr]    Compiling hashlink v0.8.2
[INFO] [stderr]    Compiling phf_generator v0.8.0
[INFO] [stderr]    Compiling rusqlite v0.29.0
[INFO] [stderr]    Compiling phf_codegen v0.8.0
[INFO] [stderr]    Compiling phf_macros v0.8.0
[INFO] [stderr]    Compiling selectors v0.24.0
[INFO] [stderr]    Compiling markup5ever v0.11.0
[INFO] [stderr]    Compiling tempfile v3.5.0
[INFO] [stderr]    Compiling phf v0.8.0
[INFO] [stderr]    Compiling cssparser v0.29.6
[INFO] [stderr]    Compiling html5ever v0.26.0
[INFO] [stderr]    Compiling scraper v0.16.0
[INFO] [stderr]    Compiling cultura v1.0.0 (/opt/rustwide/workdir)
[INFO] [stdout] warning: non-local `impl` definition, `impl` blocks should be written at the same level as their item
[INFO] [stdout]  --> src/third_part/mod.rs:5:1
[INFO] [stdout]   |
[INFO] [stdout] 5 | #[typetag::serde(tag = "provider")]
[INFO] [stdout]   | ^^^^^^^^^^^^^^^^^^^^^^^^^^^^^^^^^^^
[INFO] [stdout]   | |
[INFO] [stdout]   | `Serialize` is not local
[INFO] [stdout]   | move the `impl` block outside of this constant `_Crawler_registry`
[INFO] [stdout] 6 | pub trait Crawler: DynClone {
[INFO] [stdout]   |           ------- `Crawler` is not local
[INFO] [stdout]   |
[INFO] [stdout]   = note: the attribute macro `typetag::serde` defines the non-local `impl`, and may need to be changed
[INFO] [stdout]   = note: the attribute macro `typetag::serde` may come from an old version of the `typetag_impl` crate, try updating your dependency with `cargo update -p typetag_impl`
[INFO] [stdout]   = note: an `impl` is never scoped, even when it is nested inside an item, as it may impact type checking outside of that item, which can be the case if neither the trait or the self type are at the same nesting level as the `impl`
[INFO] [stdout]   = note: items in an anonymous const item (`const _: () = { ... }`) are treated as in the same scope as the anonymous const's declaration for the purpose of this lint
[INFO] [stdout]   = note: `#[warn(non_local_definitions)]` on by default
[INFO] [stdout]   = note: this warning originates in the attribute macro `typetag::serde` (in Nightly builds, run with -Z macro-backtrace for more info)
[INFO] [stdout] 
[INFO] [stdout] 
[INFO] [stdout] warning: non-local `impl` definition, `impl` blocks should be written at the same level as their item
[INFO] [stdout]  --> src/third_part/mod.rs:5:1
[INFO] [stdout]   |
[INFO] [stdout] 5 | #[typetag::serde(tag = "provider")]
[INFO] [stdout]   | ^^^^^^^^^^^^^^^^^^^^^^^^^^^^^^^^^^^
[INFO] [stdout]   | |
[INFO] [stdout]   | `Send` is not local
[INFO] [stdout]   | `Serialize` is not local
[INFO] [stdout]   | move the `impl` block outside of this constant `_Crawler_registry`
[INFO] [stdout] 6 | pub trait Crawler: DynClone {
[INFO] [stdout]   |           ------- `Crawler` is not local
[INFO] [stdout]   |
[INFO] [stdout]   = note: the attribute macro `typetag::serde` defines the non-local `impl`, and may need to be changed
[INFO] [stdout]   = note: the attribute macro `typetag::serde` may come from an old version of the `typetag_impl` crate, try updating your dependency with `cargo update -p typetag_impl`
[INFO] [stdout]   = note: an `impl` is never scoped, even when it is nested inside an item, as it may impact type checking outside of that item, which can be the case if neither the trait or the self type are at the same nesting level as the `impl`
[INFO] [stdout]   = note: items in an anonymous const item (`const _: () = { ... }`) are treated as in the same scope as the anonymous const's declaration for the purpose of this lint
[INFO] [stdout]   = note: this warning originates in the attribute macro `typetag::serde` (in Nightly builds, run with -Z macro-backtrace for more info)
[INFO] [stdout] 
[INFO] [stdout] 
[INFO] [stdout] warning: non-local `impl` definition, `impl` blocks should be written at the same level as their item
[INFO] [stdout]  --> src/third_part/mod.rs:5:1
[INFO] [stdout]   |
[INFO] [stdout] 5 | #[typetag::serde(tag = "provider")]
[INFO] [stdout]   | ^^^^^^^^^^^^^^^^^^^^^^^^^^^^^^^^^^^
[INFO] [stdout]   | |
[INFO] [stdout]   | `Sync` is not local
[INFO] [stdout]   | `Serialize` is not local
[INFO] [stdout]   | move the `impl` block outside of this constant `_Crawler_registry`
[INFO] [stdout] 6 | pub trait Crawler: DynClone {
[INFO] [stdout]   |           ------- `Crawler` is not local
[INFO] [stdout]   |
[INFO] [stdout]   = note: the attribute macro `typetag::serde` defines the non-local `impl`, and may need to be changed
[INFO] [stdout]   = note: the attribute macro `typetag::serde` may come from an old version of the `typetag_impl` crate, try updating your dependency with `cargo update -p typetag_impl`
[INFO] [stdout]   = note: an `impl` is never scoped, even when it is nested inside an item, as it may impact type checking outside of that item, which can be the case if neither the trait or the self type are at the same nesting level as the `impl`
[INFO] [stdout]   = note: items in an anonymous const item (`const _: () = { ... }`) are treated as in the same scope as the anonymous const's declaration for the purpose of this lint
[INFO] [stdout]   = note: this warning originates in the attribute macro `typetag::serde` (in Nightly builds, run with -Z macro-backtrace for more info)
[INFO] [stdout] 
[INFO] [stdout] 
[INFO] [stdout] warning: non-local `impl` definition, `impl` blocks should be written at the same level as their item
[INFO] [stdout]  --> src/third_part/mod.rs:5:1
[INFO] [stdout]   |
[INFO] [stdout] 5 | #[typetag::serde(tag = "provider")]
[INFO] [stdout]   | ^^^^^^^^^^^^^^^^^^^^^^^^^^^^^^^^^^^
[INFO] [stdout]   | |
[INFO] [stdout]   | `Send` is not local
[INFO] [stdout]   | `Sync` is not local
[INFO] [stdout]   | `Serialize` is not local
[INFO] [stdout]   | move the `impl` block outside of this constant `_Crawler_registry`
[INFO] [stdout] 6 | pub trait Crawler: DynClone {
[INFO] [stdout]   |           ------- `Crawler` is not local
[INFO] [stdout]   |
[INFO] [stdout]   = note: the attribute macro `typetag::serde` defines the non-local `impl`, and may need to be changed
[INFO] [stdout]   = note: the attribute macro `typetag::serde` may come from an old version of the `typetag_impl` crate, try updating your dependency with `cargo update -p typetag_impl`
[INFO] [stdout]   = note: an `impl` is never scoped, even when it is nested inside an item, as it may impact type checking outside of that item, which can be the case if neither the trait or the self type are at the same nesting level as the `impl`
[INFO] [stdout]   = note: items in an anonymous const item (`const _: () = { ... }`) are treated as in the same scope as the anonymous const's declaration for the purpose of this lint
[INFO] [stdout]   = note: this warning originates in the attribute macro `typetag::serde` (in Nightly builds, run with -Z macro-backtrace for more info)
[INFO] [stdout] 
[INFO] [stdout] 
[INFO] [stdout] warning: non-local `impl` definition, `impl` blocks should be written at the same level as their item
[INFO] [stdout]  --> src/third_part/mod.rs:5:1
[INFO] [stdout]   |
[INFO] [stdout] 5 | #[typetag::serde(tag = "provider")]
[INFO] [stdout]   | ^^^^^^^^^^^^^^^^^^^^^^^^^^^^^^^^^^^ move the `impl` block outside of this constant `_Crawler_registry`
[INFO] [stdout] 6 | pub trait Crawler: DynClone {
[INFO] [stdout]   |           ------- `Crawler` is not local
[INFO] [stdout]   |
[INFO] [stdout]   = note: the attribute macro `typetag::serde` defines the non-local `impl`, and may need to be changed
[INFO] [stdout]   = note: the attribute macro `typetag::serde` may come from an old version of the `typetag_impl` crate, try updating your dependency with `cargo update -p typetag_impl`
[INFO] [stdout]   = note: an `impl` is never scoped, even when it is nested inside an item, as it may impact type checking outside of that item, which can be the case if neither the trait or the self type are at the same nesting level as the `impl`
[INFO] [stdout]   = note: items in an anonymous const item (`const _: () = { ... }`) are treated as in the same scope as the anonymous const's declaration for the purpose of this lint
[INFO] [stdout]   = note: this warning originates in the attribute macro `typetag::serde` (in Nightly builds, run with -Z macro-backtrace for more info)
[INFO] [stdout] 
[INFO] [stdout] 
[INFO] [stdout] warning: non-local `impl` definition, `impl` blocks should be written at the same level as their item
[INFO] [stdout]  --> src/third_part/mod.rs:5:1
[INFO] [stdout]   |
[INFO] [stdout] 5 | #[typetag::serde(tag = "provider")]
[INFO] [stdout]   | ^^^^^^^^^^^^^^^^^^^^^^^^^^^^^^^^^^^
[INFO] [stdout]   | |
[INFO] [stdout]   | `Strictest` is not local
[INFO] [stdout]   | move the `impl` block outside of this constant `_Crawler_registry`
[INFO] [stdout] 6 | pub trait Crawler: DynClone {
[INFO] [stdout]   |           ------- `Crawler` is not local
[INFO] [stdout]   |
[INFO] [stdout]   = note: the attribute macro `typetag::serde` defines the non-local `impl`, and may need to be changed
[INFO] [stdout]   = note: the attribute macro `typetag::serde` may come from an old version of the `typetag_impl` crate, try updating your dependency with `cargo update -p typetag_impl`
[INFO] [stdout]   = note: an `impl` is never scoped, even when it is nested inside an item, as it may impact type checking outside of that item, which can be the case if neither the trait or the self type are at the same nesting level as the `impl`
[INFO] [stdout]   = note: items in an anonymous const item (`const _: () = { ... }`) are treated as in the same scope as the anonymous const's declaration for the purpose of this lint
[INFO] [stdout]   = note: this warning originates in the attribute macro `typetag::serde` (in Nightly builds, run with -Z macro-backtrace for more info)
[INFO] [stdout] 
[INFO] [stdout] 
[INFO] [stdout] warning: non-local `impl` definition, `impl` blocks should be written at the same level as their item
[INFO] [stdout]  --> src/third_part/mod.rs:5:1
[INFO] [stdout]   |
[INFO] [stdout] 5 | #[typetag::serde(tag = "provider")]
[INFO] [stdout]   | -^^^^^^^^^^^^^^^^^^^^^^^^^^^^^^^^^^
[INFO] [stdout]   | |
[INFO] [stdout]   | `Box` is not local
[INFO] [stdout]   | `Deserialize` is not local
[INFO] [stdout]   | move the `impl` block outside of this constant `_Crawler_registry`
[INFO] [stdout] 6 | pub trait Crawler: DynClone {
[INFO] [stdout]   |           ------- `Crawler` is not local
[INFO] [stdout]   |
[INFO] [stdout]   = note: the attribute macro `typetag::serde` defines the non-local `impl`, and may need to be changed
[INFO] [stdout]   = note: the attribute macro `typetag::serde` may come from an old version of the `typetag_impl` crate, try updating your dependency with `cargo update -p typetag_impl`
[INFO] [stdout]   = note: an `impl` is never scoped, even when it is nested inside an item, as it may impact type checking outside of that item, which can be the case if neither the trait or the self type are at the same nesting level as the `impl`
[INFO] [stdout]   = note: items in an anonymous const item (`const _: () = { ... }`) are treated as in the same scope as the anonymous const's declaration for the purpose of this lint
[INFO] [stdout]   = note: this warning originates in the attribute macro `typetag::serde` (in Nightly builds, run with -Z macro-backtrace for more info)
[INFO] [stdout] 
[INFO] [stdout] 
[INFO] [stderr]     Finished `test` profile [unoptimized + debuginfo] target(s) in 12.35s
[INFO] [stderr] warning: the following packages contain code that will be rejected by a future version of Rust: openssl v0.10.54
[INFO] [stderr] note: to see what the problems were, use the option `--future-incompat-report`, or run `cargo report future-incompatibilities --id 2`
[INFO] running `Command { std: "docker" "inspect" "13ad26d7d44cccfd4e1441431322eef5ea5d014bbefb9c945617b6d71d3a8da2", kill_on_drop: false }`
[INFO] running `Command { std: "docker" "exec" "-e" "SOURCE_DIR=/opt/rustwide/workdir" "-e" "CARGO_HOME=/opt/rustwide/cargo-home" "-e" "RUSTUP_HOME=/opt/rustwide/rustup-home" "-e" "CARGO_TARGET_DIR=/opt/rustwide/target" "-e" "CARGO_INCREMENTAL=0" "-e" "RUST_BACKTRACE=full" "-e" "RUSTFLAGS=--cap-lints=warn" "-e" "RUSTDOCFLAGS=--cap-lints=warn" "-w" "/opt/rustwide/workdir" "--user" "0:0" "13ad26d7d44cccfd4e1441431322eef5ea5d014bbefb9c945617b6d71d3a8da2" "/opt/rustwide/cargo-home/bin/cargo" "+1.97.0-beta.6" "test" "--frozen", kill_on_drop: false }`
[INFO] [stderr] warning: non-local `impl` definition, `impl` blocks should be written at the same level as their item
[INFO] [stderr]  --> src/third_part/mod.rs:5:1
[INFO] [stderr]   |
[INFO] [stderr] 5 | #[typetag::serde(tag = "provider")]
[INFO] [stderr]   | ^^^^^^^^^^^^^^^^^^^^^^^^^^^^^^^^^^^
[INFO] [stderr]   | |
[INFO] [stderr]   | `Serialize` is not local
[INFO] [stderr]   | move the `impl` block outside of this constant `_Crawler_registry`
[INFO] [stderr] 6 | pub trait Crawler: DynClone {
[INFO] [stderr]   |           ------- `Crawler` is not local
[INFO] [stderr]   |
[INFO] [stderr]   = note: the attribute macro `typetag::serde` defines the non-local `impl`, and may need to be changed
[INFO] [stderr]   = note: the attribute macro `typetag::serde` may come from an old version of the `typetag_impl` crate, try updating your dependency with `cargo update -p typetag_impl`
[INFO] [stderr]   = note: an `impl` is never scoped, even when it is nested inside an item, as it may impact type checking outside of that item, which can be the case if neither the trait or the self type are at the same nesting level as the `impl`
[INFO] [stderr]   = note: items in an anonymous const item (`const _: () = { ... }`) are treated as in the same scope as the anonymous const's declaration for the purpose of this lint
[INFO] [stderr]   = note: `#[warn(non_local_definitions)]` on by default
[INFO] [stderr]   = note: this warning originates in the attribute macro `typetag::serde` (in Nightly builds, run with -Z macro-backtrace for more info)
[INFO] [stderr] 
[INFO] [stderr] warning: non-local `impl` definition, `impl` blocks should be written at the same level as their item
[INFO] [stderr]  --> src/third_part/mod.rs:5:1
[INFO] [stderr]   |
[INFO] [stderr] 5 | #[typetag::serde(tag = "provider")]
[INFO] [stderr]   | ^^^^^^^^^^^^^^^^^^^^^^^^^^^^^^^^^^^
[INFO] [stderr]   | |
[INFO] [stderr]   | `Send` is not local
[INFO] [stderr]   | `Serialize` is not local
[INFO] [stderr]   | move the `impl` block outside of this constant `_Crawler_registry`
[INFO] [stderr] 6 | pub trait Crawler: DynClone {
[INFO] [stderr]   |           ------- `Crawler` is not local
[INFO] [stderr]   |
[INFO] [stderr]   = note: the attribute macro `typetag::serde` defines the non-local `impl`, and may need to be changed
[INFO] [stderr]   = note: the attribute macro `typetag::serde` may come from an old version of the `typetag_impl` crate, try updating your dependency with `cargo update -p typetag_impl`
[INFO] [stderr]   = note: an `impl` is never scoped, even when it is nested inside an item, as it may impact type checking outside of that item, which can be the case if neither the trait or the self type are at the same nesting level as the `impl`
[INFO] [stderr]   = note: items in an anonymous const item (`const _: () = { ... }`) are treated as in the same scope as the anonymous const's declaration for the purpose of this lint
[INFO] [stderr]   = note: this warning originates in the attribute macro `typetag::serde` (in Nightly builds, run with -Z macro-backtrace for more info)
[INFO] [stderr] 
[INFO] [stderr] warning: non-local `impl` definition, `impl` blocks should be written at the same level as their item
[INFO] [stderr]  --> src/third_part/mod.rs:5:1
[INFO] [stderr]   |
[INFO] [stderr] 5 | #[typetag::serde(tag = "provider")]
[INFO] [stderr]   | ^^^^^^^^^^^^^^^^^^^^^^^^^^^^^^^^^^^
[INFO] [stderr]   | |
[INFO] [stderr]   | `Sync` is not local
[INFO] [stderr]   | `Serialize` is not local
[INFO] [stderr]   | move the `impl` block outside of this constant `_Crawler_registry`
[INFO] [stderr] 6 | pub trait Crawler: DynClone {
[INFO] [stderr]   |           ------- `Crawler` is not local
[INFO] [stderr]   |
[INFO] [stderr]   = note: the attribute macro `typetag::serde` defines the non-local `impl`, and may need to be changed
[INFO] [stderr]   = note: the attribute macro `typetag::serde` may come from an old version of the `typetag_impl` crate, try updating your dependency with `cargo update -p typetag_impl`
[INFO] [stderr]   = note: an `impl` is never scoped, even when it is nested inside an item, as it may impact type checking outside of that item, which can be the case if neither the trait or the self type are at the same nesting level as the `impl`
[INFO] [stderr]   = note: items in an anonymous const item (`const _: () = { ... }`) are treated as in the same scope as the anonymous const's declaration for the purpose of this lint
[INFO] [stderr]   = note: this warning originates in the attribute macro `typetag::serde` (in Nightly builds, run with -Z macro-backtrace for more info)
[INFO] [stderr] 
[INFO] [stderr] warning: non-local `impl` definition, `impl` blocks should be written at the same level as their item
[INFO] [stderr]  --> src/third_part/mod.rs:5:1
[INFO] [stderr]   |
[INFO] [stderr] 5 | #[typetag::serde(tag = "provider")]
[INFO] [stderr]   | ^^^^^^^^^^^^^^^^^^^^^^^^^^^^^^^^^^^
[INFO] [stderr]   | |
[INFO] [stderr]   | `Send` is not local
[INFO] [stderr]   | `Sync` is not local
[INFO] [stderr]   | `Serialize` is not local
[INFO] [stderr]   | move the `impl` block outside of this constant `_Crawler_registry`
[INFO] [stderr] 6 | pub trait Crawler: DynClone {
[INFO] [stderr]   |           ------- `Crawler` is not local
[INFO] [stderr]   |
[INFO] [stderr]   = note: the attribute macro `typetag::serde` defines the non-local `impl`, and may need to be changed
[INFO] [stderr]   = note: the attribute macro `typetag::serde` may come from an old version of the `typetag_impl` crate, try updating your dependency with `cargo update -p typetag_impl`
[INFO] [stderr]   = note: an `impl` is never scoped, even when it is nested inside an item, as it may impact type checking outside of that item, which can be the case if neither the trait or the self type are at the same nesting level as the `impl`
[INFO] [stderr]   = note: items in an anonymous const item (`const _: () = { ... }`) are treated as in the same scope as the anonymous const's declaration for the purpose of this lint
[INFO] [stderr]   = note: this warning originates in the attribute macro `typetag::serde` (in Nightly builds, run with -Z macro-backtrace for more info)
[INFO] [stderr] 
[INFO] [stderr] warning: non-local `impl` definition, `impl` blocks should be written at the same level as their item
[INFO] [stderr]  --> src/third_part/mod.rs:5:1
[INFO] [stderr]   |
[INFO] [stderr] 5 | #[typetag::serde(tag = "provider")]
[INFO] [stderr]   | ^^^^^^^^^^^^^^^^^^^^^^^^^^^^^^^^^^^ move the `impl` block outside of this constant `_Crawler_registry`
[INFO] [stderr] 6 | pub trait Crawler: DynClone {
[INFO] [stderr]   |           ------- `Crawler` is not local
[INFO] [stderr]   |
[INFO] [stderr]   = note: the attribute macro `typetag::serde` defines the non-local `impl`, and may need to be changed
[INFO] [stderr]   = note: the attribute macro `typetag::serde` may come from an old version of the `typetag_impl` crate, try updating your dependency with `cargo update -p typetag_impl`
[INFO] [stderr]   = note: an `impl` is never scoped, even when it is nested inside an item, as it may impact type checking outside of that item, which can be the case if neither the trait or the self type are at the same nesting level as the `impl`
[INFO] [stderr]   = note: items in an anonymous const item (`const _: () = { ... }`) are treated as in the same scope as the anonymous const's declaration for the purpose of this lint
[INFO] [stderr]   = note: this warning originates in the attribute macro `typetag::serde` (in Nightly builds, run with -Z macro-backtrace for more info)
[INFO] [stderr] 
[INFO] [stderr] warning: non-local `impl` definition, `impl` blocks should be written at the same level as their item
[INFO] [stderr]  --> src/third_part/mod.rs:5:1
[INFO] [stderr]   |
[INFO] [stderr] 5 | #[typetag::serde(tag = "provider")]
[INFO] [stderr]   | ^^^^^^^^^^^^^^^^^^^^^^^^^^^^^^^^^^^
[INFO] [stderr]   | |
[INFO] [stderr]   | `Strictest` is not local
[INFO] [stderr]   | move the `impl` block outside of this constant `_Crawler_registry`
[INFO] [stderr] 6 | pub trait Crawler: DynClone {
[INFO] [stderr]   |           ------- `Crawler` is not local
[INFO] [stderr]   |
[INFO] [stderr]   = note: the attribute macro `typetag::serde` defines the non-local `impl`, and may need to be changed
[INFO] [stderr]   = note: the attribute macro `typetag::serde` may come from an old version of the `typetag_impl` crate, try updating your dependency with `cargo update -p typetag_impl`
[INFO] [stderr]   = note: an `impl` is never scoped, even when it is nested inside an item, as it may impact type checking outside of that item, which can be the case if neither the trait or the self type are at the same nesting level as the `impl`
[INFO] [stderr]   = note: items in an anonymous const item (`const _: () = { ... }`) are treated as in the same scope as the anonymous const's declaration for the purpose of this lint
[INFO] [stderr]   = note: this warning originates in the attribute macro `typetag::serde` (in Nightly builds, run with -Z macro-backtrace for more info)
[INFO] [stderr] 
[INFO] [stderr] warning: non-local `impl` definition, `impl` blocks should be written at the same level as their item
[INFO] [stderr]  --> src/third_part/mod.rs:5:1
[INFO] [stderr]   |
[INFO] [stderr] 5 | #[typetag::serde(tag = "provider")]
[INFO] [stderr]   | -^^^^^^^^^^^^^^^^^^^^^^^^^^^^^^^^^^
[INFO] [stderr]   | |
[INFO] [stderr]   | `Box` is not local
[INFO] [stderr]   | `Deserialize` is not local
[INFO] [stderr]   | move the `impl` block outside of this constant `_Crawler_registry`
[INFO] [stderr] 6 | pub trait Crawler: DynClone {
[INFO] [stderr]   |           ------- `Crawler` is not local
[INFO] [stderr]   |
[INFO] [stderr]   = note: the attribute macro `typetag::serde` defines the non-local `impl`, and may need to be changed
[INFO] [stderr]   = note: the attribute macro `typetag::serde` may come from an old version of the `typetag_impl` crate, try updating your dependency with `cargo update -p typetag_impl`
[INFO] [stderr]   = note: an `impl` is never scoped, even when it is nested inside an item, as it may impact type checking outside of that item, which can be the case if neither the trait or the self type are at the same nesting level as the `impl`
[INFO] [stderr]   = note: items in an anonymous const item (`const _: () = { ... }`) are treated as in the same scope as the anonymous const's declaration for the purpose of this lint
[INFO] [stderr]   = note: this warning originates in the attribute macro `typetag::serde` (in Nightly builds, run with -Z macro-backtrace for more info)
[INFO] [stderr] 
[INFO] [stderr] warning: `cultura` (bin "cultura" test) generated 7 warnings
[INFO] [stderr]     Finished `test` profile [unoptimized + debuginfo] target(s) in 0.25s
[INFO] [stderr] warning: the following packages contain code that will be rejected by a future version of Rust: openssl v0.10.54
[INFO] [stderr] note: to see what the problems were, use the option `--future-incompat-report`, or run `cargo report future-incompatibilities --id 2`
[INFO] [stderr]      Running unittests src/main.rs (/opt/rustwide/target/debug/deps/cultura-4e323a7188921671)
[INFO] [stdout] 
[INFO] [stdout] running 5 tests
[INFO] [stdout] test config::tests::test_accessors_providers ... ok
[INFO] [stdout] test config::tests::test_config_resolver ... ok
[INFO] [stdout] test fact::tests::test_generate_output ... FAILED
[INFO] [stdout] test fact::tests::test_update ... FAILED
[INFO] [stdout] test fact::tests::test_generate_random ... FAILED
[INFO] [stdout] 
[INFO] [stdout] failures:
[INFO] [stdout] 
[INFO] [stdout] ---- fact::tests::test_generate_output stdout ----
[INFO] [stdout] 
[INFO] [stdout] thread 'fact::tests::test_generate_output' (3589) panicked at src/fact/mod.rs:222:62:
[INFO] [stdout] called `Result::unwrap()` on an `Err` value: SqliteFailure(Error { code: CannotOpen, extended_code: 14 }, Some("unable to open database file: generate_output-6I9htgQD.sqlite"))
[INFO] [stdout] stack backtrace:
[INFO] [stdout]    0:     0x58a45f18c3f8 - std[10d71ac2c42b111e]::backtrace_rs::backtrace::libunwind::trace
[INFO] [stdout]                                at /rustc/b2282dd5646a57d570fc86fbe8df0e8826665ef6/library/std/src/../../backtrace/src/backtrace/libunwind.rs:117:9
[INFO] [stdout]    1:     0x58a45f18c3f8 - std[10d71ac2c42b111e]::backtrace_rs::backtrace::trace_unsynchronized::<std[10d71ac2c42b111e]::sys::backtrace::_print_fmt::{closure#1}>
[INFO] [stdout]                                at /rustc/b2282dd5646a57d570fc86fbe8df0e8826665ef6/library/std/src/../../backtrace/src/backtrace/mod.rs:66:14
[INFO] [stdout]    2:     0x58a45f18c3f8 - std[10d71ac2c42b111e]::sys::backtrace::_print_fmt
[INFO] [stdout]                                at /rustc/b2282dd5646a57d570fc86fbe8df0e8826665ef6/library/std/src/sys/backtrace.rs:74:9
[INFO] [stdout]    3:     0x58a45f18c3f8 - <<std[10d71ac2c42b111e]::sys::backtrace::BacktraceLock>::print::DisplayBacktrace as core[8fb95b77d25ab6c8]::fmt::Display>::fmt
[INFO] [stdout]                                at /rustc/b2282dd5646a57d570fc86fbe8df0e8826665ef6/library/std/src/sys/backtrace.rs:44:26
[INFO] [stdout]    4:     0x58a45f1a480a - <core[8fb95b77d25ab6c8]::fmt::rt::Argument>::fmt
[INFO] [stdout]                                at /rustc/b2282dd5646a57d570fc86fbe8df0e8826665ef6/library/core/src/fmt/rt.rs:152:76
[INFO] [stdout]    5:     0x58a45f1a480a - core[8fb95b77d25ab6c8]::fmt::write
[INFO] [stdout]    6:     0x58a45f1913f2 - std[10d71ac2c42b111e]::io::default_write_fmt::<alloc[a7ee25936407c584]::vec::Vec<u8>>
[INFO] [stdout]                                at /rustc/b2282dd5646a57d570fc86fbe8df0e8826665ef6/library/std/src/io/mod.rs:622:11
[INFO] [stdout]    7:     0x58a45f1913f2 - <alloc[a7ee25936407c584]::vec::Vec<u8> as std[10d71ac2c42b111e]::io::Write>::write_fmt
[INFO] [stdout]                                at /rustc/b2282dd5646a57d570fc86fbe8df0e8826665ef6/library/std/src/io/mod.rs:1977:13
[INFO] [stdout]    8:     0x58a45f1686e6 - <std[10d71ac2c42b111e]::sys::backtrace::BacktraceLock>::print
[INFO] [stdout]                                at /rustc/b2282dd5646a57d570fc86fbe8df0e8826665ef6/library/std/src/sys/backtrace.rs:47:9
[INFO] [stdout]    9:     0x58a45f1686e6 - std[10d71ac2c42b111e]::panicking::default_hook::{closure#0}
[INFO] [stdout]                                at /rustc/b2282dd5646a57d570fc86fbe8df0e8826665ef6/library/std/src/panicking.rs:292:27
[INFO] [stdout]   10:     0x58a45f1832e9 - std[10d71ac2c42b111e]::panicking::default_hook
[INFO] [stdout]                                at /rustc/b2282dd5646a57d570fc86fbe8df0e8826665ef6/library/std/src/panicking.rs:316:9
[INFO] [stdout]   11:     0x58a45ecd04dc - <alloc[a7ee25936407c584]::boxed::Box<dyn for<'a, 'b> core[8fb95b77d25ab6c8]::ops::function::Fn<(&'a std[10d71ac2c42b111e]::panic::PanicHookInfo<'b>,), Output = ()> + core[8fb95b77d25ab6c8]::marker::Sync + core[8fb95b77d25ab6c8]::marker::Send> as core[8fb95b77d25ab6c8]::ops::function::Fn<(&std[10d71ac2c42b111e]::panic::PanicHookInfo,)>>::call
[INFO] [stdout]                                at /rustc/b2282dd5646a57d570fc86fbe8df0e8826665ef6/library/alloc/src/boxed.rs:2289:9
[INFO] [stdout]   12:     0x58a45ecd04dc - test[213991da798b1c03]::test_main_inner::<test[213991da798b1c03]::test_main_static::{closure#0}>::{closure#0}
[INFO] [stdout]                                at /rustc/b2282dd5646a57d570fc86fbe8df0e8826665ef6/library/test/src/lib.rs:155:21
[INFO] [stdout]   13:     0x58a45f183562 - <alloc[a7ee25936407c584]::boxed::Box<dyn for<'a, 'b> core[8fb95b77d25ab6c8]::ops::function::Fn<(&'a std[10d71ac2c42b111e]::panic::PanicHookInfo<'b>,), Output = ()> + core[8fb95b77d25ab6c8]::marker::Sync + core[8fb95b77d25ab6c8]::marker::Send> as core[8fb95b77d25ab6c8]::ops::function::Fn<(&std[10d71ac2c42b111e]::panic::PanicHookInfo,)>>::call
[INFO] [stdout]                                at /rustc/b2282dd5646a57d570fc86fbe8df0e8826665ef6/library/alloc/src/boxed.rs:2289:9
[INFO] [stdout]   14:     0x58a45f183562 - std[10d71ac2c42b111e]::panicking::panic_with_hook
[INFO] [stdout]                                at /rustc/b2282dd5646a57d570fc86fbe8df0e8826665ef6/library/std/src/panicking.rs:833:13
[INFO] [stdout]   15:     0x58a45f1687a2 - std[10d71ac2c42b111e]::panicking::panic_handler::{closure#0}
[INFO] [stdout]                                at /rustc/b2282dd5646a57d570fc86fbe8df0e8826665ef6/library/std/src/panicking.rs:698:13
[INFO] [stdout]   16:     0x58a45f15d569 - std[10d71ac2c42b111e]::sys::backtrace::__rust_end_short_backtrace::<std[10d71ac2c42b111e]::panicking::panic_handler::{closure#0}, !>
[INFO] [stdout]                                at /rustc/b2282dd5646a57d570fc86fbe8df0e8826665ef6/library/std/src/sys/backtrace.rs:182:18
[INFO] [stdout]   17:     0x58a45f16971d - __rustc[3be9ba60078d4c86]::rust_begin_unwind
[INFO] [stdout]                                at /rustc/b2282dd5646a57d570fc86fbe8df0e8826665ef6/library/std/src/panicking.rs:689:5
[INFO] [stdout]   18:     0x58a45f1a504c - core[8fb95b77d25ab6c8]::panicking::panic_fmt
[INFO] [stdout]                                at /rustc/b2282dd5646a57d570fc86fbe8df0e8826665ef6/library/core/src/panicking.rs:80:14
[INFO] [stdout]   19:     0x58a45f1a4dc2 - core[8fb95b77d25ab6c8]::result::unwrap_failed
[INFO] [stdout]                                at /rustc/b2282dd5646a57d570fc86fbe8df0e8826665ef6/library/core/src/result.rs:1867:5
[INFO] [stdout]   20:     0x58a45e73caf4 - <core[8fb95b77d25ab6c8]::result::Result<cultura[96eff217b19decba]::db::Fact, alloc[a7ee25936407c584]::boxed::Box<dyn core[8fb95b77d25ab6c8]::error::Error>>>::unwrap
[INFO] [stdout]                                at /rustc/b2282dd5646a57d570fc86fbe8df0e8826665ef6/library/core/src/result.rs:1233:23
[INFO] [stdout]   21:     0x58a45e73caf4 - cultura[96eff217b19decba]::fact::tests::test_generate_output
[INFO] [stdout]                                at /opt/rustwide/workdir/src/fact/mod.rs:222:62
[INFO] [stdout]   22:     0x58a45e738da7 - cultura[96eff217b19decba]::fact::tests::test_generate_output::{closure#0}
[INFO] [stdout]                                at /opt/rustwide/workdir/src/fact/mod.rs:220:30
[INFO] [stdout]   23:     0x58a45e7219f6 - <cultura[96eff217b19decba]::fact::tests::test_generate_output::{closure#0} as core[8fb95b77d25ab6c8]::ops::function::FnOnce<()>>::call_once
[INFO] [stdout]                                at /rustc/b2282dd5646a57d570fc86fbe8df0e8826665ef6/library/core/src/ops/function.rs:250:5
[INFO] [stdout]   24:     0x58a45ecc35bb - <fn() -> core[8fb95b77d25ab6c8]::result::Result<(), alloc[a7ee25936407c584]::string::String> as core[8fb95b77d25ab6c8]::ops::function::FnOnce<()>>::call_once
[INFO] [stdout]                                at /rustc/b2282dd5646a57d570fc86fbe8df0e8826665ef6/library/core/src/ops/function.rs:250:5
[INFO] [stdout]   25:     0x58a45ecc35bb - test[213991da798b1c03]::__rust_begin_short_backtrace::<core[8fb95b77d25ab6c8]::result::Result<(), alloc[a7ee25936407c584]::string::String>, fn() -> core[8fb95b77d25ab6c8]::result::Result<(), alloc[a7ee25936407c584]::string::String>>
[INFO] [stdout]                                at /rustc/b2282dd5646a57d570fc86fbe8df0e8826665ef6/library/test/src/lib.rs:724:18
[INFO] [stdout]   26:     0x58a45ecd0e35 - test[213991da798b1c03]::run_test_in_process::{closure#0}
[INFO] [stdout]                                at /rustc/b2282dd5646a57d570fc86fbe8df0e8826665ef6/library/test/src/lib.rs:747:74
[INFO] [stdout]   27:     0x58a45ecd0e35 - <core[8fb95b77d25ab6c8]::panic::unwind_safe::AssertUnwindSafe<test[213991da798b1c03]::run_test_in_process::{closure#0}> as core[8fb95b77d25ab6c8]::ops::function::FnOnce<()>>::call_once
[INFO] [stdout]                                at /rustc/b2282dd5646a57d570fc86fbe8df0e8826665ef6/library/core/src/panic/unwind_safe.rs:275:9
[INFO] [stdout]   28:     0x58a45ecd0e35 - std[10d71ac2c42b111e]::panicking::catch_unwind::do_call::<core[8fb95b77d25ab6c8]::panic::unwind_safe::AssertUnwindSafe<test[213991da798b1c03]::run_test_in_process::{closure#0}>, core[8fb95b77d25ab6c8]::result::Result<(), alloc[a7ee25936407c584]::string::String>>
[INFO] [stdout]                                at /rustc/b2282dd5646a57d570fc86fbe8df0e8826665ef6/library/std/src/panicking.rs:581:40
[INFO] [stdout]   29:     0x58a45ecd0e35 - std[10d71ac2c42b111e]::panicking::catch_unwind::<core[8fb95b77d25ab6c8]::result::Result<(), alloc[a7ee25936407c584]::string::String>, core[8fb95b77d25ab6c8]::panic::unwind_safe::AssertUnwindSafe<test[213991da798b1c03]::run_test_in_process::{closure#0}>>
[INFO] [stdout]                                at /rustc/b2282dd5646a57d570fc86fbe8df0e8826665ef6/library/std/src/panicking.rs:544:19
[INFO] [stdout]   30:     0x58a45ecd0e35 - std[10d71ac2c42b111e]::panic::catch_unwind::<core[8fb95b77d25ab6c8]::panic::unwind_safe::AssertUnwindSafe<test[213991da798b1c03]::run_test_in_process::{closure#0}>, core[8fb95b77d25ab6c8]::result::Result<(), alloc[a7ee25936407c584]::string::String>>
[INFO] [stdout]                                at /rustc/b2282dd5646a57d570fc86fbe8df0e8826665ef6/library/std/src/panic.rs:359:14
[INFO] [stdout]   31:     0x58a45ecd0e35 - test[213991da798b1c03]::run_test_in_process
[INFO] [stdout]                                at /rustc/b2282dd5646a57d570fc86fbe8df0e8826665ef6/library/test/src/lib.rs:747:27
[INFO] [stdout]   32:     0x58a45ecd0e35 - test[213991da798b1c03]::run_test::{closure#0}
[INFO] [stdout]                                at /rustc/b2282dd5646a57d570fc86fbe8df0e8826665ef6/library/test/src/lib.rs:668:43
[INFO] [stdout]   33:     0x58a45ecca744 - test[213991da798b1c03]::run_test::{closure#1}
[INFO] [stdout]                                at /rustc/b2282dd5646a57d570fc86fbe8df0e8826665ef6/library/test/src/lib.rs:698:41
[INFO] [stdout]   34:     0x58a45ecca744 - std[10d71ac2c42b111e]::sys::backtrace::__rust_begin_short_backtrace::<test[213991da798b1c03]::run_test::{closure#1}, ()>
[INFO] [stdout]                                at /rustc/b2282dd5646a57d570fc86fbe8df0e8826665ef6/library/std/src/sys/backtrace.rs:166:18
[INFO] [stdout]   35:     0x58a45ecd3eb2 - std[10d71ac2c42b111e]::thread::lifecycle::spawn_unchecked::<test[213991da798b1c03]::run_test::{closure#1}, ()>::{closure#1}::{closure#0}
[INFO] [stdout]                                at /rustc/b2282dd5646a57d570fc86fbe8df0e8826665ef6/library/std/src/thread/lifecycle.rs:70:13
[INFO] [stdout]   36:     0x58a45ecd3eb2 - <core[8fb95b77d25ab6c8]::panic::unwind_safe::AssertUnwindSafe<std[10d71ac2c42b111e]::thread::lifecycle::spawn_unchecked<test[213991da798b1c03]::run_test::{closure#1}, ()>::{closure#1}::{closure#0}> as core[8fb95b77d25ab6c8]::ops::function::FnOnce<()>>::call_once
[INFO] [stdout]                                at /rustc/b2282dd5646a57d570fc86fbe8df0e8826665ef6/library/core/src/panic/unwind_safe.rs:275:9
[INFO] [stdout]   37:     0x58a45ecd3eb2 - std[10d71ac2c42b111e]::panicking::catch_unwind::do_call::<core[8fb95b77d25ab6c8]::panic::unwind_safe::AssertUnwindSafe<std[10d71ac2c42b111e]::thread::lifecycle::spawn_unchecked<test[213991da798b1c03]::run_test::{closure#1}, ()>::{closure#1}::{closure#0}>, ()>
[INFO] [stdout]                                at /rustc/b2282dd5646a57d570fc86fbe8df0e8826665ef6/library/std/src/panicking.rs:581:40
[INFO] [stdout]   38:     0x58a45ecd3eb2 - std[10d71ac2c42b111e]::panicking::catch_unwind::<(), core[8fb95b77d25ab6c8]::panic::unwind_safe::AssertUnwindSafe<std[10d71ac2c42b111e]::thread::lifecycle::spawn_unchecked<test[213991da798b1c03]::run_test::{closure#1}, ()>::{closure#1}::{closure#0}>>
[INFO] [stdout]                                at /rustc/b2282dd5646a57d570fc86fbe8df0e8826665ef6/library/std/src/panicking.rs:544:19
[INFO] [stdout]   39:     0x58a45ecd3eb2 - std[10d71ac2c42b111e]::panic::catch_unwind::<core[8fb95b77d25ab6c8]::panic::unwind_safe::AssertUnwindSafe<std[10d71ac2c42b111e]::thread::lifecycle::spawn_unchecked<test[213991da798b1c03]::run_test::{closure#1}, ()>::{closure#1}::{closure#0}>, ()>
[INFO] [stdout]                                at /rustc/b2282dd5646a57d570fc86fbe8df0e8826665ef6/library/std/src/panic.rs:359:14
[INFO] [stdout]   40:     0x58a45ecd3eb2 - std[10d71ac2c42b111e]::thread::lifecycle::spawn_unchecked::<test[213991da798b1c03]::run_test::{closure#1}, ()>::{closure#1}
[INFO] [stdout]                                at /rustc/b2282dd5646a57d570fc86fbe8df0e8826665ef6/library/std/src/thread/lifecycle.rs:68:26
[INFO] [stdout]   41:     0x58a45ecd3eb2 - <std[10d71ac2c42b111e]::thread::lifecycle::spawn_unchecked<test[213991da798b1c03]::run_test::{closure#1}, ()>::{closure#1} as core[8fb95b77d25ab6c8]::ops::function::FnOnce<()>>::call_once::{shim:vtable#0}
[INFO] [stdout]                                at /rustc/b2282dd5646a57d570fc86fbe8df0e8826665ef6/library/core/src/ops/function.rs:250:5
[INFO] [stdout]   42:     0x58a45f18b36f - <alloc[a7ee25936407c584]::boxed::Box<dyn core[8fb95b77d25ab6c8]::ops::function::FnOnce<(), Output = ()> + core[8fb95b77d25ab6c8]::marker::Send> as core[8fb95b77d25ab6c8]::ops::function::FnOnce<()>>::call_once
[INFO] [stdout]                                at /rustc/b2282dd5646a57d570fc86fbe8df0e8826665ef6/library/alloc/src/boxed.rs:2275:9
[INFO] [stdout]   43:     0x58a45f18b36f - <std[10d71ac2c42b111e]::sys::thread::unix::Thread>::new::thread_start
[INFO] [stdout]                                at /rustc/b2282dd5646a57d570fc86fbe8df0e8826665ef6/library/std/src/sys/thread/unix.rs:118:17
[INFO] [stdout]   44:     0x7e4651d98aa4 - <unknown>
[INFO] [stdout]   45:     0x7e4651e25a64 - clone
[INFO] [stdout]   46:                0x0 - <unknown>
[INFO] [stdout] 
[INFO] [stdout] ---- fact::tests::test_update stdout ----
[INFO] [stdout] 
[INFO] [stdout] thread 'fact::tests::test_update' (3591) panicked at src/fact/mod.rs:168:62:
[INFO] [stdout] called `Result::unwrap()` on an `Err` value: SqliteFailure(Error { code: CannotOpen, extended_code: 14 }, Some("unable to open database file: update-7lUaemm7.sqlite"))
[INFO] [stdout] stack backtrace:
[INFO] [stdout]    0:     0x58a45f18c3f8 - std[10d71ac2c42b111e]::backtrace_rs::backtrace::libunwind::trace
[INFO] [stdout]                                at /rustc/b2282dd5646a57d570fc86fbe8df0e8826665ef6/library/std/src/../../backtrace/src/backtrace/libunwind.rs:117:9
[INFO] [stdout]    1:     0x58a45f18c3f8 - std[10d71ac2c42b111e]::backtrace_rs::backtrace::trace_unsynchronized::<std[10d71ac2c42b111e]::sys::backtrace::_print_fmt::{closure#1}>
[INFO] [stdout]                                at /rustc/b2282dd5646a57d570fc86fbe8df0e8826665ef6/library/std/src/../../backtrace/src/backtrace/mod.rs:66:14
[INFO] [stdout]    2:     0x58a45f18c3f8 - std[10d71ac2c42b111e]::sys::backtrace::_print_fmt
[INFO] [stdout]                                at /rustc/b2282dd5646a57d570fc86fbe8df0e8826665ef6/library/std/src/sys/backtrace.rs:74:9
[INFO] [stdout]    3:     0x58a45f18c3f8 - <<std[10d71ac2c42b111e]::sys::backtrace::BacktraceLock>::print::DisplayBacktrace as core[8fb95b77d25ab6c8]::fmt::Display>::fmt
[INFO] [stdout]                                at /rustc/b2282dd5646a57d570fc86fbe8df0e8826665ef6/library/std/src/sys/backtrace.rs:44:26
[INFO] [stdout]    4:     0x58a45f1a480a - <core[8fb95b77d25ab6c8]::fmt::rt::Argument>::fmt
[INFO] [stdout]                                at /rustc/b2282dd5646a57d570fc86fbe8df0e8826665ef6/library/core/src/fmt/rt.rs:152:76
[INFO] [stdout]    5:     0x58a45f1a480a - core[8fb95b77d25ab6c8]::fmt::write
[INFO] [stdout]    6:     0x58a45f1913f2 - std[10d71ac2c42b111e]::io::default_write_fmt::<alloc[a7ee25936407c584]::vec::Vec<u8>>
[INFO] [stdout]                                at /rustc/b2282dd5646a57d570fc86fbe8df0e8826665ef6/library/std/src/io/mod.rs:622:11
[INFO] [stdout]    7:     0x58a45f1913f2 - <alloc[a7ee25936407c584]::vec::Vec<u8> as std[10d71ac2c42b111e]::io::Write>::write_fmt
[INFO] [stdout]                                at /rustc/b2282dd5646a57d570fc86fbe8df0e8826665ef6/library/std/src/io/mod.rs:1977:13
[INFO] [stdout]    8:     0x58a45f1686e6 - <std[10d71ac2c42b111e]::sys::backtrace::BacktraceLock>::print
[INFO] [stdout]                                at /rustc/b2282dd5646a57d570fc86fbe8df0e8826665ef6/library/std/src/sys/backtrace.rs:47:9
[INFO] [stdout]    9:     0x58a45f1686e6 - std[10d71ac2c42b111e]::panicking::default_hook::{closure#0}
[INFO] [stdout]                                at /rustc/b2282dd5646a57d570fc86fbe8df0e8826665ef6/library/std/src/panicking.rs:292:27
[INFO] [stdout]   10:     0x58a45f1832e9 - std[10d71ac2c42b111e]::panicking::default_hook
[INFO] [stdout]                                at /rustc/b2282dd5646a57d570fc86fbe8df0e8826665ef6/library/std/src/panicking.rs:316:9
[INFO] [stdout]   11:     0x58a45ecd04dc - <alloc[a7ee25936407c584]::boxed::Box<dyn for<'a, 'b> core[8fb95b77d25ab6c8]::ops::function::Fn<(&'a std[10d71ac2c42b111e]::panic::PanicHookInfo<'b>,), Output = ()> + core[8fb95b77d25ab6c8]::marker::Sync + core[8fb95b77d25ab6c8]::marker::Send> as core[8fb95b77d25ab6c8]::ops::function::Fn<(&std[10d71ac2c42b111e]::panic::PanicHookInfo,)>>::call
[INFO] [stdout]                                at /rustc/b2282dd5646a57d570fc86fbe8df0e8826665ef6/library/alloc/src/boxed.rs:2289:9
[INFO] [stdout]   12:     0x58a45ecd04dc - test[213991da798b1c03]::test_main_inner::<test[213991da798b1c03]::test_main_static::{closure#0}>::{closure#0}
[INFO] [stdout]                                at /rustc/b2282dd5646a57d570fc86fbe8df0e8826665ef6/library/test/src/lib.rs:155:21
[INFO] [stdout]   13:     0x58a45f183562 - <alloc[a7ee25936407c584]::boxed::Box<dyn for<'a, 'b> core[8fb95b77d25ab6c8]::ops::function::Fn<(&'a std[10d71ac2c42b111e]::panic::PanicHookInfo<'b>,), Output = ()> + core[8fb95b77d25ab6c8]::marker::Sync + core[8fb95b77d25ab6c8]::marker::Send> as core[8fb95b77d25ab6c8]::ops::function::Fn<(&std[10d71ac2c42b111e]::panic::PanicHookInfo,)>>::call
[INFO] [stdout]                                at /rustc/b2282dd5646a57d570fc86fbe8df0e8826665ef6/library/alloc/src/boxed.rs:2289:9
[INFO] [stdout]   14:     0x58a45f183562 - std[10d71ac2c42b111e]::panicking::panic_with_hook
[INFO] [stdout]                                at /rustc/b2282dd5646a57d570fc86fbe8df0e8826665ef6/library/std/src/panicking.rs:833:13
[INFO] [stdout]   15:     0x58a45f1687a2 - std[10d71ac2c42b111e]::panicking::panic_handler::{closure#0}
[INFO] [stdout]                                at /rustc/b2282dd5646a57d570fc86fbe8df0e8826665ef6/library/std/src/panicking.rs:698:13
[INFO] [stdout]   16:     0x58a45f15d569 - std[10d71ac2c42b111e]::sys::backtrace::__rust_end_short_backtrace::<std[10d71ac2c42b111e]::panicking::panic_handler::{closure#0}, !>
[INFO] [stdout]                                at /rustc/b2282dd5646a57d570fc86fbe8df0e8826665ef6/library/std/src/sys/backtrace.rs:182:18
[INFO] [stdout]   17:     0x58a45f16971d - __rustc[3be9ba60078d4c86]::rust_begin_unwind
[INFO] [stdout]                                at /rustc/b2282dd5646a57d570fc86fbe8df0e8826665ef6/library/std/src/panicking.rs:689:5
[INFO] [stdout]   18:     0x58a45f1a504c - core[8fb95b77d25ab6c8]::panicking::panic_fmt
[INFO] [stdout]                                at /rustc/b2282dd5646a57d570fc86fbe8df0e8826665ef6/library/core/src/panicking.rs:80:14
[INFO] [stdout]   19:     0x58a45f1a4dc2 - core[8fb95b77d25ab6c8]::result::unwrap_failed
[INFO] [stdout]                                at /rustc/b2282dd5646a57d570fc86fbe8df0e8826665ef6/library/core/src/result.rs:1867:5
[INFO] [stdout]   20:     0x58a45e73b509 - <core[8fb95b77d25ab6c8]::result::Result<cultura[96eff217b19decba]::db::Fact, alloc[a7ee25936407c584]::boxed::Box<dyn core[8fb95b77d25ab6c8]::error::Error>>>::unwrap
[INFO] [stdout]                                at /rustc/b2282dd5646a57d570fc86fbe8df0e8826665ef6/library/core/src/result.rs:1233:23
[INFO] [stdout]   21:     0x58a45e73b509 - cultura[96eff217b19decba]::fact::tests::test_update
[INFO] [stdout]                                at /opt/rustwide/workdir/src/fact/mod.rs:168:62
[INFO] [stdout]   22:     0x58a45e738d77 - cultura[96eff217b19decba]::fact::tests::test_update::{closure#0}
[INFO] [stdout]                                at /opt/rustwide/workdir/src/fact/mod.rs:165:21
[INFO] [stdout]   23:     0x58a45e7219b6 - <cultura[96eff217b19decba]::fact::tests::test_update::{closure#0} as core[8fb95b77d25ab6c8]::ops::function::FnOnce<()>>::call_once
[INFO] [stdout]                                at /rustc/b2282dd5646a57d570fc86fbe8df0e8826665ef6/library/core/src/ops/function.rs:250:5
[INFO] [stdout]   24:     0x58a45ecc35bb - <fn() -> core[8fb95b77d25ab6c8]::result::Result<(), alloc[a7ee25936407c584]::string::String> as core[8fb95b77d25ab6c8]::ops::function::FnOnce<()>>::call_once
[INFO] [stdout]                                at /rustc/b2282dd5646a57d570fc86fbe8df0e8826665ef6/library/core/src/ops/function.rs:250:5
[INFO] [stdout]   25:     0x58a45ecc35bb - test[213991da798b1c03]::__rust_begin_short_backtrace::<core[8fb95b77d25ab6c8]::result::Result<(), alloc[a7ee25936407c584]::string::String>, fn() -> core[8fb95b77d25ab6c8]::result::Result<(), alloc[a7ee25936407c584]::string::String>>
[INFO] [stdout]                                at /rustc/b2282dd5646a57d570fc86fbe8df0e8826665ef6/library/test/src/lib.rs:724:18
[INFO] [stdout]   26:     0x58a45ecd0e35 - test[213991da798b1c03]::run_test_in_process::{closure#0}
[INFO] [stdout]                                at /rustc/b2282dd5646a57d570fc86fbe8df0e8826665ef6/library/test/src/lib.rs:747:74
[INFO] [stdout]   27:     0x58a45ecd0e35 - <core[8fb95b77d25ab6c8]::panic::unwind_safe::AssertUnwindSafe<test[213991da798b1c03]::run_test_in_process::{closure#0}> as core[8fb95b77d25ab6c8]::ops::function::FnOnce<()>>::call_once
[INFO] [stdout]                                at /rustc/b2282dd5646a57d570fc86fbe8df0e8826665ef6/library/core/src/panic/unwind_safe.rs:275:9
[INFO] [stdout]   28:     0x58a45ecd0e35 - std[10d71ac2c42b111e]::panicking::catch_unwind::do_call::<core[8fb95b77d25ab6c8]::panic::unwind_safe::AssertUnwindSafe<test[213991da798b1c03]::run_test_in_process::{closure#0}>, core[8fb95b77d25ab6c8]::result::Result<(), alloc[a7ee25936407c584]::string::String>>
[INFO] [stdout]                                at /rustc/b2282dd5646a57d570fc86fbe8df0e8826665ef6/library/std/src/panicking.rs:581:40
[INFO] [stdout]   29:     0x58a45ecd0e35 - std[10d71ac2c42b111e]::panicking::catch_unwind::<core[8fb95b77d25ab6c8]::result::Result<(), alloc[a7ee25936407c584]::string::String>, core[8fb95b77d25ab6c8]::panic::unwind_safe::AssertUnwindSafe<test[213991da798b1c03]::run_test_in_process::{closure#0}>>
[INFO] [stdout]                                at /rustc/b2282dd5646a57d570fc86fbe8df0e8826665ef6/library/std/src/panicking.rs:544:19
[INFO] [stdout]   30:     0x58a45ecd0e35 - std[10d71ac2c42b111e]::panic::catch_unwind::<core[8fb95b77d25ab6c8]::panic::unwind_safe::AssertUnwindSafe<test[213991da798b1c03]::run_test_in_process::{closure#0}>, core[8fb95b77d25ab6c8]::result::Result<(), alloc[a7ee25936407c584]::string::String>>
[INFO] [stdout]                                at /rustc/b2282dd5646a57d570fc86fbe8df0e8826665ef6/library/std/src/panic.rs:359:14
[INFO] [stdout]   31:     0x58a45ecd0e35 - test[213991da798b1c03]::run_test_in_process
[INFO] [stdout]                                at /rustc/b2282dd5646a57d570fc86fbe8df0e8826665ef6/library/test/src/lib.rs:747:27
[INFO] [stdout]   32:     0x58a45ecd0e35 - test[213991da798b1c03]::run_test::{closure#0}
[INFO] [stdout]                                at /rustc/b2282dd5646a57d570fc86fbe8df0e8826665ef6/library/test/src/lib.rs:668:43
[INFO] [stdout]   33:     0x58a45ecca744 - test[213991da798b1c03]::run_test::{closure#1}
[INFO] [stdout]                                at /rustc/b2282dd5646a57d570fc86fbe8df0e8826665ef6/library/test/src/lib.rs:698:41
[INFO] [stdout]   34:     0x58a45ecca744 - std[10d71ac2c42b111e]::sys::backtrace::__rust_begin_short_backtrace::<test[213991da798b1c03]::run_test::{closure#1}, ()>
[INFO] [stdout]                                at /rustc/b2282dd5646a57d570fc86fbe8df0e8826665ef6/library/std/src/sys/backtrace.rs:166:18
[INFO] [stdout]   35:     0x58a45ecd3eb2 - std[10d71ac2c42b111e]::thread::lifecycle::spawn_unchecked::<test[213991da798b1c03]::run_test::{closure#1}, ()>::{closure#1}::{closure#0}
[INFO] [stdout]                                at /rustc/b2282dd5646a57d570fc86fbe8df0e8826665ef6/library/std/src/thread/lifecycle.rs:70:13
[INFO] [stdout]   36:     0x58a45ecd3eb2 - <core[8fb95b77d25ab6c8]::panic::unwind_safe::AssertUnwindSafe<std[10d71ac2c42b111e]::thread::lifecycle::spawn_unchecked<test[213991da798b1c03]::run_test::{closure#1}, ()>::{closure#1}::{closure#0}> as core[8fb95b77d25ab6c8]::ops::function::FnOnce<()>>::call_once
[INFO] [stdout]                                at /rustc/b2282dd5646a57d570fc86fbe8df0e8826665ef6/library/core/src/panic/unwind_safe.rs:275:9
[INFO] [stdout]   37:     0x58a45ecd3eb2 - std[10d71ac2c42b111e]::panicking::catch_unwind::do_call::<core[8fb95b77d25ab6c8]::panic::unwind_safe::AssertUnwindSafe<std[10d71ac2c42b111e]::thread::lifecycle::spawn_unchecked<test[213991da798b1c03]::run_test::{closure#1}, ()>::{closure#1}::{closure#0}>, ()>
[INFO] [stdout]                                at /rustc/b2282dd5646a57d570fc86fbe8df0e8826665ef6/library/std/src/panicking.rs:581:40
[INFO] [stdout]   38:     0x58a45ecd3eb2 - std[10d71ac2c42b111e]::panicking::catch_unwind::<(), core[8fb95b77d25ab6c8]::panic::unwind_safe::AssertUnwindSafe<std[10d71ac2c42b111e]::thread::lifecycle::spawn_unchecked<test[213991da798b1c03]::run_test::{closure#1}, ()>::{closure#1}::{closure#0}>>
[INFO] [stdout]                                at /rustc/b2282dd5646a57d570fc86fbe8df0e8826665ef6/library/std/src/panicking.rs:544:19
[INFO] [stdout]   39:     0x58a45ecd3eb2 - std[10d71ac2c42b111e]::panic::catch_unwind::<core[8fb95b77d25ab6c8]::panic::unwind_safe::AssertUnwindSafe<std[10d71ac2c42b111e]::thread::lifecycle::spawn_unchecked<test[213991da798b1c03]::run_test::{closure#1}, ()>::{closure#1}::{closure#0}>, ()>
[INFO] [stdout]                                at /rustc/b2282dd5646a57d570fc86fbe8df0e8826665ef6/library/std/src/panic.rs:359:14
[INFO] [stdout]   40:     0x58a45ecd3eb2 - std[10d71ac2c42b111e]::thread::lifecycle::spawn_unchecked::<test[213991da798b1c03]::run_test::{closure#1}, ()>::{closure#1}
[INFO] [stdout]                                at /rustc/b2282dd5646a57d570fc86fbe8df0e8826665ef6/library/std/src/thread/lifecycle.rs:68:26
[INFO] [stdout]   41:     0x58a45ecd3eb2 - <std[10d71ac2c42b111e]::thread::lifecycle::spawn_unchecked<test[213991da798b1c03]::run_test::{closure#1}, ()>::{closure#1} as core[8fb95b77d25ab6c8]::ops::function::FnOnce<()>>::call_once::{shim:vtable#0}
[INFO] [stdout]                                at /rustc/b2282dd5646a57d570fc86fbe8df0e8826665ef6/library/core/src/ops/function.rs:250:5
[INFO] [stdout]   42:     0x58a45f18b36f - <alloc[a7ee25936407c584]::boxed::Box<dyn core[8fb95b77d25ab6c8]::ops::function::FnOnce<(), Output = ()> + core[8fb95b77d25ab6c8]::marker::Send> as core[8fb95b77d25ab6c8]::ops::function::FnOnce<()>>::call_once
[INFO] [stdout]                                at /rustc/b2282dd5646a57d570fc86fbe8df0e8826665ef6/library/alloc/src/boxed.rs:2275:9
[INFO] [stdout]   43:     0x58a45f18b36f - <std[10d71ac2c42b111e]::sys::thread::unix::Thread>::new::thread_start
[INFO] [stdout]                                at /rustc/b2282dd5646a57d570fc86fbe8df0e8826665ef6/library/std/src/sys/thread/unix.rs:118:17
[INFO] [stdout]   44:     0x7e4651d98aa4 - <unknown>
[INFO] [stdout]   45:     0x7e4651e25a64 - clone
[INFO] [stdout]   46:                0x0 - <unknown>
[INFO] [stdout] 
[INFO] [stdout] ---- fact::tests::test_generate_random stdout ----
[INFO] [stdout] 
[INFO] [stdout] thread 'fact::tests::test_generate_random' (3590) panicked at src/fact/mod.rs:194:62:
[INFO] [stdout] called `Result::unwrap()` on an `Err` value: SqliteFailure(Error { code: CannotOpen, extended_code: 14 }, Some("unable to open database file: generate_random-nhYNw8HP.sqlite"))
[INFO] [stdout] stack backtrace:
[INFO] [stdout]    0:     0x58a45f18c3f8 - std[10d71ac2c42b111e]::backtrace_rs::backtrace::libunwind::trace
[INFO] [stdout]                                at /rustc/b2282dd5646a57d570fc86fbe8df0e8826665ef6/library/std/src/../../backtrace/src/backtrace/libunwind.rs:117:9
[INFO] [stdout]    1:     0x58a45f18c3f8 - std[10d71ac2c42b111e]::backtrace_rs::backtrace::trace_unsynchronized::<std[10d71ac2c42b111e]::sys::backtrace::_print_fmt::{closure#1}>
[INFO] [stdout]                                at /rustc/b2282dd5646a57d570fc86fbe8df0e8826665ef6/library/std/src/../../backtrace/src/backtrace/mod.rs:66:14
[INFO] [stdout]    2:     0x58a45f18c3f8 - std[10d71ac2c42b111e]::sys::backtrace::_print_fmt
[INFO] [stdout]                                at /rustc/b2282dd5646a57d570fc86fbe8df0e8826665ef6/library/std/src/sys/backtrace.rs:74:9
[INFO] [stdout]    3:     0x58a45f18c3f8 - <<std[10d71ac2c42b111e]::sys::backtrace::BacktraceLock>::print::DisplayBacktrace as core[8fb95b77d25ab6c8]::fmt::Display>::fmt
[INFO] [stdout]                                at /rustc/b2282dd5646a57d570fc86fbe8df0e8826665ef6/library/std/src/sys/backtrace.rs:44:26
[INFO] [stdout]    4:     0x58a45f1a480a - <core[8fb95b77d25ab6c8]::fmt::rt::Argument>::fmt
[INFO] [stdout]                                at /rustc/b2282dd5646a57d570fc86fbe8df0e8826665ef6/library/core/src/fmt/rt.rs:152:76
[INFO] [stdout]    5:     0x58a45f1a480a - core[8fb95b77d25ab6c8]::fmt::write
[INFO] [stdout]    6:     0x58a45f1913f2 - std[10d71ac2c42b111e]::io::default_write_fmt::<alloc[a7ee25936407c584]::vec::Vec<u8>>
[INFO] [stdout]                                at /rustc/b2282dd5646a57d570fc86fbe8df0e8826665ef6/library/std/src/io/mod.rs:622:11
[INFO] [stdout]    7:     0x58a45f1913f2 - <alloc[a7ee25936407c584]::vec::Vec<u8> as std[10d71ac2c42b111e]::io::Write>::write_fmt
[INFO] [stdout]                                at /rustc/b2282dd5646a57d570fc86fbe8df0e8826665ef6/library/std/src/io/mod.rs:1977:13
[INFO] [stdout]    8:     0x58a45f1686e6 - <std[10d71ac2c42b111e]::sys::backtrace::BacktraceLock>::print
[INFO] [stdout]                                at /rustc/b2282dd5646a57d570fc86fbe8df0e8826665ef6/library/std/src/sys/backtrace.rs:47:9
[INFO] [stdout]    9:     0x58a45f1686e6 - std[10d71ac2c42b111e]::panicking::default_hook::{closure#0}
[INFO] [stdout]                                at /rustc/b2282dd5646a57d570fc86fbe8df0e8826665ef6/library/std/src/panicking.rs:292:27
[INFO] [stdout]   10:     0x58a45f1832e9 - std[10d71ac2c42b111e]::panicking::default_hook
[INFO] [stdout]                                at /rustc/b2282dd5646a57d570fc86fbe8df0e8826665ef6/library/std/src/panicking.rs:316:9
[INFO] [stdout]   11:     0x58a45ecd04dc - <alloc[a7ee25936407c584]::boxed::Box<dyn for<'a, 'b> core[8fb95b77d25ab6c8]::ops::function::Fn<(&'a std[10d71ac2c42b111e]::panic::PanicHookInfo<'b>,), Output = ()> + core[8fb95b77d25ab6c8]::marker::Sync + core[8fb95b77d25ab6c8]::marker::Send> as core[8fb95b77d25ab6c8]::ops::function::Fn<(&std[10d71ac2c42b111e]::panic::PanicHookInfo,)>>::call
[INFO] [stdout]                                at /rustc/b2282dd5646a57d570fc86fbe8df0e8826665ef6/library/alloc/src/boxed.rs:2289:9
[INFO] [stdout]   12:     0x58a45ecd04dc - test[213991da798b1c03]::test_main_inner::<test[213991da798b1c03]::test_main_static::{closure#0}>::{closure#0}
[INFO] [stdout]                                at /rustc/b2282dd5646a57d570fc86fbe8df0e8826665ef6/library/test/src/lib.rs:155:21
[INFO] [stdout]   13:     0x58a45f183562 - <alloc[a7ee25936407c584]::boxed::Box<dyn for<'a, 'b> core[8fb95b77d25ab6c8]::ops::function::Fn<(&'a std[10d71ac2c42b111e]::panic::PanicHookInfo<'b>,), Output = ()> + core[8fb95b77d25ab6c8]::marker::Sync + core[8fb95b77d25ab6c8]::marker::Send> as core[8fb95b77d25ab6c8]::ops::function::Fn<(&std[10d71ac2c42b111e]::panic::PanicHookInfo,)>>::call
[INFO] [stdout]                                at /rustc/b2282dd5646a57d570fc86fbe8df0e8826665ef6/library/alloc/src/boxed.rs:2289:9
[INFO] [stdout]   14:     0x58a45f183562 - std[10d71ac2c42b111e]::panicking::panic_with_hook
[INFO] [stdout]                                at /rustc/b2282dd5646a57d570fc86fbe8df0e8826665ef6/library/std/src/panicking.rs:833:13
[INFO] [stdout]   15:     0x58a45f1687a2 - std[10d71ac2c42b111e]::panicking::panic_handler::{closure#0}
[INFO] [stdout]                                at /rustc/b2282dd5646a57d570fc86fbe8df0e8826665ef6/library/std/src/panicking.rs:698:13
[INFO] [stdout]   16:     0x58a45f15d569 - std[10d71ac2c42b111e]::sys::backtrace::__rust_end_short_backtrace::<std[10d71ac2c42b111e]::panicking::panic_handler::{closure#0}, !>
[INFO] [stdout]                                at /rustc/b2282dd5646a57d570fc86fbe8df0e8826665ef6/library/std/src/sys/backtrace.rs:182:18
[INFO] [stdout]   17:     0x58a45f16971d - __rustc[3be9ba60078d4c86]::rust_begin_unwind
[INFO] [stdout]                                at /rustc/b2282dd5646a57d570fc86fbe8df0e8826665ef6/library/std/src/panicking.rs:689:5
[INFO] [stdout]   18:     0x58a45f1a504c - core[8fb95b77d25ab6c8]::panicking::panic_fmt
[INFO] [stdout]                                at /rustc/b2282dd5646a57d570fc86fbe8df0e8826665ef6/library/core/src/panicking.rs:80:14
[INFO] [stdout]   19:     0x58a45f1a4dc2 - core[8fb95b77d25ab6c8]::result::unwrap_failed
[INFO] [stdout]                                at /rustc/b2282dd5646a57d570fc86fbe8df0e8826665ef6/library/core/src/result.rs:1867:5
[INFO] [stdout]   20:     0x58a45e73de78 - <core[8fb95b77d25ab6c8]::result::Result<cultura[96eff217b19decba]::db::Fact, alloc[a7ee25936407c584]::boxed::Box<dyn core[8fb95b77d25ab6c8]::error::Error>>>::unwrap
[INFO] [stdout]                                at /rustc/b2282dd5646a57d570fc86fbe8df0e8826665ef6/library/core/src/result.rs:1233:23
[INFO] [stdout]   21:     0x58a45e73de78 - cultura[96eff217b19decba]::fact::tests::test_generate_random
[INFO] [stdout]                                at /opt/rustwide/workdir/src/fact/mod.rs:194:62
[INFO] [stdout]   22:     0x58a45e738dd7 - cultura[96eff217b19decba]::fact::tests::test_generate_random::{closure#0}
[INFO] [stdout]                                at /opt/rustwide/workdir/src/fact/mod.rs:191:30
[INFO] [stdout]   23:     0x58a45e721a36 - <cultura[96eff217b19decba]::fact::tests::test_generate_random::{closure#0} as core[8fb95b77d25ab6c8]::ops::function::FnOnce<()>>::call_once
[INFO] [stdout]                                at /rustc/b2282dd5646a57d570fc86fbe8df0e8826665ef6/library/core/src/ops/function.rs:250:5
[INFO] [stdout]   24:     0x58a45ecc35bb - <fn() -> core[8fb95b77d25ab6c8]::result::Result<(), alloc[a7ee25936407c584]::string::String> as core[8fb95b77d25ab6c8]::ops::function::FnOnce<()>>::call_once
[INFO] [stdout]                                at /rustc/b2282dd5646a57d570fc86fbe8df0e8826665ef6/library/core/src/ops/function.rs:250:5
[INFO] [stdout]   25:     0x58a45ecc35bb - test[213991da798b1c03]::__rust_begin_short_backtrace::<core[8fb95b77d25ab6c8]::result::Result<(), alloc[a7ee25936407c584]::string::String>, fn() -> core[8fb95b77d25ab6c8]::result::Result<(), alloc[a7ee25936407c584]::string::String>>
[INFO] [stdout]                                at /rustc/b2282dd5646a57d570fc86fbe8df0e8826665ef6/library/test/src/lib.rs:724:18
[INFO] [stdout]   26:     0x58a45ecd0e35 - test[213991da798b1c03]::run_test_in_process::{closure#0}
[INFO] [stdout]                                at /rustc/b2282dd5646a57d570fc86fbe8df0e8826665ef6/library/test/src/lib.rs:747:74
[INFO] [stdout]   27:     0x58a45ecd0e35 - <core[8fb95b77d25ab6c8]::panic::unwind_safe::AssertUnwindSafe<test[213991da798b1c03]::run_test_in_process::{closure#0}> as core[8fb95b77d25ab6c8]::ops::function::FnOnce<()>>::call_once
[INFO] [stdout]                                at /rustc/b2282dd5646a57d570fc86fbe8df0e8826665ef6/library/core/src/panic/unwind_safe.rs:275:9
[INFO] [stdout]   28:     0x58a45ecd0e35 - std[10d71ac2c42b111e]::panicking::catch_unwind::do_call::<core[8fb95b77d25ab6c8]::panic::unwind_safe::AssertUnwindSafe<test[213991da798b1c03]::run_test_in_process::{closure#0}>, core[8fb95b77d25ab6c8]::result::Result<(), alloc[a7ee25936407c584]::string::String>>
[INFO] [stdout]                                at /rustc/b2282dd5646a57d570fc86fbe8df0e8826665ef6/library/std/src/panicking.rs:581:40
[INFO] [stdout]   29:     0x58a45ecd0e35 - std[10d71ac2c42b111e]::panicking::catch_unwind::<core[8fb95b77d25ab6c8]::result::Result<(), alloc[a7ee25936407c584]::string::String>, core[8fb95b77d25ab6c8]::panic::unwind_safe::AssertUnwindSafe<test[213991da798b1c03]::run_test_in_process::{closure#0}>>
[INFO] [stdout]                                at /rustc/b2282dd5646a57d570fc86fbe8df0e8826665ef6/library/std/src/panicking.rs:544:19
[INFO] [stdout]   30:     0x58a45ecd0e35 - std[10d71ac2c42b111e]::panic::catch_unwind::<core[8fb95b77d25ab6c8]::panic::unwind_safe::AssertUnwindSafe<test[213991da798b1c03]::run_test_in_process::{closure#0}>, core[8fb95b77d25ab6c8]::result::Result<(), alloc[a7ee25936407c584]::string::String>>
[INFO] [stdout]                                at /rustc/b2282dd5646a57d570fc86fbe8df0e8826665ef6/library/std/src/panic.rs:359:14
[INFO] [stdout]   31:     0x58a45ecd0e35 - test[213991da798b1c03]::run_test_in_process
[INFO] [stdout]                                at /rustc/b2282dd5646a57d570fc86fbe8df0e8826665ef6/library/test/src/lib.rs:747:27
[INFO] [stdout]   32:     0x58a45ecd0e35 - test[213991da798b1c03]::run_test::{closure#0}
[INFO] [stdout]                                at /rustc/b2282dd5646a57d570fc86fbe8df0e8826665ef6/library/test/src/lib.rs:668:43
[INFO] [stdout]   33:     0x58a45ecca744 - test[213991da798b1c03]::run_test::{closure#1}
[INFO] [stdout]                                at /rustc/b2282dd5646a57d570fc86fbe8df0e8826665ef6/library/test/src/lib.rs:698:41
[INFO] [stdout]   34:     0x58a45ecca744 - std[10d71ac2c42b111e]::sys::backtrace::__rust_begin_short_backtrace::<test[213991da798b1c03]::run_test::{closure#1}, ()>
[INFO] [stdout]                                at /rustc/b2282dd5646a57d570fc86fbe8df0e8826665ef6/library/std/src/sys/backtrace.rs:166:18
[INFO] [stdout]   35:     0x58a45ecd3eb2 - std[10d71ac2c42b111e]::thread::lifecycle::spawn_unchecked::<test[213991da798b1c03]::run_test::{closure#1}, ()>::{closure#1}::{closure#0}
[INFO] [stdout]                                at /rustc/b2282dd5646a57d570fc86fbe8df0e8826665ef6/library/std/src/thread/lifecycle.rs:70:13
[INFO] [stdout]   36:     0x58a45ecd3eb2 - <core[8fb95b77d25ab6c8]::panic::unwind_safe::AssertUnwindSafe<std[10d71ac2c42b111e]::thread::lifecycle::spawn_unchecked<test[213991da798b1c03]::run_test::{closure#1}, ()>::{closure#1}::{closure#0}> as core[8fb95b77d25ab6c8]::ops::function::FnOnce<()>>::call_once
[INFO] [stdout]                                at /rustc/b2282dd5646a57d570fc86fbe8df0e8826665ef6/library/core/src/panic/unwind_safe.rs:275:9
[INFO] [stdout]   37:     0x58a45ecd3eb2 - std[10d71ac2c42b111e]::panicking::catch_unwind::do_call::<core[8fb95b77d25ab6c8]::panic::unwind_safe::AssertUnwindSafe<std[10d71ac2c42b111e]::thread::lifecycle::spawn_unchecked<test[213991da798b1c03]::run_test::{closure#1}, ()>::{closure#1}::{closure#0}>, ()>
[INFO] [stdout]                                at /rustc/b2282dd5646a57d570fc86fbe8df0e8826665ef6/library/std/src/panicking.rs:581:40
[INFO] [stdout]   38:     0x58a45ecd3eb2 - std[10d71ac2c42b111e]::panicking::catch_unwind::<(), core[8fb95b77d25ab6c8]::panic::unwind_safe::AssertUnwindSafe<std[10d71ac2c42b111e]::thread::lifecycle::spawn_unchecked<test[213991da798b1c03]::run_test::{closure#1}, ()>::{closure#1}::{closure#0}>>
[INFO] [stdout]                                at /rustc/b2282dd5646a57d570fc86fbe8df0e8826665ef6/library/std/src/panicking.rs:544:19
[INFO] [stdout]   39:     0x58a45ecd3eb2 - std[10d71ac2c42b111e]::panic::catch_unwind::<core[8fb95b77d25ab6c8]::panic::unwind_safe::AssertUnwindSafe<std[10d71ac2c42b111e]::thread::lifecycle::spawn_unchecked<test[213991da798b1c03]::run_test::{closure#1}, ()>::{closure#1}::{closure#0}>, ()>
[INFO] [stdout]                                at /rustc/b2282dd5646a57d570fc86fbe8df0e8826665ef6/library/std/src/panic.rs:359:14
[INFO] [stdout]   40:     0x58a45ecd3eb2 - std[10d71ac2c42b111e]::thread::lifecycle::spawn_unchecked::<test[213991da798b1c03]::run_test::{closure#1}, ()>::{closure#1}
[INFO] [stdout]                                at /rustc/b2282dd5646a57d570fc86fbe8df0e8826665ef6/library/std/src/thread/lifecycle.rs:68:26
[INFO] [stdout]   41:     0x58a45ecd3eb2 - <std[10d71ac2c42b111e]::thread::lifecycle::spawn_unchecked<test[213991da798b1c03]::run_test::{closure#1}, ()>::{closure#1} as core[8fb95b77d25ab6c8]::ops::function::FnOnce<()>>::call_once::{shim:vtable#0}
[INFO] [stdout]                                at /rustc/b2282dd5646a57d570fc86fbe8df0e8826665ef6/library/core/src/ops/function.rs:250:5
[INFO] [stdout]   42:     0x58a45f18b36f - <alloc[a7ee25936407c584]::boxed::Box<dyn core[8fb95b77d25ab6c8]::ops::function::FnOnce<(), Output = ()> + core[8fb95b77d25ab6c8]::marker::Send> as core[8fb95b77d25ab6c8]::ops::function::FnOnce<()>>::call_once
[INFO] [stdout]                                at /rustc/b2282dd5646a57d570fc86fbe8df0e8826665ef6/library/alloc/src/boxed.rs:2275:9
[INFO] [stdout]   43:     0x58a45f18b36f - <std[10d71ac2c42b111e]::sys::thread::unix::Thread>::new::thread_start
[INFO] [stdout]                                at /rustc/b2282dd5646a57d570fc86fbe8df0e8826665ef6/library/std/src/sys/thread/unix.rs:118:17
[INFO] [stdout]   44:     0x7e4651d98aa4 - <unknown>
[INFO] [stdout]   45:     0x7e4651e25a64 - clone
[INFO] [stdout]   46:                0x0 - <unknown>
[INFO] [stdout] 
[INFO] [stdout] 
[INFO] [stdout] failures:
[INFO] [stdout]     fact::tests::test_generate_output
[INFO] [stdout]     fact::tests::test_generate_random
[INFO] [stdout]     fact::tests::test_update
[INFO] [stdout] 
[INFO] [stdout] test result: FAILED. 2 passed; 3 failed; 0 ignored; 0 measured; 0 filtered out; finished in 0.27s
[INFO] [stdout] 
[INFO] [stderr] error: test failed, to rerun pass `--bin cultura`
[INFO] running `Command { std: "docker" "inspect" "13ad26d7d44cccfd4e1441431322eef5ea5d014bbefb9c945617b6d71d3a8da2", kill_on_drop: false }`
[INFO] running `Command { std: "docker" "rm" "-f" "13ad26d7d44cccfd4e1441431322eef5ea5d014bbefb9c945617b6d71d3a8da2", kill_on_drop: false }`
[INFO] [stdout] 13ad26d7d44cccfd4e1441431322eef5ea5d014bbefb9c945617b6d71d3a8da2
