[INFO] cloning repository https://github.com/Jeezman/Dawbt
[INFO] running `Command { std: "git" "-c" "credential.helper=" "-c" "credential.helper=/workspace/cargo-home/bin/git-credential-null" "clone" "--bare" "https://github.com/Jeezman/Dawbt" "/workspace/cache/git-repos/https%3A%2F%2Fgithub.com%2FJeezman%2FDawbt", kill_on_drop: false }`
[INFO] [stderr] Cloning into bare repository '/workspace/cache/git-repos/https%3A%2F%2Fgithub.com%2FJeezman%2FDawbt'...
[INFO] running `Command { std: "git" "rev-parse" "HEAD", kill_on_drop: false }`
[INFO] [stdout] e767cf9ca3fc8d6a74da759fc56039526d000ae9
[INFO] testing Jeezman/Dawbt against 1.97.0-beta.6 for beta-1.98-2
[INFO] running `Command { std: "git" "clone" "/workspace/cache/git-repos/https%3A%2F%2Fgithub.com%2FJeezman%2FDawbt" "/workspace/builds/worker-6-tc1/source", kill_on_drop: false }`
[INFO] [stderr] Cloning into '/workspace/builds/worker-6-tc1/source'...
[INFO] [stderr] done.
[INFO] started tweaking git repo https://github.com/Jeezman/Dawbt
[INFO] finished tweaking git repo https://github.com/Jeezman/Dawbt
[INFO] tweaked toml for git repo https://github.com/Jeezman/Dawbt written to /workspace/builds/worker-6-tc1/source/Cargo.toml
[INFO] validating manifest of git repo https://github.com/Jeezman/Dawbt on toolchain 1.97.0-beta.6
[INFO] running `Command { std: CARGO_HOME="/workspace/cargo-home" RUSTUP_HOME="/workspace/rustup-home" "/workspace/cargo-home/bin/cargo" "+1.97.0-beta.6" "metadata" "--manifest-path" "Cargo.toml" "--no-deps", kill_on_drop: false }`
[INFO] crate git repo https://github.com/Jeezman/Dawbt already has a lockfile, it will not be regenerated
[INFO] running `Command { std: CARGO_HOME="/workspace/cargo-home" RUSTUP_HOME="/workspace/rustup-home" "/workspace/cargo-home/bin/cargo" "+1.97.0-beta.6" "fetch" "--manifest-path" "Cargo.toml", kill_on_drop: false }`
[INFO] [stderr]     Updating crates.io index
[INFO] [stderr]  Downloading crates ...
[INFO] [stderr]   Downloaded whoami v1.6.0
[INFO] [stderr]   Downloaded cc v1.2.30
[INFO] [stderr]   Downloaded rsa v0.9.8
[INFO] [stderr]   Downloaded deunicode v1.6.2
[INFO] [stderr]   Downloaded hashbrown v0.15.4
[INFO] [stderr]   Downloaded toml v0.9.2
[INFO] [stderr]   Downloaded serde_json v1.0.141
[INFO] [stderr]   Downloaded base64ct v1.8.0
[INFO] [stderr]   Downloaded tokio v1.46.1
[INFO] [stderr]   Downloaded reqwest v0.12.22
[INFO] [stderr]   Downloaded anstyle-wincon v3.0.9
[INFO] [stderr]   Downloaded toml_parser v1.0.1
[INFO] [stderr]   Downloaded ron v0.8.1
[INFO] [stderr]   Downloaded arraydeque v0.5.1
[INFO] [stderr]   Downloaded hyper-util v0.1.15
[INFO] [stderr]   Downloaded winnow v0.7.12
[INFO] [stderr]   Downloaded ordered-multimap v0.7.3
[INFO] [stderr]   Downloaded config v0.15.13
[INFO] [stderr]   Downloaded dlv-list v0.5.2
[INFO] [stderr]   Downloaded h2 v0.4.11
[INFO] [stderr]   Downloaded anstyle-query v1.1.3
[INFO] [stderr]   Downloaded rust-ini v0.21.2
[INFO] [stderr]   Downloaded rustc-demangle v0.1.25
[INFO] [stderr]   Downloaded yaml-rust2 v0.10.3
[INFO] [stderr]   Downloaded io-uring v0.7.8
[INFO] [stderr]   Downloaded crc v3.3.0
[INFO] [stderr]   Downloaded anstream v0.6.19
[INFO] [stderr]   Downloaded rustls v0.23.29
[INFO] running `Command { std: "docker" "create" "-v" "/var/lib/crater-agent-workspace/builds/worker-6-tc1/source:/opt/rustwide/workdir:ro,Z" "-v" "/var/lib/crater-agent-workspace/builds/worker-6-tc1/target:/opt/rustwide/target:rw,Z" "-v" "/var/lib/crater-agent-workspace/cargo-home:/opt/rustwide/cargo-home:ro,Z" "-v" "/var/lib/crater-agent-workspace/rustup-home:/opt/rustwide/rustup-home:ro,Z" "-m" "1610612736" "--network" "none" "ghcr.io/rust-lang/crates-build-env/linux@sha256:3d5ced03c013a94a2f102a4510f48a6e9184255caf5fd8244f58017bde7f5210" "sleep" "infinity", kill_on_drop: false }`
[INFO] [stdout] dc648b1be9ce22d6a4b2fc2ff17e99caba83a0528a12884130b8627c035ae42a
[INFO] running `Command { std: "docker" "start" "dc648b1be9ce22d6a4b2fc2ff17e99caba83a0528a12884130b8627c035ae42a", kill_on_drop: false }`
[INFO] running `Command { std: "docker" "inspect" "dc648b1be9ce22d6a4b2fc2ff17e99caba83a0528a12884130b8627c035ae42a", kill_on_drop: false }`
[INFO] running `Command { std: "docker" "exec" "-e" "SOURCE_DIR=/opt/rustwide/workdir" "-e" "CARGO_HOME=/opt/rustwide/cargo-home" "-e" "RUSTUP_HOME=/opt/rustwide/rustup-home" "-e" "CARGO_TARGET_DIR=/opt/rustwide/target" "-w" "/opt/rustwide/workdir" "--user" "0:0" "dc648b1be9ce22d6a4b2fc2ff17e99caba83a0528a12884130b8627c035ae42a" "/opt/rustwide/cargo-home/bin/cargo" "+1.97.0-beta.6" "metadata" "--no-deps" "--format-version=1", kill_on_drop: false }`
[INFO] running `Command { std: "docker" "inspect" "dc648b1be9ce22d6a4b2fc2ff17e99caba83a0528a12884130b8627c035ae42a", kill_on_drop: false }`
[INFO] running `Command { std: "docker" "exec" "-e" "SOURCE_DIR=/opt/rustwide/workdir" "-e" "CARGO_HOME=/opt/rustwide/cargo-home" "-e" "RUSTUP_HOME=/opt/rustwide/rustup-home" "-e" "CARGO_TARGET_DIR=/opt/rustwide/target" "-e" "CARGO_INCREMENTAL=0" "-e" "RUST_BACKTRACE=full" "-e" "RUSTFLAGS=--cap-lints=warn" "-e" "RUSTDOCFLAGS=--cap-lints=warn" "-w" "/opt/rustwide/workdir" "--user" "0:0" "dc648b1be9ce22d6a4b2fc2ff17e99caba83a0528a12884130b8627c035ae42a" "/opt/rustwide/cargo-home/bin/cargo" "+1.97.0-beta.6" "build" "--frozen" "--message-format=json", kill_on_drop: false }`
[INFO] [stderr]    Compiling syn v2.0.104
[INFO] [stderr]    Compiling libc v0.2.174
[INFO] [stderr]    Compiling serde v1.0.219
[INFO] [stderr]    Compiling memchr v2.7.5
[INFO] [stderr]    Compiling parking_lot_core v0.9.11
[INFO] [stderr]    Compiling lock_api v0.4.13
[INFO] [stderr]    Compiling allocator-api2 v0.2.21
[INFO] [stderr]    Compiling tracing-core v0.1.34
[INFO] [stderr]    Compiling writeable v0.6.1
[INFO] [stderr]    Compiling typenum v1.18.0
[INFO] [stderr]    Compiling slab v0.4.10
[INFO] [stderr]    Compiling litemap v0.8.0
[INFO] [stderr]    Compiling icu_normalizer_data v2.0.0
[INFO] [stderr]    Compiling futures-io v0.3.31
[INFO] [stderr]    Compiling ppv-lite86 v0.2.21
[INFO] [stderr]    Compiling icu_properties_data v2.0.1
[INFO] [stderr]    Compiling crossbeam-utils v0.8.21
[INFO] [stderr]    Compiling thiserror v2.0.12
[INFO] [stderr]    Compiling subtle v2.6.1
[INFO] [stderr]    Compiling hashbrown v0.15.4
[INFO] [stderr]    Compiling num-traits v0.2.19
[INFO] [stderr]    Compiling zeroize v1.8.1
[INFO] [stderr]    Compiling serde_json v1.0.141
[INFO] [stderr]    Compiling siphasher v1.0.1
[INFO] [stderr]    Compiling rustls-pki-types v1.12.0
[INFO] [stderr]    Compiling vcpkg v0.2.15
[INFO] [stderr]    Compiling rustls v0.23.29
[INFO] [stderr]    Compiling crunchy v0.2.4
[INFO] [stderr]    Compiling http v1.3.1
[INFO] [stderr]    Compiling foldhash v0.1.5
[INFO] [stderr]    Compiling phf_shared v0.11.3
[INFO] [stderr]    Compiling regex-syntax v0.8.5
[INFO] [stderr]    Compiling futures-util v0.3.31
[INFO] [stderr]    Compiling aho-corasick v1.1.3
[INFO] [stderr]    Compiling jobserver v0.1.33
[INFO] [stderr]    Compiling getrandom v0.2.16
[INFO] [stderr]    Compiling socket2 v0.5.10
[INFO] [stderr]    Compiling mio v1.0.4
[INFO] [stderr]    Compiling cc v1.2.30
[INFO] [stderr]    Compiling signal-hook-registry v1.4.5
[INFO] [stderr]    Compiling rand_core v0.6.4
[INFO] [stderr]    Compiling rand_chacha v0.3.1
[INFO] [stderr]    Compiling webpki-roots v1.0.2
[INFO] [stderr]    Compiling generic-array v0.14.7
[INFO] [stderr]    Compiling concurrent-queue v2.5.0
[INFO] [stderr]    Compiling tiny-keccak v2.0.2
[INFO] [stderr]    Compiling indexmap v2.10.0
[INFO] [stderr]    Compiling event-listener v5.4.0
[INFO] [stderr]    Compiling webpki-roots v0.26.11
[INFO] [stderr]    Compiling rand v0.8.5
[INFO] [stderr]    Compiling regex-automata v0.4.9
[INFO] [stderr]    Compiling crossbeam-queue v0.3.12
[INFO] [stderr]    Compiling crc v3.3.0
[INFO] [stderr]    Compiling tinyvec v1.9.0
[INFO] [stderr]    Compiling ucd-trie v0.1.7
[INFO] [stderr]    Compiling futures-sink v0.3.31
[INFO] [stderr]    Compiling uuid v1.17.0
[INFO] [stderr]    Compiling getrandom v0.3.3
[INFO] [stderr]    Compiling block-buffer v0.10.4
[INFO] [stderr]    Compiling crypto-common v0.1.6
[INFO] [stderr]    Compiling tokio v1.46.1
[INFO] [stderr]    Compiling digest v0.10.7
[INFO] [stderr]    Compiling http-body v1.0.1
[INFO] [stderr]    Compiling futures-channel v0.3.31
[INFO] [stderr]    Compiling form_urlencoded v1.2.1
[INFO] [stderr]    Compiling openssl v0.10.73
[INFO] [stderr]    Compiling sha2 v0.10.9
[INFO] [stderr]    Compiling hmac v0.12.1
[INFO] [stderr]    Compiling unicode-normalization v0.1.24
[INFO] [stderr]    Compiling unicode-bidi v0.3.18
[INFO] [stderr]    Compiling unicode-properties v0.1.3
[INFO] [stderr]    Compiling md-5 v0.10.6
[INFO] [stderr]    Compiling hkdf v0.12.4
[INFO] [stderr]    Compiling hashlink v0.10.0
[INFO] [stderr]    Compiling phf_generator v0.11.3
[INFO] [stderr]    Compiling const-random-macro v0.1.16
[INFO] [stderr]    Compiling phf_codegen v0.11.3
[INFO] [stderr]    Compiling atoi v2.0.0
[INFO] [stderr]    Compiling chrono v0.4.41
[INFO] [stderr]    Compiling phf v0.11.3
[INFO] [stderr]    Compiling encoding_rs v0.8.35
[INFO] [stderr]    Compiling crc32fast v1.5.0
[INFO] [stderr]    Compiling tower-service v0.3.3
[INFO] [stderr]    Compiling atomic-waker v1.1.2
[INFO] [stderr]    Compiling try-lock v0.2.5
[INFO] [stderr]    Compiling home v0.5.11
[INFO] [stderr]    Compiling byteorder v1.5.0
[INFO] [stderr]    Compiling stringprep v0.1.5
[INFO] [stderr]    Compiling base64 v0.22.1
[INFO] [stderr]    Compiling native-tls v0.2.14
[INFO] [stderr]    Compiling whoami v1.6.0
[INFO] [stderr]    Compiling want v0.3.1
[INFO] [stderr]    Compiling const-random v0.1.18
[INFO] [stderr]    Compiling rand_core v0.9.3
[INFO] [stderr]    Compiling crossbeam-epoch v0.9.18
[INFO] [stderr]    Compiling bstr v1.12.0
[INFO] [stderr]    Compiling ring v0.17.14
[INFO] [stderr]    Compiling openssl-sys v0.9.109
[INFO] [stderr]    Compiling zstd-sys v2.0.15+zstd.1.5.7
[INFO] [stderr]    Compiling unic-char-range v0.9.0
[INFO] [stderr]    Compiling openssl-probe v0.1.6
[INFO] [stderr]    Compiling adler2 v2.0.1
[INFO] [stderr]    Compiling unic-common v0.9.0
[INFO] [stderr]    Compiling bitflags v2.9.1
[INFO] [stderr]    Compiling regex v1.11.1
[INFO] [stderr]    Compiling same-file v1.0.6
[INFO] [stderr]    Compiling libm v0.2.15
[INFO] [stderr]    Compiling walkdir v2.5.0
[INFO] [stderr]    Compiling unic-ucd-version v0.9.0
[INFO] [stderr]    Compiling miniz_oxide v0.8.9
[INFO] [stderr]    Compiling unic-char-property v0.9.0
[INFO] [stderr]    Compiling crossbeam-deque v0.8.6
[INFO] [stderr]    Compiling rand_chacha v0.9.0
[INFO] [stderr]    Compiling dlv-list v0.5.2
[INFO] [stderr]    Compiling parse-zoneinfo v0.3.1
[INFO] [stderr]    Compiling brotli-decompressor v5.0.0
[INFO] [stderr]    Compiling globset v0.4.16
[INFO] [stderr]    Compiling sync_wrapper v1.0.2
[INFO] [stderr]    Compiling ipnet v2.11.0
[INFO] [stderr]    Compiling winnow v0.7.12
[INFO] [stderr]    Compiling chrono-tz-build v0.3.0
[INFO] [stderr]    Compiling hashbrown v0.14.5
[INFO] [stderr]    Compiling tower-layer v0.3.3
[INFO] [stderr]    Compiling synstructure v0.13.2
[INFO] [stderr]    Compiling heck v0.5.0
[INFO] [stderr]    Compiling chrono-tz v0.9.0
[INFO] [stderr]    Compiling brotli v8.0.1
[INFO] [stderr]    Compiling anstyle-parse v0.2.7
[INFO] [stderr]    Compiling ignore v0.4.23
[INFO] [stderr]    Compiling flate2 v1.1.2
[INFO] [stderr]    Compiling rand v0.9.1
[INFO] [stderr]    Compiling unic-ucd-segment v0.9.0
[INFO] [stderr]    Compiling ordered-multimap v0.7.3
[INFO] [stderr]    Compiling sha1 v0.10.6
[INFO] [stderr]    Compiling http-body-util v0.1.3
[INFO] [stderr]    Compiling deunicode v1.6.2
[INFO] [stderr]    Compiling anstyle v1.0.11
[INFO] [stderr]    Compiling iri-string v0.7.8
[INFO] [stderr]    Compiling colorchoice v1.0.4
[INFO] [stderr]    Compiling arraydeque v0.5.1
[INFO] [stderr]    Compiling anstyle-query v1.1.3
[INFO] [stderr]    Compiling unicode-segmentation v1.12.0
[INFO] [stderr]    Compiling slug v0.1.6
[INFO] [stderr]    Compiling unic-segment v0.9.0
[INFO] [stderr]    Compiling anstream v0.6.19
[INFO] [stderr]    Compiling yaml-rust2 v0.10.3
[INFO] [stderr]    Compiling rust-ini v0.21.2
[INFO] [stderr]    Compiling env_filter v0.1.3
[INFO] [stderr]    Compiling jiff v0.2.15
[INFO] [stderr]    Compiling convert_case v0.6.0
[INFO] [stderr]    Compiling pathdiff v0.2.3
[INFO] [stderr]    Compiling humansize v2.1.3
[INFO] [stderr]    Compiling serde_derive v1.0.219
[INFO] [stderr]    Compiling zerofrom-derive v0.1.6
[INFO] [stderr]    Compiling yoke-derive v0.8.0
[INFO] [stderr]    Compiling zerovec-derive v0.11.1
[INFO] [stderr]    Compiling displaydoc v0.2.5
[INFO] [stderr]    Compiling tracing-attributes v0.1.30
[INFO] [stderr]    Compiling tokio-macros v2.5.0
[INFO] [stderr]    Compiling thiserror-impl v2.0.12
[INFO] [stderr]    Compiling openssl-macros v0.1.1
[INFO] [stderr]    Compiling derive_more-impl v2.0.1
[INFO] [stderr]    Compiling tokio-stream v0.1.17
[INFO] [stderr]    Compiling toml_parser v1.0.1
[INFO] [stderr]    Compiling thiserror-impl v1.0.69
[INFO] [stderr]    Compiling async-trait v0.1.88
[INFO] [stderr]    Compiling zerofrom v0.1.6
[INFO] [stderr]    Compiling yoke v0.8.0
[INFO] [stderr]    Compiling actix-macros v0.2.4
[INFO] [stderr]    Compiling zerotrie v0.2.2
[INFO] [stderr]    Compiling pest v2.8.1
[INFO] [stderr]    Compiling tracing v0.1.41
[INFO] [stderr]    Compiling zerovec v0.11.2
[INFO] [stderr]    Compiling thiserror v1.0.69
[INFO] [stderr]    Compiling rustls-webpki v0.103.4
[INFO] [stderr]    Compiling derive_more v2.0.1
[INFO] [stderr]    Compiling tinystr v0.8.1
[INFO] [stderr]    Compiling potential_utf v0.1.2
[INFO] [stderr]    Compiling icu_collections v2.0.0
[INFO] [stderr]    Compiling icu_locale_core v2.0.0
[INFO] [stderr]    Compiling pest_meta v2.8.1
[INFO] [stderr]    Compiling icu_provider v2.0.0
[INFO] [stderr]    Compiling env_logger v0.11.8
[INFO] [stderr]    Compiling icu_properties v2.0.1
[INFO] [stderr]    Compiling pest_generator v2.8.1
[INFO] [stderr]    Compiling zstd-safe v7.2.4
[INFO] [stderr]    Compiling zstd v0.13.3
[INFO] [stderr]    Compiling pest_derive v2.8.1
[INFO] [stderr]    Compiling smallvec v1.15.1
[INFO] [stderr]    Compiling either v1.15.0
[INFO] [stderr]    Compiling actix-router v0.5.3
[INFO] [stderr]    Compiling serde_spanned v1.0.0
[INFO] [stderr]    Compiling serde_urlencoded v0.7.1
[INFO] [stderr]    Compiling toml_datetime v0.7.0
[INFO] [stderr]    Compiling json5 v0.4.1
[INFO] [stderr]    Compiling toml v0.9.2
[INFO] [stderr]    Compiling globwalk v0.9.1
[INFO] [stderr]    Compiling ron v0.8.1
[INFO] [stderr]    Compiling icu_normalizer v2.0.0
[INFO] [stderr]    Compiling parking_lot v0.12.4
[INFO] [stderr]    Compiling futures-intrusive v0.5.0
[INFO] [stderr]    Compiling idna_adapter v1.2.1
[INFO] [stderr]    Compiling idna v1.0.3
[INFO] [stderr]    Compiling actix-web-codegen v4.3.0
[INFO] [stderr]    Compiling url v2.5.4
[INFO] [stderr]    Compiling config v0.15.13
[INFO] [stderr]    Compiling sqlx-core v0.8.6
[INFO] [stderr]    Compiling sqlx-postgres v0.8.6
[INFO] [stderr]    Compiling tera v1.20.0
[INFO] [stderr]    Compiling tokio-util v0.7.15
[INFO] [stderr]    Compiling actix-rt v2.10.0
[INFO] [stderr]    Compiling tokio-native-tls v0.3.1
[INFO] [stderr]    Compiling tower v0.5.2
[INFO] [stderr]    Compiling h2 v0.4.11
[INFO] [stderr]    Compiling actix-codec v0.5.2
[INFO] [stderr]    Compiling h2 v0.3.27
[INFO] [stderr]    Compiling tower-http v0.6.6
[INFO] [stderr]    Compiling actix-server v2.6.0
[INFO] [stderr]    Compiling sqlx-macros-core v0.8.6
[INFO] [stderr]    Compiling hyper v1.6.0
[INFO] [stderr]    Compiling actix-http v3.11.0
[INFO] [stderr]    Compiling hyper-util v0.1.15
[INFO] [stderr]    Compiling sqlx-macros v0.8.6
[INFO] [stderr]    Compiling hyper-tls v0.6.0
[INFO] [stderr]    Compiling reqwest v0.12.22
[INFO] [stderr]    Compiling sqlx v0.8.6
[INFO] [stderr]    Compiling actix-web v4.11.0
[INFO] [stderr]    Compiling lnbotas v0.1.0 (/opt/rustwide/workdir)
[INFO] [stderr]     Finished `dev` profile [unoptimized + debuginfo] target(s) in 2m 32s
[INFO] running `Command { std: "docker" "inspect" "dc648b1be9ce22d6a4b2fc2ff17e99caba83a0528a12884130b8627c035ae42a", kill_on_drop: false }`
[INFO] running `Command { std: "docker" "exec" "-e" "SOURCE_DIR=/opt/rustwide/workdir" "-e" "CARGO_HOME=/opt/rustwide/cargo-home" "-e" "RUSTUP_HOME=/opt/rustwide/rustup-home" "-e" "CARGO_TARGET_DIR=/opt/rustwide/target" "-e" "CARGO_INCREMENTAL=0" "-e" "RUST_BACKTRACE=full" "-e" "RUSTFLAGS=--cap-lints=warn" "-e" "RUSTDOCFLAGS=--cap-lints=warn" "-w" "/opt/rustwide/workdir" "--user" "0:0" "dc648b1be9ce22d6a4b2fc2ff17e99caba83a0528a12884130b8627c035ae42a" "/opt/rustwide/cargo-home/bin/cargo" "+1.97.0-beta.6" "test" "--frozen" "--no-run" "--message-format=json", kill_on_drop: false }`
[INFO] [stderr]    Compiling lnbotas v0.1.0 (/opt/rustwide/workdir)
[INFO] [stderr]     Finished `test` profile [unoptimized + debuginfo] target(s) in 5.99s
[INFO] running `Command { std: "docker" "inspect" "dc648b1be9ce22d6a4b2fc2ff17e99caba83a0528a12884130b8627c035ae42a", kill_on_drop: false }`
[INFO] running `Command { std: "docker" "exec" "-e" "SOURCE_DIR=/opt/rustwide/workdir" "-e" "CARGO_HOME=/opt/rustwide/cargo-home" "-e" "RUSTUP_HOME=/opt/rustwide/rustup-home" "-e" "CARGO_TARGET_DIR=/opt/rustwide/target" "-e" "CARGO_INCREMENTAL=0" "-e" "RUST_BACKTRACE=full" "-e" "RUSTFLAGS=--cap-lints=warn" "-e" "RUSTDOCFLAGS=--cap-lints=warn" "-w" "/opt/rustwide/workdir" "--user" "0:0" "dc648b1be9ce22d6a4b2fc2ff17e99caba83a0528a12884130b8627c035ae42a" "/opt/rustwide/cargo-home/bin/cargo" "+1.97.0-beta.6" "test" "--frozen", kill_on_drop: false }`
[INFO] [stderr]     Finished `test` profile [unoptimized + debuginfo] target(s) in 0.65s
[INFO] [stderr]      Running unittests src/lib.rs (/opt/rustwide/target/debug/deps/lnbotas-afb9afe67d13c6ed)
[INFO] [stdout] 
[INFO] [stdout] running 4 tests
[INFO] [stdout] test lnmarkets::tests::test_invalid_credentials ... ok
[INFO] [stdout] test lnmarkets::tests::test_timestamp_generation ... ok
[INFO] [stdout] test lnmarkets::tests::test_signature_generation ... ok
[INFO] [stdout] test lnmarkets::tests::test_auth_headers_creation ... ok
[INFO] [stdout] 
[INFO] [stdout] test result: ok. 4 passed; 0 failed; 0 ignored; 0 measured; 0 filtered out; finished in 0.14s
[INFO] [stdout] 
[INFO] [stderr]      Running unittests src/main.rs (/opt/rustwide/target/debug/deps/lnbotas-77e3fe6ada9f58f2)
[INFO] [stderr]      Running tests/health_check.rs (/opt/rustwide/target/debug/deps/health_check-ad755c76ac6d3949)
[INFO] [stdout] 
[INFO] [stdout] running 0 tests
[INFO] [stdout] 
[INFO] [stdout] test result: ok. 0 passed; 0 failed; 0 ignored; 0 measured; 0 filtered out; finished in 0.00s
[INFO] [stdout] 
[INFO] [stdout] 
[INFO] [stdout] running 1 test
[INFO] [stderr] [2026-07-14T02:28:58Z DEBUG globset] glob converted to regex: Glob { glob: "**/*", re: "(?-u)^(?:/?|.*/)[^/]*$", opts: GlobOptions { case_insensitive: false, literal_separator: true, backslash_escape: true, empty_alternates: false }, tokens: Tokens([RecursivePrefix, ZeroOrMore]) }
[INFO] [stderr] [2026-07-14T02:28:58Z DEBUG globset] built glob set; 0 literals, 0 basenames, 0 extensions, 0 prefixes, 0 suffixes, 0 required extensions, 1 regexes
[INFO] [stderr] [2026-07-14T02:28:58Z INFO  actix_server::builder] starting 16 workers
[INFO] [stderr] [2026-07-14T02:28:58Z DEBUG reqwest::connect] starting new connection: http://localhost:34833/
[INFO] [stderr] [2026-07-14T02:28:58Z INFO  actix_server::server] Tokio runtime found; starting in existing Tokio runtime
[INFO] [stderr] [2026-07-14T02:28:58Z INFO  actix_server::server] starting service: "actix-web-service-127.0.0.1:34833", workers: 16, listening on: 127.0.0.1:34833
[INFO] [stderr] [2026-07-14T02:28:58Z DEBUG hyper_util::client::legacy::connect::http] connecting to [::1]:34833
[INFO] [stderr] [2026-07-14T02:28:58Z DEBUG hyper_util::client::legacy::connect::http] connecting to 127.0.0.1:34833
[INFO] [stderr] [2026-07-14T02:28:58Z DEBUG hyper_util::client::legacy::connect::http] connected to 127.0.0.1:34833
[INFO] [stderr] [2026-07-14T02:28:58Z INFO  actix_web::middleware::logger] 127.0.0.1 "GET /api/v1/health HTTP/1.1" 200 0 "-" "-" 0.001012
[INFO] [stderr] [2026-07-14T02:28:58Z DEBUG hyper_util::client::legacy::pool] pooling idle connection for ("http", localhost:34833)
[INFO] [stdout] test health_check_works ... ok
[INFO] [stdout] 
[INFO] [stdout] test result: ok. 1 passed; 0 failed; 0 ignored; 0 measured; 0 filtered out; finished in 0.36s
[INFO] [stdout] 
[INFO] [stderr]      Running tests/lnmarkets_test.rs (/opt/rustwide/target/debug/deps/lnmarkets_test-3a75c9c51bbab47d)
[INFO] [stdout] 
[INFO] [stdout] running 12 tests
[INFO] [stderr] [2026-07-14T02:28:59Z DEBUG globset] glob converted to regex: Glob { glob: "**/*", re: "(?-u)^(?:/?|.*/)[^/]*$", opts: GlobOptions { case_insensitive: false, literal_separator: true, backslash_escape: true, empty_alternates: false }, tokens: Tokens([RecursivePrefix, ZeroOrMore]) }
[INFO] [stderr] [2026-07-14T02:28:59Z DEBUG globset] glob converted to regex: Glob { glob: "**/*", re: "(?-u)^(?:/?|.*/)[^/]*$", opts: GlobOptions { case_insensitive: false, literal_separator: true, backslash_escape: true, empty_alternates: false }, tokens: Tokens([RecursivePrefix, ZeroOrMore]) }
[INFO] [stderr] [2026-07-14T02:28:59Z DEBUG globset] built glob set; 0 literals, 0 basenames, 0 extensions, 0 prefixes, 0 suffixes, 0 required extensions, 1 regexes
[INFO] [stderr] [2026-07-14T02:28:59Z DEBUG globset] built glob set; 0 literals, 0 basenames, 0 extensions, 0 prefixes, 0 suffixes, 0 required extensions, 1 regexes
[INFO] [stderr] [2026-07-14T02:28:59Z DEBUG globset] glob converted to regex: Glob { glob: "**/*", re: "(?-u)^(?:/?|.*/)[^/]*$", opts: GlobOptions { case_insensitive: false, literal_separator: true, backslash_escape: true, empty_alternates: false }, tokens: Tokens([RecursivePrefix, ZeroOrMore]) }
[INFO] [stderr] [2026-07-14T02:28:59Z DEBUG globset] built glob set; 0 literals, 0 basenames, 0 extensions, 0 prefixes, 0 suffixes, 0 required extensions, 1 regexes
[INFO] [stderr] [2026-07-14T02:28:59Z DEBUG globset] glob converted to regex: Glob { glob: "**/*", re: "(?-u)^(?:/?|.*/)[^/]*$", opts: GlobOptions { case_insensitive: false, literal_separator: true, backslash_escape: true, empty_alternates: false }, tokens: Tokens([RecursivePrefix, ZeroOrMore]) }
[INFO] [stderr] [2026-07-14T02:28:59Z DEBUG globset] built glob set; 0 literals, 0 basenames, 0 extensions, 0 prefixes, 0 suffixes, 0 required extensions, 1 regexes
[INFO] [stderr] [2026-07-14T02:28:59Z DEBUG globset] glob converted to regex: Glob { glob: "**/*", re: "(?-u)^(?:/?|.*/)[^/]*$", opts: GlobOptions { case_insensitive: false, literal_separator: true, backslash_escape: true, empty_alternates: false }, tokens: Tokens([RecursivePrefix, ZeroOrMore]) }
[INFO] [stderr] [2026-07-14T02:28:59Z DEBUG globset] built glob set; 0 literals, 0 basenames, 0 extensions, 0 prefixes, 0 suffixes, 0 required extensions, 1 regexes
[INFO] [stderr] [2026-07-14T02:28:59Z DEBUG globset] glob converted to regex: Glob { glob: "**/*", re: "(?-u)^(?:/?|.*/)[^/]*$", opts: GlobOptions { case_insensitive: false, literal_separator: true, backslash_escape: true, empty_alternates: false }, tokens: Tokens([RecursivePrefix, ZeroOrMore]) }
[INFO] [stderr] [2026-07-14T02:28:59Z DEBUG globset] built glob set; 0 literals, 0 basenames, 0 extensions, 0 prefixes, 0 suffixes, 0 required extensions, 1 regexes
[INFO] [stderr] [2026-07-14T02:28:59Z DEBUG globset] glob converted to regex: Glob { glob: "**/*", re: "(?-u)^(?:/?|.*/)[^/]*$", opts: GlobOptions { case_insensitive: false, literal_separator: true, backslash_escape: true, empty_alternates: false }, tokens: Tokens([RecursivePrefix, ZeroOrMore]) }
[INFO] [stderr] [2026-07-14T02:28:59Z DEBUG globset] built glob set; 0 literals, 0 basenames, 0 extensions, 0 prefixes, 0 suffixes, 0 required extensions, 1 regexes
[INFO] [stderr] [2026-07-14T02:28:59Z INFO  actix_server::builder] starting 16 workers
[INFO] [stderr] [2026-07-14T02:28:59Z INFO  actix_server::builder] starting 16 workers
[INFO] [stderr] [2026-07-14T02:28:59Z INFO  actix_server::builder] starting 16 workers
[INFO] [stderr] [2026-07-14T02:28:59Z INFO  actix_server::builder] starting 16 workers
[INFO] [stderr] [2026-07-14T02:28:59Z DEBUG globset] glob converted to regex: Glob { glob: "**/*", re: "(?-u)^(?:/?|.*/)[^/]*$", opts: GlobOptions { case_insensitive: false, literal_separator: true, backslash_escape: true, empty_alternates: false }, tokens: Tokens([RecursivePrefix, ZeroOrMore]) }
[INFO] [stderr] [2026-07-14T02:28:59Z DEBUG globset] built glob set; 0 literals, 0 basenames, 0 extensions, 0 prefixes, 0 suffixes, 0 required extensions, 1 regexes
[INFO] [stderr] [2026-07-14T02:28:59Z INFO  actix_server::builder] starting 16 workers
[INFO] [stderr] [2026-07-14T02:28:59Z INFO  actix_server::builder] starting 16 workers
[INFO] [stderr] [2026-07-14T02:28:59Z INFO  actix_server::builder] starting 16 workers
[INFO] [stderr] [2026-07-14T02:28:59Z INFO  actix_server::builder] starting 16 workers
[INFO] [stderr] [2026-07-14T02:28:59Z DEBUG reqwest::connect] starting new connection: http://localhost:37949/
[INFO] [stderr] [2026-07-14T02:28:59Z INFO  actix_server::server] Tokio runtime found; starting in existing Tokio runtime
[INFO] [stderr] [2026-07-14T02:28:59Z INFO  actix_server::server] starting service: "actix-web-service-127.0.0.1:37949", workers: 16, listening on: 127.0.0.1:37949
[INFO] [stderr] [2026-07-14T02:28:59Z DEBUG reqwest::connect] starting new connection: http://localhost:45863/
[INFO] [stderr] [2026-07-14T02:28:59Z INFO  actix_server::server] Tokio runtime found; starting in existing Tokio runtime
[INFO] [stderr] [2026-07-14T02:28:59Z INFO  actix_server::server] starting service: "actix-web-service-127.0.0.1:45863", workers: 16, listening on: 127.0.0.1:45863
[INFO] [stderr] [2026-07-14T02:28:59Z DEBUG reqwest::connect] starting new connection: http://localhost:36451/
[INFO] [stderr] [2026-07-14T02:28:59Z INFO  actix_server::server] Tokio runtime found; starting in existing Tokio runtime
[INFO] [stderr] [2026-07-14T02:28:59Z INFO  actix_server::server] starting service: "actix-web-service-127.0.0.1:36451", workers: 16, listening on: 127.0.0.1:36451
[INFO] [stderr] [2026-07-14T02:28:59Z DEBUG reqwest::connect] starting new connection: https://api.testnet4.lnmarkets.com/
[INFO] [stderr] [2026-07-14T02:28:59Z DEBUG reqwest::connect] starting new connection: http://localhost:36887/
[INFO] [stderr] [2026-07-14T02:28:59Z INFO  actix_server::server] Tokio runtime found; starting in existing Tokio runtime
[INFO] [stderr] [2026-07-14T02:28:59Z INFO  actix_server::server] starting service: "actix-web-service-127.0.0.1:36887", workers: 16, listening on: 127.0.0.1:36887
[INFO] [stderr] [2026-07-14T02:28:59Z DEBUG reqwest::connect] starting new connection: https://api.testnet4.lnmarkets.com/
[INFO] [stderr] [2026-07-14T02:28:59Z DEBUG reqwest::connect] starting new connection: https://api.testnet4.lnmarkets.com/
[INFO] [stderr] [2026-07-14T02:28:59Z DEBUG reqwest::connect] starting new connection: https://api.testnet4.lnmarkets.com/
[INFO] [stderr] [2026-07-14T02:28:59Z DEBUG reqwest::connect] starting new connection: http://localhost:44209/
[INFO] [stderr] [2026-07-14T02:28:59Z INFO  actix_server::server] Tokio runtime found; starting in existing Tokio runtime
[INFO] [stderr] [2026-07-14T02:28:59Z INFO  actix_server::server] starting service: "actix-web-service-127.0.0.1:44209", workers: 16, listening on: 127.0.0.1:44209
[INFO] [stderr] [2026-07-14T02:28:59Z DEBUG reqwest::connect] starting new connection: http://localhost:36713/
[INFO] [stderr] [2026-07-14T02:28:59Z INFO  actix_server::server] Tokio runtime found; starting in existing Tokio runtime
[INFO] [stderr] [2026-07-14T02:28:59Z INFO  actix_server::server] starting service: "actix-web-service-127.0.0.1:36713", workers: 16, listening on: 127.0.0.1:36713
[INFO] [stderr] [2026-07-14T02:28:59Z DEBUG hyper_util::client::legacy::connect::http] connecting to [::1]:45863
[INFO] [stderr] [2026-07-14T02:28:59Z DEBUG hyper_util::client::legacy::connect::http] connecting to 127.0.0.1:45863
[INFO] [stderr] [2026-07-14T02:28:59Z DEBUG hyper_util::client::legacy::connect::http] connected to 127.0.0.1:45863
[INFO] [stderr] [2026-07-14T02:28:59Z INFO  actix_web::middleware::logger] 127.0.0.1 "POST /api/v1/lnmarkets/withdraw-usd HTTP/1.1" 400 67 "-" "-" 0.009515
[INFO] [stderr] [2026-07-14T02:28:59Z DEBUG hyper_util::client::legacy::pool] pooling idle connection for ("http", localhost:45863)
[INFO] [stdout] test lnmarkets_withdraw_usd_endpoint_exists ... ok
[INFO] [stderr] [2026-07-14T02:28:59Z DEBUG hyper_util::client::legacy::connect::http] connecting to [::1]:36887
[INFO] [stderr] [2026-07-14T02:28:59Z DEBUG reqwest::connect] starting new connection: http://localhost:37873/
[INFO] [stderr] [2026-07-14T02:28:59Z INFO  actix_server::server] Tokio runtime found; starting in existing Tokio runtime
[INFO] [stderr] [2026-07-14T02:28:59Z DEBUG hyper_util::client::legacy::connect::http] connecting to 127.0.0.1:36887
[INFO] [stderr] [2026-07-14T02:28:59Z DEBUG hyper_util::client::legacy::connect::http] connected to 127.0.0.1:36887
[INFO] [stderr] [2026-07-14T02:28:59Z INFO  actix_web::middleware::logger] 127.0.0.1 "GET /api/v1/lnmarkets/user HTTP/1.1" 400 67 "-" "-" 0.000262
[INFO] [stderr] [2026-07-14T02:28:59Z INFO  actix_server::server] starting service: "actix-web-service-127.0.0.1:37873", workers: 16, listening on: 127.0.0.1:37873
[INFO] [stderr] [2026-07-14T02:28:59Z DEBUG hyper_util::client::legacy::pool] pooling idle connection for ("http", localhost:36887)
[INFO] [stdout] test lnmarkets_user_endpoint_returns_error_without_credentials ... ok
[INFO] [stderr] [2026-07-14T02:28:59Z DEBUG hyper_util::client::legacy::connect::http] connecting to [::1]:36713
[INFO] [stderr] [2026-07-14T02:28:59Z DEBUG hyper_util::client::legacy::connect::http] connecting to 127.0.0.1:36713
[INFO] [stderr] [2026-07-14T02:28:59Z DEBUG hyper_util::client::legacy::connect::http] connected to 127.0.0.1:36713
[INFO] [stderr] [2026-07-14T02:28:59Z DEBUG reqwest::connect] starting new connection: http://localhost:36891/
[INFO] [stderr] [2026-07-14T02:28:59Z INFO  actix_server::server] Tokio runtime found; starting in existing Tokio runtime
[INFO] [stderr] [2026-07-14T02:28:59Z INFO  actix_server::server] starting service: "actix-web-service-127.0.0.1:36891", workers: 16, listening on: 127.0.0.1:36891
[INFO] [stderr] [2026-07-14T02:29:00Z INFO  actix_web::middleware::logger] 127.0.0.1 "POST /api/v1/lnmarkets/deposit HTTP/1.1" 400 67 "-" "-" 0.000296
[INFO] [stderr] [2026-07-14T02:29:00Z DEBUG hyper_util::client::legacy::pool] pooling idle connection for ("http", localhost:36713)
[INFO] [stdout] test lnmarkets_deposit_endpoint_exists ... ok
[INFO] [stderr] [2026-07-14T02:29:00Z DEBUG hyper_util::client::legacy::connect::http] connecting to [::1]:37949
[INFO] [stderr] [2026-07-14T02:29:00Z DEBUG hyper_util::client::legacy::connect::http] connecting to 127.0.0.1:37949
[INFO] [stderr] [2026-07-14T02:29:00Z DEBUG hyper_util::client::legacy::connect::http] connected to 127.0.0.1:37949
[INFO] [stderr] [2026-07-14T02:29:00Z INFO  actix_web::middleware::logger] 127.0.0.1 "POST /api/v1/lnmarkets/withdraw HTTP/1.1" 400 67 "-" "-" 0.000356
[INFO] [stderr] [2026-07-14T02:29:00Z DEBUG hyper_util::client::legacy::pool] pooling idle connection for ("http", localhost:37949)
[INFO] [stderr] [2026-07-14T02:29:00Z DEBUG hyper_util::client::legacy::connect::http] connecting to [::1]:44209
[INFO] [stderr] [2026-07-14T02:29:00Z DEBUG hyper_util::client::legacy::connect::http] connecting to 127.0.0.1:44209
[INFO] [stderr] [2026-07-14T02:29:00Z DEBUG hyper_util::client::legacy::connect::http] connected to 127.0.0.1:44209
[INFO] [stderr] [2026-07-14T02:29:00Z INFO  actix_web::middleware::logger] 127.0.0.1 "POST /api/v1/lnmarkets/withdraw-usd HTTP/1.1" 400 67 "-" "-" 0.000394
[INFO] [stderr] [2026-07-14T02:29:00Z DEBUG hyper_util::client::legacy::pool] pooling idle connection for ("http", localhost:44209)
[INFO] [stdout] test lnmarkets_withdraw_endpoint_returns_error_without_credentials ... ok
[INFO] [stdout] test lnmarkets_withdraw_usd_endpoint_returns_error_without_credentials ... ok
[INFO] [stdout] test lnmarkets_module_tests::lnmarkets_deposit_client_integration_test_with_invalid_credentials ... FAILED
[INFO] [stdout] test lnmarkets_module_tests::lnmarkets_withdraw_client_integration_test_with_invalid_credentials ... FAILED
[INFO] [stdout] test lnmarkets_module_tests::lnmarkets_client_integration_test_with_invalid_credentials ... FAILED
[INFO] [stdout] test lnmarkets_module_tests::lnmarkets_withdraw_usd_client_integration_test_with_invalid_credentials ... FAILED
[INFO] [stderr] [2026-07-14T02:29:00Z DEBUG hyper_util::client::legacy::connect::http] connecting to [::1]:36891
[INFO] [stderr] [2026-07-14T02:29:00Z DEBUG hyper_util::client::legacy::connect::http] connecting to 127.0.0.1:36891
[INFO] [stderr] [2026-07-14T02:29:00Z DEBUG hyper_util::client::legacy::connect::http] connected to 127.0.0.1:36891
[INFO] [stderr] [2026-07-14T02:29:00Z INFO  actix_web::middleware::logger] 127.0.0.1 "POST /api/v1/lnmarkets/deposit HTTP/1.1" 400 67 "-" "-" 0.000333
[INFO] [stderr] [2026-07-14T02:29:00Z DEBUG hyper_util::client::legacy::pool] pooling idle connection for ("http", localhost:36891)
[INFO] [stderr] [2026-07-14T02:29:00Z DEBUG hyper_util::client::legacy::connect::http] connecting to [::1]:36451
[INFO] [stderr] [2026-07-14T02:29:00Z DEBUG hyper_util::client::legacy::connect::http] connecting to 127.0.0.1:36451
[INFO] [stderr] [2026-07-14T02:29:00Z DEBUG hyper_util::client::legacy::connect::http] connected to 127.0.0.1:36451
[INFO] [stderr] [2026-07-14T02:29:00Z INFO  actix_web::middleware::logger] 127.0.0.1 "GET /api/v1/lnmarkets/user HTTP/1.1" 400 67 "-" "-" 0.000225
[INFO] [stderr] [2026-07-14T02:29:00Z DEBUG hyper_util::client::legacy::pool] pooling idle connection for ("http", localhost:36451)
[INFO] [stdout] test lnmarkets_deposit_endpoint_returns_error_without_credentials ... ok
[INFO] [stdout] test lnmarkets_user_endpoint_exists ... ok
[INFO] [stderr] [2026-07-14T02:29:00Z DEBUG hyper_util::client::legacy::connect::http] connecting to [::1]:37873
[INFO] [stderr] [2026-07-14T02:29:00Z DEBUG hyper_util::client::legacy::connect::http] connecting to 127.0.0.1:37873
[INFO] [stderr] [2026-07-14T02:29:00Z DEBUG hyper_util::client::legacy::connect::http] connected to 127.0.0.1:37873
[INFO] [stderr] [2026-07-14T02:29:00Z INFO  actix_web::middleware::logger] 127.0.0.1 "POST /api/v1/lnmarkets/withdraw HTTP/1.1" 400 67 "-" "-" 0.000309
[INFO] [stderr] [2026-07-14T02:29:00Z DEBUG hyper_util::client::legacy::pool] pooling idle connection for ("http", localhost:37873)
[INFO] [stdout] test lnmarkets_withdraw_endpoint_exists ... ok
[INFO] [stdout] 
[INFO] [stdout] failures:
[INFO] [stdout] 
[INFO] [stdout] ---- lnmarkets_module_tests::lnmarkets_deposit_client_integration_test_with_invalid_credentials stdout ----
[INFO] [stdout] JSON body being signed: {"amount":1000}
[INFO] [stdout] Signature generation:
[INFO] [stdout]   Timestamp: 1783996139534
[INFO] [stdout]   Method: POST
[INFO] [stdout]   Full path: /v2/user/deposit
[INFO] [stdout]   Params: '{"amount":1000}'
[INFO] [stdout]   Params length: 15
[INFO] [stdout]   Message: '1783996139534POST/v2/user/deposit{"amount":1000}'
[INFO] [stdout]   Message length: 48
[INFO] [stdout]   Generated signature: bS15vD9fOv3qeCOanbKRRdnoo1Y8HfTJ5BgfshTLFew=
[INFO] [stdout] Making request to: https://api.testnet4.lnmarkets.com/v2/user/deposit
[INFO] [stdout] Method: POST, Path: /user/deposit
[INFO] [stdout] Auth headers: {"LNM-ACCESS-TIMESTAMP": "1783996139534", "LNM-ACCESS-SIGNATURE": "bS15vD9fOv3qeCOanbKRRdnoo1Y8HfTJ5BgfshTLFew=", "LNM-ACCESS-KEY": "invalid_key", "LNM-ACCESS-PASSPHRASE": "invalid_passphrase"}
[INFO] [stdout] 
[INFO] [stdout] thread 'lnmarkets_module_tests::lnmarkets_deposit_client_integration_test_with_invalid_credentials' (4367) panicked at tests/lnmarkets_test.rs:252:17:
[INFO] [stdout] Unexpected error type: RequestError(reqwest::Error { kind: Request, url: "https://api.testnet4.lnmarkets.com/v2/user/deposit", source: hyper_util::client::legacy::Error(Connect, ConnectError("dns error", Custom { kind: Uncategorized, error: "failed to lookup address information: Temporary failure in name resolution" })) })
[INFO] [stdout] stack backtrace:
[INFO] [stdout]    0:     0x581d0ad5f778 - std[10d71ac2c42b111e]::backtrace_rs::backtrace::libunwind::trace
[INFO] [stdout]                                at /rustc/b2282dd5646a57d570fc86fbe8df0e8826665ef6/library/std/src/../../backtrace/src/backtrace/libunwind.rs:117:9
[INFO] [stdout]    1:     0x581d0ad5f778 - std[10d71ac2c42b111e]::backtrace_rs::backtrace::trace_unsynchronized::<std[10d71ac2c42b111e]::sys::backtrace::_print_fmt::{closure#1}>
[INFO] [stdout]                                at /rustc/b2282dd5646a57d570fc86fbe8df0e8826665ef6/library/std/src/../../backtrace/src/backtrace/mod.rs:66:14
[INFO] [stdout]    2:     0x581d0ad5f778 - std[10d71ac2c42b111e]::sys::backtrace::_print_fmt
[INFO] [stdout]                                at /rustc/b2282dd5646a57d570fc86fbe8df0e8826665ef6/library/std/src/sys/backtrace.rs:74:9
[INFO] [stdout]    3:     0x581d0ad5f778 - <<std[10d71ac2c42b111e]::sys::backtrace::BacktraceLock>::print::DisplayBacktrace as core[8fb95b77d25ab6c8]::fmt::Display>::fmt
[INFO] [stdout]                                at /rustc/b2282dd5646a57d570fc86fbe8df0e8826665ef6/library/std/src/sys/backtrace.rs:44:26
[INFO] [stdout]    4:     0x581d0ad7a81a - <core[8fb95b77d25ab6c8]::fmt::rt::Argument>::fmt
[INFO] [stdout]                                at /rustc/b2282dd5646a57d570fc86fbe8df0e8826665ef6/library/core/src/fmt/rt.rs:152:76
[INFO] [stdout]    5:     0x581d0ad7a81a - core[8fb95b77d25ab6c8]::fmt::write
[INFO] [stdout]    6:     0x581d0ad663c2 - std[10d71ac2c42b111e]::io::default_write_fmt::<alloc[a7ee25936407c584]::vec::Vec<u8>>
[INFO] [stdout]                                at /rustc/b2282dd5646a57d570fc86fbe8df0e8826665ef6/library/std/src/io/mod.rs:622:11
[INFO] [stdout]    7:     0x581d0ad663c2 - <alloc[a7ee25936407c584]::vec::Vec<u8> as std[10d71ac2c42b111e]::io::Write>::write_fmt
[INFO] [stdout]                                at /rustc/b2282dd5646a57d570fc86fbe8df0e8826665ef6/library/std/src/io/mod.rs:1977:13
[INFO] [stdout]    8:     0x581d0ad3c646 - <std[10d71ac2c42b111e]::sys::backtrace::BacktraceLock>::print
[INFO] [stdout]                                at /rustc/b2282dd5646a57d570fc86fbe8df0e8826665ef6/library/std/src/sys/backtrace.rs:47:9
[INFO] [stdout]    9:     0x581d0ad3c646 - std[10d71ac2c42b111e]::panicking::default_hook::{closure#0}
[INFO] [stdout]                                at /rustc/b2282dd5646a57d570fc86fbe8df0e8826665ef6/library/std/src/panicking.rs:292:27
[INFO] [stdout]   10:     0x581d0ad56999 - std[10d71ac2c42b111e]::panicking::default_hook
[INFO] [stdout]                                at /rustc/b2282dd5646a57d570fc86fbe8df0e8826665ef6/library/std/src/panicking.rs:316:9
[INFO] [stdout]   11:     0x581d09e0cb6c - <alloc[a7ee25936407c584]::boxed::Box<dyn for<'a, 'b> core[8fb95b77d25ab6c8]::ops::function::Fn<(&'a std[10d71ac2c42b111e]::panic::PanicHookInfo<'b>,), Output = ()> + core[8fb95b77d25ab6c8]::marker::Sync + core[8fb95b77d25ab6c8]::marker::Send> as core[8fb95b77d25ab6c8]::ops::function::Fn<(&std[10d71ac2c42b111e]::panic::PanicHookInfo,)>>::call
[INFO] [stdout]                                at /rustc/b2282dd5646a57d570fc86fbe8df0e8826665ef6/library/alloc/src/boxed.rs:2289:9
[INFO] [stdout]   12:     0x581d09e0cb6c - test[213991da798b1c03]::test_main_inner::<test[213991da798b1c03]::test_main_static::{closure#0}>::{closure#0}
[INFO] [stdout]                                at /rustc/b2282dd5646a57d570fc86fbe8df0e8826665ef6/library/test/src/lib.rs:155:21
[INFO] [stdout]   13:     0x581d0ad56c12 - <alloc[a7ee25936407c584]::boxed::Box<dyn for<'a, 'b> core[8fb95b77d25ab6c8]::ops::function::Fn<(&'a std[10d71ac2c42b111e]::panic::PanicHookInfo<'b>,), Output = ()> + core[8fb95b77d25ab6c8]::marker::Sync + core[8fb95b77d25ab6c8]::marker::Send> as core[8fb95b77d25ab6c8]::ops::function::Fn<(&std[10d71ac2c42b111e]::panic::PanicHookInfo,)>>::call
[INFO] [stdout]                                at /rustc/b2282dd5646a57d570fc86fbe8df0e8826665ef6/library/alloc/src/boxed.rs:2289:9
[INFO] [stdout]   14:     0x581d0ad56c12 - std[10d71ac2c42b111e]::panicking::panic_with_hook
[INFO] [stdout]                                at /rustc/b2282dd5646a57d570fc86fbe8df0e8826665ef6/library/std/src/panicking.rs:833:13
[INFO] [stdout]   15:     0x581d0ad3c702 - std[10d71ac2c42b111e]::panicking::panic_handler::{closure#0}
[INFO] [stdout]                                at /rustc/b2282dd5646a57d570fc86fbe8df0e8826665ef6/library/std/src/panicking.rs:698:13
[INFO] [stdout]   16:     0x581d0ad31459 - std[10d71ac2c42b111e]::sys::backtrace::__rust_end_short_backtrace::<std[10d71ac2c42b111e]::panicking::panic_handler::{closure#0}, !>
[INFO] [stdout]                                at /rustc/b2282dd5646a57d570fc86fbe8df0e8826665ef6/library/std/src/sys/backtrace.rs:182:18
[INFO] [stdout]   17:     0x581d0ad3d67d - __rustc[3be9ba60078d4c86]::rust_begin_unwind
[INFO] [stdout]                                at /rustc/b2282dd5646a57d570fc86fbe8df0e8826665ef6/library/std/src/panicking.rs:689:5
[INFO] [stdout]   18:     0x581d0ad7b08c - core[8fb95b77d25ab6c8]::panicking::panic_fmt
[INFO] [stdout]                                at /rustc/b2282dd5646a57d570fc86fbe8df0e8826665ef6/library/core/src/panicking.rs:80:14
[INFO] [stdout]   19:     0x581d09df02e8 - lnmarkets_test[462e378d15b5a1b8]::lnmarkets_module_tests::lnmarkets_deposit_client_integration_test_with_invalid_credentials::{closure#0}
[INFO] [stdout]                                at /opt/rustwide/workdir/tests/lnmarkets_test.rs:252:17
[INFO] [stdout]   20:     0x581d09df9722 - <core[8fb95b77d25ab6c8]::pin::Pin<&mut dyn core[8fb95b77d25ab6c8]::future::future::Future<Output = ()>> as core[8fb95b77d25ab6c8]::future::future::Future>::poll
[INFO] [stdout]                                at /rustc/b2282dd5646a57d570fc86fbe8df0e8826665ef6/library/core/src/future/future.rs:133:9
[INFO] [stdout]   21:     0x581d09df979d - <core[8fb95b77d25ab6c8]::pin::Pin<&mut core[8fb95b77d25ab6c8]::pin::Pin<&mut dyn core[8fb95b77d25ab6c8]::future::future::Future<Output = ()>>> as core[8fb95b77d25ab6c8]::future::future::Future>::poll
[INFO] [stdout]                                at /rustc/b2282dd5646a57d570fc86fbe8df0e8826665ef6/library/core/src/future/future.rs:133:9
[INFO] [stdout]   22:     0x581d09de359d - <tokio[c6bfd4c71b753193]::runtime::scheduler::current_thread::CoreGuard>::block_on::<core[8fb95b77d25ab6c8]::pin::Pin<&mut core[8fb95b77d25ab6c8]::pin::Pin<&mut dyn core[8fb95b77d25ab6c8]::future::future::Future<Output = ()>>>>::{closure#0}::{closure#0}::{closure#0}
[INFO] [stdout]                                at /opt/rustwide/cargo-home/registry/src/index.crates.io-1949cf8c6b5b557f/tokio-1.46.1/src/runtime/scheduler/current_thread/mod.rs:742:70
[INFO] [stdout]   23:     0x581d09de349b - tokio[c6bfd4c71b753193]::task::coop::with_budget::<core[8fb95b77d25ab6c8]::task::poll::Poll<()>, <tokio[c6bfd4c71b753193]::runtime::scheduler::current_thread::CoreGuard>::block_on<core[8fb95b77d25ab6c8]::pin::Pin<&mut core[8fb95b77d25ab6c8]::pin::Pin<&mut dyn core[8fb95b77d25ab6c8]::future::future::Future<Output = ()>>>>::{closure#0}::{closure#0}::{closure#0}>
[INFO] [stdout]                                at /opt/rustwide/cargo-home/registry/src/index.crates.io-1949cf8c6b5b557f/tokio-1.46.1/src/task/coop/mod.rs:167:5
[INFO] [stdout]   24:     0x581d09de349b - tokio[c6bfd4c71b753193]::task::coop::budget::<core[8fb95b77d25ab6c8]::task::poll::Poll<()>, <tokio[c6bfd4c71b753193]::runtime::scheduler::current_thread::CoreGuard>::block_on<core[8fb95b77d25ab6c8]::pin::Pin<&mut core[8fb95b77d25ab6c8]::pin::Pin<&mut dyn core[8fb95b77d25ab6c8]::future::future::Future<Output = ()>>>>::{closure#0}::{closure#0}::{closure#0}>
[INFO] [stdout]                                at /opt/rustwide/cargo-home/registry/src/index.crates.io-1949cf8c6b5b557f/tokio-1.46.1/src/task/coop/mod.rs:133:5
[INFO] [stdout]   25:     0x581d09de349b - <tokio[c6bfd4c71b753193]::runtime::scheduler::current_thread::CoreGuard>::block_on::<core[8fb95b77d25ab6c8]::pin::Pin<&mut core[8fb95b77d25ab6c8]::pin::Pin<&mut dyn core[8fb95b77d25ab6c8]::future::future::Future<Output = ()>>>>::{closure#0}::{closure#0}
[INFO] [stdout]                                at /opt/rustwide/cargo-home/registry/src/index.crates.io-1949cf8c6b5b557f/tokio-1.46.1/src/runtime/scheduler/current_thread/mod.rs:742:25
[INFO] [stdout]   26:     0x581d09ddbc80 - <tokio[c6bfd4c71b753193]::runtime::scheduler::current_thread::Context>::enter::<core[8fb95b77d25ab6c8]::task::poll::Poll<()>, <tokio[c6bfd4c71b753193]::runtime::scheduler::current_thread::CoreGuard>::block_on<core[8fb95b77d25ab6c8]::pin::Pin<&mut core[8fb95b77d25ab6c8]::pin::Pin<&mut dyn core[8fb95b77d25ab6c8]::future::future::Future<Output = ()>>>>::{closure#0}::{closure#0}>
[INFO] [stdout]                                at /opt/rustwide/cargo-home/registry/src/index.crates.io-1949cf8c6b5b557f/tokio-1.46.1/src/runtime/scheduler/current_thread/mod.rs:432:19
[INFO] [stdout]   27:     0x581d09de285d - <tokio[c6bfd4c71b753193]::runtime::scheduler::current_thread::CoreGuard>::block_on::<core[8fb95b77d25ab6c8]::pin::Pin<&mut core[8fb95b77d25ab6c8]::pin::Pin<&mut dyn core[8fb95b77d25ab6c8]::future::future::Future<Output = ()>>>>::{closure#0}
[INFO] [stdout]                                at /opt/rustwide/cargo-home/registry/src/index.crates.io-1949cf8c6b5b557f/tokio-1.46.1/src/runtime/scheduler/current_thread/mod.rs:741:44
[INFO] [stdout]   28:     0x581d09de1b44 - <tokio[c6bfd4c71b753193]::runtime::scheduler::current_thread::CoreGuard>::enter::<<tokio[c6bfd4c71b753193]::runtime::scheduler::current_thread::CoreGuard>::block_on<core[8fb95b77d25ab6c8]::pin::Pin<&mut core[8fb95b77d25ab6c8]::pin::Pin<&mut dyn core[8fb95b77d25ab6c8]::future::future::Future<Output = ()>>>>::{closure#0}, core[8fb95b77d25ab6c8]::option::Option<()>>::{closure#0}
[INFO] [stdout]                                at /opt/rustwide/cargo-home/registry/src/index.crates.io-1949cf8c6b5b557f/tokio-1.46.1/src/runtime/scheduler/current_thread/mod.rs:829:68
[INFO] [stdout]   29:     0x581d09df4c2b - <tokio[c6bfd4c71b753193]::runtime::context::scoped::Scoped<tokio[c6bfd4c71b753193]::runtime::scheduler::Context>>::set::<<tokio[c6bfd4c71b753193]::runtime::scheduler::current_thread::CoreGuard>::enter<<tokio[c6bfd4c71b753193]::runtime::scheduler::current_thread::CoreGuard>::block_on<core[8fb95b77d25ab6c8]::pin::Pin<&mut core[8fb95b77d25ab6c8]::pin::Pin<&mut dyn core[8fb95b77d25ab6c8]::future::future::Future<Output = ()>>>>::{closure#0}, core[8fb95b77d25ab6c8]::option::Option<()>>::{closure#0}, (alloc[a7ee25936407c584]::boxed::Box<tokio[c6bfd4c71b753193]::runtime::scheduler::current_thread::Core>, core[8fb95b77d25ab6c8]::option::Option<()>)>
[INFO] [stdout]                                at /opt/rustwide/cargo-home/registry/src/index.crates.io-1949cf8c6b5b557f/tokio-1.46.1/src/runtime/context/scoped.rs:40:9
[INFO] [stdout]   30:     0x581d09df8099 - tokio[c6bfd4c71b753193]::runtime::context::set_scheduler::<(alloc[a7ee25936407c584]::boxed::Box<tokio[c6bfd4c71b753193]::runtime::scheduler::current_thread::Core>, core[8fb95b77d25ab6c8]::option::Option<()>), <tokio[c6bfd4c71b753193]::runtime::scheduler::current_thread::CoreGuard>::enter<<tokio[c6bfd4c71b753193]::runtime::scheduler::current_thread::CoreGuard>::block_on<core[8fb95b77d25ab6c8]::pin::Pin<&mut core[8fb95b77d25ab6c8]::pin::Pin<&mut dyn core[8fb95b77d25ab6c8]::future::future::Future<Output = ()>>>>::{closure#0}, core[8fb95b77d25ab6c8]::option::Option<()>>::{closure#0}>::{closure#0}
[INFO] [stdout]                                at /opt/rustwide/cargo-home/registry/src/index.crates.io-1949cf8c6b5b557f/tokio-1.46.1/src/runtime/context.rs:176:38
[INFO] [stdout]   31:     0x581d09ded132 - <std[10d71ac2c42b111e]::thread::local::LocalKey<tokio[c6bfd4c71b753193]::runtime::context::Context>>::try_with::<tokio[c6bfd4c71b753193]::runtime::context::set_scheduler<(alloc[a7ee25936407c584]::boxed::Box<tokio[c6bfd4c71b753193]::runtime::scheduler::current_thread::Core>, core[8fb95b77d25ab6c8]::option::Option<()>), <tokio[c6bfd4c71b753193]::runtime::scheduler::current_thread::CoreGuard>::enter<<tokio[c6bfd4c71b753193]::runtime::scheduler::current_thread::CoreGuard>::block_on<core[8fb95b77d25ab6c8]::pin::Pin<&mut core[8fb95b77d25ab6c8]::pin::Pin<&mut dyn core[8fb95b77d25ab6c8]::future::future::Future<Output = ()>>>>::{closure#0}, core[8fb95b77d25ab6c8]::option::Option<()>>::{closure#0}>::{closure#0}, (alloc[a7ee25936407c584]::boxed::Box<tokio[c6bfd4c71b753193]::runtime::scheduler::current_thread::Core>, core[8fb95b77d25ab6c8]::option::Option<()>)>
[INFO] [stdout]                                at /rustc/b2282dd5646a57d570fc86fbe8df0e8826665ef6/library/std/src/thread/local.rs:462:12
[INFO] [stdout]   32:     0x581d09deccbe - <std[10d71ac2c42b111e]::thread::local::LocalKey<tokio[c6bfd4c71b753193]::runtime::context::Context>>::with::<tokio[c6bfd4c71b753193]::runtime::context::set_scheduler<(alloc[a7ee25936407c584]::boxed::Box<tokio[c6bfd4c71b753193]::runtime::scheduler::current_thread::Core>, core[8fb95b77d25ab6c8]::option::Option<()>), <tokio[c6bfd4c71b753193]::runtime::scheduler::current_thread::CoreGuard>::enter<<tokio[c6bfd4c71b753193]::runtime::scheduler::current_thread::CoreGuard>::block_on<core[8fb95b77d25ab6c8]::pin::Pin<&mut core[8fb95b77d25ab6c8]::pin::Pin<&mut dyn core[8fb95b77d25ab6c8]::future::future::Future<Output = ()>>>>::{closure#0}, core[8fb95b77d25ab6c8]::option::Option<()>>::{closure#0}>::{closure#0}, (alloc[a7ee25936407c584]::boxed::Box<tokio[c6bfd4c71b753193]::runtime::scheduler::current_thread::Core>, core[8fb95b77d25ab6c8]::option::Option<()>)>
[INFO] [stdout]                                at /rustc/b2282dd5646a57d570fc86fbe8df0e8826665ef6/library/std/src/thread/local.rs:426:20
[INFO] [stdout]   33:     0x581d09df750d - tokio[c6bfd4c71b753193]::runtime::context::set_scheduler::<(alloc[a7ee25936407c584]::boxed::Box<tokio[c6bfd4c71b753193]::runtime::scheduler::current_thread::Core>, core[8fb95b77d25ab6c8]::option::Option<()>), <tokio[c6bfd4c71b753193]::runtime::scheduler::current_thread::CoreGuard>::enter<<tokio[c6bfd4c71b753193]::runtime::scheduler::current_thread::CoreGuard>::block_on<core[8fb95b77d25ab6c8]::pin::Pin<&mut core[8fb95b77d25ab6c8]::pin::Pin<&mut dyn core[8fb95b77d25ab6c8]::future::future::Future<Output = ()>>>>::{closure#0}, core[8fb95b77d25ab6c8]::option::Option<()>>::{closure#0}>
[INFO] [stdout]                                at /opt/rustwide/cargo-home/registry/src/index.crates.io-1949cf8c6b5b557f/tokio-1.46.1/src/runtime/context.rs:176:17
[INFO] [stdout]   34:     0x581d09ddd230 - <tokio[c6bfd4c71b753193]::runtime::scheduler::current_thread::CoreGuard>::enter::<<tokio[c6bfd4c71b753193]::runtime::scheduler::current_thread::CoreGuard>::block_on<core[8fb95b77d25ab6c8]::pin::Pin<&mut core[8fb95b77d25ab6c8]::pin::Pin<&mut dyn core[8fb95b77d25ab6c8]::future::future::Future<Output = ()>>>>::{closure#0}, core[8fb95b77d25ab6c8]::option::Option<()>>
[INFO] [stdout]                                at /opt/rustwide/cargo-home/registry/src/index.crates.io-1949cf8c6b5b557f/tokio-1.46.1/src/runtime/scheduler/current_thread/mod.rs:829:27
[INFO] [stdout]   35:     0x581d09ddd526 - <tokio[c6bfd4c71b753193]::runtime::scheduler::current_thread::CoreGuard>::block_on::<core[8fb95b77d25ab6c8]::pin::Pin<&mut core[8fb95b77d25ab6c8]::pin::Pin<&mut dyn core[8fb95b77d25ab6c8]::future::future::Future<Output = ()>>>>
[INFO] [stdout]                                at /opt/rustwide/cargo-home/registry/src/index.crates.io-1949cf8c6b5b557f/tokio-1.46.1/src/runtime/scheduler/current_thread/mod.rs:729:24
[INFO] [stdout]   36:     0x581d09de1750 - <tokio[c6bfd4c71b753193]::runtime::scheduler::current_thread::CurrentThread>::block_on::<core[8fb95b77d25ab6c8]::pin::Pin<&mut dyn core[8fb95b77d25ab6c8]::future::future::Future<Output = ()>>>::{closure#0}
[INFO] [stdout]                                at /opt/rustwide/cargo-home/registry/src/index.crates.io-1949cf8c6b5b557f/tokio-1.46.1/src/runtime/scheduler/current_thread/mod.rs:200:33
[INFO] [stdout]   37:     0x581d09dfc323 - tokio[c6bfd4c71b753193]::runtime::context::runtime::enter_runtime::<<tokio[c6bfd4c71b753193]::runtime::scheduler::current_thread::CurrentThread>::block_on<core[8fb95b77d25ab6c8]::pin::Pin<&mut dyn core[8fb95b77d25ab6c8]::future::future::Future<Output = ()>>>::{closure#0}, ()>
[INFO] [stdout]                                at /opt/rustwide/cargo-home/registry/src/index.crates.io-1949cf8c6b5b557f/tokio-1.46.1/src/runtime/context/runtime.rs:65:16
[INFO] [stdout]   38:     0x581d09ddb7b1 - <tokio[c6bfd4c71b753193]::runtime::scheduler::current_thread::CurrentThread>::block_on::<core[8fb95b77d25ab6c8]::pin::Pin<&mut dyn core[8fb95b77d25ab6c8]::future::future::Future<Output = ()>>>
[INFO] [stdout]                                at /opt/rustwide/cargo-home/registry/src/index.crates.io-1949cf8c6b5b557f/tokio-1.46.1/src/runtime/scheduler/current_thread/mod.rs:188:9
[INFO] [stdout]   39:     0x581d09df9d04 - <tokio[c6bfd4c71b753193]::runtime::runtime::Runtime>::block_on_inner::<core[8fb95b77d25ab6c8]::pin::Pin<&mut dyn core[8fb95b77d25ab6c8]::future::future::Future<Output = ()>>>
[INFO] [stdout]                                at /opt/rustwide/cargo-home/registry/src/index.crates.io-1949cf8c6b5b557f/tokio-1.46.1/src/runtime/runtime.rs:356:52
[INFO] [stdout]   40:     0x581d09df9ecf - <tokio[c6bfd4c71b753193]::runtime::runtime::Runtime>::block_on::<core[8fb95b77d25ab6c8]::pin::Pin<&mut dyn core[8fb95b77d25ab6c8]::future::future::Future<Output = ()>>>
[INFO] [stdout]                                at /opt/rustwide/cargo-home/registry/src/index.crates.io-1949cf8c6b5b557f/tokio-1.46.1/src/runtime/runtime.rs:330:18
[INFO] [stdout]   41:     0x581d09df3f37 - lnmarkets_test[462e378d15b5a1b8]::lnmarkets_module_tests::lnmarkets_deposit_client_integration_test_with_invalid_credentials
[INFO] [stdout]                                at /opt/rustwide/workdir/tests/lnmarkets_test.rs:242:35
[INFO] [stdout]   42:     0x581d09def047 - lnmarkets_test[462e378d15b5a1b8]::lnmarkets_module_tests::lnmarkets_deposit_client_integration_test_with_invalid_credentials::{closure#0}
[INFO] [stdout]                                at /opt/rustwide/workdir/tests/lnmarkets_test.rs:228:82
[INFO] [stdout]   43:     0x581d09de3be6 - <lnmarkets_test[462e378d15b5a1b8]::lnmarkets_module_tests::lnmarkets_deposit_client_integration_test_with_invalid_credentials::{closure#0} as core[8fb95b77d25ab6c8]::ops::function::FnOnce<()>>::call_once
[INFO] [stdout]                                at /rustc/b2282dd5646a57d570fc86fbe8df0e8826665ef6/library/core/src/ops/function.rs:250:5
[INFO] [stdout]   44:     0x581d09dffc4b - <fn() -> core[8fb95b77d25ab6c8]::result::Result<(), alloc[a7ee25936407c584]::string::String> as core[8fb95b77d25ab6c8]::ops::function::FnOnce<()>>::call_once
[INFO] [stdout]                                at /rustc/b2282dd5646a57d570fc86fbe8df0e8826665ef6/library/core/src/ops/function.rs:250:5
[INFO] [stdout]   45:     0x581d09dffc4b - test[213991da798b1c03]::__rust_begin_short_backtrace::<core[8fb95b77d25ab6c8]::result::Result<(), alloc[a7ee25936407c584]::string::String>, fn() -> core[8fb95b77d25ab6c8]::result::Result<(), alloc[a7ee25936407c584]::string::String>>
[INFO] [stdout]                                at /rustc/b2282dd5646a57d570fc86fbe8df0e8826665ef6/library/test/src/lib.rs:724:18
[INFO] [stdout]   46:     0x581d09e0d4c5 - test[213991da798b1c03]::run_test_in_process::{closure#0}
[INFO] [stdout]                                at /rustc/b2282dd5646a57d570fc86fbe8df0e8826665ef6/library/test/src/lib.rs:747:74
[INFO] [stdout]   47:     0x581d09e0d4c5 - <core[8fb95b77d25ab6c8]::panic::unwind_safe::AssertUnwindSafe<test[213991da798b1c03]::run_test_in_process::{closure#0}> as core[8fb95b77d25ab6c8]::ops::function::FnOnce<()>>::call_once
[INFO] [stdout]                                at /rustc/b2282dd5646a57d570fc86fbe8df0e8826665ef6/library/core/src/panic/unwind_safe.rs:275:9
[INFO] [stdout]   48:     0x581d09e0d4c5 - std[10d71ac2c42b111e]::panicking::catch_unwind::do_call::<core[8fb95b77d25ab6c8]::panic::unwind_safe::AssertUnwindSafe<test[213991da798b1c03]::run_test_in_process::{closure#0}>, core[8fb95b77d25ab6c8]::result::Result<(), alloc[a7ee25936407c584]::string::String>>
[INFO] [stdout]                                at /rustc/b2282dd5646a57d570fc86fbe8df0e8826665ef6/library/std/src/panicking.rs:581:40
[INFO] [stdout]   49:     0x581d09e0d4c5 - std[10d71ac2c42b111e]::panicking::catch_unwind::<core[8fb95b77d25ab6c8]::result::Result<(), alloc[a7ee25936407c584]::string::String>, core[8fb95b77d25ab6c8]::panic::unwind_safe::AssertUnwindSafe<test[213991da798b1c03]::run_test_in_process::{closure#0}>>
[INFO] [stdout]                                at /rustc/b2282dd5646a57d570fc86fbe8df0e8826665ef6/library/std/src/panicking.rs:544:19
[INFO] [stdout]   50:     0x581d09e0d4c5 - std[10d71ac2c42b111e]::panic::catch_unwind::<core[8fb95b77d25ab6c8]::panic::unwind_safe::AssertUnwindSafe<test[213991da798b1c03]::run_test_in_process::{closure#0}>, core[8fb95b77d25ab6c8]::result::Result<(), alloc[a7ee25936407c584]::string::String>>
[INFO] [stdout]                                at /rustc/b2282dd5646a57d570fc86fbe8df0e8826665ef6/library/std/src/panic.rs:359:14
[INFO] [stdout]   51:     0x581d09e0d4c5 - test[213991da798b1c03]::run_test_in_process
[INFO] [stdout]                                at /rustc/b2282dd5646a57d570fc86fbe8df0e8826665ef6/library/test/src/lib.rs:747:27
[INFO] [stdout]   52:     0x581d09e0d4c5 - test[213991da798b1c03]::run_test::{closure#0}
[INFO] [stdout]                                at /rustc/b2282dd5646a57d570fc86fbe8df0e8826665ef6/library/test/src/lib.rs:668:43
[INFO] [stdout]   53:     0x581d09e06dd4 - test[213991da798b1c03]::run_test::{closure#1}
[INFO] [stdout]                                at /rustc/b2282dd5646a57d570fc86fbe8df0e8826665ef6/library/test/src/lib.rs:698:41
[INFO] [stdout]   54:     0x581d09e06dd4 - std[10d71ac2c42b111e]::sys::backtrace::__rust_begin_short_backtrace::<test[213991da798b1c03]::run_test::{closure#1}, ()>
[INFO] [stdout]                                at /rustc/b2282dd5646a57d570fc86fbe8df0e8826665ef6/library/std/src/sys/backtrace.rs:166:18
[INFO] [stdout]   55:     0x581d09e10542 - std[10d71ac2c42b111e]::thread::lifecycle::spawn_unchecked::<test[213991da798b1c03]::run_test::{closure#1}, ()>::{closure#1}::{closure#0}
[INFO] [stdout]                                at /rustc/b2282dd5646a57d570fc86fbe8df0e8826665ef6/library/std/src/thread/lifecycle.rs:70:13
[INFO] [stdout]   56:     0x581d09e10542 - <core[8fb95b77d25ab6c8]::panic::unwind_safe::AssertUnwindSafe<std[10d71ac2c42b111e]::thread::lifecycle::spawn_unchecked<test[213991da798b1c03]::run_test::{closure#1}, ()>::{closure#1}::{closure#0}> as core[8fb95b77d25ab6c8]::ops::function::FnOnce<()>>::call_once
[INFO] [stdout]                                at /rustc/b2282dd5646a57d570fc86fbe8df0e8826665ef6/library/core/src/panic/unwind_safe.rs:275:9
[INFO] [stdout]   57:     0x581d09e10542 - std[10d71ac2c42b111e]::panicking::catch_unwind::do_call::<core[8fb95b77d25ab6c8]::panic::unwind_safe::AssertUnwindSafe<std[10d71ac2c42b111e]::thread::lifecycle::spawn_unchecked<test[213991da798b1c03]::run_test::{closure#1}, ()>::{closure#1}::{closure#0}>, ()>
[INFO] [stdout]                                at /rustc/b2282dd5646a57d570fc86fbe8df0e8826665ef6/library/std/src/panicking.rs:581:40
[INFO] [stdout]   58:     0x581d09e10542 - std[10d71ac2c42b111e]::panicking::catch_unwind::<(), core[8fb95b77d25ab6c8]::panic::unwind_safe::AssertUnwindSafe<std[10d71ac2c42b111e]::thread::lifecycle::spawn_unchecked<test[213991da798b1c03]::run_test::{closure#1}, ()>::{closure#1}::{closure#0}>>
[INFO] [stdout]                                at /rustc/b2282dd5646a57d570fc86fbe8df0e8826665ef6/library/std/src/panicking.rs:544:19
[INFO] [stdout]   59:     0x581d09e10542 - std[10d71ac2c42b111e]::panic::catch_unwind::<core[8fb95b77d25ab6c8]::panic::unwind_safe::AssertUnwindSafe<std[10d71ac2c42b111e]::thread::lifecycle::spawn_unchecked<test[213991da798b1c03]::run_test::{closure#1}, ()>::{closure#1}::{closure#0}>, ()>
[INFO] [stdout]                                at /rustc/b2282dd5646a57d570fc86fbe8df0e8826665ef6/library/std/src/panic.rs:359:14
[INFO] [stdout]   60:     0x581d09e10542 - std[10d71ac2c42b111e]::thread::lifecycle::spawn_unchecked::<test[213991da798b1c03]::run_test::{closure#1}, ()>::{closure#1}
[INFO] [stdout]                                at /rustc/b2282dd5646a57d570fc86fbe8df0e8826665ef6/library/std/src/thread/lifecycle.rs:68:26
[INFO] [stdout]   61:     0x581d09e10542 - <std[10d71ac2c42b111e]::thread::lifecycle::spawn_unchecked<test[213991da798b1c03]::run_test::{closure#1}, ()>::{closure#1} as core[8fb95b77d25ab6c8]::ops::function::FnOnce<()>>::call_once::{shim:vtable#0}
[INFO] [stdout]                                at /rustc/b2282dd5646a57d570fc86fbe8df0e8826665ef6/library/core/src/ops/function.rs:250:5
[INFO] [stdout]   62:     0x581d0ad5e73f - <alloc[a7ee25936407c584]::boxed::Box<dyn core[8fb95b77d25ab6c8]::ops::function::FnOnce<(), Output = ()> + core[8fb95b77d25ab6c8]::marker::Send> as core[8fb95b77d25ab6c8]::ops::function::FnOnce<()>>::call_once
[INFO] [stdout]                                at /rustc/b2282dd5646a57d570fc86fbe8df0e8826665ef6/library/alloc/src/boxed.rs:2275:9
[INFO] [stdout]   63:     0x581d0ad5e73f - <std[10d71ac2c42b111e]::sys::thread::unix::Thread>::new::thread_start
[INFO] [stdout]                                at /rustc/b2282dd5646a57d570fc86fbe8df0e8826665ef6/library/std/src/sys/thread/unix.rs:118:17
[INFO] [stdout]   64:     0x77e29e4c4aa4 - <unknown>
[INFO] [stdout]   65:     0x77e29e551a64 - clone
[INFO] [stdout]   66:                0x0 - <unknown>
[INFO] [stdout] 
[INFO] [stdout] ---- lnmarkets_module_tests::lnmarkets_withdraw_client_integration_test_with_invalid_credentials stdout ----
[INFO] [stdout] JSON body being signed: {"invoice":"lnbc13370n1pjufy72pp5eyxlltyeyzhvppmzqvy2np7d44xq3vpmgqj90cysznsuxzncn6vqdqqcqzzsxqyz5vqsp59auvwgxtl873ptdyv08x7vqz0hyq3ddx893ejr26zvyz4za7c3hq9qyyssq89j8u6vd84z4u7tn9azrd49nfrg6nczvv03fh0u5sk0tlw9tv05zvxdm0ggmnyscwr8k2jj7cuj0f2yeqnfu7c05vpe2rhs8j4zryecpp59v2s"}
[INFO] [stdout] Signature generation:
[INFO] [stdout]   Timestamp: 1783996139650
[INFO] [stdout]   Method: POST
[INFO] [stdout]   Full path: /v2/user/withdraw
[INFO] [stdout]   Params: '{"invoice":"lnbc13370n1pjufy72pp5eyxlltyeyzhvppmzqvy2np7d44xq3vpmgqj90cysznsuxzncn6vqdqqcqzzsxqyz5vqsp59auvwgxtl873ptdyv08x7vqz0hyq3ddx893ejr26zvyz4za7c3hq9qyyssq89j8u6vd84z4u7tn9azrd49nfrg6nczvv03fh0u5sk0tlw9tv05zvxdm0ggmnyscwr8k2jj7cuj0f2yeqnfu7c05vpe2rhs8j4zryecpp59v2s"}'
[INFO] [stdout]   Params length: 274
[INFO] [stdout]   Message: '1783996139650POST/v2/user/withdraw{"invoice":"lnbc13370n1pjufy72pp5eyxlltyeyzhvppmzqvy2np7d44xq3vpmgqj90cysznsuxzncn6vqdqqcqzzsxqyz5vqsp59auvwgxtl873ptdyv08x7vqz0hyq3ddx893ejr26zvyz4za7c3hq9qyyssq89j8u6vd84z4u7tn9azrd49nfrg6nczvv03fh0u5sk0tlw9tv05zvxdm0ggmnyscwr8k2jj7cuj0f2yeqnfu7c05vpe2rhs8j4zryecpp59v2s"}'
[INFO] [stdout]   Message length: 308
[INFO] [stdout]   Generated signature: 3sc4BepY2dnVxbp5ogooD+vDdFk++PAQx5n8Y7WrwyQ=
[INFO] [stdout] Making request to: https://api.testnet4.lnmarkets.com/v2/user/withdraw
[INFO] [stdout] Method: POST, Path: /user/withdraw
[INFO] [stdout] Auth headers: {"LNM-ACCESS-SIGNATURE": "3sc4BepY2dnVxbp5ogooD+vDdFk++PAQx5n8Y7WrwyQ=", "LNM-ACCESS-TIMESTAMP": "1783996139650", "LNM-ACCESS-KEY": "invalid_key", "LNM-ACCESS-PASSPHRASE": "invalid_passphrase"}
[INFO] [stdout] 
[INFO] [stdout] thread 'lnmarkets_module_tests::lnmarkets_withdraw_client_integration_test_with_invalid_credentials' (4368) panicked at tests/lnmarkets_test.rs:283:17:
[INFO] [stdout] Unexpected error type: RequestError(reqwest::Error { kind: Request, url: "https://api.testnet4.lnmarkets.com/v2/user/withdraw", source: hyper_util::client::legacy::Error(Connect, ConnectError("dns error", Custom { kind: Uncategorized, error: "failed to lookup address information: Temporary failure in name resolution" })) })
[INFO] [stdout] stack backtrace:
[INFO] [stdout]    0:     0x581d0ad5f778 - std[10d71ac2c42b111e]::backtrace_rs::backtrace::libunwind::trace
[INFO] [stdout]                                at /rustc/b2282dd5646a57d570fc86fbe8df0e8826665ef6/library/std/src/../../backtrace/src/backtrace/libunwind.rs:117:9
[INFO] [stdout]    1:     0x581d0ad5f778 - std[10d71ac2c42b111e]::backtrace_rs::backtrace::trace_unsynchronized::<std[10d71ac2c42b111e]::sys::backtrace::_print_fmt::{closure#1}>
[INFO] [stdout]                                at /rustc/b2282dd5646a57d570fc86fbe8df0e8826665ef6/library/std/src/../../backtrace/src/backtrace/mod.rs:66:14
[INFO] [stdout]    2:     0x581d0ad5f778 - std[10d71ac2c42b111e]::sys::backtrace::_print_fmt
[INFO] [stdout]                                at /rustc/b2282dd5646a57d570fc86fbe8df0e8826665ef6/library/std/src/sys/backtrace.rs:74:9
[INFO] [stdout]    3:     0x581d0ad5f778 - <<std[10d71ac2c42b111e]::sys::backtrace::BacktraceLock>::print::DisplayBacktrace as core[8fb95b77d25ab6c8]::fmt::Display>::fmt
[INFO] [stdout]                                at /rustc/b2282dd5646a57d570fc86fbe8df0e8826665ef6/library/std/src/sys/backtrace.rs:44:26
[INFO] [stdout]    4:     0x581d0ad7a81a - <core[8fb95b77d25ab6c8]::fmt::rt::Argument>::fmt
[INFO] [stdout]                                at /rustc/b2282dd5646a57d570fc86fbe8df0e8826665ef6/library/core/src/fmt/rt.rs:152:76
[INFO] [stdout]    5:     0x581d0ad7a81a - core[8fb95b77d25ab6c8]::fmt::write
[INFO] [stdout]    6:     0x581d0ad663c2 - std[10d71ac2c42b111e]::io::default_write_fmt::<alloc[a7ee25936407c584]::vec::Vec<u8>>
[INFO] [stdout]                                at /rustc/b2282dd5646a57d570fc86fbe8df0e8826665ef6/library/std/src/io/mod.rs:622:11
[INFO] [stdout]    7:     0x581d0ad663c2 - <alloc[a7ee25936407c584]::vec::Vec<u8> as std[10d71ac2c42b111e]::io::Write>::write_fmt
[INFO] [stdout]                                at /rustc/b2282dd5646a57d570fc86fbe8df0e8826665ef6/library/std/src/io/mod.rs:1977:13
[INFO] [stdout]    8:     0x581d0ad3c646 - <std[10d71ac2c42b111e]::sys::backtrace::BacktraceLock>::print
[INFO] [stdout]                                at /rustc/b2282dd5646a57d570fc86fbe8df0e8826665ef6/library/std/src/sys/backtrace.rs:47:9
[INFO] [stdout]    9:     0x581d0ad3c646 - std[10d71ac2c42b111e]::panicking::default_hook::{closure#0}
[INFO] [stdout]                                at /rustc/b2282dd5646a57d570fc86fbe8df0e8826665ef6/library/std/src/panicking.rs:292:27
[INFO] [stdout]   10:     0x581d0ad56999 - std[10d71ac2c42b111e]::panicking::default_hook
[INFO] [stdout]                                at /rustc/b2282dd5646a57d570fc86fbe8df0e8826665ef6/library/std/src/panicking.rs:316:9
[INFO] [stdout]   11:     0x581d09e0cb6c - <alloc[a7ee25936407c584]::boxed::Box<dyn for<'a, 'b> core[8fb95b77d25ab6c8]::ops::function::Fn<(&'a std[10d71ac2c42b111e]::panic::PanicHookInfo<'b>,), Output = ()> + core[8fb95b77d25ab6c8]::marker::Sync + core[8fb95b77d25ab6c8]::marker::Send> as core[8fb95b77d25ab6c8]::ops::function::Fn<(&std[10d71ac2c42b111e]::panic::PanicHookInfo,)>>::call
[INFO] [stdout]                                at /rustc/b2282dd5646a57d570fc86fbe8df0e8826665ef6/library/alloc/src/boxed.rs:2289:9
[INFO] [stdout]   12:     0x581d09e0cb6c - test[213991da798b1c03]::test_main_inner::<test[213991da798b1c03]::test_main_static::{closure#0}>::{closure#0}
[INFO] [stdout]                                at /rustc/b2282dd5646a57d570fc86fbe8df0e8826665ef6/library/test/src/lib.rs:155:21
[INFO] [stdout]   13:     0x581d0ad56c12 - <alloc[a7ee25936407c584]::boxed::Box<dyn for<'a, 'b> core[8fb95b77d25ab6c8]::ops::function::Fn<(&'a std[10d71ac2c42b111e]::panic::PanicHookInfo<'b>,), Output = ()> + core[8fb95b77d25ab6c8]::marker::Sync + core[8fb95b77d25ab6c8]::marker::Send> as core[8fb95b77d25ab6c8]::ops::function::Fn<(&std[10d71ac2c42b111e]::panic::PanicHookInfo,)>>::call
[INFO] [stdout]                                at /rustc/b2282dd5646a57d570fc86fbe8df0e8826665ef6/library/alloc/src/boxed.rs:2289:9
[INFO] [stdout]   14:     0x581d0ad56c12 - std[10d71ac2c42b111e]::panicking::panic_with_hook
[INFO] [stdout]                                at /rustc/b2282dd5646a57d570fc86fbe8df0e8826665ef6/library/std/src/panicking.rs:833:13
[INFO] [stdout]   15:     0x581d0ad3c702 - std[10d71ac2c42b111e]::panicking::panic_handler::{closure#0}
[INFO] [stdout]                                at /rustc/b2282dd5646a57d570fc86fbe8df0e8826665ef6/library/std/src/panicking.rs:698:13
[INFO] [stdout]   16:     0x581d0ad31459 - std[10d71ac2c42b111e]::sys::backtrace::__rust_end_short_backtrace::<std[10d71ac2c42b111e]::panicking::panic_handler::{closure#0}, !>
[INFO] [stdout]                                at /rustc/b2282dd5646a57d570fc86fbe8df0e8826665ef6/library/std/src/sys/backtrace.rs:182:18
[INFO] [stdout]   17:     0x581d0ad3d67d - __rustc[3be9ba60078d4c86]::rust_begin_unwind
[INFO] [stdout]                                at /rustc/b2282dd5646a57d570fc86fbe8df0e8826665ef6/library/std/src/panicking.rs:689:5
[INFO] [stdout]   18:     0x581d0ad7b08c - core[8fb95b77d25ab6c8]::panicking::panic_fmt
[INFO] [stdout]                                at /rustc/b2282dd5646a57d570fc86fbe8df0e8826665ef6/library/core/src/panicking.rs:80:14
[INFO] [stdout]   19:     0x581d09df0c9e - lnmarkets_test[462e378d15b5a1b8]::lnmarkets_module_tests::lnmarkets_withdraw_client_integration_test_with_invalid_credentials::{closure#0}
[INFO] [stdout]                                at /opt/rustwide/workdir/tests/lnmarkets_test.rs:283:17
[INFO] [stdout]   20:     0x581d09df9722 - <core[8fb95b77d25ab6c8]::pin::Pin<&mut dyn core[8fb95b77d25ab6c8]::future::future::Future<Output = ()>> as core[8fb95b77d25ab6c8]::future::future::Future>::poll
[INFO] [stdout]                                at /rustc/b2282dd5646a57d570fc86fbe8df0e8826665ef6/library/core/src/future/future.rs:133:9
[INFO] [stdout]   21:     0x581d09df979d - <core[8fb95b77d25ab6c8]::pin::Pin<&mut core[8fb95b77d25ab6c8]::pin::Pin<&mut dyn core[8fb95b77d25ab6c8]::future::future::Future<Output = ()>>> as core[8fb95b77d25ab6c8]::future::future::Future>::poll
[INFO] [stdout]                                at /rustc/b2282dd5646a57d570fc86fbe8df0e8826665ef6/library/core/src/future/future.rs:133:9
[INFO] [stdout]   22:     0x581d09de359d - <tokio[c6bfd4c71b753193]::runtime::scheduler::current_thread::CoreGuard>::block_on::<core[8fb95b77d25ab6c8]::pin::Pin<&mut core[8fb95b77d25ab6c8]::pin::Pin<&mut dyn core[8fb95b77d25ab6c8]::future::future::Future<Output = ()>>>>::{closure#0}::{closure#0}::{closure#0}
[INFO] [stdout]                                at /opt/rustwide/cargo-home/registry/src/index.crates.io-1949cf8c6b5b557f/tokio-1.46.1/src/runtime/scheduler/current_thread/mod.rs:742:70
[INFO] [stdout]   23:     0x581d09de349b - tokio[c6bfd4c71b753193]::task::coop::with_budget::<core[8fb95b77d25ab6c8]::task::poll::Poll<()>, <tokio[c6bfd4c71b753193]::runtime::scheduler::current_thread::CoreGuard>::block_on<core[8fb95b77d25ab6c8]::pin::Pin<&mut core[8fb95b77d25ab6c8]::pin::Pin<&mut dyn core[8fb95b77d25ab6c8]::future::future::Future<Output = ()>>>>::{closure#0}::{closure#0}::{closure#0}>
[INFO] [stdout]                                at /opt/rustwide/cargo-home/registry/src/index.crates.io-1949cf8c6b5b557f/tokio-1.46.1/src/task/coop/mod.rs:167:5
[INFO] [stdout]   24:     0x581d09de349b - tokio[c6bfd4c71b753193]::task::coop::budget::<core[8fb95b77d25ab6c8]::task::poll::Poll<()>, <tokio[c6bfd4c71b753193]::runtime::scheduler::current_thread::CoreGuard>::block_on<core[8fb95b77d25ab6c8]::pin::Pin<&mut core[8fb95b77d25ab6c8]::pin::Pin<&mut dyn core[8fb95b77d25ab6c8]::future::future::Future<Output = ()>>>>::{closure#0}::{closure#0}::{closure#0}>
[INFO] [stdout]                                at /opt/rustwide/cargo-home/registry/src/index.crates.io-1949cf8c6b5b557f/tokio-1.46.1/src/task/coop/mod.rs:133:5
[INFO] [stdout]   25:     0x581d09de349b - <tokio[c6bfd4c71b753193]::runtime::scheduler::current_thread::CoreGuard>::block_on::<core[8fb95b77d25ab6c8]::pin::Pin<&mut core[8fb95b77d25ab6c8]::pin::Pin<&mut dyn core[8fb95b77d25ab6c8]::future::future::Future<Output = ()>>>>::{closure#0}::{closure#0}
[INFO] [stdout]                                at /opt/rustwide/cargo-home/registry/src/index.crates.io-1949cf8c6b5b557f/tokio-1.46.1/src/runtime/scheduler/current_thread/mod.rs:742:25
[INFO] [stdout]   26:     0x581d09ddbc80 - <tokio[c6bfd4c71b753193]::runtime::scheduler::current_thread::Context>::enter::<core[8fb95b77d25ab6c8]::task::poll::Poll<()>, <tokio[c6bfd4c71b753193]::runtime::scheduler::current_thread::CoreGuard>::block_on<core[8fb95b77d25ab6c8]::pin::Pin<&mut core[8fb95b77d25ab6c8]::pin::Pin<&mut dyn core[8fb95b77d25ab6c8]::future::future::Future<Output = ()>>>>::{closure#0}::{closure#0}>
[INFO] [stdout]                                at /opt/rustwide/cargo-home/registry/src/index.crates.io-1949cf8c6b5b557f/tokio-1.46.1/src/runtime/scheduler/current_thread/mod.rs:432:19
[INFO] [stdout]   27:     0x581d09de285d - <tokio[c6bfd4c71b753193]::runtime::scheduler::current_thread::CoreGuard>::block_on::<core[8fb95b77d25ab6c8]::pin::Pin<&mut core[8fb95b77d25ab6c8]::pin::Pin<&mut dyn core[8fb95b77d25ab6c8]::future::future::Future<Output = ()>>>>::{closure#0}
[INFO] [stdout]                                at /opt/rustwide/cargo-home/registry/src/index.crates.io-1949cf8c6b5b557f/tokio-1.46.1/src/runtime/scheduler/current_thread/mod.rs:741:44
[INFO] [stdout]   28:     0x581d09de1b44 - <tokio[c6bfd4c71b753193]::runtime::scheduler::current_thread::CoreGuard>::enter::<<tokio[c6bfd4c71b753193]::runtime::scheduler::current_thread::CoreGuard>::block_on<core[8fb95b77d25ab6c8]::pin::Pin<&mut core[8fb95b77d25ab6c8]::pin::Pin<&mut dyn core[8fb95b77d25ab6c8]::future::future::Future<Output = ()>>>>::{closure#0}, core[8fb95b77d25ab6c8]::option::Option<()>>::{closure#0}
[INFO] [stdout]                                at /opt/rustwide/cargo-home/registry/src/index.crates.io-1949cf8c6b5b557f/tokio-1.46.1/src/runtime/scheduler/current_thread/mod.rs:829:68
[INFO] [stdout]   29:     0x581d09df4c2b - <tokio[c6bfd4c71b753193]::runtime::context::scoped::Scoped<tokio[c6bfd4c71b753193]::runtime::scheduler::Context>>::set::<<tokio[c6bfd4c71b753193]::runtime::scheduler::current_thread::CoreGuard>::enter<<tokio[c6bfd4c71b753193]::runtime::scheduler::current_thread::CoreGuard>::block_on<core[8fb95b77d25ab6c8]::pin::Pin<&mut core[8fb95b77d25ab6c8]::pin::Pin<&mut dyn core[8fb95b77d25ab6c8]::future::future::Future<Output = ()>>>>::{closure#0}, core[8fb95b77d25ab6c8]::option::Option<()>>::{closure#0}, (alloc[a7ee25936407c584]::boxed::Box<tokio[c6bfd4c71b753193]::runtime::scheduler::current_thread::Core>, core[8fb95b77d25ab6c8]::option::Option<()>)>
[INFO] [stdout]                                at /opt/rustwide/cargo-home/registry/src/index.crates.io-1949cf8c6b5b557f/tokio-1.46.1/src/runtime/context/scoped.rs:40:9
[INFO] [stdout]   30:     0x581d09df8099 - tokio[c6bfd4c71b753193]::runtime::context::set_scheduler::<(alloc[a7ee25936407c584]::boxed::Box<tokio[c6bfd4c71b753193]::runtime::scheduler::current_thread::Core>, core[8fb95b77d25ab6c8]::option::Option<()>), <tokio[c6bfd4c71b753193]::runtime::scheduler::current_thread::CoreGuard>::enter<<tokio[c6bfd4c71b753193]::runtime::scheduler::current_thread::CoreGuard>::block_on<core[8fb95b77d25ab6c8]::pin::Pin<&mut core[8fb95b77d25ab6c8]::pin::Pin<&mut dyn core[8fb95b77d25ab6c8]::future::future::Future<Output = ()>>>>::{closure#0}, core[8fb95b77d25ab6c8]::option::Option<()>>::{closure#0}>::{closure#0}
[INFO] [stdout]                                at /opt/rustwide/cargo-home/registry/src/index.crates.io-1949cf8c6b5b557f/tokio-1.46.1/src/runtime/context.rs:176:38
[INFO] [stdout]   31:     0x581d09ded132 - <std[10d71ac2c42b111e]::thread::local::LocalKey<tokio[c6bfd4c71b753193]::runtime::context::Context>>::try_with::<tokio[c6bfd4c71b753193]::runtime::context::set_scheduler<(alloc[a7ee25936407c584]::boxed::Box<tokio[c6bfd4c71b753193]::runtime::scheduler::current_thread::Core>, core[8fb95b77d25ab6c8]::option::Option<()>), <tokio[c6bfd4c71b753193]::runtime::scheduler::current_thread::CoreGuard>::enter<<tokio[c6bfd4c71b753193]::runtime::scheduler::current_thread::CoreGuard>::block_on<core[8fb95b77d25ab6c8]::pin::Pin<&mut core[8fb95b77d25ab6c8]::pin::Pin<&mut dyn core[8fb95b77d25ab6c8]::future::future::Future<Output = ()>>>>::{closure#0}, core[8fb95b77d25ab6c8]::option::Option<()>>::{closure#0}>::{closure#0}, (alloc[a7ee25936407c584]::boxed::Box<tokio[c6bfd4c71b753193]::runtime::scheduler::current_thread::Core>, core[8fb95b77d25ab6c8]::option::Option<()>)>
[INFO] [stdout]                                at /rustc/b2282dd5646a57d570fc86fbe8df0e8826665ef6/library/std/src/thread/local.rs:462:12
[INFO] [stdout]   32:     0x581d09deccbe - <std[10d71ac2c42b111e]::thread::local::LocalKey<tokio[c6bfd4c71b753193]::runtime::context::Context>>::with::<tokio[c6bfd4c71b753193]::runtime::context::set_scheduler<(alloc[a7ee25936407c584]::boxed::Box<tokio[c6bfd4c71b753193]::runtime::scheduler::current_thread::Core>, core[8fb95b77d25ab6c8]::option::Option<()>), <tokio[c6bfd4c71b753193]::runtime::scheduler::current_thread::CoreGuard>::enter<<tokio[c6bfd4c71b753193]::runtime::scheduler::current_thread::CoreGuard>::block_on<core[8fb95b77d25ab6c8]::pin::Pin<&mut core[8fb95b77d25ab6c8]::pin::Pin<&mut dyn core[8fb95b77d25ab6c8]::future::future::Future<Output = ()>>>>::{closure#0}, core[8fb95b77d25ab6c8]::option::Option<()>>::{closure#0}>::{closure#0}, (alloc[a7ee25936407c584]::boxed::Box<tokio[c6bfd4c71b753193]::runtime::scheduler::current_thread::Core>, core[8fb95b77d25ab6c8]::option::Option<()>)>
[INFO] [stdout]                                at /rustc/b2282dd5646a57d570fc86fbe8df0e8826665ef6/library/std/src/thread/local.rs:426:20
[INFO] [stdout]   33:     0x581d09df750d - tokio[c6bfd4c71b753193]::runtime::context::set_scheduler::<(alloc[a7ee25936407c584]::boxed::Box<tokio[c6bfd4c71b753193]::runtime::scheduler::current_thread::Core>, core[8fb95b77d25ab6c8]::option::Option<()>), <tokio[c6bfd4c71b753193]::runtime::scheduler::current_thread::CoreGuard>::enter<<tokio[c6bfd4c71b753193]::runtime::scheduler::current_thread::CoreGuard>::block_on<core[8fb95b77d25ab6c8]::pin::Pin<&mut core[8fb95b77d25ab6c8]::pin::Pin<&mut dyn core[8fb95b77d25ab6c8]::future::future::Future<Output = ()>>>>::{closure#0}, core[8fb95b77d25ab6c8]::option::Option<()>>::{closure#0}>
[INFO] [stdout]                                at /opt/rustwide/cargo-home/registry/src/index.crates.io-1949cf8c6b5b557f/tokio-1.46.1/src/runtime/context.rs:176:17
[INFO] [stdout]   34:     0x581d09ddd230 - <tokio[c6bfd4c71b753193]::runtime::scheduler::current_thread::CoreGuard>::enter::<<tokio[c6bfd4c71b753193]::runtime::scheduler::current_thread::CoreGuard>::block_on<core[8fb95b77d25ab6c8]::pin::Pin<&mut core[8fb95b77d25ab6c8]::pin::Pin<&mut dyn core[8fb95b77d25ab6c8]::future::future::Future<Output = ()>>>>::{closure#0}, core[8fb95b77d25ab6c8]::option::Option<()>>
[INFO] [stdout]                                at /opt/rustwide/cargo-home/registry/src/index.crates.io-1949cf8c6b5b557f/tokio-1.46.1/src/runtime/scheduler/current_thread/mod.rs:829:27
[INFO] [stdout]   35:     0x581d09ddd526 - <tokio[c6bfd4c71b753193]::runtime::scheduler::current_thread::CoreGuard>::block_on::<core[8fb95b77d25ab6c8]::pin::Pin<&mut core[8fb95b77d25ab6c8]::pin::Pin<&mut dyn core[8fb95b77d25ab6c8]::future::future::Future<Output = ()>>>>
[INFO] [stdout]                                at /opt/rustwide/cargo-home/registry/src/index.crates.io-1949cf8c6b5b557f/tokio-1.46.1/src/runtime/scheduler/current_thread/mod.rs:729:24
[INFO] [stdout]   36:     0x581d09de1750 - <tokio[c6bfd4c71b753193]::runtime::scheduler::current_thread::CurrentThread>::block_on::<core[8fb95b77d25ab6c8]::pin::Pin<&mut dyn core[8fb95b77d25ab6c8]::future::future::Future<Output = ()>>>::{closure#0}
[INFO] [stdout]                                at /opt/rustwide/cargo-home/registry/src/index.crates.io-1949cf8c6b5b557f/tokio-1.46.1/src/runtime/scheduler/current_thread/mod.rs:200:33
[INFO] [stdout]   37:     0x581d09dfc323 - tokio[c6bfd4c71b753193]::runtime::context::runtime::enter_runtime::<<tokio[c6bfd4c71b753193]::runtime::scheduler::current_thread::CurrentThread>::block_on<core[8fb95b77d25ab6c8]::pin::Pin<&mut dyn core[8fb95b77d25ab6c8]::future::future::Future<Output = ()>>>::{closure#0}, ()>
[INFO] [stdout]                                at /opt/rustwide/cargo-home/registry/src/index.crates.io-1949cf8c6b5b557f/tokio-1.46.1/src/runtime/context/runtime.rs:65:16
[INFO] [stdout]   38:     0x581d09ddb7b1 - <tokio[c6bfd4c71b753193]::runtime::scheduler::current_thread::CurrentThread>::block_on::<core[8fb95b77d25ab6c8]::pin::Pin<&mut dyn core[8fb95b77d25ab6c8]::future::future::Future<Output = ()>>>
[INFO] [stdout]                                at /opt/rustwide/cargo-home/registry/src/index.crates.io-1949cf8c6b5b557f/tokio-1.46.1/src/runtime/scheduler/current_thread/mod.rs:188:9
[INFO] [stdout]   39:     0x581d09df9d04 - <tokio[c6bfd4c71b753193]::runtime::runtime::Runtime>::block_on_inner::<core[8fb95b77d25ab6c8]::pin::Pin<&mut dyn core[8fb95b77d25ab6c8]::future::future::Future<Output = ()>>>
[INFO] [stdout]                                at /opt/rustwide/cargo-home/registry/src/index.crates.io-1949cf8c6b5b557f/tokio-1.46.1/src/runtime/runtime.rs:356:52
[INFO] [stdout]   40:     0x581d09df9ecf - <tokio[c6bfd4c71b753193]::runtime::runtime::Runtime>::block_on::<core[8fb95b77d25ab6c8]::pin::Pin<&mut dyn core[8fb95b77d25ab6c8]::future::future::Future<Output = ()>>>
[INFO] [stdout]                                at /opt/rustwide/cargo-home/registry/src/index.crates.io-1949cf8c6b5b557f/tokio-1.46.1/src/runtime/runtime.rs:330:18
[INFO] [stdout]   41:     0x581d09df4107 - lnmarkets_test[462e378d15b5a1b8]::lnmarkets_module_tests::lnmarkets_withdraw_client_integration_test_with_invalid_credentials
[INFO] [stdout]                                at /opt/rustwide/workdir/tests/lnmarkets_test.rs:273:35
[INFO] [stdout]   42:     0x581d09def077 - lnmarkets_test[462e378d15b5a1b8]::lnmarkets_module_tests::lnmarkets_withdraw_client_integration_test_with_invalid_credentials::{closure#0}
[INFO] [stdout]                                at /opt/rustwide/workdir/tests/lnmarkets_test.rs:258:83
[INFO] [stdout]   43:     0x581d09de3c26 - <lnmarkets_test[462e378d15b5a1b8]::lnmarkets_module_tests::lnmarkets_withdraw_client_integration_test_with_invalid_credentials::{closure#0} as core[8fb95b77d25ab6c8]::ops::function::FnOnce<()>>::call_once
[INFO] [stdout]                                at /rustc/b2282dd5646a57d570fc86fbe8df0e8826665ef6/library/core/src/ops/function.rs:250:5
[INFO] [stdout]   44:     0x581d09dffc4b - <fn() -> core[8fb95b77d25ab6c8]::result::Result<(), alloc[a7ee25936407c584]::string::String> as core[8fb95b77d25ab6c8]::ops::function::FnOnce<()>>::call_once
[INFO] [stdout]                                at /rustc/b2282dd5646a57d570fc86fbe8df0e8826665ef6/library/core/src/ops/function.rs:250:5
[INFO] [stdout]   45:     0x581d09dffc4b - test[213991da798b1c03]::__rust_begin_short_backtrace::<core[8fb95b77d25ab6c8]::result::Result<(), alloc[a7ee25936407c584]::string::String>, fn() -> core[8fb95b77d25ab6c8]::result::Result<(), alloc[a7ee25936407c584]::string::String>>
[INFO] [stdout]                                at /rustc/b2282dd5646a57d570fc86fbe8df0e8826665ef6/library/test/src/lib.rs:724:18
[INFO] [stdout]   46:     0x581d09e0d4c5 - test[213991da798b1c03]::run_test_in_process::{closure#0}
[INFO] [stdout]                                at /rustc/b2282dd5646a57d570fc86fbe8df0e8826665ef6/library/test/src/lib.rs:747:74
[INFO] [stdout]   47:     0x581d09e0d4c5 - <core[8fb95b77d25ab6c8]::panic::unwind_safe::AssertUnwindSafe<test[213991da798b1c03]::run_test_in_process::{closure#0}> as core[8fb95b77d25ab6c8]::ops::function::FnOnce<()>>::call_once
[INFO] [stdout]                                at /rustc/b2282dd5646a57d570fc86fbe8df0e8826665ef6/library/core/src/panic/unwind_safe.rs:275:9
[INFO] [stdout]   48:     0x581d09e0d4c5 - std[10d71ac2c42b111e]::panicking::catch_unwind::do_call::<core[8fb95b77d25ab6c8]::panic::unwind_safe::AssertUnwindSafe<test[213991da798b1c03]::run_test_in_process::{closure#0}>, core[8fb95b77d25ab6c8]::result::Result<(), alloc[a7ee25936407c584]::string::String>>
[INFO] [stdout]                                at /rustc/b2282dd5646a57d570fc86fbe8df0e8826665ef6/library/std/src/panicking.rs:581:40
[INFO] [stdout]   49:     0x581d09e0d4c5 - std[10d71ac2c42b111e]::panicking::catch_unwind::<core[8fb95b77d25ab6c8]::result::Result<(), alloc[a7ee25936407c584]::string::String>, core[8fb95b77d25ab6c8]::panic::unwind_safe::AssertUnwindSafe<test[213991da798b1c03]::run_test_in_process::{closure#0}>>
[INFO] [stdout]                                at /rustc/b2282dd5646a57d570fc86fbe8df0e8826665ef6/library/std/src/panicking.rs:544:19
[INFO] [stdout]   50:     0x581d09e0d4c5 - std[10d71ac2c42b111e]::panic::catch_unwind::<core[8fb95b77d25ab6c8]::panic::unwind_safe::AssertUnwindSafe<test[213991da798b1c03]::run_test_in_process::{closure#0}>, core[8fb95b77d25ab6c8]::result::Result<(), alloc[a7ee25936407c584]::string::String>>
[INFO] [stdout]                                at /rustc/b2282dd5646a57d570fc86fbe8df0e8826665ef6/library/std/src/panic.rs:359:14
[INFO] [stdout]   51:     0x581d09e0d4c5 - test[213991da798b1c03]::run_test_in_process
[INFO] [stdout]                                at /rustc/b2282dd5646a57d570fc86fbe8df0e8826665ef6/library/test/src/lib.rs:747:27
[INFO] [stdout]   52:     0x581d09e0d4c5 - test[213991da798b1c03]::run_test::{closure#0}
[INFO] [stdout]                                at /rustc/b2282dd5646a57d570fc86fbe8df0e8826665ef6/library/test/src/lib.rs:668:43
[INFO] [stdout]   53:     0x581d09e06dd4 - test[213991da798b1c03]::run_test::{closure#1}
[INFO] [stdout]                                at /rustc/b2282dd5646a57d570fc86fbe8df0e8826665ef6/library/test/src/lib.rs:698:41
[INFO] [stdout]   54:     0x581d09e06dd4 - std[10d71ac2c42b111e]::sys::backtrace::__rust_begin_short_backtrace::<test[213991da798b1c03]::run_test::{closure#1}, ()>
[INFO] [stdout]                                at /rustc/b2282dd5646a57d570fc86fbe8df0e8826665ef6/library/std/src/sys/backtrace.rs:166:18
[INFO] [stdout]   55:     0x581d09e10542 - std[10d71ac2c42b111e]::thread::lifecycle::spawn_unchecked::<test[213991da798b1c03]::run_test::{closure#1}, ()>::{closure#1}::{closure#0}
[INFO] [stdout]                                at /rustc/b2282dd5646a57d570fc86fbe8df0e8826665ef6/library/std/src/thread/lifecycle.rs:70:13
[INFO] [stdout]   56:     0x581d09e10542 - <core[8fb95b77d25ab6c8]::panic::unwind_safe::AssertUnwindSafe<std[10d71ac2c42b111e]::thread::lifecycle::spawn_unchecked<test[213991da798b1c03]::run_test::{closure#1}, ()>::{closure#1}::{closure#0}> as core[8fb95b77d25ab6c8]::ops::function::FnOnce<()>>::call_once
[INFO] [stdout]                                at /rustc/b2282dd5646a57d570fc86fbe8df0e8826665ef6/library/core/src/panic/unwind_safe.rs:275:9
[INFO] [stdout]   57:     0x581d09e10542 - std[10d71ac2c42b111e]::panicking::catch_unwind::do_call::<core[8fb95b77d25ab6c8]::panic::unwind_safe::AssertUnwindSafe<std[10d71ac2c42b111e]::thread::lifecycle::spawn_unchecked<test[213991da798b1c03]::run_test::{closure#1}, ()>::{closure#1}::{closure#0}>, ()>
[INFO] [stdout]                                at /rustc/b2282dd5646a57d570fc86fbe8df0e8826665ef6/library/std/src/panicking.rs:581:40
[INFO] [stdout]   58:     0x581d09e10542 - std[10d71ac2c42b111e]::panicking::catch_unwind::<(), core[8fb95b77d25ab6c8]::panic::unwind_safe::AssertUnwindSafe<std[10d71ac2c42b111e]::thread::lifecycle::spawn_unchecked<test[213991da798b1c03]::run_test::{closure#1}, ()>::{closure#1}::{closure#0}>>
[INFO] [stdout]                                at /rustc/b2282dd5646a57d570fc86fbe8df0e8826665ef6/library/std/src/panicking.rs:544:19
[INFO] [stdout]   59:     0x581d09e10542 - std[10d71ac2c42b111e]::panic::catch_unwind::<core[8fb95b77d25ab6c8]::panic::unwind_safe::AssertUnwindSafe<std[10d71ac2c42b111e]::thread::lifecycle::spawn_unchecked<test[213991da798b1c03]::run_test::{closure#1}, ()>::{closure#1}::{closure#0}>, ()>
[INFO] [stdout]                                at /rustc/b2282dd5646a57d570fc86fbe8df0e8826665ef6/library/std/src/panic.rs:359:14
[INFO] [stdout]   60:     0x581d09e10542 - std[10d71ac2c42b111e]::thread::lifecycle::spawn_unchecked::<test[213991da798b1c03]::run_test::{closure#1}, ()>::{closure#1}
[INFO] [stdout]                                at /rustc/b2282dd5646a57d570fc86fbe8df0e8826665ef6/library/std/src/thread/lifecycle.rs:68:26
[INFO] [stdout]   61:     0x581d09e10542 - <std[10d71ac2c42b111e]::thread::lifecycle::spawn_unchecked<test[213991da798b1c03]::run_test::{closure#1}, ()>::{closure#1} as core[8fb95b77d25ab6c8]::ops::function::FnOnce<()>>::call_once::{shim:vtable#0}
[INFO] [stdout]                                at /rustc/b2282dd5646a57d570fc86fbe8df0e8826665ef6/library/core/src/ops/function.rs:250:5
[INFO] [stdout]   62:     0x581d0ad5e73f - <alloc[a7ee25936407c584]::boxed::Box<dyn core[8fb95b77d25ab6c8]::ops::function::FnOnce<(), Output = ()> + core[8fb95b77d25ab6c8]::marker::Send> as core[8fb95b77d25ab6c8]::ops::function::FnOnce<()>>::call_once
[INFO] [stdout]                                at /rustc/b2282dd5646a57d570fc86fbe8df0e8826665ef6/library/alloc/src/boxed.rs:2275:9
[INFO] [stdout]   63:     0x581d0ad5e73f - <std[10d71ac2c42b111e]::sys::thread::unix::Thread>::new::thread_start
[INFO] [stdout]                                at /rustc/b2282dd5646a57d570fc86fbe8df0e8826665ef6/library/std/src/sys/thread/unix.rs:118:17
[INFO] [stdout]   64:     0x77e29e4c4aa4 - <unknown>
[INFO] [stdout]   65:     0x77e29e551a64 - clone
[INFO] [stdout]   66:                0x0 - <unknown>
[INFO] [stdout] 
[INFO] [stdout] ---- lnmarkets_module_tests::lnmarkets_client_integration_test_with_invalid_credentials stdout ----
[INFO] [stdout] Signature generation:
[INFO] [stdout]   Timestamp: 1783996139557
[INFO] [stdout]   Method: GET
[INFO] [stdout]   Full path: /v2/user
[INFO] [stdout]   Params: ''
[INFO] [stdout]   Params length: 0
[INFO] [stdout]   Message: '1783996139557GET/v2/user'
[INFO] [stdout]   Message length: 24
[INFO] [stdout]   Generated signature: HTWwyq7EBO1qgAWmCalRtxhbS1rU3qmdbBrecx1aUlo=
[INFO] [stdout] Making request to: https://api.testnet4.lnmarkets.com/v2/user
[INFO] [stdout] Method: GET, Path: /user
[INFO] [stdout] 
[INFO] [stdout] thread 'lnmarkets_module_tests::lnmarkets_client_integration_test_with_invalid_credentials' (4366) panicked at tests/lnmarkets_test.rs:222:17:
[INFO] [stdout] Unexpected error type: RequestError(reqwest::Error { kind: Request, url: "https://api.testnet4.lnmarkets.com/v2/user", source: hyper_util::client::legacy::Error(Connect, ConnectError("dns error", Custom { kind: Uncategorized, error: "failed to lookup address information: Temporary failure in name resolution" })) })
[INFO] [stdout] stack backtrace:
[INFO] [stdout]    0:     0x581d0ad5f778 - std[10d71ac2c42b111e]::backtrace_rs::backtrace::libunwind::trace
[INFO] [stdout]                                at /rustc/b2282dd5646a57d570fc86fbe8df0e8826665ef6/library/std/src/../../backtrace/src/backtrace/libunwind.rs:117:9
[INFO] [stdout]    1:     0x581d0ad5f778 - std[10d71ac2c42b111e]::backtrace_rs::backtrace::trace_unsynchronized::<std[10d71ac2c42b111e]::sys::backtrace::_print_fmt::{closure#1}>
[INFO] [stdout]                                at /rustc/b2282dd5646a57d570fc86fbe8df0e8826665ef6/library/std/src/../../backtrace/src/backtrace/mod.rs:66:14
[INFO] [stdout]    2:     0x581d0ad5f778 - std[10d71ac2c42b111e]::sys::backtrace::_print_fmt
[INFO] [stdout]                                at /rustc/b2282dd5646a57d570fc86fbe8df0e8826665ef6/library/std/src/sys/backtrace.rs:74:9
[INFO] [stdout]    3:     0x581d0ad5f778 - <<std[10d71ac2c42b111e]::sys::backtrace::BacktraceLock>::print::DisplayBacktrace as core[8fb95b77d25ab6c8]::fmt::Display>::fmt
[INFO] [stdout]                                at /rustc/b2282dd5646a57d570fc86fbe8df0e8826665ef6/library/std/src/sys/backtrace.rs:44:26
[INFO] [stdout]    4:     0x581d0ad7a81a - <core[8fb95b77d25ab6c8]::fmt::rt::Argument>::fmt
[INFO] [stdout]                                at /rustc/b2282dd5646a57d570fc86fbe8df0e8826665ef6/library/core/src/fmt/rt.rs:152:76
[INFO] [stdout]    5:     0x581d0ad7a81a - core[8fb95b77d25ab6c8]::fmt::write
[INFO] [stdout]    6:     0x581d0ad663c2 - std[10d71ac2c42b111e]::io::default_write_fmt::<alloc[a7ee25936407c584]::vec::Vec<u8>>
[INFO] [stdout]                                at /rustc/b2282dd5646a57d570fc86fbe8df0e8826665ef6/library/std/src/io/mod.rs:622:11
[INFO] [stdout]    7:     0x581d0ad663c2 - <alloc[a7ee25936407c584]::vec::Vec<u8> as std[10d71ac2c42b111e]::io::Write>::write_fmt
[INFO] [stdout]                                at /rustc/b2282dd5646a57d570fc86fbe8df0e8826665ef6/library/std/src/io/mod.rs:1977:13
[INFO] [stdout]    8:     0x581d0ad3c646 - <std[10d71ac2c42b111e]::sys::backtrace::BacktraceLock>::print
[INFO] [stdout]                                at /rustc/b2282dd5646a57d570fc86fbe8df0e8826665ef6/library/std/src/sys/backtrace.rs:47:9
[INFO] [stdout]    9:     0x581d0ad3c646 - std[10d71ac2c42b111e]::panicking::default_hook::{closure#0}
[INFO] [stdout]                                at /rustc/b2282dd5646a57d570fc86fbe8df0e8826665ef6/library/std/src/panicking.rs:292:27
[INFO] [stdout]   10:     0x581d0ad56999 - std[10d71ac2c42b111e]::panicking::default_hook
[INFO] [stdout]                                at /rustc/b2282dd5646a57d570fc86fbe8df0e8826665ef6/library/std/src/panicking.rs:316:9
[INFO] [stdout]   11:     0x581d09e0cb6c - <alloc[a7ee25936407c584]::boxed::Box<dyn for<'a, 'b> core[8fb95b77d25ab6c8]::ops::function::Fn<(&'a std[10d71ac2c42b111e]::panic::PanicHookInfo<'b>,), Output = ()> + core[8fb95b77d25ab6c8]::marker::Sync + core[8fb95b77d25ab6c8]::marker::Send> as core[8fb95b77d25ab6c8]::ops::function::Fn<(&std[10d71ac2c42b111e]::panic::PanicHookInfo,)>>::call
[INFO] [stdout]                                at /rustc/b2282dd5646a57d570fc86fbe8df0e8826665ef6/library/alloc/src/boxed.rs:2289:9
[INFO] [stdout]   12:     0x581d09e0cb6c - test[213991da798b1c03]::test_main_inner::<test[213991da798b1c03]::test_main_static::{closure#0}>::{closure#0}
[INFO] [stdout]                                at /rustc/b2282dd5646a57d570fc86fbe8df0e8826665ef6/library/test/src/lib.rs:155:21
[INFO] [stdout]   13:     0x581d0ad56c12 - <alloc[a7ee25936407c584]::boxed::Box<dyn for<'a, 'b> core[8fb95b77d25ab6c8]::ops::function::Fn<(&'a std[10d71ac2c42b111e]::panic::PanicHookInfo<'b>,), Output = ()> + core[8fb95b77d25ab6c8]::marker::Sync + core[8fb95b77d25ab6c8]::marker::Send> as core[8fb95b77d25ab6c8]::ops::function::Fn<(&std[10d71ac2c42b111e]::panic::PanicHookInfo,)>>::call
[INFO] [stdout]                                at /rustc/b2282dd5646a57d570fc86fbe8df0e8826665ef6/library/alloc/src/boxed.rs:2289:9
[INFO] [stdout]   14:     0x581d0ad56c12 - std[10d71ac2c42b111e]::panicking::panic_with_hook
[INFO] [stdout]                                at /rustc/b2282dd5646a57d570fc86fbe8df0e8826665ef6/library/std/src/panicking.rs:833:13
[INFO] [stdout]   15:     0x581d0ad3c702 - std[10d71ac2c42b111e]::panicking::panic_handler::{closure#0}
[INFO] [stdout]                                at /rustc/b2282dd5646a57d570fc86fbe8df0e8826665ef6/library/std/src/panicking.rs:698:13
[INFO] [stdout]   16:     0x581d0ad31459 - std[10d71ac2c42b111e]::sys::backtrace::__rust_end_short_backtrace::<std[10d71ac2c42b111e]::panicking::panic_handler::{closure#0}, !>
[INFO] [stdout]                                at /rustc/b2282dd5646a57d570fc86fbe8df0e8826665ef6/library/std/src/sys/backtrace.rs:182:18
[INFO] [stdout]   17:     0x581d0ad3d67d - __rustc[3be9ba60078d4c86]::rust_begin_unwind
[INFO] [stdout]                                at /rustc/b2282dd5646a57d570fc86fbe8df0e8826665ef6/library/std/src/panicking.rs:689:5
[INFO] [stdout]   18:     0x581d0ad7b08c - core[8fb95b77d25ab6c8]::panicking::panic_fmt
[INFO] [stdout]                                at /rustc/b2282dd5646a57d570fc86fbe8df0e8826665ef6/library/core/src/panicking.rs:80:14
[INFO] [stdout]   19:     0x581d09def9c0 - lnmarkets_test[462e378d15b5a1b8]::lnmarkets_module_tests::lnmarkets_client_integration_test_with_invalid_credentials::{closure#0}
[INFO] [stdout]                                at /opt/rustwide/workdir/tests/lnmarkets_test.rs:222:17
[INFO] [stdout]   20:     0x581d09df9722 - <core[8fb95b77d25ab6c8]::pin::Pin<&mut dyn core[8fb95b77d25ab6c8]::future::future::Future<Output = ()>> as core[8fb95b77d25ab6c8]::future::future::Future>::poll
[INFO] [stdout]                                at /rustc/b2282dd5646a57d570fc86fbe8df0e8826665ef6/library/core/src/future/future.rs:133:9
[INFO] [stdout]   21:     0x581d09df979d - <core[8fb95b77d25ab6c8]::pin::Pin<&mut core[8fb95b77d25ab6c8]::pin::Pin<&mut dyn core[8fb95b77d25ab6c8]::future::future::Future<Output = ()>>> as core[8fb95b77d25ab6c8]::future::future::Future>::poll
[INFO] [stdout]                                at /rustc/b2282dd5646a57d570fc86fbe8df0e8826665ef6/library/core/src/future/future.rs:133:9
[INFO] [stdout]   22:     0x581d09de359d - <tokio[c6bfd4c71b753193]::runtime::scheduler::current_thread::CoreGuard>::block_on::<core[8fb95b77d25ab6c8]::pin::Pin<&mut core[8fb95b77d25ab6c8]::pin::Pin<&mut dyn core[8fb95b77d25ab6c8]::future::future::Future<Output = ()>>>>::{closure#0}::{closure#0}::{closure#0}
[INFO] [stdout]                                at /opt/rustwide/cargo-home/registry/src/index.crates.io-1949cf8c6b5b557f/tokio-1.46.1/src/runtime/scheduler/current_thread/mod.rs:742:70
[INFO] [stdout]   23:     0x581d09de349b - tokio[c6bfd4c71b753193]::task::coop::with_budget::<core[8fb95b77d25ab6c8]::task::poll::Poll<()>, <tokio[c6bfd4c71b753193]::runtime::scheduler::current_thread::CoreGuard>::block_on<core[8fb95b77d25ab6c8]::pin::Pin<&mut core[8fb95b77d25ab6c8]::pin::Pin<&mut dyn core[8fb95b77d25ab6c8]::future::future::Future<Output = ()>>>>::{closure#0}::{closure#0}::{closure#0}>
[INFO] [stdout]                                at /opt/rustwide/cargo-home/registry/src/index.crates.io-1949cf8c6b5b557f/tokio-1.46.1/src/task/coop/mod.rs:167:5
[INFO] [stdout]   24:     0x581d09de349b - tokio[c6bfd4c71b753193]::task::coop::budget::<core[8fb95b77d25ab6c8]::task::poll::Poll<()>, <tokio[c6bfd4c71b753193]::runtime::scheduler::current_thread::CoreGuard>::block_on<core[8fb95b77d25ab6c8]::pin::Pin<&mut core[8fb95b77d25ab6c8]::pin::Pin<&mut dyn core[8fb95b77d25ab6c8]::future::future::Future<Output = ()>>>>::{closure#0}::{closure#0}::{closure#0}>
[INFO] [stdout]                                at /opt/rustwide/cargo-home/registry/src/index.crates.io-1949cf8c6b5b557f/tokio-1.46.1/src/task/coop/mod.rs:133:5
[INFO] [stdout]   25:     0x581d09de349b - <tokio[c6bfd4c71b753193]::runtime::scheduler::current_thread::CoreGuard>::block_on::<core[8fb95b77d25ab6c8]::pin::Pin<&mut core[8fb95b77d25ab6c8]::pin::Pin<&mut dyn core[8fb95b77d25ab6c8]::future::future::Future<Output = ()>>>>::{closure#0}::{closure#0}
[INFO] [stdout]                                at /opt/rustwide/cargo-home/registry/src/index.crates.io-1949cf8c6b5b557f/tokio-1.46.1/src/runtime/scheduler/current_thread/mod.rs:742:25
[INFO] [stdout]   26:     0x581d09ddbc80 - <tokio[c6bfd4c71b753193]::runtime::scheduler::current_thread::Context>::enter::<core[8fb95b77d25ab6c8]::task::poll::Poll<()>, <tokio[c6bfd4c71b753193]::runtime::scheduler::current_thread::CoreGuard>::block_on<core[8fb95b77d25ab6c8]::pin::Pin<&mut core[8fb95b77d25ab6c8]::pin::Pin<&mut dyn core[8fb95b77d25ab6c8]::future::future::Future<Output = ()>>>>::{closure#0}::{closure#0}>
[INFO] [stdout]                                at /opt/rustwide/cargo-home/registry/src/index.crates.io-1949cf8c6b5b557f/tokio-1.46.1/src/runtime/scheduler/current_thread/mod.rs:432:19
[INFO] [stdout]   27:     0x581d09de285d - <tokio[c6bfd4c71b753193]::runtime::scheduler::current_thread::CoreGuard>::block_on::<core[8fb95b77d25ab6c8]::pin::Pin<&mut core[8fb95b77d25ab6c8]::pin::Pin<&mut dyn core[8fb95b77d25ab6c8]::future::future::Future<Output = ()>>>>::{closure#0}
[INFO] [stdout]                                at /opt/rustwide/cargo-home/registry/src/index.crates.io-1949cf8c6b5b557f/tokio-1.46.1/src/runtime/scheduler/current_thread/mod.rs:741:44
[INFO] [stdout]   28:     0x581d09de1b44 - <tokio[c6bfd4c71b753193]::runtime::scheduler::current_thread::CoreGuard>::enter::<<tokio[c6bfd4c71b753193]::runtime::scheduler::current_thread::CoreGuard>::block_on<core[8fb95b77d25ab6c8]::pin::Pin<&mut core[8fb95b77d25ab6c8]::pin::Pin<&mut dyn core[8fb95b77d25ab6c8]::future::future::Future<Output = ()>>>>::{closure#0}, core[8fb95b77d25ab6c8]::option::Option<()>>::{closure#0}
[INFO] [stdout]                                at /opt/rustwide/cargo-home/registry/src/index.crates.io-1949cf8c6b5b557f/tokio-1.46.1/src/runtime/scheduler/current_thread/mod.rs:829:68
[INFO] [stdout]   29:     0x581d09df4c2b - <tokio[c6bfd4c71b753193]::runtime::context::scoped::Scoped<tokio[c6bfd4c71b753193]::runtime::scheduler::Context>>::set::<<tokio[c6bfd4c71b753193]::runtime::scheduler::current_thread::CoreGuard>::enter<<tokio[c6bfd4c71b753193]::runtime::scheduler::current_thread::CoreGuard>::block_on<core[8fb95b77d25ab6c8]::pin::Pin<&mut core[8fb95b77d25ab6c8]::pin::Pin<&mut dyn core[8fb95b77d25ab6c8]::future::future::Future<Output = ()>>>>::{closure#0}, core[8fb95b77d25ab6c8]::option::Option<()>>::{closure#0}, (alloc[a7ee25936407c584]::boxed::Box<tokio[c6bfd4c71b753193]::runtime::scheduler::current_thread::Core>, core[8fb95b77d25ab6c8]::option::Option<()>)>
[INFO] [stdout]                                at /opt/rustwide/cargo-home/registry/src/index.crates.io-1949cf8c6b5b557f/tokio-1.46.1/src/runtime/context/scoped.rs:40:9
[INFO] [stdout]   30:     0x581d09df8099 - tokio[c6bfd4c71b753193]::runtime::context::set_scheduler::<(alloc[a7ee25936407c584]::boxed::Box<tokio[c6bfd4c71b753193]::runtime::scheduler::current_thread::Core>, core[8fb95b77d25ab6c8]::option::Option<()>), <tokio[c6bfd4c71b753193]::runtime::scheduler::current_thread::CoreGuard>::enter<<tokio[c6bfd4c71b753193]::runtime::scheduler::current_thread::CoreGuard>::block_on<core[8fb95b77d25ab6c8]::pin::Pin<&mut core[8fb95b77d25ab6c8]::pin::Pin<&mut dyn core[8fb95b77d25ab6c8]::future::future::Future<Output = ()>>>>::{closure#0}, core[8fb95b77d25ab6c8]::option::Option<()>>::{closure#0}>::{closure#0}
[INFO] [stdout]                                at /opt/rustwide/cargo-home/registry/src/index.crates.io-1949cf8c6b5b557f/tokio-1.46.1/src/runtime/context.rs:176:38
[INFO] [stdout]   31:     0x581d09ded132 - <std[10d71ac2c42b111e]::thread::local::LocalKey<tokio[c6bfd4c71b753193]::runtime::context::Context>>::try_with::<tokio[c6bfd4c71b753193]::runtime::context::set_scheduler<(alloc[a7ee25936407c584]::boxed::Box<tokio[c6bfd4c71b753193]::runtime::scheduler::current_thread::Core>, core[8fb95b77d25ab6c8]::option::Option<()>), <tokio[c6bfd4c71b753193]::runtime::scheduler::current_thread::CoreGuard>::enter<<tokio[c6bfd4c71b753193]::runtime::scheduler::current_thread::CoreGuard>::block_on<core[8fb95b77d25ab6c8]::pin::Pin<&mut core[8fb95b77d25ab6c8]::pin::Pin<&mut dyn core[8fb95b77d25ab6c8]::future::future::Future<Output = ()>>>>::{closure#0}, core[8fb95b77d25ab6c8]::option::Option<()>>::{closure#0}>::{closure#0}, (alloc[a7ee25936407c584]::boxed::Box<tokio[c6bfd4c71b753193]::runtime::scheduler::current_thread::Core>, core[8fb95b77d25ab6c8]::option::Option<()>)>
[INFO] [stdout]                                at /rustc/b2282dd5646a57d570fc86fbe8df0e8826665ef6/library/std/src/thread/local.rs:462:12
[INFO] [stdout]   32:     0x581d09deccbe - <std[10d71ac2c42b111e]::thread::local::LocalKey<tokio[c6bfd4c71b753193]::runtime::context::Context>>::with::<tokio[c6bfd4c71b753193]::runtime::context::set_scheduler<(alloc[a7ee25936407c584]::boxed::Box<tokio[c6bfd4c71b753193]::runtime::scheduler::current_thread::Core>, core[8fb95b77d25ab6c8]::option::Option<()>), <tokio[c6bfd4c71b753193]::runtime::scheduler::current_thread::CoreGuard>::enter<<tokio[c6bfd4c71b753193]::runtime::scheduler::current_thread::CoreGuard>::block_on<core[8fb95b77d25ab6c8]::pin::Pin<&mut core[8fb95b77d25ab6c8]::pin::Pin<&mut dyn core[8fb95b77d25ab6c8]::future::future::Future<Output = ()>>>>::{closure#0}, core[8fb95b77d25ab6c8]::option::Option<()>>::{closure#0}>::{closure#0}, (alloc[a7ee25936407c584]::boxed::Box<tokio[c6bfd4c71b753193]::runtime::scheduler::current_thread::Core>, core[8fb95b77d25ab6c8]::option::Option<()>)>
[INFO] [stdout]                                at /rustc/b2282dd5646a57d570fc86fbe8df0e8826665ef6/library/std/src/thread/local.rs:426:20
[INFO] [stdout]   33:     0x581d09df750d - tokio[c6bfd4c71b753193]::runtime::context::set_scheduler::<(alloc[a7ee25936407c584]::boxed::Box<tokio[c6bfd4c71b753193]::runtime::scheduler::current_thread::Core>, core[8fb95b77d25ab6c8]::option::Option<()>), <tokio[c6bfd4c71b753193]::runtime::scheduler::current_thread::CoreGuard>::enter<<tokio[c6bfd4c71b753193]::runtime::scheduler::current_thread::CoreGuard>::block_on<core[8fb95b77d25ab6c8]::pin::Pin<&mut core[8fb95b77d25ab6c8]::pin::Pin<&mut dyn core[8fb95b77d25ab6c8]::future::future::Future<Output = ()>>>>::{closure#0}, core[8fb95b77d25ab6c8]::option::Option<()>>::{closure#0}>
[INFO] [stdout]                                at /opt/rustwide/cargo-home/registry/src/index.crates.io-1949cf8c6b5b557f/tokio-1.46.1/src/runtime/context.rs:176:17
[INFO] [stdout]   34:     0x581d09ddd230 - <tokio[c6bfd4c71b753193]::runtime::scheduler::current_thread::CoreGuard>::enter::<<tokio[c6bfd4c71b753193]::runtime::scheduler::current_thread::CoreGuard>::block_on<core[8fb95b77d25ab6c8]::pin::Pin<&mut core[8fb95b77d25ab6c8]::pin::Pin<&mut dyn core[8fb95b77d25ab6c8]::future::future::Future<Output = ()>>>>::{closure#0}, core[8fb95b77d25ab6c8]::option::Option<()>>
[INFO] [stdout]                                at /opt/rustwide/cargo-home/registry/src/index.crates.io-1949cf8c6b5b557f/tokio-1.46.1/src/runtime/scheduler/current_thread/mod.rs:829:27
[INFO] [stdout]   35:     0x581d09ddd526 - <tokio[c6bfd4c71b753193]::runtime::scheduler::current_thread::CoreGuard>::block_on::<core[8fb95b77d25ab6c8]::pin::Pin<&mut core[8fb95b77d25ab6c8]::pin::Pin<&mut dyn core[8fb95b77d25ab6c8]::future::future::Future<Output = ()>>>>
[INFO] [stdout]                                at /opt/rustwide/cargo-home/registry/src/index.crates.io-1949cf8c6b5b557f/tokio-1.46.1/src/runtime/scheduler/current_thread/mod.rs:729:24
[INFO] [stdout]   36:     0x581d09de1750 - <tokio[c6bfd4c71b753193]::runtime::scheduler::current_thread::CurrentThread>::block_on::<core[8fb95b77d25ab6c8]::pin::Pin<&mut dyn core[8fb95b77d25ab6c8]::future::future::Future<Output = ()>>>::{closure#0}
[INFO] [stdout]                                at /opt/rustwide/cargo-home/registry/src/index.crates.io-1949cf8c6b5b557f/tokio-1.46.1/src/runtime/scheduler/current_thread/mod.rs:200:33
[INFO] [stdout]   37:     0x581d09dfc323 - tokio[c6bfd4c71b753193]::runtime::context::runtime::enter_runtime::<<tokio[c6bfd4c71b753193]::runtime::scheduler::current_thread::CurrentThread>::block_on<core[8fb95b77d25ab6c8]::pin::Pin<&mut dyn core[8fb95b77d25ab6c8]::future::future::Future<Output = ()>>>::{closure#0}, ()>
[INFO] [stdout]                                at /opt/rustwide/cargo-home/registry/src/index.crates.io-1949cf8c6b5b557f/tokio-1.46.1/src/runtime/context/runtime.rs:65:16
[INFO] [stdout]   38:     0x581d09ddb7b1 - <tokio[c6bfd4c71b753193]::runtime::scheduler::current_thread::CurrentThread>::block_on::<core[8fb95b77d25ab6c8]::pin::Pin<&mut dyn core[8fb95b77d25ab6c8]::future::future::Future<Output = ()>>>
[INFO] [stdout]                                at /opt/rustwide/cargo-home/registry/src/index.crates.io-1949cf8c6b5b557f/tokio-1.46.1/src/runtime/scheduler/current_thread/mod.rs:188:9
[INFO] [stdout]   39:     0x581d09df9d04 - <tokio[c6bfd4c71b753193]::runtime::runtime::Runtime>::block_on_inner::<core[8fb95b77d25ab6c8]::pin::Pin<&mut dyn core[8fb95b77d25ab6c8]::future::future::Future<Output = ()>>>
[INFO] [stdout]                                at /opt/rustwide/cargo-home/registry/src/index.crates.io-1949cf8c6b5b557f/tokio-1.46.1/src/runtime/runtime.rs:356:52
[INFO] [stdout]   40:     0x581d09df9ecf - <tokio[c6bfd4c71b753193]::runtime::runtime::Runtime>::block_on::<core[8fb95b77d25ab6c8]::pin::Pin<&mut dyn core[8fb95b77d25ab6c8]::future::future::Future<Output = ()>>>
[INFO] [stdout]                                at /opt/rustwide/cargo-home/registry/src/index.crates.io-1949cf8c6b5b557f/tokio-1.46.1/src/runtime/runtime.rs:330:18
[INFO] [stdout]   41:     0x581d09df3d67 - lnmarkets_test[462e378d15b5a1b8]::lnmarkets_module_tests::lnmarkets_client_integration_test_with_invalid_credentials
[INFO] [stdout]                                at /opt/rustwide/workdir/tests/lnmarkets_test.rs:212:35
[INFO] [stdout]   42:     0x581d09def017 - lnmarkets_test[462e378d15b5a1b8]::lnmarkets_module_tests::lnmarkets_client_integration_test_with_invalid_credentials::{closure#0}
[INFO] [stdout]                                at /opt/rustwide/workdir/tests/lnmarkets_test.rs:198:74
[INFO] [stdout]   43:     0x581d09de3ba6 - <lnmarkets_test[462e378d15b5a1b8]::lnmarkets_module_tests::lnmarkets_client_integration_test_with_invalid_credentials::{closure#0} as core[8fb95b77d25ab6c8]::ops::function::FnOnce<()>>::call_once
[INFO] [stdout]                                at /rustc/b2282dd5646a57d570fc86fbe8df0e8826665ef6/library/core/src/ops/function.rs:250:5
[INFO] [stdout]   44:     0x581d09dffc4b - <fn() -> core[8fb95b77d25ab6c8]::result::Result<(), alloc[a7ee25936407c584]::string::String> as core[8fb95b77d25ab6c8]::ops::function::FnOnce<()>>::call_once
[INFO] [stdout]                                at /rustc/b2282dd5646a57d570fc86fbe8df0e8826665ef6/library/core/src/ops/function.rs:250:5
[INFO] [stdout]   45:     0x581d09dffc4b - test[213991da798b1c03]::__rust_begin_short_backtrace::<core[8fb95b77d25ab6c8]::result::Result<(), alloc[a7ee25936407c584]::string::String>, fn() -> core[8fb95b77d25ab6c8]::result::Result<(), alloc[a7ee25936407c584]::string::String>>
[INFO] [stdout]                                at /rustc/b2282dd5646a57d570fc86fbe8df0e8826665ef6/library/test/src/lib.rs:724:18
[INFO] [stdout]   46:     0x581d09e0d4c5 - test[213991da798b1c03]::run_test_in_process::{closure#0}
[INFO] [stdout]                                at /rustc/b2282dd5646a57d570fc86fbe8df0e8826665ef6/library/test/src/lib.rs:747:74
[INFO] [stdout]   47:     0x581d09e0d4c5 - <core[8fb95b77d25ab6c8]::panic::unwind_safe::AssertUnwindSafe<test[213991da798b1c03]::run_test_in_process::{closure#0}> as core[8fb95b77d25ab6c8]::ops::function::FnOnce<()>>::call_once
[INFO] [stdout]                                at /rustc/b2282dd5646a57d570fc86fbe8df0e8826665ef6/library/core/src/panic/unwind_safe.rs:275:9
[INFO] [stdout]   48:     0x581d09e0d4c5 - std[10d71ac2c42b111e]::panicking::catch_unwind::do_call::<core[8fb95b77d25ab6c8]::panic::unwind_safe::AssertUnwindSafe<test[213991da798b1c03]::run_test_in_process::{closure#0}>, core[8fb95b77d25ab6c8]::result::Result<(), alloc[a7ee25936407c584]::string::String>>
[INFO] [stdout]                                at /rustc/b2282dd5646a57d570fc86fbe8df0e8826665ef6/library/std/src/panicking.rs:581:40
[INFO] [stdout]   49:     0x581d09e0d4c5 - std[10d71ac2c42b111e]::panicking::catch_unwind::<core[8fb95b77d25ab6c8]::result::Result<(), alloc[a7ee25936407c584]::string::String>, core[8fb95b77d25ab6c8]::panic::unwind_safe::AssertUnwindSafe<test[213991da798b1c03]::run_test_in_process::{closure#0}>>
[INFO] [stdout]                                at /rustc/b2282dd5646a57d570fc86fbe8df0e8826665ef6/library/std/src/panicking.rs:544:19
[INFO] [stdout]   50:     0x581d09e0d4c5 - std[10d71ac2c42b111e]::panic::catch_unwind::<core[8fb95b77d25ab6c8]::panic::unwind_safe::AssertUnwindSafe<test[213991da798b1c03]::run_test_in_process::{closure#0}>, core[8fb95b77d25ab6c8]::result::Result<(), alloc[a7ee25936407c584]::string::String>>
[INFO] [stdout]                                at /rustc/b2282dd5646a57d570fc86fbe8df0e8826665ef6/library/std/src/panic.rs:359:14
[INFO] [stdout]   51:     0x581d09e0d4c5 - test[213991da798b1c03]::run_test_in_process
[INFO] [stdout]                                at /rustc/b2282dd5646a57d570fc86fbe8df0e8826665ef6/library/test/src/lib.rs:747:27
[INFO] [stdout]   52:     0x581d09e0d4c5 - test[213991da798b1c03]::run_test::{closure#0}
[INFO] [stdout]                                at /rustc/b2282dd5646a57d570fc86fbe8df0e8826665ef6/library/test/src/lib.rs:668:43
[INFO] [stdout]   53:     0x581d09e06dd4 - test[213991da798b1c03]::run_test::{closure#1}
[INFO] [stdout]                                at /rustc/b2282dd5646a57d570fc86fbe8df0e8826665ef6/library/test/src/lib.rs:698:41
[INFO] [stdout]   54:     0x581d09e06dd4 - std[10d71ac2c42b111e]::sys::backtrace::__rust_begin_short_backtrace::<test[213991da798b1c03]::run_test::{closure#1}, ()>
[INFO] [stdout]                                at /rustc/b2282dd5646a57d570fc86fbe8df0e8826665ef6/library/std/src/sys/backtrace.rs:166:18
[INFO] [stdout]   55:     0x581d09e10542 - std[10d71ac2c42b111e]::thread::lifecycle::spawn_unchecked::<test[213991da798b1c03]::run_test::{closure#1}, ()>::{closure#1}::{closure#0}
[INFO] [stdout]                                at /rustc/b2282dd5646a57d570fc86fbe8df0e8826665ef6/library/std/src/thread/lifecycle.rs:70:13
[INFO] [stdout]   56:     0x581d09e10542 - <core[8fb95b77d25ab6c8]::panic::unwind_safe::AssertUnwindSafe<std[10d71ac2c42b111e]::thread::lifecycle::spawn_unchecked<test[213991da798b1c03]::run_test::{closure#1}, ()>::{closure#1}::{closure#0}> as core[8fb95b77d25ab6c8]::ops::function::FnOnce<()>>::call_once
[INFO] [stdout]                                at /rustc/b2282dd5646a57d570fc86fbe8df0e8826665ef6/library/core/src/panic/unwind_safe.rs:275:9
[INFO] [stdout]   57:     0x581d09e10542 - std[10d71ac2c42b111e]::panicking::catch_unwind::do_call::<core[8fb95b77d25ab6c8]::panic::unwind_safe::AssertUnwindSafe<std[10d71ac2c42b111e]::thread::lifecycle::spawn_unchecked<test[213991da798b1c03]::run_test::{closure#1}, ()>::{closure#1}::{closure#0}>, ()>
[INFO] [stdout]                                at /rustc/b2282dd5646a57d570fc86fbe8df0e8826665ef6/library/std/src/panicking.rs:581:40
[INFO] [stdout]   58:     0x581d09e10542 - std[10d71ac2c42b111e]::panicking::catch_unwind::<(), core[8fb95b77d25ab6c8]::panic::unwind_safe::AssertUnwindSafe<std[10d71ac2c42b111e]::thread::lifecycle::spawn_unchecked<test[213991da798b1c03]::run_test::{closure#1}, ()>::{closure#1}::{closure#0}>>
[INFO] [stdout]                                at /rustc/b2282dd5646a57d570fc86fbe8df0e8826665ef6/library/std/src/panicking.rs:544:19
[INFO] [stdout]   59:     0x581d09e10542 - std[10d71ac2c42b111e]::panic::catch_unwind::<core[8fb95b77d25ab6c8]::panic::unwind_safe::AssertUnwindSafe<std[10d71ac2c42b111e]::thread::lifecycle::spawn_unchecked<test[213991da798b1c03]::run_test::{closure#1}, ()>::{closure#1}::{closure#0}>, ()>
[INFO] [stdout]                                at /rustc/b2282dd5646a57d570fc86fbe8df0e8826665ef6/library/std/src/panic.rs:359:14
[INFO] [stdout]   60:     0x581d09e10542 - std[10d71ac2c42b111e]::thread::lifecycle::spawn_unchecked::<test[213991da798b1c03]::run_test::{closure#1}, ()>::{closure#1}
[INFO] [stdout]                                at /rustc/b2282dd5646a57d570fc86fbe8df0e8826665ef6/library/std/src/thread/lifecycle.rs:68:26
[INFO] [stdout]   61:     0x581d09e10542 - <std[10d71ac2c42b111e]::thread::lifecycle::spawn_unchecked<test[213991da798b1c03]::run_test::{closure#1}, ()>::{closure#1} as core[8fb95b77d25ab6c8]::ops::function::FnOnce<()>>::call_once::{shim:vtable#0}
[INFO] [stdout]                                at /rustc/b2282dd5646a57d570fc86fbe8df0e8826665ef6/library/core/src/ops/function.rs:250:5
[INFO] [stdout]   62:     0x581d0ad5e73f - <alloc[a7ee25936407c584]::boxed::Box<dyn core[8fb95b77d25ab6c8]::ops::function::FnOnce<(), Output = ()> + core[8fb95b77d25ab6c8]::marker::Send> as core[8fb95b77d25ab6c8]::ops::function::FnOnce<()>>::call_once
[INFO] [stdout]                                at /rustc/b2282dd5646a57d570fc86fbe8df0e8826665ef6/library/alloc/src/boxed.rs:2275:9
[INFO] [stdout]   63:     0x581d0ad5e73f - <std[10d71ac2c42b111e]::sys::thread::unix::Thread>::new::thread_start
[INFO] [stdout]                                at /rustc/b2282dd5646a57d570fc86fbe8df0e8826665ef6/library/std/src/sys/thread/unix.rs:118:17
[INFO] [stdout]   64:     0x77e29e4c4aa4 - <unknown>
[INFO] [stdout]   65:     0x77e29e551a64 - clone
[INFO] [stdout]   66:                0x0 - <unknown>
[INFO] [stdout] 
[INFO] [stdout] ---- lnmarkets_module_tests::lnmarkets_withdraw_usd_client_integration_test_with_invalid_credentials stdout ----
[INFO] [stdout] JSON body being signed: {"amount":1337,"currency":"btc"}
[INFO] [stdout] Signature generation:
[INFO] [stdout]   Timestamp: 1783996139561
[INFO] [stdout]   Method: POST
[INFO] [stdout]   Full path: /v2/user/withdraw/susd
[INFO] [stdout]   Params: '{"amount":1337,"currency":"btc"}'
[INFO] [stdout]   Params length: 32
[INFO] [stdout]   Message: '1783996139561POST/v2/user/withdraw/susd{"amount":1337,"currency":"btc"}'
[INFO] [stdout]   Message length: 71
[INFO] [stdout]   Generated signature: Z5bI9Xz/u1eqfH3rJsTDNBZSFX5CBs3qk8cOcVDGZaM=
[INFO] [stdout] Making request to: https://api.testnet4.lnmarkets.com/v2/user/withdraw/susd
[INFO] [stdout] Method: POST, Path: /user/withdraw/susd
[INFO] [stdout] Auth headers: {"LNM-ACCESS-PASSPHRASE": "invalid_passphrase", "LNM-ACCESS-SIGNATURE": "Z5bI9Xz/u1eqfH3rJsTDNBZSFX5CBs3qk8cOcVDGZaM=", "LNM-ACCESS-KEY": "invalid_key", "LNM-ACCESS-TIMESTAMP": "1783996139561"}
[INFO] [stdout] 
[INFO] [stdout] thread 'lnmarkets_module_tests::lnmarkets_withdraw_usd_client_integration_test_with_invalid_credentials' (4369) panicked at tests/lnmarkets_test.rs:313:17:
[INFO] [stdout] Unexpected error type: RequestError(reqwest::Error { kind: Request, url: "https://api.testnet4.lnmarkets.com/v2/user/withdraw/susd", source: hyper_util::client::legacy::Error(Connect, ConnectError("dns error", Custom { kind: Uncategorized, error: "failed to lookup address information: Temporary failure in name resolution" })) })
[INFO] [stdout] stack backtrace:
[INFO] [stdout]    0:     0x581d0ad5f778 - std[10d71ac2c42b111e]::backtrace_rs::backtrace::libunwind::trace
[INFO] [stdout]                                at /rustc/b2282dd5646a57d570fc86fbe8df0e8826665ef6/library/std/src/../../backtrace/src/backtrace/libunwind.rs:117:9
[INFO] [stdout]    1:     0x581d0ad5f778 - std[10d71ac2c42b111e]::backtrace_rs::backtrace::trace_unsynchronized::<std[10d71ac2c42b111e]::sys::backtrace::_print_fmt::{closure#1}>
[INFO] [stdout]                                at /rustc/b2282dd5646a57d570fc86fbe8df0e8826665ef6/library/std/src/../../backtrace/src/backtrace/mod.rs:66:14
[INFO] [stdout]    2:     0x581d0ad5f778 - std[10d71ac2c42b111e]::sys::backtrace::_print_fmt
[INFO] [stdout]                                at /rustc/b2282dd5646a57d570fc86fbe8df0e8826665ef6/library/std/src/sys/backtrace.rs:74:9
[INFO] [stdout]    3:     0x581d0ad5f778 - <<std[10d71ac2c42b111e]::sys::backtrace::BacktraceLock>::print::DisplayBacktrace as core[8fb95b77d25ab6c8]::fmt::Display>::fmt
[INFO] [stdout]                                at /rustc/b2282dd5646a57d570fc86fbe8df0e8826665ef6/library/std/src/sys/backtrace.rs:44:26
[INFO] [stdout]    4:     0x581d0ad7a81a - <core[8fb95b77d25ab6c8]::fmt::rt::Argument>::fmt
[INFO] [stdout]                                at /rustc/b2282dd5646a57d570fc86fbe8df0e8826665ef6/library/core/src/fmt/rt.rs:152:76
[INFO] [stdout]    5:     0x581d0ad7a81a - core[8fb95b77d25ab6c8]::fmt::write
[INFO] [stdout]    6:     0x581d0ad663c2 - std[10d71ac2c42b111e]::io::default_write_fmt::<alloc[a7ee25936407c584]::vec::Vec<u8>>
[INFO] [stdout]                                at /rustc/b2282dd5646a57d570fc86fbe8df0e8826665ef6/library/std/src/io/mod.rs:622:11
[INFO] [stdout]    7:     0x581d0ad663c2 - <alloc[a7ee25936407c584]::vec::Vec<u8> as std[10d71ac2c42b111e]::io::Write>::write_fmt
[INFO] [stdout]                                at /rustc/b2282dd5646a57d570fc86fbe8df0e8826665ef6/library/std/src/io/mod.rs:1977:13
[INFO] [stdout]    8:     0x581d0ad3c646 - <std[10d71ac2c42b111e]::sys::backtrace::BacktraceLock>::print
[INFO] [stdout]                                at /rustc/b2282dd5646a57d570fc86fbe8df0e8826665ef6/library/std/src/sys/backtrace.rs:47:9
[INFO] [stdout]    9:     0x581d0ad3c646 - std[10d71ac2c42b111e]::panicking::default_hook::{closure#0}
[INFO] [stdout]                                at /rustc/b2282dd5646a57d570fc86fbe8df0e8826665ef6/library/std/src/panicking.rs:292:27
[INFO] [stdout]   10:     0x581d0ad56999 - std[10d71ac2c42b111e]::panicking::default_hook
[INFO] [stdout]                                at /rustc/b2282dd5646a57d570fc86fbe8df0e8826665ef6/library/std/src/panicking.rs:316:9
[INFO] [stdout]   11:     0x581d09e0cb6c - <alloc[a7ee25936407c584]::boxed::Box<dyn for<'a, 'b> core[8fb95b77d25ab6c8]::ops::function::Fn<(&'a std[10d71ac2c42b111e]::panic::PanicHookInfo<'b>,), Output = ()> + core[8fb95b77d25ab6c8]::marker::Sync + core[8fb95b77d25ab6c8]::marker::Send> as core[8fb95b77d25ab6c8]::ops::function::Fn<(&std[10d71ac2c42b111e]::panic::PanicHookInfo,)>>::call
[INFO] [stdout]                                at /rustc/b2282dd5646a57d570fc86fbe8df0e8826665ef6/library/alloc/src/boxed.rs:2289:9
[INFO] [stdout]   12:     0x581d09e0cb6c - test[213991da798b1c03]::test_main_inner::<test[213991da798b1c03]::test_main_static::{closure#0}>::{closure#0}
[INFO] [stdout]                                at /rustc/b2282dd5646a57d570fc86fbe8df0e8826665ef6/library/test/src/lib.rs:155:21
[INFO] [stdout]   13:     0x581d0ad56c12 - <alloc[a7ee25936407c584]::boxed::Box<dyn for<'a, 'b> core[8fb95b77d25ab6c8]::ops::function::Fn<(&'a std[10d71ac2c42b111e]::panic::PanicHookInfo<'b>,), Output = ()> + core[8fb95b77d25ab6c8]::marker::Sync + core[8fb95b77d25ab6c8]::marker::Send> as core[8fb95b77d25ab6c8]::ops::function::Fn<(&std[10d71ac2c42b111e]::panic::PanicHookInfo,)>>::call
[INFO] [stdout]                                at /rustc/b2282dd5646a57d570fc86fbe8df0e8826665ef6/library/alloc/src/boxed.rs:2289:9
[INFO] [stdout]   14:     0x581d0ad56c12 - std[10d71ac2c42b111e]::panicking::panic_with_hook
[INFO] [stdout]                                at /rustc/b2282dd5646a57d570fc86fbe8df0e8826665ef6/library/std/src/panicking.rs:833:13
[INFO] [stdout]   15:     0x581d0ad3c702 - std[10d71ac2c42b111e]::panicking::panic_handler::{closure#0}
[INFO] [stdout]                                at /rustc/b2282dd5646a57d570fc86fbe8df0e8826665ef6/library/std/src/panicking.rs:698:13
[INFO] [stdout]   16:     0x581d0ad31459 - std[10d71ac2c42b111e]::sys::backtrace::__rust_end_short_backtrace::<std[10d71ac2c42b111e]::panicking::panic_handler::{closure#0}, !>
[INFO] [stdout]                                at /rustc/b2282dd5646a57d570fc86fbe8df0e8826665ef6/library/std/src/sys/backtrace.rs:182:18
[INFO] [stdout]   17:     0x581d0ad3d67d - __rustc[3be9ba60078d4c86]::rust_begin_unwind
[INFO] [stdout]                                at /rustc/b2282dd5646a57d570fc86fbe8df0e8826665ef6/library/std/src/panicking.rs:689:5
[INFO] [stdout]   18:     0x581d0ad7b08c - core[8fb95b77d25ab6c8]::panicking::panic_fmt
[INFO] [stdout]                                at /rustc/b2282dd5646a57d570fc86fbe8df0e8826665ef6/library/core/src/panicking.rs:80:14
[INFO] [stdout]   19:     0x581d09df1622 - lnmarkets_test[462e378d15b5a1b8]::lnmarkets_module_tests::lnmarkets_withdraw_usd_client_integration_test_with_invalid_credentials::{closure#0}
[INFO] [stdout]                                at /opt/rustwide/workdir/tests/lnmarkets_test.rs:313:17
[INFO] [stdout]   20:     0x581d09df9722 - <core[8fb95b77d25ab6c8]::pin::Pin<&mut dyn core[8fb95b77d25ab6c8]::future::future::Future<Output = ()>> as core[8fb95b77d25ab6c8]::future::future::Future>::poll
[INFO] [stdout]                                at /rustc/b2282dd5646a57d570fc86fbe8df0e8826665ef6/library/core/src/future/future.rs:133:9
[INFO] [stdout]   21:     0x581d09df979d - <core[8fb95b77d25ab6c8]::pin::Pin<&mut core[8fb95b77d25ab6c8]::pin::Pin<&mut dyn core[8fb95b77d25ab6c8]::future::future::Future<Output = ()>>> as core[8fb95b77d25ab6c8]::future::future::Future>::poll
[INFO] [stdout]                                at /rustc/b2282dd5646a57d570fc86fbe8df0e8826665ef6/library/core/src/future/future.rs:133:9
[INFO] [stdout]   22:     0x581d09de359d - <tokio[c6bfd4c71b753193]::runtime::scheduler::current_thread::CoreGuard>::block_on::<core[8fb95b77d25ab6c8]::pin::Pin<&mut core[8fb95b77d25ab6c8]::pin::Pin<&mut dyn core[8fb95b77d25ab6c8]::future::future::Future<Output = ()>>>>::{closure#0}::{closure#0}::{closure#0}
[INFO] [stdout]                                at /opt/rustwide/cargo-home/registry/src/index.crates.io-1949cf8c6b5b557f/tokio-1.46.1/src/runtime/scheduler/current_thread/mod.rs:742:70
[INFO] [stdout]   23:     0x581d09de349b - tokio[c6bfd4c71b753193]::task::coop::with_budget::<core[8fb95b77d25ab6c8]::task::poll::Poll<()>, <tokio[c6bfd4c71b753193]::runtime::scheduler::current_thread::CoreGuard>::block_on<core[8fb95b77d25ab6c8]::pin::Pin<&mut core[8fb95b77d25ab6c8]::pin::Pin<&mut dyn core[8fb95b77d25ab6c8]::future::future::Future<Output = ()>>>>::{closure#0}::{closure#0}::{closure#0}>
[INFO] [stdout]                                at /opt/rustwide/cargo-home/registry/src/index.crates.io-1949cf8c6b5b557f/tokio-1.46.1/src/task/coop/mod.rs:167:5
[INFO] [stdout]   24:     0x581d09de349b - tokio[c6bfd4c71b753193]::task::coop::budget::<core[8fb95b77d25ab6c8]::task::poll::Poll<()>, <tokio[c6bfd4c71b753193]::runtime::scheduler::current_thread::CoreGuard>::block_on<core[8fb95b77d25ab6c8]::pin::Pin<&mut core[8fb95b77d25ab6c8]::pin::Pin<&mut dyn core[8fb95b77d25ab6c8]::future::future::Future<Output = ()>>>>::{closure#0}::{closure#0}::{closure#0}>
[INFO] [stdout]                                at /opt/rustwide/cargo-home/registry/src/index.crates.io-1949cf8c6b5b557f/tokio-1.46.1/src/task/coop/mod.rs:133:5
[INFO] [stdout]   25:     0x581d09de349b - <tokio[c6bfd4c71b753193]::runtime::scheduler::current_thread::CoreGuard>::block_on::<core[8fb95b77d25ab6c8]::pin::Pin<&mut core[8fb95b77d25ab6c8]::pin::Pin<&mut dyn core[8fb95b77d25ab6c8]::future::future::Future<Output = ()>>>>::{closure#0}::{closure#0}
[INFO] [stdout]                                at /opt/rustwide/cargo-home/registry/src/index.crates.io-1949cf8c6b5b557f/tokio-1.46.1/src/runtime/scheduler/current_thread/mod.rs:742:25
[INFO] [stdout]   26:     0x581d09ddbc80 - <tokio[c6bfd4c71b753193]::runtime::scheduler::current_thread::Context>::enter::<core[8fb95b77d25ab6c8]::task::poll::Poll<()>, <tokio[c6bfd4c71b753193]::runtime::scheduler::current_thread::CoreGuard>::block_on<core[8fb95b77d25ab6c8]::pin::Pin<&mut core[8fb95b77d25ab6c8]::pin::Pin<&mut dyn core[8fb95b77d25ab6c8]::future::future::Future<Output = ()>>>>::{closure#0}::{closure#0}>
[INFO] [stdout]                                at /opt/rustwide/cargo-home/registry/src/index.crates.io-1949cf8c6b5b557f/tokio-1.46.1/src/runtime/scheduler/current_thread/mod.rs:432:19
[INFO] [stdout]   27:     0x581d09de285d - <tokio[c6bfd4c71b753193]::runtime::scheduler::current_thread::CoreGuard>::block_on::<core[8fb95b77d25ab6c8]::pin::Pin<&mut core[8fb95b77d25ab6c8]::pin::Pin<&mut dyn core[8fb95b77d25ab6c8]::future::future::Future<Output = ()>>>>::{closure#0}
[INFO] [stdout]                                at /opt/rustwide/cargo-home/registry/src/index.crates.io-1949cf8c6b5b557f/tokio-1.46.1/src/runtime/scheduler/current_thread/mod.rs:741:44
[INFO] [stdout]   28:     0x581d09de1b44 - <tokio[c6bfd4c71b753193]::runtime::scheduler::current_thread::CoreGuard>::enter::<<tokio[c6bfd4c71b753193]::runtime::scheduler::current_thread::CoreGuard>::block_on<core[8fb95b77d25ab6c8]::pin::Pin<&mut core[8fb95b77d25ab6c8]::pin::Pin<&mut dyn core[8fb95b77d25ab6c8]::future::future::Future<Output = ()>>>>::{closure#0}, core[8fb95b77d25ab6c8]::option::Option<()>>::{closure#0}
[INFO] [stdout]                                at /opt/rustwide/cargo-home/registry/src/index.crates.io-1949cf8c6b5b557f/tokio-1.46.1/src/runtime/scheduler/current_thread/mod.rs:829:68
[INFO] [stdout]   29:     0x581d09df4c2b - <tokio[c6bfd4c71b753193]::runtime::context::scoped::Scoped<tokio[c6bfd4c71b753193]::runtime::scheduler::Context>>::set::<<tokio[c6bfd4c71b753193]::runtime::scheduler::current_thread::CoreGuard>::enter<<tokio[c6bfd4c71b753193]::runtime::scheduler::current_thread::CoreGuard>::block_on<core[8fb95b77d25ab6c8]::pin::Pin<&mut core[8fb95b77d25ab6c8]::pin::Pin<&mut dyn core[8fb95b77d25ab6c8]::future::future::Future<Output = ()>>>>::{closure#0}, core[8fb95b77d25ab6c8]::option::Option<()>>::{closure#0}, (alloc[a7ee25936407c584]::boxed::Box<tokio[c6bfd4c71b753193]::runtime::scheduler::current_thread::Core>, core[8fb95b77d25ab6c8]::option::Option<()>)>
[INFO] [stdout]                                at /opt/rustwide/cargo-home/registry/src/index.crates.io-1949cf8c6b5b557f/tokio-1.46.1/src/runtime/context/scoped.rs:40:9
[INFO] [stdout]   30:     0x581d09df8099 - tokio[c6bfd4c71b753193]::runtime::context::set_scheduler::<(alloc[a7ee25936407c584]::boxed::Box<tokio[c6bfd4c71b753193]::runtime::scheduler::current_thread::Core>, core[8fb95b77d25ab6c8]::option::Option<()>), <tokio[c6bfd4c71b753193]::runtime::scheduler::current_thread::CoreGuard>::enter<<tokio[c6bfd4c71b753193]::runtime::scheduler::current_thread::CoreGuard>::block_on<core[8fb95b77d25ab6c8]::pin::Pin<&mut core[8fb95b77d25ab6c8]::pin::Pin<&mut dyn core[8fb95b77d25ab6c8]::future::future::Future<Output = ()>>>>::{closure#0}, core[8fb95b77d25ab6c8]::option::Option<()>>::{closure#0}>::{closure#0}
[INFO] [stdout]                                at /opt/rustwide/cargo-home/registry/src/index.crates.io-1949cf8c6b5b557f/tokio-1.46.1/src/runtime/context.rs:176:38
[INFO] [stdout]   31:     0x581d09ded132 - <std[10d71ac2c42b111e]::thread::local::LocalKey<tokio[c6bfd4c71b753193]::runtime::context::Context>>::try_with::<tokio[c6bfd4c71b753193]::runtime::context::set_scheduler<(alloc[a7ee25936407c584]::boxed::Box<tokio[c6bfd4c71b753193]::runtime::scheduler::current_thread::Core>, core[8fb95b77d25ab6c8]::option::Option<()>), <tokio[c6bfd4c71b753193]::runtime::scheduler::current_thread::CoreGuard>::enter<<tokio[c6bfd4c71b753193]::runtime::scheduler::current_thread::CoreGuard>::block_on<core[8fb95b77d25ab6c8]::pin::Pin<&mut core[8fb95b77d25ab6c8]::pin::Pin<&mut dyn core[8fb95b77d25ab6c8]::future::future::Future<Output = ()>>>>::{closure#0}, core[8fb95b77d25ab6c8]::option::Option<()>>::{closure#0}>::{closure#0}, (alloc[a7ee25936407c584]::boxed::Box<tokio[c6bfd4c71b753193]::runtime::scheduler::current_thread::Core>, core[8fb95b77d25ab6c8]::option::Option<()>)>
[INFO] [stdout]                                at /rustc/b2282dd5646a57d570fc86fbe8df0e8826665ef6/library/std/src/thread/local.rs:462:12
[INFO] [stdout]   32:     0x581d09deccbe - <std[10d71ac2c42b111e]::thread::local::LocalKey<tokio[c6bfd4c71b753193]::runtime::context::Context>>::with::<tokio[c6bfd4c71b753193]::runtime::context::set_scheduler<(alloc[a7ee25936407c584]::boxed::Box<tokio[c6bfd4c71b753193]::runtime::scheduler::current_thread::Core>, core[8fb95b77d25ab6c8]::option::Option<()>), <tokio[c6bfd4c71b753193]::runtime::scheduler::current_thread::CoreGuard>::enter<<tokio[c6bfd4c71b753193]::runtime::scheduler::current_thread::CoreGuard>::block_on<core[8fb95b77d25ab6c8]::pin::Pin<&mut core[8fb95b77d25ab6c8]::pin::Pin<&mut dyn core[8fb95b77d25ab6c8]::future::future::Future<Output = ()>>>>::{closure#0}, core[8fb95b77d25ab6c8]::option::Option<()>>::{closure#0}>::{closure#0}, (alloc[a7ee25936407c584]::boxed::Box<tokio[c6bfd4c71b753193]::runtime::scheduler::current_thread::Core>, core[8fb95b77d25ab6c8]::option::Option<()>)>
[INFO] [stdout]                                at /rustc/b2282dd5646a57d570fc86fbe8df0e8826665ef6/library/std/src/thread/local.rs:426:20
[INFO] [stdout]   33:     0x581d09df750d - tokio[c6bfd4c71b753193]::runtime::context::set_scheduler::<(alloc[a7ee25936407c584]::boxed::Box<tokio[c6bfd4c71b753193]::runtime::scheduler::current_thread::Core>, core[8fb95b77d25ab6c8]::option::Option<()>), <tokio[c6bfd4c71b753193]::runtime::scheduler::current_thread::CoreGuard>::enter<<tokio[c6bfd4c71b753193]::runtime::scheduler::current_thread::CoreGuard>::block_on<core[8fb95b77d25ab6c8]::pin::Pin<&mut core[8fb95b77d25ab6c8]::pin::Pin<&mut dyn core[8fb95b77d25ab6c8]::future::future::Future<Output = ()>>>>::{closure#0}, core[8fb95b77d25ab6c8]::option::Option<()>>::{closure#0}>
[INFO] [stdout]                                at /opt/rustwide/cargo-home/registry/src/index.crates.io-1949cf8c6b5b557f/tokio-1.46.1/src/runtime/context.rs:176:17
[INFO] [stdout]   34:     0x581d09ddd230 - <tokio[c6bfd4c71b753193]::runtime::scheduler::current_thread::CoreGuard>::enter::<<tokio[c6bfd4c71b753193]::runtime::scheduler::current_thread::CoreGuard>::block_on<core[8fb95b77d25ab6c8]::pin::Pin<&mut core[8fb95b77d25ab6c8]::pin::Pin<&mut dyn core[8fb95b77d25ab6c8]::future::future::Future<Output = ()>>>>::{closure#0}, core[8fb95b77d25ab6c8]::option::Option<()>>
[INFO] [stdout]                                at /opt/rustwide/cargo-home/registry/src/index.crates.io-1949cf8c6b5b557f/tokio-1.46.1/src/runtime/scheduler/current_thread/mod.rs:829:27
[INFO] [stdout]   35:     0x581d09ddd526 - <tokio[c6bfd4c71b753193]::runtime::scheduler::current_thread::CoreGuard>::block_on::<core[8fb95b77d25ab6c8]::pin::Pin<&mut core[8fb95b77d25ab6c8]::pin::Pin<&mut dyn core[8fb95b77d25ab6c8]::future::future::Future<Output = ()>>>>
[INFO] [stdout]                                at /opt/rustwide/cargo-home/registry/src/index.crates.io-1949cf8c6b5b557f/tokio-1.46.1/src/runtime/scheduler/current_thread/mod.rs:729:24
[INFO] [stdout]   36:     0x581d09de1750 - <tokio[c6bfd4c71b753193]::runtime::scheduler::current_thread::CurrentThread>::block_on::<core[8fb95b77d25ab6c8]::pin::Pin<&mut dyn core[8fb95b77d25ab6c8]::future::future::Future<Output = ()>>>::{closure#0}
[INFO] [stdout]                                at /opt/rustwide/cargo-home/registry/src/index.crates.io-1949cf8c6b5b557f/tokio-1.46.1/src/runtime/scheduler/current_thread/mod.rs:200:33
[INFO] [stdout]   37:     0x581d09dfc323 - tokio[c6bfd4c71b753193]::runtime::context::runtime::enter_runtime::<<tokio[c6bfd4c71b753193]::runtime::scheduler::current_thread::CurrentThread>::block_on<core[8fb95b77d25ab6c8]::pin::Pin<&mut dyn core[8fb95b77d25ab6c8]::future::future::Future<Output = ()>>>::{closure#0}, ()>
[INFO] [stdout]                                at /opt/rustwide/cargo-home/registry/src/index.crates.io-1949cf8c6b5b557f/tokio-1.46.1/src/runtime/context/runtime.rs:65:16
[INFO] [stdout]   38:     0x581d09ddb7b1 - <tokio[c6bfd4c71b753193]::runtime::scheduler::current_thread::CurrentThread>::block_on::<core[8fb95b77d25ab6c8]::pin::Pin<&mut dyn core[8fb95b77d25ab6c8]::future::future::Future<Output = ()>>>
[INFO] [stdout]                                at /opt/rustwide/cargo-home/registry/src/index.crates.io-1949cf8c6b5b557f/tokio-1.46.1/src/runtime/scheduler/current_thread/mod.rs:188:9
[INFO] [stdout]   39:     0x581d09df9d04 - <tokio[c6bfd4c71b753193]::runtime::runtime::Runtime>::block_on_inner::<core[8fb95b77d25ab6c8]::pin::Pin<&mut dyn core[8fb95b77d25ab6c8]::future::future::Future<Output = ()>>>
[INFO] [stdout]                                at /opt/rustwide/cargo-home/registry/src/index.crates.io-1949cf8c6b5b557f/tokio-1.46.1/src/runtime/runtime.rs:356:52
[INFO] [stdout]   40:     0x581d09df9ecf - <tokio[c6bfd4c71b753193]::runtime::runtime::Runtime>::block_on::<core[8fb95b77d25ab6c8]::pin::Pin<&mut dyn core[8fb95b77d25ab6c8]::future::future::Future<Output = ()>>>
[INFO] [stdout]                                at /opt/rustwide/cargo-home/registry/src/index.crates.io-1949cf8c6b5b557f/tokio-1.46.1/src/runtime/runtime.rs:330:18
[INFO] [stdout]   41:     0x581d09df42d7 - lnmarkets_test[462e378d15b5a1b8]::lnmarkets_module_tests::lnmarkets_withdraw_usd_client_integration_test_with_invalid_credentials
[INFO] [stdout]                                at /opt/rustwide/workdir/tests/lnmarkets_test.rs:303:35
[INFO] [stdout]   42:     0x581d09def0a7 - lnmarkets_test[462e378d15b5a1b8]::lnmarkets_module_tests::lnmarkets_withdraw_usd_client_integration_test_with_invalid_credentials::{closure#0}
[INFO] [stdout]                                at /opt/rustwide/workdir/tests/lnmarkets_test.rs:289:87
[INFO] [stdout]   43:     0x581d09de3c66 - <lnmarkets_test[462e378d15b5a1b8]::lnmarkets_module_tests::lnmarkets_withdraw_usd_client_integration_test_with_invalid_credentials::{closure#0} as core[8fb95b77d25ab6c8]::ops::function::FnOnce<()>>::call_once
[INFO] [stdout]                                at /rustc/b2282dd5646a57d570fc86fbe8df0e8826665ef6/library/core/src/ops/function.rs:250:5
[INFO] [stdout]   44:     0x581d09dffc4b - <fn() -> core[8fb95b77d25ab6c8]::result::Result<(), alloc[a7ee25936407c584]::string::String> as core[8fb95b77d25ab6c8]::ops::function::FnOnce<()>>::call_once
[INFO] [stdout]                                at /rustc/b2282dd5646a57d570fc86fbe8df0e8826665ef6/library/core/src/ops/function.rs:250:5
[INFO] [stdout]   45:     0x581d09dffc4b - test[213991da798b1c03]::__rust_begin_short_backtrace::<core[8fb95b77d25ab6c8]::result::Result<(), alloc[a7ee25936407c584]::string::String>, fn() -> core[8fb95b77d25ab6c8]::result::Result<(), alloc[a7ee25936407c584]::string::String>>
[INFO] [stdout]                                at /rustc/b2282dd5646a57d570fc86fbe8df0e8826665ef6/library/test/src/lib.rs:724:18
[INFO] [stdout]   46:     0x581d09e0d4c5 - test[213991da798b1c03]::run_test_in_process::{closure#0}
[INFO] [stdout]                                at /rustc/b2282dd5646a57d570fc86fbe8df0e8826665ef6/library/test/src/lib.rs:747:74
[INFO] [stdout]   47:     0x581d09e0d4c5 - <core[8fb95b77d25ab6c8]::panic::unwind_safe::AssertUnwindSafe<test[213991da798b1c03]::run_test_in_process::{closure#0}> as core[8fb95b77d25ab6c8]::ops::function::FnOnce<()>>::call_once
[INFO] [stdout]                                at /rustc/b2282dd5646a57d570fc86fbe8df0e8826665ef6/library/core/src/panic/unwind_safe.rs:275:9
[INFO] [stdout]   48:     0x581d09e0d4c5 - std[10d71ac2c42b111e]::panicking::catch_unwind::do_call::<core[8fb95b77d25ab6c8]::panic::unwind_safe::AssertUnwindSafe<test[213991da798b1c03]::run_test_in_process::{closure#0}>, core[8fb95b77d25ab6c8]::result::Result<(), alloc[a7ee25936407c584]::string::String>>
[INFO] [stdout]                                at /rustc/b2282dd5646a57d570fc86fbe8df0e8826665ef6/library/std/src/panicking.rs:581:40
[INFO] [stdout]   49:     0x581d09e0d4c5 - std[10d71ac2c42b111e]::panicking::catch_unwind::<core[8fb95b77d25ab6c8]::result::Result<(), alloc[a7ee25936407c584]::string::String>, core[8fb95b77d25ab6c8]::panic::unwind_safe::AssertUnwindSafe<test[213991da798b1c03]::run_test_in_process::{closure#0}>>
[INFO] [stdout]                                at /rustc/b2282dd5646a57d570fc86fbe8df0e8826665ef6/library/std/src/panicking.rs:544:19
[INFO] [stdout]   50:     0x581d09e0d4c5 - std[10d71ac2c42b111e]::panic::catch_unwind::<core[8fb95b77d25ab6c8]::panic::unwind_safe::AssertUnwindSafe<test[213991da798b1c03]::run_test_in_process::{closure#0}>, core[8fb95b77d25ab6c8]::result::Result<(), alloc[a7ee25936407c584]::string::String>>
[INFO] [stdout]                                at /rustc/b2282dd5646a57d570fc86fbe8df0e8826665ef6/library/std/src/panic.rs:359:14
[INFO] [stdout]   51:     0x581d09e0d4c5 - test[213991da798b1c03]::run_test_in_process
[INFO] [stdout]                                at /rustc/b2282dd5646a57d570fc86fbe8df0e8826665ef6/library/test/src/lib.rs:747:27
[INFO] [stdout]   52:     0x581d09e0d4c5 - test[213991da798b1c03]::run_test::{closure#0}
[INFO] [stdout]                                at /rustc/b2282dd5646a57d570fc86fbe8df0e8826665ef6/library/test/src/lib.rs:668:43
[INFO] [stdout]   53:     0x581d09e06dd4 - test[213991da798b1c03]::run_test::{closure#1}
[INFO] [stdout]                                at /rustc/b2282dd5646a57d570fc86fbe8df0e8826665ef6/library/test/src/lib.rs:698:41
[INFO] [stdout]   54:     0x581d09e06dd4 - std[10d71ac2c42b111e]::sys::backtrace::__rust_begin_short_backtrace::<test[213991da798b1c03]::run_test::{closure#1}, ()>
[INFO] [stdout]                                at /rustc/b2282dd5646a57d570fc86fbe8df0e8826665ef6/library/std/src/sys/backtrace.rs:166:18
[INFO] [stdout]   55:     0x581d09e10542 - std[10d71ac2c42b111e]::thread::lifecycle::spawn_unchecked::<test[213991da798b1c03]::run_test::{closure#1}, ()>::{closure#1}::{closure#0}
[INFO] [stdout]                                at /rustc/b2282dd5646a57d570fc86fbe8df0e8826665ef6/library/std/src/thread/lifecycle.rs:70:13
[INFO] [stdout]   56:     0x581d09e10542 - <core[8fb95b77d25ab6c8]::panic::unwind_safe::AssertUnwindSafe<std[10d71ac2c42b111e]::thread::lifecycle::spawn_unchecked<test[213991da798b1c03]::run_test::{closure#1}, ()>::{closure#1}::{closure#0}> as core[8fb95b77d25ab6c8]::ops::function::FnOnce<()>>::call_once
[INFO] [stdout]                                at /rustc/b2282dd5646a57d570fc86fbe8df0e8826665ef6/library/core/src/panic/unwind_safe.rs:275:9
[INFO] [stdout]   57:     0x581d09e10542 - std[10d71ac2c42b111e]::panicking::catch_unwind::do_call::<core[8fb95b77d25ab6c8]::panic::unwind_safe::AssertUnwindSafe<std[10d71ac2c42b111e]::thread::lifecycle::spawn_unchecked<test[213991da798b1c03]::run_test::{closure#1}, ()>::{closure#1}::{closure#0}>, ()>
[INFO] [stdout]                                at /rustc/b2282dd5646a57d570fc86fbe8df0e8826665ef6/library/std/src/panicking.rs:581:40
[INFO] [stdout]   58:     0x581d09e10542 - std[10d71ac2c42b111e]::panicking::catch_unwind::<(), core[8fb95b77d25ab6c8]::panic::unwind_safe::AssertUnwindSafe<std[10d71ac2c42b111e]::thread::lifecycle::spawn_unchecked<test[213991da798b1c03]::run_test::{closure#1}, ()>::{closure#1}::{closure#0}>>
[INFO] [stdout]                                at /rustc/b2282dd5646a57d570fc86fbe8df0e8826665ef6/library/std/src/panicking.rs:544:19
[INFO] [stdout]   59:     0x581d09e10542 - std[10d71ac2c42b111e]::panic::catch_unwind::<core[8fb95b77d25ab6c8]::panic::unwind_safe::AssertUnwindSafe<std[10d71ac2c42b111e]::thread::lifecycle::spawn_unchecked<test[213991da798b1c03]::run_test::{closure#1}, ()>::{closure#1}::{closure#0}>, ()>
[INFO] [stdout]                                at /rustc/b2282dd5646a57d570fc86fbe8df0e8826665ef6/library/std/src/panic.rs:359:14
[INFO] [stdout]   60:     0x581d09e10542 - std[10d71ac2c42b111e]::thread::lifecycle::spawn_unchecked::<test[213991da798b1c03]::run_test::{closure#1}, ()>::{closure#1}
[INFO] [stdout]                                at /rustc/b2282dd5646a57d570fc86fbe8df0e8826665ef6/library/std/src/thread/lifecycle.rs:68:26
[INFO] [stdout]   61:     0x581d09e10542 - <std[10d71ac2c42b111e]::thread::lifecycle::spawn_unchecked<test[213991da798b1c03]::run_test::{closure#1}, ()>::{closure#1} as core[8fb95b77d25ab6c8]::ops::function::FnOnce<()>>::call_once::{shim:vtable#0}
[INFO] [stdout]                                at /rustc/b2282dd5646a57d570fc86fbe8df0e8826665ef6/library/core/src/ops/function.rs:250:5
[INFO] [stdout]   62:     0x581d0ad5e73f - <alloc[a7ee25936407c584]::boxed::Box<dyn core[8fb95b77d25ab6c8]::ops::function::FnOnce<(), Output = ()> + core[8fb95b77d25ab6c8]::marker::Send> as core[8fb95b77d25ab6c8]::ops::function::FnOnce<()>>::call_once
[INFO] [stdout]                                at /rustc/b2282dd5646a57d570fc86fbe8df0e8826665ef6/library/alloc/src/boxed.rs:2275:9
[INFO] [stdout]   63:     0x581d0ad5e73f - <std[10d71ac2c42b111e]::sys::thread::unix::Thread>::new::thread_start
[INFO] [stdout]                                at /rustc/b2282dd5646a57d570fc86fbe8df0e8826665ef6/library/std/src/sys/thread/unix.rs:118:17
[INFO] [stdout]   64:     0x77e29e4c4aa4 - <unknown>
[INFO] [stdout]   65:     0x77e29e551a64 - clone
[INFO] [stdout]   66:                0x0 - <unknown>
[INFO] [stdout] 
[INFO] [stdout] 
[INFO] [stdout] failures:
[INFO] [stdout]     lnmarkets_module_tests::lnmarkets_client_integration_test_with_invalid_credentials
[INFO] [stdout]     lnmarkets_module_tests::lnmarkets_deposit_client_integration_test_with_invalid_credentials
[INFO] [stdout]     lnmarkets_module_tests::lnmarkets_withdraw_client_integration_test_with_invalid_credentials
[INFO] [stdout]     lnmarkets_module_tests::lnmarkets_withdraw_usd_client_integration_test_with_invalid_credentials
[INFO] [stdout] 
[INFO] [stdout] test result: FAILED. 8 passed; 4 failed; 0 ignored; 0 measured; 0 filtered out; finished in 1.26s
[INFO] [stdout] 
[INFO] [stderr] error: test failed, to rerun pass `--test lnmarkets_test`
[INFO] running `Command { std: "docker" "inspect" "dc648b1be9ce22d6a4b2fc2ff17e99caba83a0528a12884130b8627c035ae42a", kill_on_drop: false }`
[INFO] running `Command { std: "docker" "rm" "-f" "dc648b1be9ce22d6a4b2fc2ff17e99caba83a0528a12884130b8627c035ae42a", kill_on_drop: false }`
[INFO] [stdout] dc648b1be9ce22d6a4b2fc2ff17e99caba83a0528a12884130b8627c035ae42a
