[INFO] cloning repository https://github.com/momoplan/bridge-agent
[INFO] running `Command { std: "git" "-c" "credential.helper=" "-c" "credential.helper=/workspace/cargo-home/bin/git-credential-null" "clone" "--bare" "https://github.com/momoplan/bridge-agent" "/workspace/cache/git-repos/https%3A%2F%2Fgithub.com%2Fmomoplan%2Fbridge-agent", kill_on_drop: false }`
[INFO] [stderr] Cloning into bare repository '/workspace/cache/git-repos/https%3A%2F%2Fgithub.com%2Fmomoplan%2Fbridge-agent'...
[INFO] running `Command { std: "git" "rev-parse" "HEAD", kill_on_drop: false }`
[INFO] [stdout] eea2d26e726d9e7cae696f353993b3986a15370a
[INFO] testing momoplan/bridge-agent against 1.98.0-beta.1 for beta-1.98-2
[INFO] running `Command { std: "git" "clone" "/workspace/cache/git-repos/https%3A%2F%2Fgithub.com%2Fmomoplan%2Fbridge-agent" "/workspace/builds/worker-4-tc2/source", kill_on_drop: false }`
[INFO] [stderr] Cloning into '/workspace/builds/worker-4-tc2/source'...
[INFO] [stderr] done.
[INFO] started tweaking git repo https://github.com/momoplan/bridge-agent
[INFO] finished tweaking git repo https://github.com/momoplan/bridge-agent
[INFO] tweaked toml for git repo https://github.com/momoplan/bridge-agent written to /workspace/builds/worker-4-tc2/source/Cargo.toml
[INFO] validating manifest of git repo https://github.com/momoplan/bridge-agent on toolchain 1.98.0-beta.1
[INFO] running `Command { std: CARGO_HOME="/workspace/cargo-home" RUSTUP_HOME="/workspace/rustup-home" "/workspace/cargo-home/bin/cargo" "+1.98.0-beta.1" "metadata" "--manifest-path" "Cargo.toml" "--no-deps", kill_on_drop: false }`
[INFO] crate git repo https://github.com/momoplan/bridge-agent already has a lockfile, it will not be regenerated
[INFO] running `Command { std: CARGO_HOME="/workspace/cargo-home" RUSTUP_HOME="/workspace/rustup-home" "/workspace/cargo-home/bin/cargo" "+1.98.0-beta.1" "fetch" "--manifest-path" "Cargo.toml", kill_on_drop: false }`
[INFO] [stderr]     Blocking waiting for file lock on package cache
[INFO] running `Command { std: "docker" "create" "-v" "/var/lib/crater-agent-workspace/builds/worker-4-tc2/source:/opt/rustwide/workdir:ro,Z" "-v" "/var/lib/crater-agent-workspace/builds/worker-4-tc2/target:/opt/rustwide/target:rw,Z" "-v" "/var/lib/crater-agent-workspace/cargo-home:/opt/rustwide/cargo-home:ro,Z" "-v" "/var/lib/crater-agent-workspace/rustup-home:/opt/rustwide/rustup-home:ro,Z" "-m" "1610612736" "--network" "none" "ghcr.io/rust-lang/crates-build-env/linux@sha256:3d5ced03c013a94a2f102a4510f48a6e9184255caf5fd8244f58017bde7f5210" "sleep" "infinity", kill_on_drop: false }`
[INFO] [stdout] 4ee115645ccea4e975acf5bfc6fa0a7d3171fbd8a56f4b1bcc6bf45e40f682bd
[INFO] running `Command { std: "docker" "start" "4ee115645ccea4e975acf5bfc6fa0a7d3171fbd8a56f4b1bcc6bf45e40f682bd", kill_on_drop: false }`
[INFO] running `Command { std: "docker" "inspect" "4ee115645ccea4e975acf5bfc6fa0a7d3171fbd8a56f4b1bcc6bf45e40f682bd", kill_on_drop: false }`
[INFO] running `Command { std: "docker" "exec" "-e" "SOURCE_DIR=/opt/rustwide/workdir" "-e" "CARGO_HOME=/opt/rustwide/cargo-home" "-e" "RUSTUP_HOME=/opt/rustwide/rustup-home" "-e" "CARGO_TARGET_DIR=/opt/rustwide/target" "-w" "/opt/rustwide/workdir" "--user" "0:0" "4ee115645ccea4e975acf5bfc6fa0a7d3171fbd8a56f4b1bcc6bf45e40f682bd" "/opt/rustwide/cargo-home/bin/cargo" "+1.98.0-beta.1" "metadata" "--no-deps" "--format-version=1", kill_on_drop: false }`
[INFO] running `Command { std: "docker" "inspect" "4ee115645ccea4e975acf5bfc6fa0a7d3171fbd8a56f4b1bcc6bf45e40f682bd", kill_on_drop: false }`
[INFO] running `Command { std: "docker" "exec" "-e" "SOURCE_DIR=/opt/rustwide/workdir" "-e" "CARGO_HOME=/opt/rustwide/cargo-home" "-e" "RUSTUP_HOME=/opt/rustwide/rustup-home" "-e" "CARGO_TARGET_DIR=/opt/rustwide/target" "-e" "CARGO_INCREMENTAL=0" "-e" "RUST_BACKTRACE=full" "-e" "RUSTFLAGS=--cap-lints=warn" "-e" "RUSTDOCFLAGS=--cap-lints=warn" "-w" "/opt/rustwide/workdir" "--user" "0:0" "4ee115645ccea4e975acf5bfc6fa0a7d3171fbd8a56f4b1bcc6bf45e40f682bd" "/opt/rustwide/cargo-home/bin/cargo" "+1.98.0-beta.1" "build" "--frozen" "--message-format=json", kill_on_drop: false }`
[INFO] [stderr]    Compiling smallvec v1.15.1
[INFO] [stderr]    Compiling libc v0.2.183
[INFO] [stderr]    Compiling http v1.4.0
[INFO] [stderr]    Compiling zeroize v1.8.2
[INFO] [stderr]    Compiling cc v1.2.57
[INFO] [stderr]    Compiling serde_core v1.0.228
[INFO] [stderr]    Compiling litemap v0.8.1
[INFO] [stderr]    Compiling serde v1.0.228
[INFO] [stderr]    Compiling writeable v0.6.2
[INFO] [stderr]    Compiling zerovec-derive v0.11.2
[INFO] [stderr]    Compiling tokio-macros v2.6.1
[INFO] [stderr]    Compiling zerofrom-derive v0.1.6
[INFO] [stderr]    Compiling yoke-derive v0.8.1
[INFO] [stderr]    Compiling tracing v0.1.44
[INFO] [stderr]    Compiling futures-util v0.3.32
[INFO] [stderr]    Compiling rustls-pki-types v1.14.0
[INFO] [stderr]    Compiling zerocopy v0.8.42
[INFO] [stderr]    Compiling hashbrown v0.17.0
[INFO] [stderr]    Compiling rustls v0.23.37
[INFO] [stderr]    Compiling winnow v0.7.15
[INFO] [stderr]    Compiling toml_write v0.1.2
[INFO] [stderr]    Compiling simd-adler32 v0.3.9
[INFO] [stderr]    Compiling num-traits v0.2.19
[INFO] [stderr]    Compiling crypto-common v0.1.7
[INFO] [stderr]    Compiling serde_json v1.0.149
[INFO] [stderr]    Compiling digest v0.10.7
[INFO] [stderr]    Compiling miniz_oxide v0.8.9
[INFO] [stderr]    Compiling indexmap v2.14.0
[INFO] [stderr]    Compiling webpki-roots v1.0.6
[INFO] [stderr]    Compiling http-body v1.0.1
[INFO] [stderr]    Compiling memchr v2.8.0
[INFO] [stderr]    Compiling regex-syntax v0.8.10
[INFO] [stderr]    Compiling sha1 v0.10.6
[INFO] [stderr]    Compiling http-body-util v0.1.3
[INFO] [stderr]    Compiling serde_urlencoded v0.7.1
[INFO] [stderr]    Compiling thiserror v2.0.18
[INFO] [stderr]    Compiling serde_spanned v0.6.9
[INFO] [stderr]    Compiling toml_datetime v0.6.11
[INFO] [stderr]    Compiling fdeflate v0.3.7
[INFO] [stderr]    Compiling utf-8 v0.7.6
[INFO] [stderr]    Compiling zerofrom v0.1.6
[INFO] [stderr]    Compiling yoke v0.8.1
[INFO] [stderr]    Compiling data-encoding v2.10.0
[INFO] [stderr]    Compiling iri-string v0.7.10
[INFO] [stderr]    Compiling flate2 v1.1.9
[INFO] [stderr]    Compiling errno v0.3.14
[INFO] [stderr]    Compiling zerovec v0.11.5
[INFO] [stderr]    Compiling parking_lot_core v0.9.12
[INFO] [stderr]    Compiling signal-hook-registry v1.4.8
[INFO] [stderr]    Compiling socket2 v0.6.3
[INFO] [stderr]    Compiling mio v1.1.1
[INFO] [stderr]    Compiling ring v0.17.14
[INFO] [stderr]    Compiling getrandom v0.2.17
[INFO] [stderr]    Compiling parking_lot v0.12.5
[INFO] [stderr]    Compiling zerotrie v0.2.3
[INFO] [stderr]    Compiling getrandom v0.3.4
[INFO] [stderr]    Compiling moxcms v0.8.1
[INFO] [stderr]    Compiling png v0.18.1
[INFO] [stderr]    Compiling rand_core v0.9.5
[INFO] [stderr]    Compiling dirs-sys v0.4.1
[INFO] [stderr]    Compiling tokio v1.50.0
[INFO] [stderr]    Compiling regex-automata v0.4.14
[INFO] [stderr]    Compiling getrandom v0.4.2
[INFO] [stderr]    Compiling clap_builder v4.6.0
[INFO] [stderr]    Compiling clap_derive v4.6.0
[INFO] [stderr]    Compiling axum-core v0.5.6
[INFO] [stderr]    Compiling tinystr v0.8.2
[INFO] [stderr]    Compiling potential_utf v0.1.4
[INFO] [stderr]    Compiling webpki-roots v0.26.11
[INFO] [stderr]    Compiling icu_collections v2.1.1
[INFO] [stderr]    Compiling serde_path_to_error v0.1.20
[INFO] [stderr]    Compiling icu_locale_core v2.1.1
[INFO] [stderr]    Compiling toml_edit v0.22.27
[INFO] [stderr]    Compiling tracing-log v0.2.0
[INFO] [stderr]    Compiling uuid v1.23.1
[INFO] [stderr]    Compiling directories v5.0.1
[INFO] [stderr]    Compiling icu_provider v2.1.1
[INFO] [stderr]    Compiling icu_properties v2.1.2
[INFO] [stderr]    Compiling icu_normalizer v2.1.1
[INFO] [stderr]    Compiling matchers v0.2.0
[INFO] [stderr]    Compiling tracing-subscriber v0.3.23
[INFO] [stderr]    Compiling ppv-lite86 v0.2.21
[INFO] [stderr]    Compiling rand_chacha v0.9.0
[INFO] [stderr]    Compiling clap v4.6.0
[INFO] [stderr]    Compiling rustls-webpki v0.103.9
[INFO] [stderr]    Compiling rand v0.9.2
[INFO] [stderr]    Compiling toml v0.8.23
[INFO] [stderr]    Compiling idna_adapter v1.2.1
[INFO] [stderr]    Compiling idna v1.1.0
[INFO] [stderr]    Compiling url v2.5.8
[INFO] [stderr]    Compiling image v0.25.10
[INFO] [stderr]    Compiling bridge-agent v0.1.77 (/opt/rustwide/workdir)
[INFO] [stderr]    Compiling hyper v1.8.1
[INFO] [stderr]    Compiling tower v0.5.3
[INFO] [stderr]    Compiling tower-http v0.6.8
[INFO] [stderr]    Compiling hyper-util v0.1.20
[INFO] [stderr]    Compiling tokio-rustls v0.26.4
[INFO] [stderr]    Compiling tungstenite v0.28.0
[INFO] [stderr]    Compiling hyper-rustls v0.27.7
[INFO] [stderr]    Compiling axum v0.8.9
[INFO] [stderr]    Compiling tokio-tungstenite v0.28.0
[INFO] [stderr]    Compiling reqwest v0.12.28
[INFO] [stdout] warning: unused imports: `Engine as _` and `engine::general_purpose::STANDARD as BASE64_STANDARD`
[INFO] [stdout]  --> src/services.rs:7:14
[INFO] [stdout]   |
[INFO] [stdout] 7 | use base64::{engine::general_purpose::STANDARD as BASE64_STANDARD, Engine as _};
[INFO] [stdout]   |              ^^^^^^^^^^^^^^^^^^^^^^^^^^^^^^^^^^^^^^^^^^^^^^^^^^^^  ^^^^^^^^^^^
[INFO] [stdout]   |
[INFO] [stdout]   = note: `#[warn(unused_imports)]` (part of `#[warn(unused)]`) on by default
[INFO] [stdout] 
[INFO] [stdout] 
[INFO] [stdout] warning: multiple fields are never read
[INFO] [stdout]    --> src/services.rs:102:5
[INFO] [stdout]     |
[INFO] [stdout] 101 | struct ComputerMethod {
[INFO] [stdout]     |        -------------- fields in this struct
[INFO] [stdout] 102 |     action: ComputerUseAction,
[INFO] [stdout]     |     ^^^^^^
[INFO] [stdout] 103 |     display_id: Option<u32>,
[INFO] [stdout]     |     ^^^^^^^^^^
[INFO] [stdout] 104 |     upload: UploadConfig,
[INFO] [stdout]     |     ^^^^^^
[INFO] [stdout] 105 |     upload_prepare_url: Option<String>,
[INFO] [stdout]     |     ^^^^^^^^^^^^^^^^^^
[INFO] [stdout] 106 |     agent_id: String,
[INFO] [stdout]     |     ^^^^^^^^
[INFO] [stdout] 107 |     relay_token: String,
[INFO] [stdout]     |     ^^^^^^^^^^^
[INFO] [stdout] 108 |     workspace_id: Option<u64>,
[INFO] [stdout]     |     ^^^^^^^^^^^^
[INFO] [stdout] 109 |     client: Client,
[INFO] [stdout]     |     ^^^^^^
[INFO] [stdout]     |
[INFO] [stdout]     = note: `#[warn(dead_code)]` (part of `#[warn(unused)]`) on by default
[INFO] [stdout] 
[INFO] [stdout] 
[INFO] [stdout] warning: struct `ComputerPoint` is never constructed
[INFO] [stdout]    --> src/services.rs:288:8
[INFO] [stdout]     |
[INFO] [stdout] 288 | struct ComputerPoint {
[INFO] [stdout]     |        ^^^^^^^^^^^^^
[INFO] [stdout] 
[INFO] [stdout] 
[INFO] [stdout] warning: struct `ComputerMouseArgs` is never constructed
[INFO] [stdout]    --> src/services.rs:294:8
[INFO] [stdout]     |
[INFO] [stdout] 294 | struct ComputerMouseArgs {
[INFO] [stdout]     |        ^^^^^^^^^^^^^^^^^
[INFO] [stdout] 
[INFO] [stdout] 
[INFO] [stdout] warning: struct `ComputerScrollArgs` is never constructed
[INFO] [stdout]    --> src/services.rs:304:8
[INFO] [stdout]     |
[INFO] [stdout] 304 | struct ComputerScrollArgs {
[INFO] [stdout]     |        ^^^^^^^^^^^^^^^^^^
[INFO] [stdout] 
[INFO] [stdout] 
[INFO] [stdout] warning: struct `ComputerTypeArgs` is never constructed
[INFO] [stdout]    --> src/services.rs:316:8
[INFO] [stdout]     |
[INFO] [stdout] 316 | struct ComputerTypeArgs {
[INFO] [stdout]     |        ^^^^^^^^^^^^^^^^
[INFO] [stdout] 
[INFO] [stdout] 
[INFO] [stdout] warning: struct `ComputerKeypressArgs` is never constructed
[INFO] [stdout]    --> src/services.rs:321:8
[INFO] [stdout]     |
[INFO] [stdout] 321 | struct ComputerKeypressArgs {
[INFO] [stdout]     |        ^^^^^^^^^^^^^^^^^^^^
[INFO] [stdout] 
[INFO] [stdout] 
[INFO] [stdout] warning: struct `ComputerWaitArgs` is never constructed
[INFO] [stdout]    --> src/services.rs:326:8
[INFO] [stdout]     |
[INFO] [stdout] 326 | struct ComputerWaitArgs {
[INFO] [stdout]     |        ^^^^^^^^^^^^^^^^
[INFO] [stdout] 
[INFO] [stdout] 
[INFO] [stdout] warning: struct `ComputerDragArgs` is never constructed
[INFO] [stdout]    --> src/services.rs:332:8
[INFO] [stdout]     |
[INFO] [stdout] 332 | struct ComputerDragArgs {
[INFO] [stdout]     |        ^^^^^^^^^^^^^^^^
[INFO] [stdout] 
[INFO] [stdout] 
[INFO] [stdout] warning: struct `PrepareUploadRequest` is never constructed
[INFO] [stdout]    --> src/services.rs:340:8
[INFO] [stdout]     |
[INFO] [stdout] 340 | struct PrepareUploadRequest {
[INFO] [stdout]     |        ^^^^^^^^^^^^^^^^^^^^
[INFO] [stdout] 
[INFO] [stdout] 
[INFO] [stdout] warning: struct `PrepareUploadResponse` is never constructed
[INFO] [stdout]    --> src/services.rs:352:8
[INFO] [stdout]     |
[INFO] [stdout] 352 | struct PrepareUploadResponse {
[INFO] [stdout]     |        ^^^^^^^^^^^^^^^^^^^^^
[INFO] [stdout] 
[INFO] [stdout] 
[INFO] [stdout] warning: function `default_mouse_button` is never used
[INFO] [stdout]     --> src/services.rs:1517:4
[INFO] [stdout]      |
[INFO] [stdout] 1517 | fn default_mouse_button() -> String {
[INFO] [stdout]      |    ^^^^^^^^^^^^^^^^^^^^
[INFO] [stdout] 
[INFO] [stdout] 
[INFO] [stdout] warning: function `default_wait_ms` is never used
[INFO] [stdout]     --> src/services.rs:1521:4
[INFO] [stdout]      |
[INFO] [stdout] 1521 | fn default_wait_ms() -> u64 {
[INFO] [stdout]      |    ^^^^^^^^^^^^^^^
[INFO] [stdout] 
[INFO] [stdout] 
[INFO] [stdout] warning: function `upload_screenshot` is never used
[INFO] [stdout]     --> src/services.rs:1789:10
[INFO] [stdout]      |
[INFO] [stdout] 1789 | async fn upload_screenshot(
[INFO] [stdout]      |          ^^^^^^^^^^^^^^^^^
[INFO] [stdout] 
[INFO] [stdout] 
[INFO] [stdout] warning: function `success_outcome` is never used
[INFO] [stdout]     --> src/services.rs:1993:4
[INFO] [stdout]      |
[INFO] [stdout] 1993 | fn success_outcome(data: Value) -> ServiceOutcome {
[INFO] [stdout]      |    ^^^^^^^^^^^^^^^
[INFO] [stdout] 
[INFO] [stdout] 
[INFO] [stderr]     Finished `dev` profile [unoptimized + debuginfo] target(s) in 1m 24s
[INFO] running `Command { std: "docker" "inspect" "4ee115645ccea4e975acf5bfc6fa0a7d3171fbd8a56f4b1bcc6bf45e40f682bd", kill_on_drop: false }`
[INFO] running `Command { std: "docker" "exec" "-e" "SOURCE_DIR=/opt/rustwide/workdir" "-e" "CARGO_HOME=/opt/rustwide/cargo-home" "-e" "RUSTUP_HOME=/opt/rustwide/rustup-home" "-e" "CARGO_TARGET_DIR=/opt/rustwide/target" "-e" "CARGO_INCREMENTAL=0" "-e" "RUST_BACKTRACE=full" "-e" "RUSTFLAGS=--cap-lints=warn" "-e" "RUSTDOCFLAGS=--cap-lints=warn" "-w" "/opt/rustwide/workdir" "--user" "0:0" "4ee115645ccea4e975acf5bfc6fa0a7d3171fbd8a56f4b1bcc6bf45e40f682bd" "/opt/rustwide/cargo-home/bin/cargo" "+1.98.0-beta.1" "test" "--frozen" "--no-run" "--message-format=json", kill_on_drop: false }`
[INFO] [stderr]    Compiling bitflags v2.11.0
[INFO] [stderr]    Compiling fastrand v2.3.0
[INFO] [stderr]    Compiling tower-http v0.6.8
[INFO] [stderr]    Compiling png v0.18.1
[INFO] [stderr]    Compiling rustix v1.1.4
[INFO] [stderr]    Compiling reqwest v0.12.28
[INFO] [stderr]    Compiling image v0.25.10
[INFO] [stderr]    Compiling tempfile v3.27.0
[INFO] [stderr]    Compiling bridge-agent v0.1.77 (/opt/rustwide/workdir)
[INFO] [stdout] warning: unused imports: `Engine as _` and `engine::general_purpose::STANDARD as BASE64_STANDARD`
[INFO] [stdout]  --> src/services.rs:7:14
[INFO] [stdout]   |
[INFO] [stdout] 7 | use base64::{engine::general_purpose::STANDARD as BASE64_STANDARD, Engine as _};
[INFO] [stdout]   |              ^^^^^^^^^^^^^^^^^^^^^^^^^^^^^^^^^^^^^^^^^^^^^^^^^^^^  ^^^^^^^^^^^
[INFO] [stdout]   |
[INFO] [stdout]   = note: `#[warn(unused_imports)]` (part of `#[warn(unused)]`) on by default
[INFO] [stdout] 
[INFO] [stdout] 
[INFO] [stdout] warning: unused imports: `Engine as _` and `engine::general_purpose::STANDARD as BASE64_STANDARD`
[INFO] [stdout]  --> src/services.rs:7:14
[INFO] [stdout]   |
[INFO] [stdout] 7 | use base64::{engine::general_purpose::STANDARD as BASE64_STANDARD, Engine as _};
[INFO] [stdout]   |              ^^^^^^^^^^^^^^^^^^^^^^^^^^^^^^^^^^^^^^^^^^^^^^^^^^^^  ^^^^^^^^^^^
[INFO] [stdout]   |
[INFO] [stdout]   = note: `#[warn(unused_imports)]` (part of `#[warn(unused)]`) on by default
[INFO] [stdout] 
[INFO] [stdout] 
[INFO] [stdout] warning: multiple fields are never read
[INFO] [stdout]    --> src/services.rs:102:5
[INFO] [stdout]     |
[INFO] [stdout] 101 | struct ComputerMethod {
[INFO] [stdout]     |        -------------- fields in this struct
[INFO] [stdout] 102 |     action: ComputerUseAction,
[INFO] [stdout]     |     ^^^^^^
[INFO] [stdout] 103 |     display_id: Option<u32>,
[INFO] [stdout]     |     ^^^^^^^^^^
[INFO] [stdout] 104 |     upload: UploadConfig,
[INFO] [stdout]     |     ^^^^^^
[INFO] [stdout] 105 |     upload_prepare_url: Option<String>,
[INFO] [stdout]     |     ^^^^^^^^^^^^^^^^^^
[INFO] [stdout] 106 |     agent_id: String,
[INFO] [stdout]     |     ^^^^^^^^
[INFO] [stdout] 107 |     relay_token: String,
[INFO] [stdout]     |     ^^^^^^^^^^^
[INFO] [stdout] 108 |     workspace_id: Option<u64>,
[INFO] [stdout]     |     ^^^^^^^^^^^^
[INFO] [stdout] 109 |     client: Client,
[INFO] [stdout]     |     ^^^^^^
[INFO] [stdout]     |
[INFO] [stdout]     = note: `#[warn(dead_code)]` (part of `#[warn(unused)]`) on by default
[INFO] [stdout] 
[INFO] [stdout] 
[INFO] [stdout] warning: struct `ComputerPoint` is never constructed
[INFO] [stdout]    --> src/services.rs:288:8
[INFO] [stdout]     |
[INFO] [stdout] 288 | struct ComputerPoint {
[INFO] [stdout]     |        ^^^^^^^^^^^^^
[INFO] [stdout] 
[INFO] [stdout] 
[INFO] [stdout] warning: struct `ComputerMouseArgs` is never constructed
[INFO] [stdout]    --> src/services.rs:294:8
[INFO] [stdout]     |
[INFO] [stdout] 294 | struct ComputerMouseArgs {
[INFO] [stdout]     |        ^^^^^^^^^^^^^^^^^
[INFO] [stdout] 
[INFO] [stdout] 
[INFO] [stdout] warning: struct `ComputerScrollArgs` is never constructed
[INFO] [stdout]    --> src/services.rs:304:8
[INFO] [stdout]     |
[INFO] [stdout] 304 | struct ComputerScrollArgs {
[INFO] [stdout]     |        ^^^^^^^^^^^^^^^^^^
[INFO] [stdout] 
[INFO] [stdout] 
[INFO] [stdout] warning: struct `ComputerTypeArgs` is never constructed
[INFO] [stdout]    --> src/services.rs:316:8
[INFO] [stdout]     |
[INFO] [stdout] 316 | struct ComputerTypeArgs {
[INFO] [stdout]     |        ^^^^^^^^^^^^^^^^
[INFO] [stdout] 
[INFO] [stdout] 
[INFO] [stdout] warning: struct `ComputerKeypressArgs` is never constructed
[INFO] [stdout]    --> src/services.rs:321:8
[INFO] [stdout]     |
[INFO] [stdout] 321 | struct ComputerKeypressArgs {
[INFO] [stdout]     |        ^^^^^^^^^^^^^^^^^^^^
[INFO] [stdout] 
[INFO] [stdout] 
[INFO] [stdout] warning: struct `ComputerWaitArgs` is never constructed
[INFO] [stdout]    --> src/services.rs:326:8
[INFO] [stdout]     |
[INFO] [stdout] 326 | struct ComputerWaitArgs {
[INFO] [stdout]     |        ^^^^^^^^^^^^^^^^
[INFO] [stdout] 
[INFO] [stdout] 
[INFO] [stdout] warning: struct `ComputerDragArgs` is never constructed
[INFO] [stdout]    --> src/services.rs:332:8
[INFO] [stdout]     |
[INFO] [stdout] 332 | struct ComputerDragArgs {
[INFO] [stdout]     |        ^^^^^^^^^^^^^^^^
[INFO] [stdout] 
[INFO] [stdout] 
[INFO] [stdout] warning: struct `PrepareUploadRequest` is never constructed
[INFO] [stdout]    --> src/services.rs:340:8
[INFO] [stdout]     |
[INFO] [stdout] 340 | struct PrepareUploadRequest {
[INFO] [stdout]     |        ^^^^^^^^^^^^^^^^^^^^
[INFO] [stdout] 
[INFO] [stdout] 
[INFO] [stdout] warning: struct `PrepareUploadResponse` is never constructed
[INFO] [stdout]    --> src/services.rs:352:8
[INFO] [stdout]     |
[INFO] [stdout] 352 | struct PrepareUploadResponse {
[INFO] [stdout]     |        ^^^^^^^^^^^^^^^^^^^^^
[INFO] [stdout] 
[INFO] [stdout] 
[INFO] [stdout] warning: function `default_mouse_button` is never used
[INFO] [stdout]     --> src/services.rs:1517:4
[INFO] [stdout]      |
[INFO] [stdout] 1517 | fn default_mouse_button() -> String {
[INFO] [stdout]      |    ^^^^^^^^^^^^^^^^^^^^
[INFO] [stdout] 
[INFO] [stdout] 
[INFO] [stdout] warning: function `default_wait_ms` is never used
[INFO] [stdout]     --> src/services.rs:1521:4
[INFO] [stdout]      |
[INFO] [stdout] 1521 | fn default_wait_ms() -> u64 {
[INFO] [stdout]      |    ^^^^^^^^^^^^^^^
[INFO] [stdout] 
[INFO] [stdout] 
[INFO] [stdout] warning: function `upload_screenshot` is never used
[INFO] [stdout]     --> src/services.rs:1789:10
[INFO] [stdout]      |
[INFO] [stdout] 1789 | async fn upload_screenshot(
[INFO] [stdout]      |          ^^^^^^^^^^^^^^^^^
[INFO] [stdout] 
[INFO] [stdout] 
[INFO] [stdout] warning: function `success_outcome` is never used
[INFO] [stdout]     --> src/services.rs:1993:4
[INFO] [stdout]      |
[INFO] [stdout] 1993 | fn success_outcome(data: Value) -> ServiceOutcome {
[INFO] [stdout]      |    ^^^^^^^^^^^^^^^
[INFO] [stdout] 
[INFO] [stdout] 
[INFO] [stdout] warning: multiple fields are never read
[INFO] [stdout]    --> src/services.rs:102:5
[INFO] [stdout]     |
[INFO] [stdout] 101 | struct ComputerMethod {
[INFO] [stdout]     |        -------------- fields in this struct
[INFO] [stdout] 102 |     action: ComputerUseAction,
[INFO] [stdout]     |     ^^^^^^
[INFO] [stdout] 103 |     display_id: Option<u32>,
[INFO] [stdout]     |     ^^^^^^^^^^
[INFO] [stdout] 104 |     upload: UploadConfig,
[INFO] [stdout]     |     ^^^^^^
[INFO] [stdout] 105 |     upload_prepare_url: Option<String>,
[INFO] [stdout]     |     ^^^^^^^^^^^^^^^^^^
[INFO] [stdout] 106 |     agent_id: String,
[INFO] [stdout]     |     ^^^^^^^^
[INFO] [stdout] 107 |     relay_token: String,
[INFO] [stdout]     |     ^^^^^^^^^^^
[INFO] [stdout] 108 |     workspace_id: Option<u64>,
[INFO] [stdout]     |     ^^^^^^^^^^^^
[INFO] [stdout] 109 |     client: Client,
[INFO] [stdout]     |     ^^^^^^
[INFO] [stdout]     |
[INFO] [stdout]     = note: `#[warn(dead_code)]` (part of `#[warn(unused)]`) on by default
[INFO] [stdout] 
[INFO] [stdout] 
[INFO] [stdout] warning: struct `ComputerPoint` is never constructed
[INFO] [stdout]    --> src/services.rs:288:8
[INFO] [stdout]     |
[INFO] [stdout] 288 | struct ComputerPoint {
[INFO] [stdout]     |        ^^^^^^^^^^^^^
[INFO] [stdout] 
[INFO] [stdout] 
[INFO] [stdout] warning: struct `ComputerMouseArgs` is never constructed
[INFO] [stdout]    --> src/services.rs:294:8
[INFO] [stdout]     |
[INFO] [stdout] 294 | struct ComputerMouseArgs {
[INFO] [stdout]     |        ^^^^^^^^^^^^^^^^^
[INFO] [stdout] 
[INFO] [stdout] 
[INFO] [stdout] warning: struct `ComputerScrollArgs` is never constructed
[INFO] [stdout]    --> src/services.rs:304:8
[INFO] [stdout]     |
[INFO] [stdout] 304 | struct ComputerScrollArgs {
[INFO] [stdout]     |        ^^^^^^^^^^^^^^^^^^
[INFO] [stdout] 
[INFO] [stdout] 
[INFO] [stdout] warning: struct `ComputerTypeArgs` is never constructed
[INFO] [stdout]    --> src/services.rs:316:8
[INFO] [stdout]     |
[INFO] [stdout] 316 | struct ComputerTypeArgs {
[INFO] [stdout]     |        ^^^^^^^^^^^^^^^^
[INFO] [stdout] 
[INFO] [stdout] 
[INFO] [stdout] warning: struct `ComputerKeypressArgs` is never constructed
[INFO] [stdout]    --> src/services.rs:321:8
[INFO] [stdout]     |
[INFO] [stdout] 321 | struct ComputerKeypressArgs {
[INFO] [stdout]     |        ^^^^^^^^^^^^^^^^^^^^
[INFO] [stdout] 
[INFO] [stdout] 
[INFO] [stdout] warning: struct `ComputerWaitArgs` is never constructed
[INFO] [stdout]    --> src/services.rs:326:8
[INFO] [stdout]     |
[INFO] [stdout] 326 | struct ComputerWaitArgs {
[INFO] [stdout]     |        ^^^^^^^^^^^^^^^^
[INFO] [stdout] 
[INFO] [stdout] 
[INFO] [stdout] warning: struct `ComputerDragArgs` is never constructed
[INFO] [stdout]    --> src/services.rs:332:8
[INFO] [stdout]     |
[INFO] [stdout] 332 | struct ComputerDragArgs {
[INFO] [stdout]     |        ^^^^^^^^^^^^^^^^
[INFO] [stdout] 
[INFO] [stdout] 
[INFO] [stdout] warning: struct `PrepareUploadResponse` is never constructed
[INFO] [stdout]    --> src/services.rs:352:8
[INFO] [stdout]     |
[INFO] [stdout] 352 | struct PrepareUploadResponse {
[INFO] [stdout]     |        ^^^^^^^^^^^^^^^^^^^^^
[INFO] [stdout] 
[INFO] [stdout] 
[INFO] [stdout] warning: function `default_mouse_button` is never used
[INFO] [stdout]     --> src/services.rs:1517:4
[INFO] [stdout]      |
[INFO] [stdout] 1517 | fn default_mouse_button() -> String {
[INFO] [stdout]      |    ^^^^^^^^^^^^^^^^^^^^
[INFO] [stdout] 
[INFO] [stdout] 
[INFO] [stdout] warning: function `default_wait_ms` is never used
[INFO] [stdout]     --> src/services.rs:1521:4
[INFO] [stdout]      |
[INFO] [stdout] 1521 | fn default_wait_ms() -> u64 {
[INFO] [stdout]      |    ^^^^^^^^^^^^^^^
[INFO] [stdout] 
[INFO] [stdout] 
[INFO] [stdout] warning: function `upload_screenshot` is never used
[INFO] [stdout]     --> src/services.rs:1789:10
[INFO] [stdout]      |
[INFO] [stdout] 1789 | async fn upload_screenshot(
[INFO] [stdout]      |          ^^^^^^^^^^^^^^^^^
[INFO] [stdout] 
[INFO] [stdout] 
[INFO] [stdout] warning: function `success_outcome` is never used
[INFO] [stdout]     --> src/services.rs:1993:4
[INFO] [stdout]      |
[INFO] [stdout] 1993 | fn success_outcome(data: Value) -> ServiceOutcome {
[INFO] [stdout]      |    ^^^^^^^^^^^^^^^
[INFO] [stdout] 
[INFO] [stdout] 
[INFO] [stderr]     Finished `test` profile [unoptimized + debuginfo] target(s) in 29.56s
[INFO] running `Command { std: "docker" "inspect" "4ee115645ccea4e975acf5bfc6fa0a7d3171fbd8a56f4b1bcc6bf45e40f682bd", kill_on_drop: false }`
[INFO] running `Command { std: "docker" "exec" "-e" "SOURCE_DIR=/opt/rustwide/workdir" "-e" "CARGO_HOME=/opt/rustwide/cargo-home" "-e" "RUSTUP_HOME=/opt/rustwide/rustup-home" "-e" "CARGO_TARGET_DIR=/opt/rustwide/target" "-e" "CARGO_INCREMENTAL=0" "-e" "RUST_BACKTRACE=full" "-e" "RUSTFLAGS=--cap-lints=warn" "-e" "RUSTDOCFLAGS=--cap-lints=warn" "-w" "/opt/rustwide/workdir" "--user" "0:0" "4ee115645ccea4e975acf5bfc6fa0a7d3171fbd8a56f4b1bcc6bf45e40f682bd" "/opt/rustwide/cargo-home/bin/cargo" "+1.98.0-beta.1" "test" "--frozen", kill_on_drop: false }`
[INFO] [stderr] warning: unused imports: `Engine as _` and `engine::general_purpose::STANDARD as BASE64_STANDARD`
[INFO] [stderr]  --> src/services.rs:7:14
[INFO] [stderr]   |
[INFO] [stderr] 7 | use base64::{engine::general_purpose::STANDARD as BASE64_STANDARD, Engine as _};
[INFO] [stderr]   |              ^^^^^^^^^^^^^^^^^^^^^^^^^^^^^^^^^^^^^^^^^^^^^^^^^^^^  ^^^^^^^^^^^
[INFO] [stderr]   |
[INFO] [stderr]   = note: `#[warn(unused_imports)]` (part of `#[warn(unused)]`) on by default
[INFO] [stderr] 
[INFO] [stderr] warning: multiple fields are never read
[INFO] [stderr]    --> src/services.rs:102:5
[INFO] [stderr]     |
[INFO] [stderr] 101 | struct ComputerMethod {
[INFO] [stderr]     |        -------------- fields in this struct
[INFO] [stderr] 102 |     action: ComputerUseAction,
[INFO] [stderr]     |     ^^^^^^
[INFO] [stderr] 103 |     display_id: Option<u32>,
[INFO] [stderr]     |     ^^^^^^^^^^
[INFO] [stderr] 104 |     upload: UploadConfig,
[INFO] [stderr]     |     ^^^^^^
[INFO] [stderr] 105 |     upload_prepare_url: Option<String>,
[INFO] [stderr]     |     ^^^^^^^^^^^^^^^^^^
[INFO] [stderr] 106 |     agent_id: String,
[INFO] [stderr]     |     ^^^^^^^^
[INFO] [stderr] 107 |     relay_token: String,
[INFO] [stderr]     |     ^^^^^^^^^^^
[INFO] [stderr] 108 |     workspace_id: Option<u64>,
[INFO] [stderr]     |     ^^^^^^^^^^^^
[INFO] [stderr] 109 |     client: Client,
[INFO] [stderr]     |     ^^^^^^
[INFO] [stderr]     |
[INFO] [stderr]     = note: `#[warn(dead_code)]` (part of `#[warn(unused)]`) on by default
[INFO] [stderr] 
[INFO] [stderr] warning: struct `ComputerPoint` is never constructed
[INFO] [stderr]    --> src/services.rs:288:8
[INFO] [stderr]     |
[INFO] [stderr] 288 | struct ComputerPoint {
[INFO] [stderr]     |        ^^^^^^^^^^^^^
[INFO] [stderr] 
[INFO] [stderr] warning: struct `ComputerMouseArgs` is never constructed
[INFO] [stderr]    --> src/services.rs:294:8
[INFO] [stderr]     |
[INFO] [stderr] 294 | struct ComputerMouseArgs {
[INFO] [stderr]     |        ^^^^^^^^^^^^^^^^^
[INFO] [stderr] 
[INFO] [stderr] warning: struct `ComputerScrollArgs` is never constructed
[INFO] [stderr]    --> src/services.rs:304:8
[INFO] [stderr]     |
[INFO] [stderr] 304 | struct ComputerScrollArgs {
[INFO] [stderr]     |        ^^^^^^^^^^^^^^^^^^
[INFO] [stderr] 
[INFO] [stderr] warning: struct `ComputerTypeArgs` is never constructed
[INFO] [stderr]    --> src/services.rs:316:8
[INFO] [stderr]     |
[INFO] [stderr] 316 | struct ComputerTypeArgs {
[INFO] [stderr]     |        ^^^^^^^^^^^^^^^^
[INFO] [stderr] 
[INFO] [stderr] warning: struct `ComputerKeypressArgs` is never constructed
[INFO] [stderr]    --> src/services.rs:321:8
[INFO] [stderr]     |
[INFO] [stderr] 321 | struct ComputerKeypressArgs {
[INFO] [stderr]     |        ^^^^^^^^^^^^^^^^^^^^
[INFO] [stderr] 
[INFO] [stderr] warning: struct `ComputerWaitArgs` is never constructed
[INFO] [stderr]    --> src/services.rs:326:8
[INFO] [stderr]     |
[INFO] [stderr] 326 | struct ComputerWaitArgs {
[INFO] [stderr]     |        ^^^^^^^^^^^^^^^^
[INFO] [stderr] 
[INFO] [stderr] warning: struct `ComputerDragArgs` is never constructed
[INFO] [stderr]    --> src/services.rs:332:8
[INFO] [stderr]     |
[INFO] [stderr] 332 | struct ComputerDragArgs {
[INFO] [stderr]     |        ^^^^^^^^^^^^^^^^
[INFO] [stderr] 
[INFO] [stderr] warning: struct `PrepareUploadRequest` is never constructed
[INFO] [stderr]    --> src/services.rs:340:8
[INFO] [stderr]     |
[INFO] [stderr] 340 | struct PrepareUploadRequest {
[INFO] [stderr]     |        ^^^^^^^^^^^^^^^^^^^^
[INFO] [stderr] 
[INFO] [stderr] warning: struct `PrepareUploadResponse` is never constructed
[INFO] [stderr]    --> src/services.rs:352:8
[INFO] [stderr]     |
[INFO] [stderr] 352 | struct PrepareUploadResponse {
[INFO] [stderr]     |        ^^^^^^^^^^^^^^^^^^^^^
[INFO] [stderr] 
[INFO] [stderr] warning: function `default_mouse_button` is never used
[INFO] [stderr]     --> src/services.rs:1517:4
[INFO] [stderr]      |
[INFO] [stderr] 1517 | fn default_mouse_button() -> String {
[INFO] [stderr]      |    ^^^^^^^^^^^^^^^^^^^^
[INFO] [stderr] 
[INFO] [stderr] warning: function `default_wait_ms` is never used
[INFO] [stderr]     --> src/services.rs:1521:4
[INFO] [stderr]      |
[INFO] [stderr] 1521 | fn default_wait_ms() -> u64 {
[INFO] [stderr]      |    ^^^^^^^^^^^^^^^
[INFO] [stderr] 
[INFO] [stderr] warning: function `upload_screenshot` is never used
[INFO] [stderr]     --> src/services.rs:1789:10
[INFO] [stderr]      |
[INFO] [stderr] 1789 | async fn upload_screenshot(
[INFO] [stderr]      |          ^^^^^^^^^^^^^^^^^
[INFO] [stderr] 
[INFO] [stderr] warning: function `success_outcome` is never used
[INFO] [stderr]     --> src/services.rs:1993:4
[INFO] [stderr]      |
[INFO] [stderr] 1993 | fn success_outcome(data: Value) -> ServiceOutcome {
[INFO] [stderr]      |    ^^^^^^^^^^^^^^^
[INFO] [stderr] 
[INFO] [stderr] warning: `bridge-agent` (lib) generated 15 warnings (run `cargo fix --lib -p bridge-agent` to apply 1 suggestion)
[INFO] [stderr] warning: `bridge-agent` (lib test) generated 14 warnings (14 duplicates)
[INFO] [stderr]     Finished `test` profile [unoptimized + debuginfo] target(s) in 0.37s
[INFO] [stderr]      Running unittests src/lib.rs (/opt/rustwide/target/debug/deps/bridge_agent-ea32fcfd9a23847f)
[INFO] [stdout] 
[INFO] [stdout] running 84 tests
[INFO] [stdout] test config::tests::default_device_name_uses_user_and_host ... ok
[INFO] [stdout] test config::tests::default_shell_exec_allowlist_includes_common_runtimes ... ok
[INFO] [stdout] test config::tests::example_config_is_valid ... ok
[INFO] [stdout] test config::tests::example_config_contains_only_builtin_services ... ok
[INFO] [stdout] test config::tests::browser_auth_keeps_existing_custom_agent_id ... ok
[INFO] [stdout] test config::tests::event_only_service_is_exposed_in_manifest ... ok
[INFO] [stdout] test config::tests::browser_auth_migrates_legacy_default_agent_id ... ok
[INFO] [stdout] test config::tests::public_service_registration_builds_http_service_config ... ok
[INFO] [stdout] test config::tests::upload_prepare_url_prefers_explicit_value ... ok
[INFO] [stdout] test config::tests::shell_manifest_exposes_single_argv_command_schema ... ok
[INFO] [stdout] test config::tests::load_config_keeps_user_modified_local_java_service ... ok
[INFO] [stdout] test config::tests::config_round_trip ... ok
[INFO] [stdout] test config::tests::manifest_preview_contains_enabled_service_only ... ok
[INFO] [stdout] test connector::tests::connector_manifest_loads_service_registration_files ... ok
[INFO] [stdout] test connector::tests::legacy_autostart_cleanup_does_not_remove_current_wechat_collector_label ... ok
[INFO] [stdout] test config::tests::load_config_removes_legacy_disabled_local_java_example ... ok
[INFO] [stdout] test config::tests::load_config_migrates_legacy_shell_exec_runtime_allowlist ... ok
[INFO] [stdout] test connector::tests::parses_python_version_requirements ... ok
[INFO] [stdout] test event_server::tests::local_endpoint_does_not_match_different_loopback_address ... ok
[INFO] [stdout] test event_server::tests::parse_listening_pid_matches_ipv4_loopback_listener ... ok
[INFO] [stdout] test event_server::tests::parse_listening_pid_treats_unspecified_listener_as_occupying_bind ... ok
[INFO] [stdout] test event_server::tests::parse_lsof_owner_matches_loopback_listener ... ok
[INFO] [stdout] test config::tests::load_config_migrates_legacy_default_device_name_when_identity_is_available ... ok
[INFO] [stdout] test connector::tests::resolves_python_project_script_to_connector_environment ... ok
[INFO] [stdout] test event_server::tests::parse_lsof_owner_treats_unspecified_listener_as_occupying_bind ... ok
[INFO] [stdout] test event_server::tests::parse_tasklist_image_name_reads_csv_first_field ... ok
[INFO] [stdout] test process_identity::tests::bridge_agent_process_name_allows_only_known_hosts ... ok
[INFO] [stdout] test process_identity::tests::generated_candidates_include_all_packaged_hosts ... ok
[INFO] [stdout] test runtime::tests::build_url_injects_token ... ok
[INFO] [stdout] test runtime::tests::managed_start_command_removes_daemon_flag ... ok
[INFO] [stdout] test runtime::tests::managed_start_command_runs_collectors_in_foreground ... ok
[INFO] [stdout] test runtime::tests::managed_start_command_runs_python_module_collectors_in_foreground ... ok
[INFO] [stdout] test runtime::tests::relay_decoder_accepts_registered_ack ... ok
[INFO] [stdout] test runtime::tests::relay_decoder_ignores_unknown_message_type ... ok
[INFO] [stdout] test event_server::tests::event_server_accepts_declared_event ... ok
[INFO] [stdout] test runtime::tests::relay_decoder_rejects_invalid_known_message ... ok
[INFO] [stdout] test runtime::tests::runtime_lock_owner_keeps_unidentifiable_running_process ... ok
[INFO] [stdout] test runtime::tests::runtime_lock_owner_rejects_pid_reused_by_non_bridge_process ... ok
[INFO] [stdout] test connector::tests::reads_python_project_scripts ... ok
[INFO] [stdout] test config::tests::load_legacy_computer_service_adds_missing_default_methods ... ok
[INFO] [stdout] test connector::tests::install_connector_resolves_package_bin_start_command ... ok
[INFO] [stdout] test logging::tests::file_log_sink_writes_json_lines ... ok
[INFO] [stdout] test runtime::tests::runtime_process_identity_accepts_desktop_executable_name ... ok
[INFO] [stdout] test runtime::tests::runtime_process_identity_accepts_quoted_install_path ... ok
[INFO] [stdout] test runtime::tests::runtime_process_identity_rejects_unknown_or_helper_processes ... ok
[INFO] [stdout] test runtime::tests::tasklist_image_name_reads_product_name_with_spaces ... ok
[INFO] [stdout] test runtime::tests::runtime_start_active_statuses_are_idempotent_start_targets ... ok
[INFO] [stdout] test config::tests::non_loopback_event_server_disables_service_registration_migration ... ok
[INFO] [stdout] test runtime::tests::runtime_manager_serializes_concurrent_starts ... ok
[INFO] [stdout] test config::tests::reset_invalid_config_archives_bad_file_and_recreates_default ... ok
[INFO] [stdout] test runtime::tests::terminating_conflicting_runtime_refuses_current_process_owner ... ok
[INFO] [stdout] test runtime::tests::wide_process_name_reads_utf16_until_null ... ok
[INFO] [stdout] test services::tests::allowlist_accepts_basename ... ok
[INFO] [stdout] test services::tests::allowlist_accepts_wildcard ... ok
[INFO] [stdout] test config::tests::load_legacy_config_without_platform ... ok
[INFO] [stdout] test services::tests::prepare_upload_request_uses_relay_camel_case_schema ... ok
[INFO] [stdout] test config::tests::save_config_preserves_last_config_backup ... ok
[INFO] [stdout] test services::tests::checked_registry_omits_unhealthy_registered_service ... ok
[INFO] [stdout] test services::tests::resolve_cwd_rejects_escape ... ok
[INFO] [stdout] test services::tests::sanitize_env_keeps_safe_keys_only ... ok
[INFO] [stdout] test services::tests::shell_args_accept_argv_array ... ok
[INFO] [stdout] test services::tests::registry_exposes_event_only_service_definitions ... ok
[INFO] [stdout] test services::tests::http_binding_unwraps_local_connector_failure_envelope ... ok
[INFO] [stdout] test services::tests::registry_exposes_enabled_service_definitions ... ok
[INFO] [stdout] test config::tests::load_config_preserves_custom_device_name ... ok
[INFO] [stdout] test connector::tests::install_connector_updates_agent_config ... ok
[INFO] [stdout] test services::tests::shell_args_accept_command_line_string ... ok
[INFO] [stdout] test services::tests::http_binding_unwraps_local_connector_success_envelope ... ok
[INFO] [stdout] test services::tests::checked_registry_keeps_healthy_registered_service ... ok
[INFO] [stdout] test services::tests::unknown_service_returns_error ... ok
[INFO] [stdout] test runtime::tests::runtime_manager_reuses_active_start_for_duplicate_start ... ok
[INFO] [stdout] test services::tests::http_binding_unwraps_cmodel_response ... ok
[INFO] [stdout] test runtime::tests::runtime_lock_rejects_second_owner_until_released ... ok
[INFO] [stdout] test services::tests::shell_exec_path_prefers_local_toolchains_before_system_path ... ok
[INFO] [stdout] test connector::tests::reinstall_preserves_install_time_and_updates_sync_source ... ok
[INFO] [stdout] test services::tests::shell_exec_returns_execution_metadata_for_quick_commands ... ok
[INFO] [stdout] test services::tests::shell_execution_can_be_started_and_polled ... ok
[INFO] [stdout] test connector::tests::sync_installed_connectors_restores_lifecycle_commands_and_preserves_enabled ... ok
[INFO] [stdout] test event_server::tests::service_registration_api_writes_config_and_schedules_capability_update ... ok
[INFO] [stdout] test connector::tests::install_connector_derives_package_bin_stop_command ... ok
[INFO] [stdout] test runtime::tests::runtime_lock_removes_stale_owner ... FAILED
[INFO] [stdout] test services::tests::shell_exec_returns_running_execution_for_long_commands ... ok
[INFO] [stdout] test services::tests::shell_start_execution_does_not_use_invoke_timeout_as_process_timeout ... ok
[INFO] [stdout] test services::tests::shell_start_execution_honors_explicit_argument_timeout ... ok
[INFO] [stderr] error: test failed, to rerun pass `--lib`
[INFO] [stdout] 
[INFO] [stdout] failures:
[INFO] [stdout] 
[INFO] [stdout] ---- runtime::tests::runtime_lock_removes_stale_owner stdout ----
[INFO] [stdout] 
[INFO] [stdout] thread 'runtime::tests::runtime_lock_removes_stale_owner' (2105) panicked at src/runtime.rs:1821:72:
[INFO] [stdout] called `Result::unwrap()` on an `Err` value: bridge-agent runtime is already running for agent `dev_1` with config `/tmp/.tmpuSD493/agent-config.json` (pid 4294967295, lock /tmp/.tmpuSD493/.bridge-agent-locks/agent-config.json-dev_1-L3RtcC8udG1wdVNE.lock)
[INFO] [stdout] 
[INFO] [stdout] Stack backtrace:
[INFO] [stdout]    0: <anyhow::Error as core::convert::From<bridge_agent::runtime::RuntimeLockConflict>>::from
[INFO] [stdout]              at /opt/rustwide/cargo-home/registry/src/index.crates.io-1949cf8c6b5b557f/anyhow-1.0.102/src/backtrace.rs:10:14
[INFO] [stdout]    1: <bridge_agent::runtime::RuntimeLockConflict as core::convert::Into<anyhow::Error>>::into
[INFO] [stdout]              at /rustc/6b3fa26749ab40e159b2dd5cf577acaaf5902772/library/core/src/convert/mod.rs:780:9
[INFO] [stdout]    2: <bridge_agent::runtime::RuntimeInstanceLock>::acquire
[INFO] [stdout]              at ./src/runtime.rs:1180:26
[INFO] [stdout]    3: bridge_agent::runtime::tests::runtime_lock_removes_stale_owner
[INFO] [stdout]              at ./src/runtime.rs:1821:20
[INFO] [stdout]    4: bridge_agent::runtime::tests::runtime_lock_removes_stale_owner::{closure#0}
[INFO] [stdout]              at ./src/runtime.rs:1808:42
[INFO] [stdout]    5: <bridge_agent::runtime::tests::runtime_lock_removes_stale_owner::{closure#0} as core::ops::function::FnOnce<()>>::call_once
[INFO] [stdout]              at /rustc/6b3fa26749ab40e159b2dd5cf577acaaf5902772/library/core/src/ops/function.rs:250:5
[INFO] [stdout]    6: <fn() -> core::result::Result<(), alloc::string::String> as core::ops::function::FnOnce<()>>::call_once
[INFO] [stdout]              at /rustc/6b3fa26749ab40e159b2dd5cf577acaaf5902772/library/core/src/ops/function.rs:250:5
[INFO] [stdout]    7: test::__rust_begin_short_backtrace::<core::result::Result<(), alloc::string::String>, fn() -> core::result::Result<(), alloc::string::String>>
[INFO] [stdout]              at /rustc/6b3fa26749ab40e159b2dd5cf577acaaf5902772/library/test/src/lib.rs:724:18
[INFO] [stdout]    8: test::run_test_in_process::{closure#0}
[INFO] [stdout]              at /rustc/6b3fa26749ab40e159b2dd5cf577acaaf5902772/library/test/src/lib.rs:747:74
[INFO] [stdout]    9: <core::panic::unwind_safe::AssertUnwindSafe<test::run_test_in_process::{closure#0}> as core::ops::function::FnOnce<()>>::call_once
[INFO] [stdout]              at /rustc/6b3fa26749ab40e159b2dd5cf577acaaf5902772/library/core/src/panic/unwind_safe.rs:275:9
[INFO] [stdout]   10: std::panicking::catch_unwind::do_call::<core::panic::unwind_safe::AssertUnwindSafe<test::run_test_in_process::{closure#0}>, core::result::Result<(), alloc::string::String>>
[INFO] [stdout]              at /rustc/6b3fa26749ab40e159b2dd5cf577acaaf5902772/library/std/src/panicking.rs:576:43
[INFO] [stdout]   11: std::panicking::catch_unwind::<core::result::Result<(), alloc::string::String>, core::panic::unwind_safe::AssertUnwindSafe<test::run_test_in_process::{closure#0}>>
[INFO] [stdout]              at /rustc/6b3fa26749ab40e159b2dd5cf577acaaf5902772/library/std/src/panicking.rs:544:19
[INFO] [stdout]   12: std::panic::catch_unwind::<core::panic::unwind_safe::AssertUnwindSafe<test::run_test_in_process::{closure#0}>, core::result::Result<(), alloc::string::String>>
[INFO] [stdout]              at /rustc/6b3fa26749ab40e159b2dd5cf577acaaf5902772/library/std/src/panic.rs:359:14
[INFO] [stdout]   13: test::run_test_in_process
[INFO] [stdout]              at /rustc/6b3fa26749ab40e159b2dd5cf577acaaf5902772/library/test/src/lib.rs:747:27
[INFO] [stdout]   14: test::run_test::{closure#0}
[INFO] [stdout]              at /rustc/6b3fa26749ab40e159b2dd5cf577acaaf5902772/library/test/src/lib.rs:668:43
[INFO] [stdout]   15: test::run_test::{closure#1}
[INFO] [stdout]              at /rustc/6b3fa26749ab40e159b2dd5cf577acaaf5902772/library/test/src/lib.rs:698:41
[INFO] [stdout]   16: std::sys::backtrace::__rust_begin_short_backtrace::<test::run_test::{closure#1}, ()>
[INFO] [stdout]              at /rustc/6b3fa26749ab40e159b2dd5cf577acaaf5902772/library/std/src/sys/backtrace.rs:166:18
[INFO] [stdout]   17: std::thread::lifecycle::spawn_unchecked::<test::run_test::{closure#1}, ()>::{closure#1}::{closure#0}
[INFO] [stdout]              at /rustc/6b3fa26749ab40e159b2dd5cf577acaaf5902772/library/std/src/thread/lifecycle.rs:70:13
[INFO] [stdout]   18: <core::panic::unwind_safe::AssertUnwindSafe<std::thread::lifecycle::spawn_unchecked<test::run_test::{closure#1}, ()>::{closure#1}::{closure#0}> as core::ops::function::FnOnce<()>>::call_once
[INFO] [stdout]              at /rustc/6b3fa26749ab40e159b2dd5cf577acaaf5902772/library/core/src/panic/unwind_safe.rs:275:9
[INFO] [stdout]   19: std::panicking::catch_unwind::do_call::<core::panic::unwind_safe::AssertUnwindSafe<std::thread::lifecycle::spawn_unchecked<test::run_test::{closure#1}, ()>::{closure#1}::{closure#0}>, ()>
[INFO] [stdout]              at /rustc/6b3fa26749ab40e159b2dd5cf577acaaf5902772/library/std/src/panicking.rs:576:43
[INFO] [stdout]   20: std::panicking::catch_unwind::<(), core::panic::unwind_safe::AssertUnwindSafe<std::thread::lifecycle::spawn_unchecked<test::run_test::{closure#1}, ()>::{closure#1}::{closure#0}>>
[INFO] [stdout]              at /rustc/6b3fa26749ab40e159b2dd5cf577acaaf5902772/library/std/src/panicking.rs:544:19
[INFO] [stdout]   21: std::panic::catch_unwind::<core::panic::unwind_safe::AssertUnwindSafe<std::thread::lifecycle::spawn_unchecked<test::run_test::{closure#1}, ()>::{closure#1}::{closure#0}>, ()>
[INFO] [stdout]              at /rustc/6b3fa26749ab40e159b2dd5cf577acaaf5902772/library/std/src/panic.rs:359:14
[INFO] [stdout]   22: std::thread::lifecycle::spawn_unchecked::<test::run_test::{closure#1}, ()>::{closure#1}
[INFO] [stdout]              at /rustc/6b3fa26749ab40e159b2dd5cf577acaaf5902772/library/std/src/thread/lifecycle.rs:68:26
[INFO] [stdout]   23: <std::thread::lifecycle::spawn_unchecked<test::run_test::{closure#1}, ()>::{closure#1} as core::ops::function::FnOnce<()>>::call_once::{shim:vtable#0}
[INFO] [stdout]              at /rustc/6b3fa26749ab40e159b2dd5cf577acaaf5902772/library/core/src/ops/function.rs:250:5
[INFO] [stdout]   24: <alloc::boxed::Box<dyn core::ops::function::FnOnce<(), Output = ()> + core::marker::Send> as core::ops::function::FnOnce<()>>::call_once
[INFO] [stdout]              at /rustc/6b3fa26749ab40e159b2dd5cf577acaaf5902772/library/alloc/src/boxed.rs:2319:9
[INFO] [stdout]   25: <std::sys::thread::unix::Thread>::new::thread_start
[INFO] [stdout]              at /rustc/6b3fa26749ab40e159b2dd5cf577acaaf5902772/library/std/src/sys/thread/unix.rs:123:17
[INFO] [stdout]   26: <unknown>
[INFO] [stdout]   27: clone
[INFO] [stdout] stack backtrace:
[INFO] [stdout]    0:     0x61e058a61351 - std[73adb7dc35730857]::backtrace_rs::backtrace::libunwind::trace
[INFO] [stdout]                                at /rustc/6b3fa26749ab40e159b2dd5cf577acaaf5902772/library/std/src/../../backtrace/src/backtrace/libunwind.rs:117:9
[INFO] [stdout]    1:     0x61e058a61351 - std[73adb7dc35730857]::backtrace_rs::backtrace::trace_unsynchronized::<std[73adb7dc35730857]::sys::backtrace::_print_fmt::{closure#1}>
[INFO] [stdout]                                at /rustc/6b3fa26749ab40e159b2dd5cf577acaaf5902772/library/std/src/../../backtrace/src/backtrace/mod.rs:66:14
[INFO] [stdout]    2:     0x61e058a61351 - std[73adb7dc35730857]::sys::backtrace::_print_fmt
[INFO] [stdout]                                at /rustc/6b3fa26749ab40e159b2dd5cf577acaaf5902772/library/std/src/sys/backtrace.rs:74:9
[INFO] [stdout]    3:     0x61e058a61351 - <<std[73adb7dc35730857]::sys::backtrace::BacktraceLock>::print::DisplayBacktrace as core[6883ba1bc0fe4ed1]::fmt::Display>::fmt
[INFO] [stdout]                                at /rustc/6b3fa26749ab40e159b2dd5cf577acaaf5902772/library/std/src/sys/backtrace.rs:44:26
[INFO] [stdout]    4:     0x61e058a7a89a - <core[6883ba1bc0fe4ed1]::fmt::rt::Argument>::fmt
[INFO] [stdout]                                at /rustc/6b3fa26749ab40e159b2dd5cf577acaaf5902772/library/core/src/fmt/rt.rs:152:76
[INFO] [stdout]    5:     0x61e058a7a89a - core[6883ba1bc0fe4ed1]::fmt::write
[INFO] [stdout]    6:     0x61e058a66d0c - std[73adb7dc35730857]::io::default_write_fmt::<alloc[55a36b64bcbf2c0d]::vec::Vec<u8>>
[INFO] [stdout]                                at /rustc/6b3fa26749ab40e159b2dd5cf577acaaf5902772/library/std/src/io/mod.rs:626:11
[INFO] [stdout]    7:     0x61e058a66d0c - <alloc[55a36b64bcbf2c0d]::vec::Vec<u8> as std[73adb7dc35730857]::io::Write>::write_fmt
[INFO] [stdout]                                at /rustc/6b3fa26749ab40e159b2dd5cf577acaaf5902772/library/std/src/io/mod.rs:1730:13
[INFO] [stdout]    8:     0x61e058a3a4c6 - <std[73adb7dc35730857]::sys::backtrace::BacktraceLock>::print
[INFO] [stdout]                                at /rustc/6b3fa26749ab40e159b2dd5cf577acaaf5902772/library/std/src/sys/backtrace.rs:47:9
[INFO] [stdout]    9:     0x61e058a3a4c6 - std[73adb7dc35730857]::panicking::default_hook::{closure#0}
[INFO] [stdout]                                at /rustc/6b3fa26749ab40e159b2dd5cf577acaaf5902772/library/std/src/panicking.rs:292:27
[INFO] [stdout]   10:     0x61e058a56ca9 - std[73adb7dc35730857]::panicking::default_hook
[INFO] [stdout]                                at /rustc/6b3fa26749ab40e159b2dd5cf577acaaf5902772/library/std/src/panicking.rs:316:9
[INFO] [stdout]   11:     0x61e0583ba370 - <alloc[55a36b64bcbf2c0d]::boxed::Box<dyn for<'a, 'b> core[6883ba1bc0fe4ed1]::ops::function::Fn<(&'a std[73adb7dc35730857]::panic::PanicHookInfo<'b>,), Output = ()> + core[6883ba1bc0fe4ed1]::marker::Send + core[6883ba1bc0fe4ed1]::marker::Sync> as core[6883ba1bc0fe4ed1]::ops::function::Fn<(&std[73adb7dc35730857]::panic::PanicHookInfo,)>>::call
[INFO] [stdout]                                at /rustc/6b3fa26749ab40e159b2dd5cf577acaaf5902772/library/alloc/src/boxed.rs:2333:9
[INFO] [stdout]   12:     0x61e0583ba370 - test[980ffaebd391d06d]::test_main_inner::<test[980ffaebd391d06d]::test_main_static::{closure#0}>::{closure#0}
[INFO] [stdout]                                at /rustc/6b3fa26749ab40e159b2dd5cf577acaaf5902772/library/test/src/lib.rs:155:21
[INFO] [stdout]   13:     0x61e058a56fd2 - <alloc[55a36b64bcbf2c0d]::boxed::Box<dyn for<'a, 'b> core[6883ba1bc0fe4ed1]::ops::function::Fn<(&'a std[73adb7dc35730857]::panic::PanicHookInfo<'b>,), Output = ()> + core[6883ba1bc0fe4ed1]::marker::Send + core[6883ba1bc0fe4ed1]::marker::Sync> as core[6883ba1bc0fe4ed1]::ops::function::Fn<(&std[73adb7dc35730857]::panic::PanicHookInfo,)>>::call
[INFO] [stdout]                                at /rustc/6b3fa26749ab40e159b2dd5cf577acaaf5902772/library/alloc/src/boxed.rs:2333:9
[INFO] [stdout]   14:     0x61e058a56fd2 - std[73adb7dc35730857]::panicking::panic_with_hook
[INFO] [stdout]                                at /rustc/6b3fa26749ab40e159b2dd5cf577acaaf5902772/library/std/src/panicking.rs:823:13
[INFO] [stdout]   15:     0x61e058a3a572 - std[73adb7dc35730857]::panicking::panic_handler::{closure#0}
[INFO] [stdout]                                at /rustc/6b3fa26749ab40e159b2dd5cf577acaaf5902772/library/std/src/panicking.rs:688:13
[INFO] [stdout]   16:     0x61e058a31319 - std[73adb7dc35730857]::sys::backtrace::__rust_end_short_backtrace::<std[73adb7dc35730857]::panicking::panic_handler::{closure#0}, !>
[INFO] [stdout]                                at /rustc/6b3fa26749ab40e159b2dd5cf577acaaf5902772/library/std/src/sys/backtrace.rs:182:18
[INFO] [stdout]   17:     0x61e058a3b5fd - __rustc[a7b7b02e776dd976]::rust_begin_unwind
[INFO] [stdout]                                at /rustc/6b3fa26749ab40e159b2dd5cf577acaaf5902772/library/std/src/panicking.rs:679:5
[INFO] [stdout]   18:     0x61e058a7b0cc - core[6883ba1bc0fe4ed1]::panicking::panic_fmt
[INFO] [stdout]                                at /rustc/6b3fa26749ab40e159b2dd5cf577acaaf5902772/library/core/src/panicking.rs:80:14
[INFO] [stdout]   19:     0x61e058a7ae12 - core[6883ba1bc0fe4ed1]::result::unwrap_failed
[INFO] [stdout]                                at /rustc/6b3fa26749ab40e159b2dd5cf577acaaf5902772/library/core/src/result.rs:1870:5
[INFO] [stdout]   20:     0x61e057ffda3b - <core[6883ba1bc0fe4ed1]::result::Result<bridge_agent[6518b81fae9aa9df]::runtime::RuntimeInstanceLock, anyhow[3b9a07a6948cd063]::Error>>::unwrap
[INFO] [stdout]                                at /rustc/6b3fa26749ab40e159b2dd5cf577acaaf5902772/library/core/src/result.rs:1231:23
[INFO] [stdout]   21:     0x61e057ffda3b - bridge_agent[6518b81fae9aa9df]::runtime::tests::runtime_lock_removes_stale_owner
[INFO] [stdout]                                at /opt/rustwide/workdir/src/runtime.rs:1821:72
[INFO] [stdout]   22:     0x61e057fe4337 - bridge_agent[6518b81fae9aa9df]::runtime::tests::runtime_lock_removes_stale_owner::{closure#0}
[INFO] [stdout]                                at /opt/rustwide/workdir/src/runtime.rs:1808:42
[INFO] [stdout]   23:     0x61e0581bc236 - <bridge_agent[6518b81fae9aa9df]::runtime::tests::runtime_lock_removes_stale_owner::{closure#0} as core[6883ba1bc0fe4ed1]::ops::function::FnOnce<()>>::call_once
[INFO] [stdout]                                at /rustc/6b3fa26749ab40e159b2dd5cf577acaaf5902772/library/core/src/ops/function.rs:250:5
[INFO] [stdout]   24:     0x61e0583ad6ab - <fn() -> core[6883ba1bc0fe4ed1]::result::Result<(), alloc[55a36b64bcbf2c0d]::string::String> as core[6883ba1bc0fe4ed1]::ops::function::FnOnce<()>>::call_once
[INFO] [stdout]                                at /rustc/6b3fa26749ab40e159b2dd5cf577acaaf5902772/library/core/src/ops/function.rs:250:5
[INFO] [stdout]   25:     0x61e0583ad6ab - test[980ffaebd391d06d]::__rust_begin_short_backtrace::<core[6883ba1bc0fe4ed1]::result::Result<(), alloc[55a36b64bcbf2c0d]::string::String>, fn() -> core[6883ba1bc0fe4ed1]::result::Result<(), alloc[55a36b64bcbf2c0d]::string::String>>
[INFO] [stdout]                                at /rustc/6b3fa26749ab40e159b2dd5cf577acaaf5902772/library/test/src/lib.rs:724:18
[INFO] [stdout]   26:     0x61e0583bacf5 - test[980ffaebd391d06d]::run_test_in_process::{closure#0}
[INFO] [stdout]                                at /rustc/6b3fa26749ab40e159b2dd5cf577acaaf5902772/library/test/src/lib.rs:747:74
[INFO] [stdout]   27:     0x61e0583bacf5 - <core[6883ba1bc0fe4ed1]::panic::unwind_safe::AssertUnwindSafe<test[980ffaebd391d06d]::run_test_in_process::{closure#0}> as core[6883ba1bc0fe4ed1]::ops::function::FnOnce<()>>::call_once
[INFO] [stdout]                                at /rustc/6b3fa26749ab40e159b2dd5cf577acaaf5902772/library/core/src/panic/unwind_safe.rs:275:9
[INFO] [stdout]   28:     0x61e0583bacf5 - std[73adb7dc35730857]::panicking::catch_unwind::do_call::<core[6883ba1bc0fe4ed1]::panic::unwind_safe::AssertUnwindSafe<test[980ffaebd391d06d]::run_test_in_process::{closure#0}>, core[6883ba1bc0fe4ed1]::result::Result<(), alloc[55a36b64bcbf2c0d]::string::String>>
[INFO] [stdout]                                at /rustc/6b3fa26749ab40e159b2dd5cf577acaaf5902772/library/std/src/panicking.rs:576:43
[INFO] [stdout]   29:     0x61e0583bacf5 - std[73adb7dc35730857]::panicking::catch_unwind::<core[6883ba1bc0fe4ed1]::result::Result<(), alloc[55a36b64bcbf2c0d]::string::String>, core[6883ba1bc0fe4ed1]::panic::unwind_safe::AssertUnwindSafe<test[980ffaebd391d06d]::run_test_in_process::{closure#0}>>
[INFO] [stdout]                                at /rustc/6b3fa26749ab40e159b2dd5cf577acaaf5902772/library/std/src/panicking.rs:544:19
[INFO] [stdout]   30:     0x61e0583bacf5 - std[73adb7dc35730857]::panic::catch_unwind::<core[6883ba1bc0fe4ed1]::panic::unwind_safe::AssertUnwindSafe<test[980ffaebd391d06d]::run_test_in_process::{closure#0}>, core[6883ba1bc0fe4ed1]::result::Result<(), alloc[55a36b64bcbf2c0d]::string::String>>
[INFO] [stdout]                                at /rustc/6b3fa26749ab40e159b2dd5cf577acaaf5902772/library/std/src/panic.rs:359:14
[INFO] [stdout]   31:     0x61e0583bacf5 - test[980ffaebd391d06d]::run_test_in_process
[INFO] [stdout]                                at /rustc/6b3fa26749ab40e159b2dd5cf577acaaf5902772/library/test/src/lib.rs:747:27
[INFO] [stdout]   32:     0x61e0583bacf5 - test[980ffaebd391d06d]::run_test::{closure#0}
[INFO] [stdout]                                at /rustc/6b3fa26749ab40e159b2dd5cf577acaaf5902772/library/test/src/lib.rs:668:43
[INFO] [stdout]   33:     0x61e0583b57a4 - test[980ffaebd391d06d]::run_test::{closure#1}
[INFO] [stdout]                                at /rustc/6b3fa26749ab40e159b2dd5cf577acaaf5902772/library/test/src/lib.rs:698:41
[INFO] [stdout]   34:     0x61e0583b57a4 - std[73adb7dc35730857]::sys::backtrace::__rust_begin_short_backtrace::<test[980ffaebd391d06d]::run_test::{closure#1}, ()>
[INFO] [stdout]                                at /rustc/6b3fa26749ab40e159b2dd5cf577acaaf5902772/library/std/src/sys/backtrace.rs:166:18
[INFO] [stdout]   35:     0x61e0583bde42 - std[73adb7dc35730857]::thread::lifecycle::spawn_unchecked::<test[980ffaebd391d06d]::run_test::{closure#1}, ()>::{closure#1}::{closure#0}
[INFO] [stdout]                                at /rustc/6b3fa26749ab40e159b2dd5cf577acaaf5902772/library/std/src/thread/lifecycle.rs:70:13
[INFO] [stdout]   36:     0x61e0583bde42 - <core[6883ba1bc0fe4ed1]::panic::unwind_safe::AssertUnwindSafe<std[73adb7dc35730857]::thread::lifecycle::spawn_unchecked<test[980ffaebd391d06d]::run_test::{closure#1}, ()>::{closure#1}::{closure#0}> as core[6883ba1bc0fe4ed1]::ops::function::FnOnce<()>>::call_once
[INFO] [stdout]                                at /rustc/6b3fa26749ab40e159b2dd5cf577acaaf5902772/library/core/src/panic/unwind_safe.rs:275:9
[INFO] [stdout]   37:     0x61e0583bde42 - std[73adb7dc35730857]::panicking::catch_unwind::do_call::<core[6883ba1bc0fe4ed1]::panic::unwind_safe::AssertUnwindSafe<std[73adb7dc35730857]::thread::lifecycle::spawn_unchecked<test[980ffaebd391d06d]::run_test::{closure#1}, ()>::{closure#1}::{closure#0}>, ()>
[INFO] [stdout]                                at /rustc/6b3fa26749ab40e159b2dd5cf577acaaf5902772/library/std/src/panicking.rs:576:43
[INFO] [stdout]   38:     0x61e0583bde42 - std[73adb7dc35730857]::panicking::catch_unwind::<(), core[6883ba1bc0fe4ed1]::panic::unwind_safe::AssertUnwindSafe<std[73adb7dc35730857]::thread::lifecycle::spawn_unchecked<test[980ffaebd391d06d]::run_test::{closure#1}, ()>::{closure#1}::{closure#0}>>
[INFO] [stdout]                                at /rustc/6b3fa26749ab40e159b2dd5cf577acaaf5902772/library/std/src/panicking.rs:544:19
[INFO] [stdout]   39:     0x61e0583bde42 - std[73adb7dc35730857]::panic::catch_unwind::<core[6883ba1bc0fe4ed1]::panic::unwind_safe::AssertUnwindSafe<std[73adb7dc35730857]::thread::lifecycle::spawn_unchecked<test[980ffaebd391d06d]::run_test::{closure#1}, ()>::{closure#1}::{closure#0}>, ()>
[INFO] [stdout]                                at /rustc/6b3fa26749ab40e159b2dd5cf577acaaf5902772/library/std/src/panic.rs:359:14
[INFO] [stdout]   40:     0x61e0583bde42 - std[73adb7dc35730857]::thread::lifecycle::spawn_unchecked::<test[980ffaebd391d06d]::run_test::{closure#1}, ()>::{closure#1}
[INFO] [stdout]                                at /rustc/6b3fa26749ab40e159b2dd5cf577acaaf5902772/library/std/src/thread/lifecycle.rs:68:26
[INFO] [stdout]   41:     0x61e0583bde42 - <std[73adb7dc35730857]::thread::lifecycle::spawn_unchecked<test[980ffaebd391d06d]::run_test::{closure#1}, ()>::{closure#1} as core[6883ba1bc0fe4ed1]::ops::function::FnOnce<()>>::call_once::{shim:vtable#0}
[INFO] [stdout]                                at /rustc/6b3fa26749ab40e159b2dd5cf577acaaf5902772/library/core/src/ops/function.rs:250:5
[INFO] [stdout]   42:     0x61e058a601ff - <alloc[55a36b64bcbf2c0d]::boxed::Box<dyn core[6883ba1bc0fe4ed1]::ops::function::FnOnce<(), Output = ()> + core[6883ba1bc0fe4ed1]::marker::Send> as core[6883ba1bc0fe4ed1]::ops::function::FnOnce<()>>::call_once
[INFO] [stdout]                                at /rustc/6b3fa26749ab40e159b2dd5cf577acaaf5902772/library/alloc/src/boxed.rs:2319:9
[INFO] [stdout]   43:     0x61e058a601ff - <std[73adb7dc35730857]::sys::thread::unix::Thread>::new::thread_start
[INFO] [stdout]                                at /rustc/6b3fa26749ab40e159b2dd5cf577acaaf5902772/library/std/src/sys/thread/unix.rs:123:17
[INFO] [stdout]   44:     0x746b9ad8daa4 - <unknown>
[INFO] [stdout]   45:     0x746b9ae1aa64 - clone
[INFO] [stdout]   46:                0x0 - <unknown>
[INFO] [stdout] 
[INFO] [stdout] 
[INFO] [stdout] failures:
[INFO] [stdout]     runtime::tests::runtime_lock_removes_stale_owner
[INFO] [stdout] 
[INFO] [stdout] test result: FAILED. 83 passed; 1 failed; 0 ignored; 0 measured; 0 filtered out; finished in 2.15s
[INFO] [stdout] 
[INFO] running `Command { std: "docker" "inspect" "4ee115645ccea4e975acf5bfc6fa0a7d3171fbd8a56f4b1bcc6bf45e40f682bd", kill_on_drop: false }`
[INFO] running `Command { std: "docker" "rm" "-f" "4ee115645ccea4e975acf5bfc6fa0a7d3171fbd8a56f4b1bcc6bf45e40f682bd", kill_on_drop: false }`
[INFO] [stdout] 4ee115645ccea4e975acf5bfc6fa0a7d3171fbd8a56f4b1bcc6bf45e40f682bd
