[INFO] cloning repository https://github.com/argyle-labs/immich
[INFO] running `Command { std: "git" "-c" "credential.helper=" "-c" "credential.helper=/workspace/cargo-home/bin/git-credential-null" "clone" "--bare" "https://github.com/argyle-labs/immich" "/workspace/cache/git-repos/https%3A%2F%2Fgithub.com%2Fargyle-labs%2Fimmich", kill_on_drop: false }`
[INFO] [stderr] Cloning into bare repository '/workspace/cache/git-repos/https%3A%2F%2Fgithub.com%2Fargyle-labs%2Fimmich'...
[INFO] running `Command { std: "git" "rev-parse" "HEAD", kill_on_drop: false }`
[INFO] [stdout] 20b75a255eea6cb6feef39088190ce21019c1b6b
[INFO] testing argyle-labs/immich against 1.98.0-beta.1 for beta-1.98-2
[INFO] running `Command { std: "git" "clone" "/workspace/cache/git-repos/https%3A%2F%2Fgithub.com%2Fargyle-labs%2Fimmich" "/workspace/builds/worker-2-tc2/source", kill_on_drop: false }`
[INFO] [stderr] Cloning into '/workspace/builds/worker-2-tc2/source'...
[INFO] [stderr] done.
[INFO] removed /workspace/builds/worker-2-tc2/source/.cargo/config.toml
[INFO] started tweaking git repo https://github.com/argyle-labs/immich
[INFO] finished tweaking git repo https://github.com/argyle-labs/immich
[INFO] tweaked toml for git repo https://github.com/argyle-labs/immich written to /workspace/builds/worker-2-tc2/source/Cargo.toml
[INFO] validating manifest of git repo https://github.com/argyle-labs/immich on toolchain 1.98.0-beta.1
[INFO] running `Command { std: CARGO_HOME="/workspace/cargo-home" RUSTUP_HOME="/workspace/rustup-home" "/workspace/cargo-home/bin/cargo" "+1.98.0-beta.1" "metadata" "--manifest-path" "Cargo.toml" "--no-deps", kill_on_drop: false }`
[INFO] crate git repo https://github.com/argyle-labs/immich already has a lockfile, it will not be regenerated
[INFO] running `Command { std: CARGO_HOME="/workspace/cargo-home" RUSTUP_HOME="/workspace/rustup-home" "/workspace/cargo-home/bin/cargo" "+1.98.0-beta.1" "fetch" "--manifest-path" "Cargo.toml", kill_on_drop: false }`
[INFO] [stderr]     Blocking waiting for file lock on package cache
[INFO] [stderr]     Updating git repository `https://github.com/argyle-labs/orca`
[INFO] [stderr]     Blocking waiting for file lock on package cache
[ERROR] error running command: no output for 300 seconds
[INFO] testing argyle-labs/immich against 1.98.0-beta.1 for beta-1.98-2
[INFO] running `Command { std: "git" "clone" "/workspace/cache/git-repos/https%3A%2F%2Fgithub.com%2Fargyle-labs%2Fimmich" "/workspace/builds/worker-2-tc2/source", kill_on_drop: false }`
[INFO] [stderr] Cloning into '/workspace/builds/worker-2-tc2/source'...
[INFO] [stderr] done.
[INFO] removed /workspace/builds/worker-2-tc2/source/.cargo/config.toml
[INFO] started tweaking git repo https://github.com/argyle-labs/immich
[INFO] finished tweaking git repo https://github.com/argyle-labs/immich
[INFO] tweaked toml for git repo https://github.com/argyle-labs/immich written to /workspace/builds/worker-2-tc2/source/Cargo.toml
[INFO] validating manifest of git repo https://github.com/argyle-labs/immich on toolchain 1.98.0-beta.1
[INFO] running `Command { std: CARGO_HOME="/workspace/cargo-home" RUSTUP_HOME="/workspace/rustup-home" "/workspace/cargo-home/bin/cargo" "+1.98.0-beta.1" "metadata" "--manifest-path" "Cargo.toml" "--no-deps", kill_on_drop: false }`
[INFO] crate git repo https://github.com/argyle-labs/immich already has a lockfile, it will not be regenerated
[INFO] running `Command { std: CARGO_HOME="/workspace/cargo-home" RUSTUP_HOME="/workspace/rustup-home" "/workspace/cargo-home/bin/cargo" "+1.98.0-beta.1" "fetch" "--manifest-path" "Cargo.toml", kill_on_drop: false }`
[INFO] [stderr]     Blocking waiting for file lock on package cache
[INFO] [stderr]     Updating git repository `https://github.com/argyle-labs/orca`
[INFO] [stderr]     Blocking waiting for file lock on package cache
[ERROR] error running command: no output for 300 seconds
[INFO] testing argyle-labs/immich against 1.98.0-beta.1 for beta-1.98-2
[INFO] running `Command { std: "git" "clone" "/workspace/cache/git-repos/https%3A%2F%2Fgithub.com%2Fargyle-labs%2Fimmich" "/workspace/builds/worker-2-tc2/source", kill_on_drop: false }`
[INFO] [stderr] Cloning into '/workspace/builds/worker-2-tc2/source'...
[INFO] [stderr] done.
[INFO] removed /workspace/builds/worker-2-tc2/source/.cargo/config.toml
[INFO] started tweaking git repo https://github.com/argyle-labs/immich
[INFO] finished tweaking git repo https://github.com/argyle-labs/immich
[INFO] tweaked toml for git repo https://github.com/argyle-labs/immich written to /workspace/builds/worker-2-tc2/source/Cargo.toml
[INFO] validating manifest of git repo https://github.com/argyle-labs/immich on toolchain 1.98.0-beta.1
[INFO] running `Command { std: CARGO_HOME="/workspace/cargo-home" RUSTUP_HOME="/workspace/rustup-home" "/workspace/cargo-home/bin/cargo" "+1.98.0-beta.1" "metadata" "--manifest-path" "Cargo.toml" "--no-deps", kill_on_drop: false }`
[INFO] crate git repo https://github.com/argyle-labs/immich already has a lockfile, it will not be regenerated
[INFO] running `Command { std: CARGO_HOME="/workspace/cargo-home" RUSTUP_HOME="/workspace/rustup-home" "/workspace/cargo-home/bin/cargo" "+1.98.0-beta.1" "fetch" "--manifest-path" "Cargo.toml", kill_on_drop: false }`
[INFO] [stderr]     Blocking waiting for file lock on package cache
[INFO] [stderr]     Updating git repository `https://github.com/argyle-labs/orca`
[INFO] [stderr]     Blocking waiting for file lock on package cache
[ERROR] error running command: no output for 300 seconds
[INFO] testing argyle-labs/immich against 1.98.0-beta.1 for beta-1.98-2
[INFO] running `Command { std: "git" "clone" "/workspace/cache/git-repos/https%3A%2F%2Fgithub.com%2Fargyle-labs%2Fimmich" "/workspace/builds/worker-2-tc2/source", kill_on_drop: false }`
[INFO] [stderr] Cloning into '/workspace/builds/worker-2-tc2/source'...
[INFO] [stderr] done.
[INFO] removed /workspace/builds/worker-2-tc2/source/.cargo/config.toml
[INFO] started tweaking git repo https://github.com/argyle-labs/immich
[INFO] finished tweaking git repo https://github.com/argyle-labs/immich
[INFO] tweaked toml for git repo https://github.com/argyle-labs/immich written to /workspace/builds/worker-2-tc2/source/Cargo.toml
[INFO] validating manifest of git repo https://github.com/argyle-labs/immich on toolchain 1.98.0-beta.1
[INFO] running `Command { std: CARGO_HOME="/workspace/cargo-home" RUSTUP_HOME="/workspace/rustup-home" "/workspace/cargo-home/bin/cargo" "+1.98.0-beta.1" "metadata" "--manifest-path" "Cargo.toml" "--no-deps", kill_on_drop: false }`
[INFO] crate git repo https://github.com/argyle-labs/immich already has a lockfile, it will not be regenerated
[INFO] running `Command { std: CARGO_HOME="/workspace/cargo-home" RUSTUP_HOME="/workspace/rustup-home" "/workspace/cargo-home/bin/cargo" "+1.98.0-beta.1" "fetch" "--manifest-path" "Cargo.toml", kill_on_drop: false }`
[INFO] [stderr]     Blocking waiting for file lock on package cache
[INFO] [stderr]     Updating git repository `https://github.com/argyle-labs/orca`
[INFO] [stderr]     Blocking waiting for file lock on package cache
[ERROR] error running command: no output for 300 seconds
[INFO] testing argyle-labs/immich against 1.98.0-beta.1 for beta-1.98-2
[INFO] running `Command { std: "git" "clone" "/workspace/cache/git-repos/https%3A%2F%2Fgithub.com%2Fargyle-labs%2Fimmich" "/workspace/builds/worker-2-tc2/source", kill_on_drop: false }`
[INFO] [stderr] Cloning into '/workspace/builds/worker-2-tc2/source'...
[INFO] [stderr] done.
[INFO] removed /workspace/builds/worker-2-tc2/source/.cargo/config.toml
[INFO] started tweaking git repo https://github.com/argyle-labs/immich
[INFO] finished tweaking git repo https://github.com/argyle-labs/immich
[INFO] tweaked toml for git repo https://github.com/argyle-labs/immich written to /workspace/builds/worker-2-tc2/source/Cargo.toml
[INFO] validating manifest of git repo https://github.com/argyle-labs/immich on toolchain 1.98.0-beta.1
[INFO] running `Command { std: CARGO_HOME="/workspace/cargo-home" RUSTUP_HOME="/workspace/rustup-home" "/workspace/cargo-home/bin/cargo" "+1.98.0-beta.1" "metadata" "--manifest-path" "Cargo.toml" "--no-deps", kill_on_drop: false }`
[INFO] crate git repo https://github.com/argyle-labs/immich already has a lockfile, it will not be regenerated
[INFO] running `Command { std: CARGO_HOME="/workspace/cargo-home" RUSTUP_HOME="/workspace/rustup-home" "/workspace/cargo-home/bin/cargo" "+1.98.0-beta.1" "fetch" "--manifest-path" "Cargo.toml", kill_on_drop: false }`
[INFO] [stderr]     Blocking waiting for file lock on package cache
[INFO] [stderr]     Updating git repository `https://github.com/argyle-labs/orca`
[INFO] [stderr]     Blocking waiting for file lock on package cache
[INFO] [stderr]      Locking 15 packages to latest compatible versions
[INFO] [stderr]       Adding containers v0.1.1-rc.12 (https://github.com/argyle-labs/orca?branch=main#09c4b1db)
[INFO] [stderr]       Adding contract v0.1.1-rc.12 (https://github.com/argyle-labs/orca?branch=main#09c4b1db)
[INFO] [stderr]       Adding deploy-target v0.1.1-rc.12 (https://github.com/argyle-labs/orca?branch=main#09c4b1db)
[INFO] [stderr]       Adding derive v0.1.1-rc.12 (https://github.com/argyle-labs/orca?branch=main#09c4b1db)
[INFO] [stderr]       Adding dispatch v0.1.1-rc.12 (https://github.com/argyle-labs/orca?branch=main#09c4b1db)
[INFO] [stderr]       Adding graphql v0.1.1-rc.12 (https://github.com/argyle-labs/orca?branch=main#09c4b1db)
[INFO] [stderr]       Adding macro-runtime v0.1.1-rc.12 (https://github.com/argyle-labs/orca?branch=main#09c4b1db)
[INFO] [stderr]       Adding notifications v0.1.1-rc.12 (https://github.com/argyle-labs/orca?branch=main#09c4b1db)
[INFO] [stderr]       Adding openapi v0.1.1-rc.12 (https://github.com/argyle-labs/orca?branch=main#09c4b1db)
[INFO] [stderr]       Adding plugin-abi v0.1.0 (https://github.com/argyle-labs/orca?branch=main#09c4b1db)
[INFO] [stderr]       Adding plugin-proto v0.1.1-rc.12 (https://github.com/argyle-labs/orca?branch=main#09c4b1db)
[INFO] [stderr]       Adding plugin-toolkit v0.1.1-rc.12 (https://github.com/argyle-labs/orca?branch=main#09c4b1db)
[INFO] [stderr]       Adding service v0.1.1-rc.12 (https://github.com/argyle-labs/orca?branch=main#09c4b1db)
[INFO] [stderr]       Adding storage v0.1.1-rc.12 (https://github.com/argyle-labs/orca?branch=main#09c4b1db)
[INFO] [stderr]       Adding utils v0.1.1-rc.12 (https://github.com/argyle-labs/orca?branch=main#09c4b1db)
[INFO] [stderr]     Blocking waiting for file lock on package cache
[INFO] [stderr]  Downloading crates ...
[INFO] [stderr]   Downloaded bit-vec v0.9.1
[INFO] [stderr]   Downloaded cron v0.16.0
[INFO] [stderr]   Downloaded rustls-platform-verifier v0.7.0
[INFO] [stderr]   Downloaded progenitor-client v0.14.0
[INFO] [stderr]   Downloaded rustls-native-certs v0.8.4
[INFO] [stderr]   Downloaded yasna v0.6.0
[INFO] [stderr]   Downloaded rcgen v0.14.8
[INFO] [stderr]   Downloaded oas3 v0.22.0
[INFO] [stderr]   Downloaded asn1-rs v0.7.2
[INFO] [stderr]   Downloaded graphql_client v0.14.0
[INFO] [stderr]   Downloaded graphql-parser v0.4.1
[INFO] [stderr]   Downloaded x509-parser v0.18.1
[INFO] [stderr]   Downloaded utoipa v5.5.0
[INFO] [stderr]   Downloaded webpki-root-certs v1.0.8
[INFO] [stderr]   Downloaded reqwest v0.13.4
[INFO] [stderr]   Downloaded utoipa-gen v5.5.0
[INFO] [stderr]   Downloaded blake3 v1.8.5
[INFO] [stderr]   Downloaded openapiv3 v2.2.0
[INFO] [stderr]   Downloaded openssl-src v300.6.1+3.6.3
[INFO] running `Command { std: "docker" "create" "-v" "/var/lib/crater-agent-workspace/builds/worker-2-tc2/source:/opt/rustwide/workdir:ro,Z" "-v" "/var/lib/crater-agent-workspace/builds/worker-2-tc2/target:/opt/rustwide/target:rw,Z" "-v" "/var/lib/crater-agent-workspace/cargo-home:/opt/rustwide/cargo-home:ro,Z" "-v" "/var/lib/crater-agent-workspace/rustup-home:/opt/rustwide/rustup-home:ro,Z" "-m" "1610612736" "--network" "none" "ghcr.io/rust-lang/crates-build-env/linux@sha256:3d5ced03c013a94a2f102a4510f48a6e9184255caf5fd8244f58017bde7f5210" "sleep" "infinity", kill_on_drop: false }`
[INFO] [stdout] eab07c2eb46be3553aa0d0a947825c35aec79f621506099b14e7dd3898aaa9e6
[INFO] running `Command { std: "docker" "start" "eab07c2eb46be3553aa0d0a947825c35aec79f621506099b14e7dd3898aaa9e6", kill_on_drop: false }`
[INFO] running `Command { std: "docker" "inspect" "eab07c2eb46be3553aa0d0a947825c35aec79f621506099b14e7dd3898aaa9e6", kill_on_drop: false }`
[INFO] running `Command { std: "docker" "exec" "-e" "SOURCE_DIR=/opt/rustwide/workdir" "-e" "CARGO_HOME=/opt/rustwide/cargo-home" "-e" "RUSTUP_HOME=/opt/rustwide/rustup-home" "-e" "CARGO_TARGET_DIR=/opt/rustwide/target" "-w" "/opt/rustwide/workdir" "--user" "0:0" "eab07c2eb46be3553aa0d0a947825c35aec79f621506099b14e7dd3898aaa9e6" "/opt/rustwide/cargo-home/bin/cargo" "+1.98.0-beta.1" "metadata" "--no-deps" "--format-version=1", kill_on_drop: false }`
[INFO] running `Command { std: "docker" "inspect" "eab07c2eb46be3553aa0d0a947825c35aec79f621506099b14e7dd3898aaa9e6", kill_on_drop: false }`
[INFO] running `Command { std: "docker" "exec" "-e" "SOURCE_DIR=/opt/rustwide/workdir" "-e" "CARGO_HOME=/opt/rustwide/cargo-home" "-e" "RUSTUP_HOME=/opt/rustwide/rustup-home" "-e" "CARGO_TARGET_DIR=/opt/rustwide/target" "-e" "CARGO_INCREMENTAL=0" "-e" "RUST_BACKTRACE=full" "-e" "RUSTFLAGS=--cap-lints=warn" "-e" "RUSTDOCFLAGS=--cap-lints=warn" "-w" "/opt/rustwide/workdir" "--user" "0:0" "eab07c2eb46be3553aa0d0a947825c35aec79f621506099b14e7dd3898aaa9e6" "/opt/rustwide/cargo-home/bin/cargo" "+1.98.0-beta.1" "build" "--frozen" "--message-format=json", kill_on_drop: false }`
[INFO] [stderr]    Compiling syn v2.0.118
[INFO] [stderr]    Compiling memchr v2.8.2
[INFO] [stderr]    Compiling bytes v1.12.0
[INFO] [stderr]    Compiling cc v1.2.65
[INFO] [stderr]    Compiling serde_json v1.0.150
[INFO] [stderr]    Compiling indexmap v2.14.0
[INFO] [stderr]    Compiling typenum v1.20.1
[INFO] [stderr]    Compiling socket2 v0.6.4
[INFO] [stderr]    Compiling mio v1.2.1
[INFO] [stderr]    Compiling num-conv v0.2.2
[INFO] [stderr]    Compiling getrandom v0.2.17
[INFO] [stderr]    Compiling time-macros v0.2.27
[INFO] [stderr]    Compiling http v1.4.2
[INFO] [stderr]    Compiling anyhow v1.0.103
[INFO] [stderr]    Compiling generic-array v0.14.7
[INFO] [stderr]    Compiling log v0.4.33
[INFO] [stderr]    Compiling ring v0.17.14
[INFO] [stderr]    Compiling crypto-common v0.1.7
[INFO] [stderr]    Compiling block-buffer v0.10.4
[INFO] [stderr]    Compiling http-body v1.0.1
[INFO] [stderr]    Compiling digest v0.10.7
[INFO] [stderr]    Compiling regex-syntax v0.8.11
[INFO] [stderr]    Compiling sha2 v0.10.9
[INFO] [stderr]    Compiling time v0.3.47
[INFO] [stderr]    Compiling rustls v0.23.41
[INFO] [stderr]    Compiling nom v7.1.3
[INFO] [stderr]    Compiling rust-embed-utils v8.11.0
[INFO] [stderr]    Compiling openssl-src v300.6.1+3.6.3
[INFO] [stderr]    Compiling siphasher v1.0.3
[INFO] [stderr]    Compiling base64ct v1.8.3
[INFO] [stderr]    Compiling pem-rfc7468 v0.7.0
[INFO] [stderr]    Compiling openssl-sys v0.9.117
[INFO] [stderr]    Compiling libz-sys v1.1.29
[INFO] [stderr]    Compiling cookie v0.18.1
[INFO] [stderr]    Compiling getrandom v0.4.3
[INFO] [stderr]    Compiling rand v0.8.6
[INFO] [stderr]    Compiling der v0.7.10
[INFO] [stderr]    Compiling rusticata-macros v4.1.0
[INFO] [stderr]    Compiling phf_shared v0.11.3
[INFO] [stderr]    Compiling hybrid-array v0.4.13
[INFO] [stderr]    Compiling num-integer v0.1.46
[INFO] [stderr]    Compiling oid-registry v0.8.1
[INFO] [stderr]    Compiling synstructure v0.13.2
[INFO] [stderr]    Compiling serde_derive_internals v0.29.1
[INFO] [stderr]    Compiling psl-types v2.0.11
[INFO] [stderr]    Compiling num-bigint v0.4.6
[INFO] [stderr]    Compiling spki v0.7.3
[INFO] [stderr]    Compiling rustls-native-certs v0.8.4
[INFO] [stderr]    Compiling phf_generator v0.11.3
[INFO] [stderr]    Compiling libgit2-sys v0.18.5+1.9.4
[INFO] [stderr]    Compiling pkcs8 v0.10.2
[INFO] [stderr]    Compiling crypto-common v0.2.2
[INFO] [stderr]    Compiling block-buffer v0.12.1
[INFO] [stderr]    Compiling http-body-util v0.1.3
[INFO] [stderr]    Compiling blake3 v1.8.5
[INFO] [stderr]    Compiling aho-corasick v1.1.4
[INFO] [stderr]    Compiling signature v2.2.0
[INFO] [stderr]    Compiling rustix v1.1.4
[INFO] [stderr]    Compiling serde_derive v1.0.228
[INFO] [stderr]    Compiling displaydoc v0.2.6
[INFO] [stderr]    Compiling zerofrom-derive v0.1.7
[INFO] [stderr]    Compiling yoke-derive v0.8.2
[INFO] [stderr]    Compiling zerovec-derive v0.11.3
[INFO] [stderr]    Compiling tokio-macros v2.7.0
[INFO] [stderr]    Compiling zerofrom v0.1.8
[INFO] [stderr]    Compiling futures-macro v0.3.32
[INFO] [stderr]    Compiling yoke v0.8.3
[INFO] [stderr]    Compiling zerotrie v0.2.4
[INFO] [stderr]    Compiling tracing-attributes v0.1.31
[INFO] [stderr]    Compiling tokio v1.52.3
[INFO] [stderr]    Compiling thiserror-impl v2.0.18
[INFO] [stderr]    Compiling zerovec v0.11.6
[INFO] [stderr]    Compiling ref-cast-impl v1.0.25
[INFO] [stderr]    Compiling futures-util v0.3.32
[INFO] [stderr]    Compiling ref-cast v1.0.25
[INFO] [stderr]    Compiling schemars_derive v1.2.1
[INFO] [stderr]    Compiling tinystr v0.8.3
[INFO] [stderr]    Compiling icu_locale_core v2.2.0
[INFO] [stderr]    Compiling potential_utf v0.1.5
[INFO] [stderr]    Compiling thiserror v2.0.18
[INFO] [stderr]    Compiling icu_collections v2.2.0
[INFO] [stderr]    Compiling tracing v0.1.44
[INFO] [stderr]    Compiling serde v1.0.228
[INFO] [stderr]    Compiling icu_provider v2.2.0
[INFO] [stderr]    Compiling icu_normalizer v2.2.0
[INFO] [stderr]    Compiling icu_properties v2.2.0
[INFO] [stderr]    Compiling rustls-webpki v0.103.13
[INFO] [stderr]    Compiling async-trait v0.1.89
[INFO] [stderr]    Compiling schemars v1.2.1
[INFO] [stderr]    Compiling rust-embed-impl v8.11.0
[INFO] [stderr]    Compiling rust-embed v8.11.0
[INFO] [stderr]    Compiling asn1-rs-impl v0.2.0
[INFO] [stderr]    Compiling idna_adapter v1.2.2
[INFO] [stderr]    Compiling idna v1.1.0
[INFO] [stderr]    Compiling asn1-rs-derive v0.6.0
[INFO] [stderr]    Compiling url v2.5.8
[INFO] [stderr]    Compiling publicsuffix v2.3.0
[INFO] [stderr]    Compiling serde_urlencoded v0.7.1
[INFO] [stderr]    Compiling asn1-rs v0.7.2
[INFO] [stderr]    Compiling curve25519-dalek-derive v0.1.1
[INFO] [stderr]    Compiling phf_macros v0.11.3
[INFO] [stderr]    Compiling futures-executor v0.3.32
[INFO] [stderr]    Compiling cookie_store v0.22.1
[INFO] [stderr]    Compiling curve25519-dalek v4.1.3
[INFO] [stderr]    Compiling phf v0.11.3
[INFO] [stderr]    Compiling chrono v0.4.45
[INFO] [stderr]    Compiling regex-automata v0.4.14
[INFO] [stderr]    Compiling hyper v1.10.1
[INFO] [stderr]    Compiling contract v0.1.1-rc.12 (https://github.com/argyle-labs/orca?branch=main#09c4b1db)
[INFO] [stderr]    Compiling tower v0.5.3
[INFO] [stderr]    Compiling hyper-util v0.1.20
[INFO] [stderr]    Compiling tokio-rustls v0.26.4
[INFO] [stderr]    Compiling tower-http v0.6.11
[INFO] [stderr]    Compiling rustls-platform-verifier v0.7.0
[INFO] [stderr]    Compiling tokio-util v0.7.18
[INFO] [stderr]    Compiling hyper-rustls v0.27.9
[INFO] [stderr]    Compiling der-parser v10.0.0
[INFO] [stderr]    Compiling reqwest v0.13.4
[INFO] [stderr]    Compiling digest v0.11.3
[INFO] [stderr]    Compiling clap_derive v4.6.1
[INFO] [stderr]    Compiling ed25519 v2.2.3
[INFO] [stderr]    Compiling x509-parser v0.18.1
[INFO] [stderr]    Compiling chacha20 v0.10.1
[INFO] [stderr]    Compiling yasna v0.6.0
[INFO] [stderr]    Compiling pem v3.0.6
[INFO] [stderr]    Compiling unicode-segmentation v1.13.3
[INFO] [stderr]    Compiling constant_time_eq v0.4.2
[INFO] [stderr]    Compiling unsafe-libyaml v0.2.11
[INFO] [stderr]    Compiling winnow v1.0.3
[INFO] [stderr]    Compiling tempfile v3.27.0
[INFO] [stderr]    Compiling toml_parser v1.1.2+spec-1.1.0
[INFO] [stderr]    Compiling serde_yaml v0.9.34+deprecated
[INFO] [stderr]    Compiling convert_case v0.10.0
[INFO] [stderr]    Compiling cron v0.16.0
[INFO] [stderr]    Compiling rcgen v0.14.8
[INFO] [stderr]    Compiling clap v4.6.1
[INFO] [stderr]    Compiling rand v0.10.1
[INFO] [stderr]    Compiling ed25519-dalek v2.2.0
[INFO] [stderr]    Compiling sha2 v0.11.0
[INFO] [stderr]    Compiling futures v0.3.32
[INFO] [stderr]    Compiling derive v0.1.1-rc.12 (https://github.com/argyle-labs/orca?branch=main#09c4b1db)
[INFO] [stderr]    Compiling uuid v1.23.4
[INFO] [stderr]    Compiling rustls-pemfile v2.2.0
[INFO] [stderr]    Compiling serde_spanned v1.1.1
[INFO] [stderr]    Compiling toml_datetime v1.1.1+spec-1.1.0
[INFO] [stderr]    Compiling toml_writer v1.1.1+spec-1.1.0
[INFO] [stderr]    Compiling inventory v0.3.24
[INFO] [stderr]    Compiling unicode-xid v0.2.6
[INFO] [stderr]    Compiling glob v0.3.3
[INFO] [stderr]    Compiling derive_more-impl v2.1.1
[INFO] [stderr]    Compiling dispatch v0.1.1-rc.12 (https://github.com/argyle-labs/orca?branch=main#09c4b1db)
[INFO] [stderr]    Compiling toml v1.1.2+spec-1.1.0
[INFO] [stderr]    Compiling thiserror-impl v1.0.69
[INFO] [stderr]    Compiling macro-runtime v0.1.1-rc.12 (https://github.com/argyle-labs/orca?branch=main#09c4b1db)
[INFO] [stderr]    Compiling regex v1.12.4
[INFO] [stderr]    Compiling combine v4.6.7
[INFO] [stderr]    Compiling thiserror v1.0.69
[INFO] [stderr]    Compiling notifications v0.1.1-rc.12 (https://github.com/argyle-labs/orca?branch=main#09c4b1db)
[INFO] [stderr]    Compiling matchers v0.2.0
[INFO] [stderr]    Compiling deploy-target v0.1.1-rc.12 (https://github.com/argyle-labs/orca?branch=main#09c4b1db)
[INFO] [stderr]    Compiling openapiv3 v2.2.0
[INFO] [stderr]    Compiling tracing-serde v0.2.0
[INFO] [stderr]    Compiling graphql_client v0.14.0
[INFO] [stderr]    Compiling utoipa-gen v5.5.0
[INFO] [stderr]    Compiling derive_more v2.1.1
[INFO] [stderr]    Compiling oas3 v0.22.0
[INFO] [stderr]    Compiling tracing-log v0.2.0
[INFO] [stderr]    Compiling tracing-subscriber v0.3.23
[INFO] [stderr]    Compiling service v0.1.1-rc.12 (https://github.com/argyle-labs/orca?branch=main#09c4b1db)
[INFO] [stderr]    Compiling regress v0.10.5
[INFO] [stderr]    Compiling storage v0.1.1-rc.12 (https://github.com/argyle-labs/orca?branch=main#09c4b1db)
[INFO] [stderr]    Compiling progenitor-client v0.14.0
[INFO] [stderr]    Compiling plugin-abi v0.1.0 (https://github.com/argyle-labs/orca?branch=main#09c4b1db)
[INFO] [stderr]    Compiling graphql-parser v0.4.1
[INFO] [stderr]    Compiling plugin-proto v0.1.1-rc.12 (https://github.com/argyle-labs/orca?branch=main#09c4b1db)
[INFO] [stderr]    Compiling utoipa v5.5.0
[INFO] [stderr]    Compiling git2 v0.20.4
[INFO] [stderr]    Compiling utils v0.1.1-rc.12 (https://github.com/argyle-labs/orca?branch=main#09c4b1db)
[INFO] [stderr]    Compiling graphql v0.1.1-rc.12 (https://github.com/argyle-labs/orca?branch=main#09c4b1db)
[INFO] [stderr]    Compiling openapi v0.1.1-rc.12 (https://github.com/argyle-labs/orca?branch=main#09c4b1db)
[INFO] [stderr]    Compiling containers v0.1.1-rc.12 (https://github.com/argyle-labs/orca?branch=main#09c4b1db)
[INFO] [stderr]    Compiling plugin-toolkit v0.1.1-rc.12 (https://github.com/argyle-labs/orca?branch=main#09c4b1db)
[INFO] [stderr]    Compiling immich v0.1.0 (/opt/rustwide/workdir)
[INFO] [stderr]     Finished `dev` profile [unoptimized + debuginfo] target(s) in 9m 57s
[INFO] running `Command { std: "docker" "inspect" "eab07c2eb46be3553aa0d0a947825c35aec79f621506099b14e7dd3898aaa9e6", kill_on_drop: false }`
[INFO] running `Command { std: "docker" "exec" "-e" "SOURCE_DIR=/opt/rustwide/workdir" "-e" "CARGO_HOME=/opt/rustwide/cargo-home" "-e" "RUSTUP_HOME=/opt/rustwide/rustup-home" "-e" "CARGO_TARGET_DIR=/opt/rustwide/target" "-e" "CARGO_INCREMENTAL=0" "-e" "RUST_BACKTRACE=full" "-e" "RUSTFLAGS=--cap-lints=warn" "-e" "RUSTDOCFLAGS=--cap-lints=warn" "-w" "/opt/rustwide/workdir" "--user" "0:0" "eab07c2eb46be3553aa0d0a947825c35aec79f621506099b14e7dd3898aaa9e6" "/opt/rustwide/cargo-home/bin/cargo" "+1.98.0-beta.1" "test" "--frozen" "--no-run" "--message-format=json", kill_on_drop: false }`
[INFO] [stderr]    Compiling immich v0.1.0 (/opt/rustwide/workdir)
[INFO] [stderr]     Finished `test` profile [unoptimized + debuginfo] target(s) in 4.20s
[INFO] running `Command { std: "docker" "inspect" "eab07c2eb46be3553aa0d0a947825c35aec79f621506099b14e7dd3898aaa9e6", kill_on_drop: false }`
[INFO] running `Command { std: "docker" "exec" "-e" "SOURCE_DIR=/opt/rustwide/workdir" "-e" "CARGO_HOME=/opt/rustwide/cargo-home" "-e" "RUSTUP_HOME=/opt/rustwide/rustup-home" "-e" "CARGO_TARGET_DIR=/opt/rustwide/target" "-e" "CARGO_INCREMENTAL=0" "-e" "RUST_BACKTRACE=full" "-e" "RUSTFLAGS=--cap-lints=warn" "-e" "RUSTDOCFLAGS=--cap-lints=warn" "-w" "/opt/rustwide/workdir" "--user" "0:0" "eab07c2eb46be3553aa0d0a947825c35aec79f621506099b14e7dd3898aaa9e6" "/opt/rustwide/cargo-home/bin/cargo" "+1.98.0-beta.1" "test" "--frozen", kill_on_drop: false }`
[INFO] [stderr]     Finished `test` profile [unoptimized + debuginfo] target(s) in 0.67s
[INFO] [stderr]      Running unittests src/lib.rs (/opt/rustwide/target/debug/deps/immich-0f29879e53744d63)
[INFO] [stdout] 
[INFO] [stdout] running 1 test
[INFO] [stdout] test tests::declares_provider ... ok
[INFO] [stdout] 
[INFO] [stdout] test result: ok. 1 passed; 0 failed; 0 ignored; 0 measured; 0 filtered out; finished in 0.00s
[INFO] [stdout] 
[INFO] [stderr]      Running unittests src/main.rs (/opt/rustwide/target/debug/deps/immich-ecd2f51d76925fa7)
[INFO] [stdout] 
[INFO] [stdout] running 0 tests
[INFO] [stdout] 
[INFO] [stdout] test result: ok. 0 passed; 0 failed; 0 ignored; 0 measured; 0 filtered out; finished in 0.00s
[INFO] [stdout] 
[INFO] [stderr]    Doc-tests immich
[INFO] [stdout] 
[INFO] [stdout] running 0 tests
[INFO] [stdout] 
[INFO] [stdout] test result: ok. 0 passed; 0 failed; 0 ignored; 0 measured; 0 filtered out; finished in 0.00s
[INFO] [stdout] 
[INFO] running `Command { std: "docker" "inspect" "eab07c2eb46be3553aa0d0a947825c35aec79f621506099b14e7dd3898aaa9e6", kill_on_drop: false }`
[INFO] running `Command { std: "docker" "rm" "-f" "eab07c2eb46be3553aa0d0a947825c35aec79f621506099b14e7dd3898aaa9e6", kill_on_drop: false }`
[INFO] [stdout] eab07c2eb46be3553aa0d0a947825c35aec79f621506099b14e7dd3898aaa9e6
