[INFO] cloning repository https://github.com/imjasonh/testscript-rs
[INFO] running `Command { std: "git" "-c" "credential.helper=" "-c" "credential.helper=/workspace/cargo-home/bin/git-credential-null" "clone" "--bare" "https://github.com/imjasonh/testscript-rs" "/workspace/cache/git-repos/https%3A%2F%2Fgithub.com%2Fimjasonh%2Ftestscript-rs", kill_on_drop: false }`
[INFO] [stderr] Cloning into bare repository '/workspace/cache/git-repos/https%3A%2F%2Fgithub.com%2Fimjasonh%2Ftestscript-rs'...
[INFO] running `Command { std: "git" "rev-parse" "HEAD", kill_on_drop: false }`
[INFO] [stdout] bd2efa87dfe6de4ec40d2c6970acd6aa3afa5020
[INFO] testing imjasonh/testscript-rs against 1.98.0-beta.1 for beta-1.98-2
[INFO] running `Command { std: "git" "clone" "/workspace/cache/git-repos/https%3A%2F%2Fgithub.com%2Fimjasonh%2Ftestscript-rs" "/workspace/builds/worker-5-tc2/source", kill_on_drop: false }`
[INFO] [stderr] Cloning into '/workspace/builds/worker-5-tc2/source'...
[INFO] [stderr] done.
[INFO] started tweaking git repo https://github.com/imjasonh/testscript-rs
[INFO] finished tweaking git repo https://github.com/imjasonh/testscript-rs
[INFO] tweaked toml for git repo https://github.com/imjasonh/testscript-rs written to /workspace/builds/worker-5-tc2/source/Cargo.toml
[INFO] validating manifest of git repo https://github.com/imjasonh/testscript-rs on toolchain 1.98.0-beta.1
[INFO] running `Command { std: CARGO_HOME="/workspace/cargo-home" RUSTUP_HOME="/workspace/rustup-home" "/workspace/cargo-home/bin/cargo" "+1.98.0-beta.1" "metadata" "--manifest-path" "Cargo.toml" "--no-deps", kill_on_drop: false }`
[INFO] crate git repo https://github.com/imjasonh/testscript-rs already has a lockfile, it will not be regenerated
[INFO] running `Command { std: CARGO_HOME="/workspace/cargo-home" RUSTUP_HOME="/workspace/rustup-home" "/workspace/cargo-home/bin/cargo" "+1.98.0-beta.1" "fetch" "--manifest-path" "Cargo.toml", kill_on_drop: false }`
[INFO] running `Command { std: "docker" "create" "-v" "/var/lib/crater-agent-workspace/builds/worker-5-tc2/source:/opt/rustwide/workdir:ro,Z" "-v" "/var/lib/crater-agent-workspace/builds/worker-5-tc2/target:/opt/rustwide/target:rw,Z" "-v" "/var/lib/crater-agent-workspace/cargo-home:/opt/rustwide/cargo-home:ro,Z" "-v" "/var/lib/crater-agent-workspace/rustup-home:/opt/rustwide/rustup-home:ro,Z" "-m" "1610612736" "--network" "none" "ghcr.io/rust-lang/crates-build-env/linux@sha256:3d5ced03c013a94a2f102a4510f48a6e9184255caf5fd8244f58017bde7f5210" "sleep" "infinity", kill_on_drop: false }`
[INFO] [stdout] b7751c60b9f21bb5e9ecaecf1fecd136bd260fcfff2fae3054f5f9d91700fb81
[INFO] running `Command { std: "docker" "start" "b7751c60b9f21bb5e9ecaecf1fecd136bd260fcfff2fae3054f5f9d91700fb81", kill_on_drop: false }`
[INFO] running `Command { std: "docker" "inspect" "b7751c60b9f21bb5e9ecaecf1fecd136bd260fcfff2fae3054f5f9d91700fb81", kill_on_drop: false }`
[INFO] running `Command { std: "docker" "exec" "-e" "SOURCE_DIR=/opt/rustwide/workdir" "-e" "CARGO_HOME=/opt/rustwide/cargo-home" "-e" "RUSTUP_HOME=/opt/rustwide/rustup-home" "-e" "CARGO_TARGET_DIR=/opt/rustwide/target" "-w" "/opt/rustwide/workdir" "--user" "0:0" "b7751c60b9f21bb5e9ecaecf1fecd136bd260fcfff2fae3054f5f9d91700fb81" "/opt/rustwide/cargo-home/bin/cargo" "+1.98.0-beta.1" "metadata" "--no-deps" "--format-version=1", kill_on_drop: false }`
[INFO] running `Command { std: "docker" "inspect" "b7751c60b9f21bb5e9ecaecf1fecd136bd260fcfff2fae3054f5f9d91700fb81", kill_on_drop: false }`
[INFO] running `Command { std: "docker" "exec" "-e" "SOURCE_DIR=/opt/rustwide/workdir" "-e" "CARGO_HOME=/opt/rustwide/cargo-home" "-e" "RUSTUP_HOME=/opt/rustwide/rustup-home" "-e" "CARGO_TARGET_DIR=/opt/rustwide/target" "-e" "CARGO_INCREMENTAL=0" "-e" "RUST_BACKTRACE=full" "-e" "RUSTFLAGS=--cap-lints=warn" "-e" "RUSTDOCFLAGS=--cap-lints=warn" "-w" "/opt/rustwide/workdir" "--user" "0:0" "b7751c60b9f21bb5e9ecaecf1fecd136bd260fcfff2fae3054f5f9d91700fb81" "/opt/rustwide/cargo-home/bin/cargo" "+1.98.0-beta.1" "build" "--frozen" "--message-format=json", kill_on_drop: false }`
[INFO] [stderr]    Compiling proc-macro2 v1.0.104
[INFO] [stderr]    Compiling quote v1.0.42
[INFO] [stderr]    Compiling unicode-ident v1.0.22
[INFO] [stderr]    Compiling libc v0.2.178
[INFO] [stderr]    Compiling rustix v1.1.3
[INFO] [stderr]    Compiling getrandom v0.3.4
[INFO] [stderr]    Compiling memchr v2.7.6
[INFO] [stderr]    Compiling thiserror v2.0.17
[INFO] [stderr]    Compiling linux-raw-sys v0.11.0
[INFO] [stderr]    Compiling anyhow v1.0.100
[INFO] [stderr]    Compiling regex-syntax v0.8.8
[INFO] [stderr]    Compiling bitflags v2.10.0
[INFO] [stderr]    Compiling once_cell v1.21.3
[INFO] [stderr]    Compiling same-file v1.0.6
[INFO] [stderr]    Compiling walkdir v2.5.0
[INFO] [stderr]    Compiling aho-corasick v1.1.4
[INFO] [stderr]    Compiling syn v2.0.112
[INFO] [stderr]    Compiling regex-automata v0.4.13
[INFO] [stderr]    Compiling tempfile v3.24.0
[INFO] [stderr]    Compiling thiserror-impl v2.0.17
[INFO] [stderr]    Compiling regex v1.12.2
[INFO] [stderr]    Compiling testscript-rs v0.2.10 (/opt/rustwide/workdir)
[INFO] [stderr]     Finished `dev` profile [unoptimized + debuginfo] target(s) in 14.63s
[INFO] running `Command { std: "docker" "inspect" "b7751c60b9f21bb5e9ecaecf1fecd136bd260fcfff2fae3054f5f9d91700fb81", kill_on_drop: false }`
[INFO] running `Command { std: "docker" "exec" "-e" "SOURCE_DIR=/opt/rustwide/workdir" "-e" "CARGO_HOME=/opt/rustwide/cargo-home" "-e" "RUSTUP_HOME=/opt/rustwide/rustup-home" "-e" "CARGO_TARGET_DIR=/opt/rustwide/target" "-e" "CARGO_INCREMENTAL=0" "-e" "RUST_BACKTRACE=full" "-e" "RUSTFLAGS=--cap-lints=warn" "-e" "RUSTDOCFLAGS=--cap-lints=warn" "-w" "/opt/rustwide/workdir" "--user" "0:0" "b7751c60b9f21bb5e9ecaecf1fecd136bd260fcfff2fae3054f5f9d91700fb81" "/opt/rustwide/cargo-home/bin/cargo" "+1.98.0-beta.1" "test" "--frozen" "--no-run" "--message-format=json", kill_on_drop: false }`
[INFO] [stderr]    Compiling syn v2.0.112
[INFO] [stderr]    Compiling thiserror-impl v2.0.17
[INFO] [stderr]    Compiling derive_arbitrary v1.4.2
[INFO] [stderr]    Compiling arbitrary v1.4.2
[INFO] [stderr]    Compiling thiserror v2.0.17
[INFO] [stderr]    Compiling testscript-rs v0.2.10 (/opt/rustwide/workdir)
[INFO] [stderr]     Finished `test` profile [unoptimized + debuginfo] target(s) in 9.26s
[INFO] running `Command { std: "docker" "inspect" "b7751c60b9f21bb5e9ecaecf1fecd136bd260fcfff2fae3054f5f9d91700fb81", kill_on_drop: false }`
[INFO] running `Command { std: "docker" "exec" "-e" "SOURCE_DIR=/opt/rustwide/workdir" "-e" "CARGO_HOME=/opt/rustwide/cargo-home" "-e" "RUSTUP_HOME=/opt/rustwide/rustup-home" "-e" "CARGO_TARGET_DIR=/opt/rustwide/target" "-e" "CARGO_INCREMENTAL=0" "-e" "RUST_BACKTRACE=full" "-e" "RUSTFLAGS=--cap-lints=warn" "-e" "RUSTDOCFLAGS=--cap-lints=warn" "-w" "/opt/rustwide/workdir" "--user" "0:0" "b7751c60b9f21bb5e9ecaecf1fecd136bd260fcfff2fae3054f5f9d91700fb81" "/opt/rustwide/cargo-home/bin/cargo" "+1.98.0-beta.1" "test" "--frozen", kill_on_drop: false }`
[INFO] [stderr]     Finished `test` profile [unoptimized + debuginfo] target(s) in 0.08s
[INFO] [stderr]      Running unittests src/lib.rs (/opt/rustwide/target/debug/deps/testscript_rs-822b96ad7d2b9b4c)
[INFO] [stdout] 
[INFO] [stdout] running 22 tests
[INFO] [stdout] test error::tests::test_format_output_comparison_multiline ... ok
[INFO] [stdout] test error::tests::test_format_output_comparison_simple ... ok
[INFO] [stdout] test error::tests::test_format_output_value_empty ... ok
[INFO] [stdout] test error::tests::test_error_creation ... ok
[INFO] [stdout] test error::tests::test_format_output_value_multiline ... ok
[INFO] [stdout] test error::tests::test_format_output_value_simple ... ok
[INFO] [stdout] test error::tests::test_format_output_value_single_line_with_newline ... ok
[INFO] [stdout] test error::tests::test_generate_error_context ... ok
[INFO] [stdout] test error::tests::test_generate_error_context_edge_cases ... ok
[INFO] [stdout] test error::tests::test_output_compare_error_display ... ok
[INFO] [stdout] test error::tests::test_script_error_creation ... ok
[INFO] [stdout] test parser::tests::test_parse_basic_script ... ok
[INFO] [stdout] test parser::tests::test_parse_command_line ... ok
[INFO] [stdout] test parser::tests::test_parse_command_tokens ... ok
[INFO] [stdout] test parser::tests::test_parse_file_header ... ok
[INFO] [stdout] test parser::tests::test_parse_multiple_files ... ok
[INFO] [stdout] test run::environment::tests::test_compare_files ... ok
[INFO] [stdout] test run::environment::tests::test_setup_files ... ok
[INFO] [stdout] test run::environment::tests::test_test_environment_creation ... ok
[INFO] [stdout] test tests::basic_integration_test ... ok
[INFO] [stdout] test tests::test_example ... ok
[INFO] [stdout] test error::tests::test_format_output_comparison_empty ... ok
[INFO] [stdout] 
[INFO] [stdout] test result: ok. 22 passed; 0 failed; 0 ignored; 0 measured; 0 filtered out; finished in 0.04s
[INFO] [stdout] 
[INFO] [stderr]      Running tests/advanced_conditions.rs (/opt/rustwide/target/debug/deps/advanced_conditions-8cc97d4148eb30a7)
[INFO] [stdout] 
[INFO] [stdout] running 7 tests
[INFO] [stdout] test test_net_condition_available_by_default ... ok
[INFO] [stdout] test test_network_condition_builtin ... ok
[INFO] [stdout] test test_env_conditions ... ok
[INFO] [stdout] test test_combined_conditions ... ok
[INFO] [stdout] test test_program_detection_builtin ... ok
[INFO] [stdout] test test_runparams_condition_helpers ... ok
[INFO] [stderr]      Running tests/builtin_commands.rs (/opt/rustwide/target/debug/deps/builtin_commands-b5806c8c06d162ab)
[INFO] [stdout] test test_manual_condition_files ... ok
[INFO] [stdout] 
[INFO] [stdout] test result: ok. 7 passed; 0 failed; 0 ignored; 0 measured; 0 filtered out; finished in 0.04s
[INFO] [stdout] 
[INFO] [stdout] 
[INFO] [stdout] running 14 tests
[INFO] [stdout] test test_cp_command ... ok
[INFO] [stdout] test test_skip_command ... ok
[INFO] [stdout] test test_rm_command ... ok
[INFO] [stdout] test test_mkdir_command ... ok
[INFO] [stdout] test test_exists_command ... ok
[INFO] [stdout] test test_symlink_error_cases ... ok
[INFO] [stdout] input contenttest test_env_command ... ok
[INFO] [stdout] test test_stop_command ... ok
[INFO] [stdout] test test_stdin_command ... ok
[INFO] [stdout] test test_issue_example ... ok
[INFO] [stdout] test test_symlink_command ... ok
[INFO] [stdout] test test_symlink_relative_path ... ok
[INFO] [stdout] test test_symlink_directory ... ok
[INFO] [stdout] test test_cp_with_stdout ... ok
[INFO] [stdout] 
[INFO] [stdout] test result: ok. 14 passed; 0 failed; 0 ignored; 0 measured; 0 filtered out; finished in 0.07s
[INFO] [stdout] 
[INFO] [stderr]      Running tests/edge_cases.rs (/opt/rustwide/target/debug/deps/edge_cases-e6a48a2b4f3b1576)
[INFO] [stdout] 
[INFO] [stdout] running 9 tests
[INFO] [stdout] test test_file_with_dashes_in_content ... ok
[INFO] [stdout] test test_parse_edge_cases ... ok
[INFO] [stdout] test test_command_line_numbers ... ok
[INFO] [stdout] test test_parse_malformed_conditions ... ok
[INFO] [stderr]      Running tests/error_messages.rs (/opt/rustwide/target/debug/deps/error_messages-af5925740b9a4ae7)
[INFO] [stdout] test test_binary_file_content ... ok
[INFO] [stdout] test test_commands_with_many_args ... ok
[INFO] [stdout] test test_files_with_special_names ... ok
[INFO] [stdout] test test_empty_command_args ... ok
[INFO] [stdout] test test_mixed_conditions ... ok
[INFO] [stdout] 
[INFO] [stdout] test result: ok. 9 passed; 0 failed; 0 ignored; 0 measured; 0 filtered out; finished in 0.01s
[INFO] [stdout] 
[INFO] [stdout] 
[INFO] [stdout] running 2 tests
[INFO] [stdout] test test_parse_error_context ... ok
[INFO] [stderr]      Running tests/integration.rs (/opt/rustwide/target/debug/deps/integration-0ddb27e9f5bb55ee)
[INFO] [stdout] test test_error_messages ... ok
[INFO] [stdout] 
[INFO] [stdout] test result: ok. 2 passed; 0 failed; 0 ignored; 0 measured; 0 filtered out; finished in 0.00s
[INFO] [stdout] 
[INFO] [stdout] 
[INFO] [stdout] running 2 tests
[INFO] [stdout] test test_basic_api ... ok
[INFO] [stdout] test test_custom_commands ... ok
[INFO] [stdout] 
[INFO] [stdout] test result: ok. 2 passed; 0 failed; 0 ignored; 0 measured; 0 filtered out; finished in 0.01s
[INFO] [stdout] 
[INFO] [stderr]      Running tests/preserve_work.rs (/opt/rustwide/target/debug/deps/preserve_work-f6c2a7b77f35631a)
[INFO] [stdout] 
[INFO] [stdout] running 6 tests
[INFO] [stdout] test test_preserve_work_with_skip ... ok
[INFO] [stdout] test test_preserve_work_on_success_no_preservation ... ok
[INFO] [stdout] test test_builder_preserve_work_method_exists ... ok
[INFO] [stdout] test test_preserve_work_on_failure_disabled_by_default ... ok
[INFO] [stdout] test test_preserve_work_on_failure_enabled ... ok
[INFO] [stdout] test test_preserve_work_with_background_process_failure ... ok
[INFO] [stdout] 
[INFO] [stdout] test result: ok. 6 passed; 0 failed; 0 ignored; 0 measured; 0 filtered out; finished in 10.02s
[INFO] [stdout] 
[INFO] [stderr]      Running tests/setup_hook.rs (/opt/rustwide/target/debug/deps/setup_hook-32da0e489bcfcefd)
[INFO] [stdout] 
[INFO] [stdout] running 7 tests
[INFO] [stdout] test test_setup_hook_multiple_env_vars ... ok
[INFO] [stdout] test test_setup_hook_basic ... ok
[INFO] [stdout] test test_setup_hook_compile_binary ... ok
[INFO] [stdout] test test_env_command_prints_all_vars ... ok
[INFO] [stdout] test test_setup_hook_environment ... ok
[INFO] [stdout] test test_setup_hook_failure ... ok
[INFO] [stdout] test test_setup_env_vars_presence_and_absence ... ok
[INFO] [stdout] 
[INFO] [stdout] test result: ok. 7 passed; 0 failed; 0 ignored; 0 measured; 0 filtered out; finished in 0.02s
[INFO] [stdout] 
[INFO] [stderr]      Running tests/specific_files.rs (/opt/rustwide/target/debug/deps/specific_files-da13171c9cc50c6d)
[INFO] [stdout] 
[INFO] [stdout] running 7 tests
[INFO] [stdout] test test_files_empty_list_error ... ok
[INFO] [stdout] test test_files_directory_instead_of_file_error ... ok
[INFO] [stdout] test test_files_nonexistent_file_error ... ok
[INFO] [stdout] test test_files_with_absolute_paths ... ok
[INFO] [stdout] test test_files_with_relative_paths ... ok
[INFO] [stdout] test test_files_with_vec_string ... ok
[INFO] [stdout] test test_files_basic_functionality ... ok
[INFO] [stdout] 
[INFO] [stdout] test result: ok. 7 passed; 0 failed; 0 ignored; 0 measured; 0 filtered out; finished in 0.06s
[INFO] [stdout] 
[INFO] [stderr]      Running tests/stdout_stderr_verification.rs (/opt/rustwide/target/debug/deps/stdout_stderr_verification-f44a22bedd14b25c)
[INFO] [stdout] 
[INFO] [stdout] running 21 tests
[INFO] [stdout] test test_complex_regex_patterns ... ok
[INFO] [stdout] test test_env_substitution_in_regex ... ok
[INFO] [stdout] test test_stderr_exact_match ... ok
[INFO] [stdout] test test_stdout_stderr_no_output_available ... ok
[INFO] [stdout] test test_file_vs_literal_content ... ok
[INFO] [stdout] test test_multiple_commands_output ... ok
[INFO] [stdout] test test_env_var_substitution ... ok
[INFO] [stdout] test test_stdout_stderr_with_count_option ... ok
[INFO] [stdout] test test_dash_for_empty_output ... ok
[INFO] [stdout] test test_stdout_exact_match ... ok
[INFO] [stdout] test test_stderr_regex_patterns ... ok
[INFO] [stdout] test test_empty_output ... ok
[INFO] [stdout] test test_special_chars_escaping ... ok
[INFO] [stdout] test test_negated_stdout_stderr ... ok
[INFO] [stdout] test test_newline_handling ... ok
[INFO] [stdout] test test_stdout_regex_patterns ... ok
[INFO] [stdout] test test_unicode_handling ... ok
[INFO] [stdout] test test_regex_detection_edge_cases ... ok
[INFO] [stdout] test test_whitespace_trimming ... ok
[INFO] [stdout] test test_regex_quote_syntax ... ok
[INFO] [stdout] test test_literal_regex_characters ... ok
[INFO] [stdout] 
[INFO] [stdout] test result: ok. 21 passed; 0 failed; 0 ignored; 0 measured; 0 filtered out; finished in 0.04s
[INFO] [stdout] 
[INFO] [stderr]      Running tests/update_scripts.rs (/opt/rustwide/target/debug/deps/update_scripts-2f784980883aa185)
[INFO] [stdout] 
[INFO] [stdout] running 4 tests
[INFO] [stdout] test test_normal_mode_still_fails ... ok
[INFO] [stdout] test test_update_scripts_stderr ... ok
[INFO] [stdout] test test_update_scripts_stdout ... ok
[INFO] [stdout] test test_update_scripts_via_env_var ... FAILED
[INFO] [stdout] 
[INFO] [stdout] failures:
[INFO] [stdout] 
[INFO] [stdout] ---- test_update_scripts_via_env_var stdout ----
[INFO] [stdout] 
[INFO] [stdout] thread 'test_update_scripts_via_env_var' (1423) panicked at tests/update_scripts.rs:93:5:
[INFO] [stdout] Update via env var should succeed: Err(Generic("Test '/tmp/.tmpWJEi8H/testdata/env_update_test.txt' failed: Error in /tmp/.tmpWJEi8H/testdata/env_update_test.txt at line 2:\n  1 | exec echo \"env test output\"\n> 2 | stdout \"wrong output\"\n\nExpected: 'wrong output'\n  Actual: 'env test output'"))
[INFO] [stdout] stack backtrace:
[INFO] [stdout]    0:     0x5a5988bc86c1 - std[73adb7dc35730857]::backtrace_rs::backtrace::libunwind::trace
[INFO] [stdout]                                at /rustc/6b3fa26749ab40e159b2dd5cf577acaaf5902772/library/std/src/../../backtrace/src/backtrace/libunwind.rs:117:9
[INFO] [stdout]    1:     0x5a5988bc86c1 - std[73adb7dc35730857]::backtrace_rs::backtrace::trace_unsynchronized::<std[73adb7dc35730857]::sys::backtrace::_print_fmt::{closure#1}>
[INFO] [stdout]                                at /rustc/6b3fa26749ab40e159b2dd5cf577acaaf5902772/library/std/src/../../backtrace/src/backtrace/mod.rs:66:14
[INFO] [stdout]    2:     0x5a5988bc86c1 - std[73adb7dc35730857]::sys::backtrace::_print_fmt
[INFO] [stdout]                                at /rustc/6b3fa26749ab40e159b2dd5cf577acaaf5902772/library/std/src/sys/backtrace.rs:74:9
[INFO] [stdout]    3:     0x5a5988bc86c1 - <<std[73adb7dc35730857]::sys::backtrace::BacktraceLock>::print::DisplayBacktrace as core[6883ba1bc0fe4ed1]::fmt::Display>::fmt
[INFO] [stdout]                                at /rustc/6b3fa26749ab40e159b2dd5cf577acaaf5902772/library/std/src/sys/backtrace.rs:44:26
[INFO] [stdout]    4:     0x5a5988bdf7ca - <core[6883ba1bc0fe4ed1]::fmt::rt::Argument>::fmt
[INFO] [stdout]                                at /rustc/6b3fa26749ab40e159b2dd5cf577acaaf5902772/library/core/src/fmt/rt.rs:152:76
[INFO] [stdout]    5:     0x5a5988bdf7ca - core[6883ba1bc0fe4ed1]::fmt::write
[INFO] [stdout]    6:     0x5a5988bcd1ec - std[73adb7dc35730857]::io::default_write_fmt::<alloc[55a36b64bcbf2c0d]::vec::Vec<u8>>
[INFO] [stdout]                                at /rustc/6b3fa26749ab40e159b2dd5cf577acaaf5902772/library/std/src/io/mod.rs:626:11
[INFO] [stdout]    7:     0x5a5988bcd1ec - <alloc[55a36b64bcbf2c0d]::vec::Vec<u8> as std[73adb7dc35730857]::io::Write>::write_fmt
[INFO] [stdout]                                at /rustc/6b3fa26749ab40e159b2dd5cf577acaaf5902772/library/std/src/io/mod.rs:1730:13
[INFO] [stdout]    8:     0x5a5988ba2716 - <std[73adb7dc35730857]::sys::backtrace::BacktraceLock>::print
[INFO] [stdout]                                at /rustc/6b3fa26749ab40e159b2dd5cf577acaaf5902772/library/std/src/sys/backtrace.rs:47:9
[INFO] [stdout]    9:     0x5a5988ba2716 - std[73adb7dc35730857]::panicking::default_hook::{closure#0}
[INFO] [stdout]                                at /rustc/6b3fa26749ab40e159b2dd5cf577acaaf5902772/library/std/src/panicking.rs:292:27
[INFO] [stdout]   10:     0x5a5988bbeb99 - std[73adb7dc35730857]::panicking::default_hook
[INFO] [stdout]                                at /rustc/6b3fa26749ab40e159b2dd5cf577acaaf5902772/library/std/src/panicking.rs:316:9
[INFO] [stdout]   11:     0x5a5988887470 - <alloc[55a36b64bcbf2c0d]::boxed::Box<dyn for<'a, 'b> core[6883ba1bc0fe4ed1]::ops::function::Fn<(&'a std[73adb7dc35730857]::panic::PanicHookInfo<'b>,), Output = ()> + core[6883ba1bc0fe4ed1]::marker::Send + core[6883ba1bc0fe4ed1]::marker::Sync> as core[6883ba1bc0fe4ed1]::ops::function::Fn<(&std[73adb7dc35730857]::panic::PanicHookInfo,)>>::call
[INFO] [stdout]                                at /rustc/6b3fa26749ab40e159b2dd5cf577acaaf5902772/library/alloc/src/boxed.rs:2333:9
[INFO] [stdout]   12:     0x5a5988887470 - test[980ffaebd391d06d]::test_main_inner::<test[980ffaebd391d06d]::test_main_static::{closure#0}>::{closure#0}
[INFO] [stdout]                                at /rustc/6b3fa26749ab40e159b2dd5cf577acaaf5902772/library/test/src/lib.rs:155:21
[INFO] [stdout]   13:     0x5a5988bbed52 - <alloc[55a36b64bcbf2c0d]::boxed::Box<dyn for<'a, 'b> core[6883ba1bc0fe4ed1]::ops::function::Fn<(&'a std[73adb7dc35730857]::panic::PanicHookInfo<'b>,), Output = ()> + core[6883ba1bc0fe4ed1]::marker::Send + core[6883ba1bc0fe4ed1]::marker::Sync> as core[6883ba1bc0fe4ed1]::ops::function::Fn<(&std[73adb7dc35730857]::panic::PanicHookInfo,)>>::call
[INFO] [stdout]                                at /rustc/6b3fa26749ab40e159b2dd5cf577acaaf5902772/library/alloc/src/boxed.rs:2333:9
[INFO] [stdout]   14:     0x5a5988bbed52 - std[73adb7dc35730857]::panicking::panic_with_hook
[INFO] [stdout]                                at /rustc/6b3fa26749ab40e159b2dd5cf577acaaf5902772/library/std/src/panicking.rs:823:13
[INFO] [stdout]   15:     0x5a5988ba27c2 - std[73adb7dc35730857]::panicking::panic_handler::{closure#0}
[INFO] [stdout]                                at /rustc/6b3fa26749ab40e159b2dd5cf577acaaf5902772/library/std/src/panicking.rs:688:13
[INFO] [stdout]   16:     0x5a5988b99ad9 - std[73adb7dc35730857]::sys::backtrace::__rust_end_short_backtrace::<std[73adb7dc35730857]::panicking::panic_handler::{closure#0}, !>
[INFO] [stdout]                                at /rustc/6b3fa26749ab40e159b2dd5cf577acaaf5902772/library/std/src/sys/backtrace.rs:182:18
[INFO] [stdout]   17:     0x5a5988ba3a6d - __rustc[a7b7b02e776dd976]::rust_begin_unwind
[INFO] [stdout]                                at /rustc/6b3fa26749ab40e159b2dd5cf577acaaf5902772/library/std/src/panicking.rs:679:5
[INFO] [stdout]   18:     0x5a5988be004c - core[6883ba1bc0fe4ed1]::panicking::panic_fmt
[INFO] [stdout]                                at /rustc/6b3fa26749ab40e159b2dd5cf577acaaf5902772/library/core/src/panicking.rs:80:14
[INFO] [stdout]   19:     0x5a598887844c - update_scripts[2161ac2521858bde]::test_update_scripts_via_env_var
[INFO] [stdout]                                at /opt/rustwide/workdir/tests/update_scripts.rs:93:5
[INFO] [stdout]   20:     0x5a59888767a7 - update_scripts[2161ac2521858bde]::test_update_scripts_via_env_var::{closure#0}
[INFO] [stdout]                                at /opt/rustwide/workdir/tests/update_scripts.rs:68:37
[INFO] [stdout]   21:     0x5a598887a706 - <update_scripts[2161ac2521858bde]::test_update_scripts_via_env_var::{closure#0} as core[6883ba1bc0fe4ed1]::ops::function::FnOnce<()>>::call_once
[INFO] [stdout]                                at /rustc/6b3fa26749ab40e159b2dd5cf577acaaf5902772/library/core/src/ops/function.rs:250:5
[INFO] [stdout]   22:     0x5a598887a7ab - <fn() -> core[6883ba1bc0fe4ed1]::result::Result<(), alloc[55a36b64bcbf2c0d]::string::String> as core[6883ba1bc0fe4ed1]::ops::function::FnOnce<()>>::call_once
[INFO] [stdout]                                at /rustc/6b3fa26749ab40e159b2dd5cf577acaaf5902772/library/core/src/ops/function.rs:250:5
[INFO] [stdout]   23:     0x5a598887a7ab - test[980ffaebd391d06d]::__rust_begin_short_backtrace::<core[6883ba1bc0fe4ed1]::result::Result<(), alloc[55a36b64bcbf2c0d]::string::String>, fn() -> core[6883ba1bc0fe4ed1]::result::Result<(), alloc[55a36b64bcbf2c0d]::string::String>>
[INFO] [stdout]                                at /rustc/6b3fa26749ab40e159b2dd5cf577acaaf5902772/library/test/src/lib.rs:724:18
[INFO] [stdout]   24:     0x5a5988887df5 - test[980ffaebd391d06d]::run_test_in_process::{closure#0}
[INFO] [stdout]                                at /rustc/6b3fa26749ab40e159b2dd5cf577acaaf5902772/library/test/src/lib.rs:747:74
[INFO] [stdout]   25:     0x5a5988887df5 - <core[6883ba1bc0fe4ed1]::panic::unwind_safe::AssertUnwindSafe<test[980ffaebd391d06d]::run_test_in_process::{closure#0}> as core[6883ba1bc0fe4ed1]::ops::function::FnOnce<()>>::call_once
[INFO] [stdout]                                at /rustc/6b3fa26749ab40e159b2dd5cf577acaaf5902772/library/core/src/panic/unwind_safe.rs:275:9
[INFO] [stdout]   26:     0x5a5988887df5 - std[73adb7dc35730857]::panicking::catch_unwind::do_call::<core[6883ba1bc0fe4ed1]::panic::unwind_safe::AssertUnwindSafe<test[980ffaebd391d06d]::run_test_in_process::{closure#0}>, core[6883ba1bc0fe4ed1]::result::Result<(), alloc[55a36b64bcbf2c0d]::string::String>>
[INFO] [stdout]                                at /rustc/6b3fa26749ab40e159b2dd5cf577acaaf5902772/library/std/src/panicking.rs:576:43
[INFO] [stdout]   27:     0x5a5988887df5 - std[73adb7dc35730857]::panicking::catch_unwind::<core[6883ba1bc0fe4ed1]::result::Result<(), alloc[55a36b64bcbf2c0d]::string::String>, core[6883ba1bc0fe4ed1]::panic::unwind_safe::AssertUnwindSafe<test[980ffaebd391d06d]::run_test_in_process::{closure#0}>>
[INFO] [stdout]                                at /rustc/6b3fa26749ab40e159b2dd5cf577acaaf5902772/library/std/src/panicking.rs:544:19
[INFO] [stdout]   28:     0x5a5988887df5 - std[73adb7dc35730857]::panic::catch_unwind::<core[6883ba1bc0fe4ed1]::panic::unwind_safe::AssertUnwindSafe<test[980ffaebd391d06d]::run_test_in_process::{closure#0}>, core[6883ba1bc0fe4ed1]::result::Result<(), alloc[55a36b64bcbf2c0d]::string::String>>
[INFO] [stdout]                                at /rustc/6b3fa26749ab40e159b2dd5cf577acaaf5902772/library/std/src/panic.rs:359:14
[INFO] [stdout]   29:     0x5a5988887df5 - test[980ffaebd391d06d]::run_test_in_process
[INFO] [stdout]                                at /rustc/6b3fa26749ab40e159b2dd5cf577acaaf5902772/library/test/src/lib.rs:747:27
[INFO] [stdout]   30:     0x5a5988887df5 - test[980ffaebd391d06d]::run_test::{closure#0}
[INFO] [stdout]                                at /rustc/6b3fa26749ab40e159b2dd5cf577acaaf5902772/library/test/src/lib.rs:668:43
[INFO] [stdout]   31:     0x5a59888828a4 - test[980ffaebd391d06d]::run_test::{closure#1}
[INFO] [stdout]                                at /rustc/6b3fa26749ab40e159b2dd5cf577acaaf5902772/library/test/src/lib.rs:698:41
[INFO] [stdout]   32:     0x5a59888828a4 - std[73adb7dc35730857]::sys::backtrace::__rust_begin_short_backtrace::<test[980ffaebd391d06d]::run_test::{closure#1}, ()>
[INFO] [stdout]                                at /rustc/6b3fa26749ab40e159b2dd5cf577acaaf5902772/library/std/src/sys/backtrace.rs:166:18
[INFO] [stdout]   33:     0x5a598888af42 - std[73adb7dc35730857]::thread::lifecycle::spawn_unchecked::<test[980ffaebd391d06d]::run_test::{closure#1}, ()>::{closure#1}::{closure#0}
[INFO] [stdout]                                at /rustc/6b3fa26749ab40e159b2dd5cf577acaaf5902772/library/std/src/thread/lifecycle.rs:70:13
[INFO] [stdout]   34:     0x5a598888af42 - <core[6883ba1bc0fe4ed1]::panic::unwind_safe::AssertUnwindSafe<std[73adb7dc35730857]::thread::lifecycle::spawn_unchecked<test[980ffaebd391d06d]::run_test::{closure#1}, ()>::{closure#1}::{closure#0}> as core[6883ba1bc0fe4ed1]::ops::function::FnOnce<()>>::call_once
[INFO] [stdout]                                at /rustc/6b3fa26749ab40e159b2dd5cf577acaaf5902772/library/core/src/panic/unwind_safe.rs:275:9
[INFO] [stdout]   35:     0x5a598888af42 - std[73adb7dc35730857]::panicking::catch_unwind::do_call::<core[6883ba1bc0fe4ed1]::panic::unwind_safe::AssertUnwindSafe<std[73adb7dc35730857]::thread::lifecycle::spawn_unchecked<test[980ffaebd391d06d]::run_test::{closure#1}, ()>::{closure#1}::{closure#0}>, ()>
[INFO] [stdout]                                at /rustc/6b3fa26749ab40e159b2dd5cf577acaaf5902772/library/std/src/panicking.rs:576:43
[INFO] [stdout]   36:     0x5a598888af42 - std[73adb7dc35730857]::panicking::catch_unwind::<(), core[6883ba1bc0fe4ed1]::panic::unwind_safe::AssertUnwindSafe<std[73adb7dc35730857]::thread::lifecycle::spawn_unchecked<test[980ffaebd391d06d]::run_test::{closure#1}, ()>::{closure#1}::{closure#0}>>
[INFO] [stdout]                                at /rustc/6b3fa26749ab40e159b2dd5cf577acaaf5902772/library/std/src/panicking.rs:544:19
[INFO] [stdout]   37:     0x5a598888af42 - std[73adb7dc35730857]::panic::catch_unwind::<core[6883ba1bc0fe4ed1]::panic::unwind_safe::AssertUnwindSafe<std[73adb7dc35730857]::thread::lifecycle::spawn_unchecked<test[980ffaebd391d06d]::run_test::{closure#1}, ()>::{closure#1}::{closure#0}>, ()>
[INFO] [stdout]                                at /rustc/6b3fa26749ab40e159b2dd5cf577acaaf5902772/library/std/src/panic.rs:359:14
[INFO] [stdout]   38:     0x5a598888af42 - std[73adb7dc35730857]::thread::lifecycle::spawn_unchecked::<test[980ffaebd391d06d]::run_test::{closure#1}, ()>::{closure#1}
[INFO] [stdout]                                at /rustc/6b3fa26749ab40e159b2dd5cf577acaaf5902772/library/std/src/thread/lifecycle.rs:68:26
[INFO] [stdout]   39:     0x5a598888af42 - <std[73adb7dc35730857]::thread::lifecycle::spawn_unchecked<test[980ffaebd391d06d]::run_test::{closure#1}, ()>::{closure#1} as core[6883ba1bc0fe4ed1]::ops::function::FnOnce<()>>::call_once::{shim:vtable#0}
[INFO] [stdout]                                at /rustc/6b3fa26749ab40e159b2dd5cf577acaaf5902772/library/core/src/ops/function.rs:250:5
[INFO] [stdout]   40:     0x5a5988bc733f - <alloc[55a36b64bcbf2c0d]::boxed::Box<dyn core[6883ba1bc0fe4ed1]::ops::function::FnOnce<(), Output = ()> + core[6883ba1bc0fe4ed1]::marker::Send> as core[6883ba1bc0fe4ed1]::ops::function::FnOnce<()>>::call_once
[INFO] [stdout]                                at /rustc/6b3fa26749ab40e159b2dd5cf577acaaf5902772/library/alloc/src/boxed.rs:2319:9
[INFO] [stdout]   41:     0x5a5988bc733f - <std[73adb7dc35730857]::sys::thread::unix::Thread>::new::thread_start
[INFO] [stdout]                                at /rustc/6b3fa26749ab40e159b2dd5cf577acaaf5902772/library/std/src/sys/thread/unix.rs:123:17
[INFO] [stdout]   42:     0x717718cb8aa4 - <unknown>
[INFO] [stdout]   43:     0x717718d45a64 - clone
[INFO] [stdout]   44:                0x0 - <unknown>
[INFO] [stdout] 
[INFO] [stdout] 
[INFO] [stdout] failures:
[INFO] [stdout]     test_update_scripts_via_env_var
[INFO] [stdout] 
[INFO] [stdout] test result: FAILED. 3 passed; 1 failed; 0 ignored; 0 measured; 0 filtered out; finished in 0.05s
[INFO] [stdout] 
[INFO] [stderr] error: test failed, to rerun pass `--test update_scripts`
[INFO] running `Command { std: "docker" "inspect" "b7751c60b9f21bb5e9ecaecf1fecd136bd260fcfff2fae3054f5f9d91700fb81", kill_on_drop: false }`
[INFO] running `Command { std: "docker" "rm" "-f" "b7751c60b9f21bb5e9ecaecf1fecd136bd260fcfff2fae3054f5f9d91700fb81", kill_on_drop: false }`
[INFO] [stdout] b7751c60b9f21bb5e9ecaecf1fecd136bd260fcfff2fae3054f5f9d91700fb81
